[INFO] fetching crate descriptor-wallet 0.4.1...
[INFO] testing descriptor-wallet-0.4.1 against 1.54.0 for beta-1.55-1
[INFO] extracting crate descriptor-wallet 0.4.1 into /workspace/builds/worker-65/source
[INFO] validating manifest of crates.io crate descriptor-wallet 0.4.1 on toolchain 1.54.0
[INFO] running `Command { std: "/workspace/cargo-home/bin/cargo" "+1.54.0" "metadata" "--manifest-path" "Cargo.toml" "--no-deps", kill_on_drop: false }`
[INFO] started tweaking crates.io crate descriptor-wallet 0.4.1
[INFO] finished tweaking crates.io crate descriptor-wallet 0.4.1
[INFO] tweaked toml for crates.io crate descriptor-wallet 0.4.1 written to /workspace/builds/worker-65/source/Cargo.toml
[INFO] running `Command { std: "/workspace/cargo-home/bin/cargo" "+1.54.0" "generate-lockfile" "--manifest-path" "Cargo.toml" "-Zno-index-update", kill_on_drop: false }`
[INFO] [stderr]     Blocking waiting for file lock on package cache
[INFO] running `Command { std: "/workspace/cargo-home/bin/cargo" "+1.54.0" "fetch" "--manifest-path" "Cargo.toml", kill_on_drop: false }`
[INFO] [stderr]     Blocking waiting for file lock on package cache
[INFO] [stderr]     Blocking waiting for file lock on package cache
[INFO] running `Command { std: "docker" "create" "-v" "/var/lib/crater-agent-workspace/builds/worker-65/target:/opt/rustwide/target:rw,Z" "-v" "/var/lib/crater-agent-workspace/builds/worker-65/source:/opt/rustwide/workdir:ro,Z" "-v" "/var/lib/crater-agent-workspace/cargo-home:/opt/rustwide/cargo-home:ro,Z" "-v" "/var/lib/crater-agent-workspace/rustup-home:/opt/rustwide/rustup-home:ro,Z" "-e" "SOURCE_DIR=/opt/rustwide/workdir" "-e" "CARGO_TARGET_DIR=/opt/rustwide/target" "-e" "CARGO_HOME=/opt/rustwide/cargo-home" "-e" "RUSTUP_HOME=/opt/rustwide/rustup-home" "-w" "/opt/rustwide/workdir" "-m" "1610612736" "--user" "0:0" "--network" "none" "ghcr.io/rust-lang/crates-build-env/linux@sha256:34b6a614d2c27851fe6cbf88fbd1137609cefab8b10d0615aaeb6fd47975d74e" "/opt/rustwide/cargo-home/bin/cargo" "+1.54.0" "metadata" "--no-deps" "--format-version=1", kill_on_drop: false }`
[INFO] [stdout] e1677a663ba67eedbe02ea4df8c9e736311e740d5055c9bd50836f20b40b0b93
[INFO] running `Command { std: "docker" "start" "-a" "e1677a663ba67eedbe02ea4df8c9e736311e740d5055c9bd50836f20b40b0b93", kill_on_drop: false }`
[INFO] running `Command { std: "docker" "inspect" "e1677a663ba67eedbe02ea4df8c9e736311e740d5055c9bd50836f20b40b0b93", kill_on_drop: false }`
[INFO] running `Command { std: "docker" "rm" "-f" "e1677a663ba67eedbe02ea4df8c9e736311e740d5055c9bd50836f20b40b0b93", kill_on_drop: false }`
[INFO] [stdout] e1677a663ba67eedbe02ea4df8c9e736311e740d5055c9bd50836f20b40b0b93
[INFO] running `Command { std: "docker" "create" "-v" "/var/lib/crater-agent-workspace/builds/worker-65/target:/opt/rustwide/target:rw,Z" "-v" "/var/lib/crater-agent-workspace/builds/worker-65/source:/opt/rustwide/workdir:ro,Z" "-v" "/var/lib/crater-agent-workspace/cargo-home:/opt/rustwide/cargo-home:ro,Z" "-v" "/var/lib/crater-agent-workspace/rustup-home:/opt/rustwide/rustup-home:ro,Z" "-e" "SOURCE_DIR=/opt/rustwide/workdir" "-e" "CARGO_TARGET_DIR=/opt/rustwide/target" "-e" "CARGO_INCREMENTAL=0" "-e" "RUST_BACKTRACE=full" "-e" "RUSTFLAGS=--cap-lints=warn" "-e" "CARGO_HOME=/opt/rustwide/cargo-home" "-e" "RUSTUP_HOME=/opt/rustwide/rustup-home" "-w" "/opt/rustwide/workdir" "-m" "1610612736" "--user" "0:0" "--network" "none" "ghcr.io/rust-lang/crates-build-env/linux@sha256:34b6a614d2c27851fe6cbf88fbd1137609cefab8b10d0615aaeb6fd47975d74e" "/opt/rustwide/cargo-home/bin/cargo" "+1.54.0" "build" "--frozen" "--message-format=json", kill_on_drop: false }`
[INFO] [stdout] f9224f83d607f5bb23796da171b5c11493aaf0dc3d3d25ac264522b91daecfd2
[INFO] running `Command { std: "docker" "start" "-a" "f9224f83d607f5bb23796da171b5c11493aaf0dc3d3d25ac264522b91daecfd2", kill_on_drop: false }`
[INFO] [stderr]     Blocking waiting for file lock on package cache
[INFO] [stderr]    Compiling rand_core v0.4.2
[INFO] [stderr]    Compiling autocfg v0.1.7
[INFO] [stderr]    Compiling paste v1.0.5
[INFO] [stderr]    Compiling amplify_num v0.1.2
[INFO] [stderr]    Compiling bitcoin_hashes v0.10.0
[INFO] [stderr]    Compiling bitcoin_hashes v0.9.7
[INFO] [stderr]    Compiling bech32 v0.7.3
[INFO] [stderr]    Compiling bech32 v0.8.1
[INFO] [stderr]    Compiling regex-syntax v0.6.25
[INFO] [stderr]    Compiling secp256k1-sys v0.4.1
[INFO] [stderr]    Compiling num-traits v0.2.14
[INFO] [stderr]    Compiling num-integer v0.1.44
[INFO] [stderr]    Compiling time v0.1.44
[INFO] [stderr]    Compiling aho-corasick v0.7.18
[INFO] [stderr]    Compiling amplify_syn v1.1.4
[INFO] [stderr]    Compiling rand_core v0.3.1
[INFO] [stderr]    Compiling rand_jitter v0.1.4
[INFO] [stderr]    Compiling rand_os v0.1.3
[INFO] [stderr]    Compiling rand_isaac v0.1.1
[INFO] [stderr]    Compiling rand_xorshift v0.1.1
[INFO] [stderr]    Compiling rand_hc v0.1.0
[INFO] [stderr]    Compiling rand_pcg v0.1.2
[INFO] [stderr]    Compiling rand_chacha v0.1.1
[INFO] [stderr]    Compiling rand v0.6.5
[INFO] [stderr]    Compiling stringly_conversions v0.1.1
[INFO] [stderr]    Compiling amplify_derive v2.8.0
[INFO] [stderr]    Compiling chrono v0.4.19
[INFO] [stderr]    Compiling secp256k1 v0.20.3
[INFO] [stderr]    Compiling regex v1.5.4
[INFO] [stderr]    Compiling amplify v3.7.1
[INFO] [stderr]    Compiling strict_encoding_derive v1.5.2
[INFO] [stderr]    Compiling bitcoin v0.26.2
[INFO] [stderr]    Compiling bitcoin v0.27.0
[INFO] [stderr]    Compiling miniscript v5.1.0
[INFO] [stderr]    Compiling slip132 v0.3.3
[INFO] [stderr]    Compiling miniscript v6.0.1
[INFO] [stderr]    Compiling strict_encoding v1.6.0
[INFO] [stderr]    Compiling descriptor-wallet v0.4.1 (/opt/rustwide/workdir)
[INFO] [stdout] error[E0277]: the trait bound `bitcoin::PublicKey: Strategy` is not satisfied
[INFO] [stdout]    --> src/descriptor/script.rs:148:6
[INFO] [stdout]     |
[INFO] [stdout] 113 | pub struct ScriptTemplate<Pk>(Vec<OpcodeTemplate<Pk>>)
[INFO] [stdout]     |            -------------- required by a bound in this
[INFO] [stdout] 114 | where
[INFO] [stdout] 115 |     Pk: MiniscriptKey + StrictEncode + StrictDecode + FromStr,
[INFO] [stdout]     |                         ------------ required by this bound in `ScriptTemplate`
[INFO] [stdout] ...
[INFO] [stdout] 148 | impl From<ScriptTemplate<bitcoin::PublicKey>> for Script {
[INFO] [stdout]     |      ^^^^^^^^^^^^^^^^^^^^^^^^^^^^^^^^^^^^^^^^ the trait `Strategy` is not implemented for `bitcoin::PublicKey`
[INFO] [stdout]     |
[INFO] [stdout]     = note: required because of the requirements on the impl of `StrictEncode` for `bitcoin::PublicKey`
[INFO] [stdout] 
[INFO] [stdout] 
[INFO] [stdout] error[E0277]: the trait bound `Holder<bitcoin::PublicKey, _>: StrictEncode` is not satisfied
[INFO] [stdout]    --> src/descriptor/script.rs:148:6
[INFO] [stdout]     |
[INFO] [stdout] 113 | pub struct ScriptTemplate<Pk>(Vec<OpcodeTemplate<Pk>>)
[INFO] [stdout]     |            -------------- required by a bound in this
[INFO] [stdout] 114 | where
[INFO] [stdout] 115 |     Pk: MiniscriptKey + StrictEncode + StrictDecode + FromStr,
[INFO] [stdout]     |                         ------------ required by this bound in `ScriptTemplate`
[INFO] [stdout] ...
[INFO] [stdout] 148 | impl From<ScriptTemplate<bitcoin::PublicKey>> for Script {
[INFO] [stdout]     |      ^^^^^^^^^^^^^^^^^^^^^^^^^^^^^^^^^^^^^^^^ the trait `StrictEncode` is not implemented for `Holder<bitcoin::PublicKey, _>`
[INFO] [stdout]     |
[INFO] [stdout]     = help: the following implementations were found:
[INFO] [stdout]               <Holder<A, UsingUniformAddr> as StrictEncode>
[INFO] [stdout]               <Holder<B, BitcoinConsensus> as StrictEncode>
[INFO] [stdout]               <Holder<H, HashFixedBytes> as StrictEncode>
[INFO] [stdout]               <Holder<W, Wrapped> as StrictEncode>
[INFO] [stdout]     = note: required because of the requirements on the impl of `StrictEncode` for `bitcoin::PublicKey`
[INFO] [stdout] 
[INFO] [stdout] 
[INFO] [stdout] error[E0277]: the trait bound `Holder<bitcoin::PublicKey, _>: StrictDecode` is not satisfied
[INFO] [stdout]    --> src/descriptor/script.rs:148:6
[INFO] [stdout]     |
[INFO] [stdout] 113 | pub struct ScriptTemplate<Pk>(Vec<OpcodeTemplate<Pk>>)
[INFO] [stdout]     |            -------------- required by a bound in this
[INFO] [stdout] 114 | where
[INFO] [stdout] 115 |     Pk: MiniscriptKey + StrictEncode + StrictDecode + FromStr,
[INFO] [stdout]     |                                        ------------ required by this bound in `ScriptTemplate`
[INFO] [stdout] ...
[INFO] [stdout] 148 | impl From<ScriptTemplate<bitcoin::PublicKey>> for Script {
[INFO] [stdout]     |      ^^^^^^^^^^^^^^^^^^^^^^^^^^^^^^^^^^^^^^^^ the trait `StrictDecode` is not implemented for `Holder<bitcoin::PublicKey, _>`
[INFO] [stdout]     |
[INFO] [stdout]     = help: the following implementations were found:
[INFO] [stdout]               <Holder<A, UsingUniformAddr> as StrictDecode>
[INFO] [stdout]               <Holder<B, BitcoinConsensus> as StrictDecode>
[INFO] [stdout]               <Holder<H, HashFixedBytes> as StrictDecode>
[INFO] [stdout]               <Holder<W, Wrapped> as StrictDecode>
[INFO] [stdout]     = note: required because of the requirements on the impl of `StrictDecode` for `bitcoin::PublicKey`
[INFO] [stdout] 
[INFO] [stdout] 
[INFO] [stdout] error[E0277]: the trait bound `bitcoin::PublicKey: Strategy` is not satisfied
[INFO] [stdout]   --> src/descriptor/script.rs:79:10
[INFO] [stdout]    |
[INFO] [stdout] 51 | pub enum OpcodeTemplate<Pk>
[INFO] [stdout]    |          -------------- required by a bound in this
[INFO] [stdout] 52 | where
[INFO] [stdout] 53 |     Pk: MiniscriptKey + StrictEncode + StrictDecode + FromStr,
[INFO] [stdout]    |                         ------------ required by this bound in `OpcodeTemplate`
[INFO] [stdout] ...
[INFO] [stdout] 79 |     ) -> OpcodeTemplate<bitcoin::PublicKey> {
[INFO] [stdout]    |          ^^^^^^^^^^^^^^^^^^^^^^^^^^^^^^^^^^ the trait `Strategy` is not implemented for `bitcoin::PublicKey`
[INFO] [stdout]    |
[INFO] [stdout]    = note: required because of the requirements on the impl of `StrictEncode` for `bitcoin::PublicKey`
[INFO] [stdout] 
[INFO] [stdout] 
[INFO] [stdout] error[E0277]: the trait bound `Holder<bitcoin::PublicKey, _>: StrictEncode` is not satisfied
[INFO] [stdout]   --> src/descriptor/script.rs:79:10
[INFO] [stdout]    |
[INFO] [stdout] 51 | pub enum OpcodeTemplate<Pk>
[INFO] [stdout]    |          -------------- required by a bound in this
[INFO] [stdout] 52 | where
[INFO] [stdout] 53 |     Pk: MiniscriptKey + StrictEncode + StrictDecode + FromStr,
[INFO] [stdout]    |                         ------------ required by this bound in `OpcodeTemplate`
[INFO] [stdout] ...
[INFO] [stdout] 79 |     ) -> OpcodeTemplate<bitcoin::PublicKey> {
[INFO] [stdout]    |          ^^^^^^^^^^^^^^^^^^^^^^^^^^^^^^^^^^ the trait `StrictEncode` is not implemented for `Holder<bitcoin::PublicKey, _>`
[INFO] [stdout]    |
[INFO] [stdout]    = help: the following implementations were found:
[INFO] [stdout]              <Holder<A, UsingUniformAddr> as StrictEncode>
[INFO] [stdout]              <Holder<B, BitcoinConsensus> as StrictEncode>
[INFO] [stdout]              <Holder<H, HashFixedBytes> as StrictEncode>
[INFO] [stdout]              <Holder<W, Wrapped> as StrictEncode>
[INFO] [stdout]    = note: required because of the requirements on the impl of `StrictEncode` for `bitcoin::PublicKey`
[INFO] [stdout] 
[INFO] [stdout] 
[INFO] [stdout] error[E0277]: the trait bound `Holder<bitcoin::PublicKey, _>: StrictDecode` is not satisfied
[INFO] [stdout]   --> src/descriptor/script.rs:79:10
[INFO] [stdout]    |
[INFO] [stdout] 51 | pub enum OpcodeTemplate<Pk>
[INFO] [stdout]    |          -------------- required by a bound in this
[INFO] [stdout] 52 | where
[INFO] [stdout] 53 |     Pk: MiniscriptKey + StrictEncode + StrictDecode + FromStr,
[INFO] [stdout]    |                                        ------------ required by this bound in `OpcodeTemplate`
[INFO] [stdout] ...
[INFO] [stdout] 79 |     ) -> OpcodeTemplate<bitcoin::PublicKey> {
[INFO] [stdout]    |          ^^^^^^^^^^^^^^^^^^^^^^^^^^^^^^^^^^ the trait `StrictDecode` is not implemented for `Holder<bitcoin::PublicKey, _>`
[INFO] [stdout]    |
[INFO] [stdout]    = help: the following implementations were found:
[INFO] [stdout]              <Holder<A, UsingUniformAddr> as StrictDecode>
[INFO] [stdout]              <Holder<B, BitcoinConsensus> as StrictDecode>
[INFO] [stdout]              <Holder<H, HashFixedBytes> as StrictDecode>
[INFO] [stdout]              <Holder<W, Wrapped> as StrictDecode>
[INFO] [stdout]    = note: required because of the requirements on the impl of `StrictDecode` for `bitcoin::PublicKey`
[INFO] [stdout] 
[INFO] [stdout] 
[INFO] [stdout] error[E0277]: the trait bound `bitcoin::PublicKey: Strategy` is not satisfied
[INFO] [stdout]    --> src/descriptor/script.rs:139:10
[INFO] [stdout]     |
[INFO] [stdout] 113 | pub struct ScriptTemplate<Pk>(Vec<OpcodeTemplate<Pk>>)
[INFO] [stdout]     |            -------------- required by a bound in this
[INFO] [stdout] 114 | where
[INFO] [stdout] 115 |     Pk: MiniscriptKey + StrictEncode + StrictDecode + FromStr,
[INFO] [stdout]     |                         ------------ required by this bound in `ScriptTemplate`
[INFO] [stdout] ...
[INFO] [stdout] 139 |     ) -> ScriptTemplate<bitcoin::PublicKey> {
[INFO] [stdout]     |          ^^^^^^^^^^^^^^^^^^^^^^^^^^^^^^^^^^ the trait `Strategy` is not implemented for `bitcoin::PublicKey`
[INFO] [stdout]     |
[INFO] [stdout]     = note: required because of the requirements on the impl of `StrictEncode` for `bitcoin::PublicKey`
[INFO] [stdout] 
[INFO] [stdout] 
[INFO] [stdout] error[E0277]: the trait bound `Holder<bitcoin::PublicKey, _>: StrictEncode` is not satisfied
[INFO] [stdout]    --> src/descriptor/script.rs:139:10
[INFO] [stdout]     |
[INFO] [stdout] 113 | pub struct ScriptTemplate<Pk>(Vec<OpcodeTemplate<Pk>>)
[INFO] [stdout]     |            -------------- required by a bound in this
[INFO] [stdout] 114 | where
[INFO] [stdout] 115 |     Pk: MiniscriptKey + StrictEncode + StrictDecode + FromStr,
[INFO] [stdout]     |                         ------------ required by this bound in `ScriptTemplate`
[INFO] [stdout] ...
[INFO] [stdout] 139 |     ) -> ScriptTemplate<bitcoin::PublicKey> {
[INFO] [stdout]     |          ^^^^^^^^^^^^^^^^^^^^^^^^^^^^^^^^^^ the trait `StrictEncode` is not implemented for `Holder<bitcoin::PublicKey, _>`
[INFO] [stdout]     |
[INFO] [stdout]     = help: the following implementations were found:
[INFO] [stdout]               <Holder<A, UsingUniformAddr> as StrictEncode>
[INFO] [stdout]               <Holder<B, BitcoinConsensus> as StrictEncode>
[INFO] [stdout]               <Holder<H, HashFixedBytes> as StrictEncode>
[INFO] [stdout]               <Holder<W, Wrapped> as StrictEncode>
[INFO] [stdout]     = note: required because of the requirements on the impl of `StrictEncode` for `bitcoin::PublicKey`
[INFO] [stdout] 
[INFO] [stdout] 
[INFO] [stdout] error[E0277]: the trait bound `Holder<bitcoin::PublicKey, _>: StrictDecode` is not satisfied
[INFO] [stdout]    --> src/descriptor/script.rs:139:10
[INFO] [stdout]     |
[INFO] [stdout] 113 | pub struct ScriptTemplate<Pk>(Vec<OpcodeTemplate<Pk>>)
[INFO] [stdout]     |            -------------- required by a bound in this
[INFO] [stdout] 114 | where
[INFO] [stdout] 115 |     Pk: MiniscriptKey + StrictEncode + StrictDecode + FromStr,
[INFO] [stdout]     |                                        ------------ required by this bound in `ScriptTemplate`
[INFO] [stdout] ...
[INFO] [stdout] 139 |     ) -> ScriptTemplate<bitcoin::PublicKey> {
[INFO] [stdout]     |          ^^^^^^^^^^^^^^^^^^^^^^^^^^^^^^^^^^ the trait `StrictDecode` is not implemented for `Holder<bitcoin::PublicKey, _>`
[INFO] [stdout]     |
[INFO] [stdout]     = help: the following implementations were found:
[INFO] [stdout]               <Holder<A, UsingUniformAddr> as StrictDecode>
[INFO] [stdout]               <Holder<B, BitcoinConsensus> as StrictDecode>
[INFO] [stdout]               <Holder<H, HashFixedBytes> as StrictDecode>
[INFO] [stdout]               <Holder<W, Wrapped> as StrictDecode>
[INFO] [stdout]     = note: required because of the requirements on the impl of `StrictDecode` for `bitcoin::PublicKey`
[INFO] [stdout] 
[INFO] [stdout] 
[INFO] [stdout] error[E0277]: the trait bound `bitcoin::PublicKey: Strategy` is not satisfied
[INFO] [stdout]    --> src/descriptor/script.rs:149:23
[INFO] [stdout]     |
[INFO] [stdout] 113 | pub struct ScriptTemplate<Pk>(Vec<OpcodeTemplate<Pk>>)
[INFO] [stdout]     |            -------------- required by a bound in this
[INFO] [stdout] 114 | where
[INFO] [stdout] 115 |     Pk: MiniscriptKey + StrictEncode + StrictDecode + FromStr,
[INFO] [stdout]     |                         ------------ required by this bound in `ScriptTemplate`
[INFO] [stdout] ...
[INFO] [stdout] 149 |     fn from(template: ScriptTemplate<bitcoin::PublicKey>) -> Self {
[INFO] [stdout]     |                       ^^^^^^^^^^^^^^^^^^^^^^^^^^^^^^^^^^ the trait `Strategy` is not implemented for `bitcoin::PublicKey`
[INFO] [stdout]     |
[INFO] [stdout]     = note: required because of the requirements on the impl of `StrictEncode` for `bitcoin::PublicKey`
[INFO] [stdout] 
[INFO] [stdout] 
[INFO] [stdout] error[E0277]: the trait bound `Holder<bitcoin::PublicKey, _>: StrictEncode` is not satisfied
[INFO] [stdout]    --> src/descriptor/script.rs:149:23
[INFO] [stdout]     |
[INFO] [stdout] 113 | pub struct ScriptTemplate<Pk>(Vec<OpcodeTemplate<Pk>>)
[INFO] [stdout]     |            -------------- required by a bound in this
[INFO] [stdout] 114 | where
[INFO] [stdout] 115 |     Pk: MiniscriptKey + StrictEncode + StrictDecode + FromStr,
[INFO] [stdout]     |                         ------------ required by this bound in `ScriptTemplate`
[INFO] [stdout] ...
[INFO] [stdout] 149 |     fn from(template: ScriptTemplate<bitcoin::PublicKey>) -> Self {
[INFO] [stdout]     |                       ^^^^^^^^^^^^^^^^^^^^^^^^^^^^^^^^^^ the trait `StrictEncode` is not implemented for `Holder<bitcoin::PublicKey, _>`
[INFO] [stdout]     |
[INFO] [stdout]     = help: the following implementations were found:
[INFO] [stdout]               <Holder<A, UsingUniformAddr> as StrictEncode>
[INFO] [stdout]               <Holder<B, BitcoinConsensus> as StrictEncode>
[INFO] [stdout]               <Holder<H, HashFixedBytes> as StrictEncode>
[INFO] [stdout]               <Holder<W, Wrapped> as StrictEncode>
[INFO] [stdout]     = note: required because of the requirements on the impl of `StrictEncode` for `bitcoin::PublicKey`
[INFO] [stdout] 
[INFO] [stdout] 
[INFO] [stdout] error[E0277]: the trait bound `Holder<bitcoin::PublicKey, _>: StrictDecode` is not satisfied
[INFO] [stdout]    --> src/descriptor/script.rs:149:23
[INFO] [stdout]     |
[INFO] [stdout] 113 | pub struct ScriptTemplate<Pk>(Vec<OpcodeTemplate<Pk>>)
[INFO] [stdout]     |            -------------- required by a bound in this
[INFO] [stdout] 114 | where
[INFO] [stdout] 115 |     Pk: MiniscriptKey + StrictEncode + StrictDecode + FromStr,
[INFO] [stdout]     |                                        ------------ required by this bound in `ScriptTemplate`
[INFO] [stdout] ...
[INFO] [stdout] 149 |     fn from(template: ScriptTemplate<bitcoin::PublicKey>) -> Self {
[INFO] [stdout]     |                       ^^^^^^^^^^^^^^^^^^^^^^^^^^^^^^^^^^ the trait `StrictDecode` is not implemented for `Holder<bitcoin::PublicKey, _>`
[INFO] [stdout]     |
[INFO] [stdout]     = help: the following implementations were found:
[INFO] [stdout]               <Holder<A, UsingUniformAddr> as StrictDecode>
[INFO] [stdout]               <Holder<B, BitcoinConsensus> as StrictDecode>
[INFO] [stdout]               <Holder<H, HashFixedBytes> as StrictDecode>
[INFO] [stdout]               <Holder<W, Wrapped> as StrictDecode>
[INFO] [stdout]     = note: required because of the requirements on the impl of `StrictDecode` for `bitcoin::PublicKey`
[INFO] [stdout] 
[INFO] [stdout] 
[INFO] [stdout] error: aborting due to 12 previous errors
[INFO] [stdout] 
[INFO] [stdout] 
[INFO] [stdout] For more information about this error, try `rustc --explain E0277`.
[INFO] [stdout] 
[INFO] [stderr] error: could not compile `descriptor-wallet`
[INFO] [stderr] 
[INFO] [stderr] To learn more, run the command again with --verbose.
[INFO] running `Command { std: "docker" "inspect" "f9224f83d607f5bb23796da171b5c11493aaf0dc3d3d25ac264522b91daecfd2", kill_on_drop: false }`
[INFO] running `Command { std: "docker" "rm" "-f" "f9224f83d607f5bb23796da171b5c11493aaf0dc3d3d25ac264522b91daecfd2", kill_on_drop: false }`
[INFO] [stdout] f9224f83d607f5bb23796da171b5c11493aaf0dc3d3d25ac264522b91daecfd2
