[INFO] fetching crate debouncing 0.1.0...
[INFO] testing debouncing-0.1.0 against beta-2021-08-01 for beta-1.55-1
[INFO] extracting crate debouncing 0.1.0 into /workspace/builds/worker-81/source
[INFO] validating manifest of crates.io crate debouncing 0.1.0 on toolchain beta-2021-08-01
[INFO] running `Command { std: "/workspace/cargo-home/bin/cargo" "+beta-2021-08-01" "metadata" "--manifest-path" "Cargo.toml" "--no-deps", kill_on_drop: false }`
[INFO] started tweaking crates.io crate debouncing 0.1.0
[INFO] finished tweaking crates.io crate debouncing 0.1.0
[INFO] tweaked toml for crates.io crate debouncing 0.1.0 written to /workspace/builds/worker-81/source/Cargo.toml
[INFO] running `Command { std: "/workspace/cargo-home/bin/cargo" "+beta-2021-08-01" "generate-lockfile" "--manifest-path" "Cargo.toml" "-Zno-index-update", kill_on_drop: false }`
[INFO] [stderr]     Blocking waiting for file lock on package cache
[INFO] running `Command { std: "/workspace/cargo-home/bin/cargo" "+beta-2021-08-01" "fetch" "--manifest-path" "Cargo.toml", kill_on_drop: false }`
[INFO] [stderr]     Blocking waiting for file lock on package cache
[INFO] [stderr]     Blocking waiting for file lock on package cache
[INFO] running `Command { std: "docker" "create" "-v" "/var/lib/crater-agent-workspace/builds/worker-81/target:/opt/rustwide/target:rw,Z" "-v" "/var/lib/crater-agent-workspace/builds/worker-81/source:/opt/rustwide/workdir:ro,Z" "-v" "/var/lib/crater-agent-workspace/cargo-home:/opt/rustwide/cargo-home:ro,Z" "-v" "/var/lib/crater-agent-workspace/rustup-home:/opt/rustwide/rustup-home:ro,Z" "-e" "SOURCE_DIR=/opt/rustwide/workdir" "-e" "CARGO_TARGET_DIR=/opt/rustwide/target" "-e" "CARGO_HOME=/opt/rustwide/cargo-home" "-e" "RUSTUP_HOME=/opt/rustwide/rustup-home" "-w" "/opt/rustwide/workdir" "-m" "1610612736" "--user" "0:0" "--network" "none" "ghcr.io/rust-lang/crates-build-env/linux@sha256:34b6a614d2c27851fe6cbf88fbd1137609cefab8b10d0615aaeb6fd47975d74e" "/opt/rustwide/cargo-home/bin/cargo" "+beta-2021-08-01" "metadata" "--no-deps" "--format-version=1", kill_on_drop: false }`
[INFO] [stdout] 03373bcda290814c6d6925e9a7f2e9f7196b0f621e42762523faca2ccdeeed46
[INFO] running `Command { std: "docker" "start" "-a" "03373bcda290814c6d6925e9a7f2e9f7196b0f621e42762523faca2ccdeeed46", kill_on_drop: false }`
[INFO] running `Command { std: "docker" "inspect" "03373bcda290814c6d6925e9a7f2e9f7196b0f621e42762523faca2ccdeeed46", kill_on_drop: false }`
[INFO] running `Command { std: "docker" "rm" "-f" "03373bcda290814c6d6925e9a7f2e9f7196b0f621e42762523faca2ccdeeed46", kill_on_drop: false }`
[INFO] [stdout] 03373bcda290814c6d6925e9a7f2e9f7196b0f621e42762523faca2ccdeeed46
[INFO] running `Command { std: "docker" "create" "-v" "/var/lib/crater-agent-workspace/builds/worker-81/target:/opt/rustwide/target:rw,Z" "-v" "/var/lib/crater-agent-workspace/builds/worker-81/source:/opt/rustwide/workdir:ro,Z" "-v" "/var/lib/crater-agent-workspace/cargo-home:/opt/rustwide/cargo-home:ro,Z" "-v" "/var/lib/crater-agent-workspace/rustup-home:/opt/rustwide/rustup-home:ro,Z" "-e" "SOURCE_DIR=/opt/rustwide/workdir" "-e" "CARGO_TARGET_DIR=/opt/rustwide/target" "-e" "CARGO_INCREMENTAL=0" "-e" "RUST_BACKTRACE=full" "-e" "RUSTFLAGS=--cap-lints=warn" "-e" "CARGO_HOME=/opt/rustwide/cargo-home" "-e" "RUSTUP_HOME=/opt/rustwide/rustup-home" "-w" "/opt/rustwide/workdir" "-m" "1610612736" "--user" "0:0" "--network" "none" "ghcr.io/rust-lang/crates-build-env/linux@sha256:34b6a614d2c27851fe6cbf88fbd1137609cefab8b10d0615aaeb6fd47975d74e" "/opt/rustwide/cargo-home/bin/cargo" "+beta-2021-08-01" "build" "--frozen" "--message-format=json", kill_on_drop: false }`
[INFO] [stdout] c85c033ae6b23521f37f00ccd398b49329f8bf7eff318eeb27c32cfca19c6be0
[INFO] running `Command { std: "docker" "start" "-a" "c85c033ae6b23521f37f00ccd398b49329f8bf7eff318eeb27c32cfca19c6be0", kill_on_drop: false }`
[INFO] [stderr]    Compiling no-std-compat v0.1.1
[INFO] [stdout] error[E0432]: unresolved import `__core::raw`
[INFO] [stdout]    --> /opt/rustwide/cargo-home/registry/src/github.com-1ecc6299db9ec823/no-std-compat-0.1.1/src/generated.rs:133:21
[INFO] [stdout]     |
[INFO] [stdout] 133 |     pub use __core::raw::*;
[INFO] [stdout]     |                     ^^^ could not find `raw` in `__core`
[INFO] [stdout] 
[INFO] [stdout] 
[INFO] [stdout] error[E0554]: `#![feature]` may not be used on the beta release channel
[INFO] [stdout]  --> /opt/rustwide/cargo-home/registry/src/github.com-1ecc6299db9ec823/no-std-compat-0.1.1/src/lib.rs:1:43
[INFO] [stdout]   |
[INFO] [stdout] 1 | #![cfg_attr(not(feature = "std"), no_std, feature(fixed_size_array, core_intrinsics, core_panic_info, core_panic, raw, unicode_internals))]
[INFO] [stdout]   |                                           ^^^^^^^^^^^^^^^^^^^^^^^^^^^^^^^^^^^^^^^^^^^^^^^^^^^^^^^^^^^^^^^^^^^^^^^^^^^^^^^^^^^^^^^^^^^^^^^
[INFO] [stdout] 
[INFO] [stdout] 
[INFO] [stdout] error[E0554]: `#![feature]` may not be used on the beta release channel
[INFO] [stdout]  --> /opt/rustwide/cargo-home/registry/src/github.com-1ecc6299db9ec823/no-std-compat-0.1.1/src/lib.rs:2:59
[INFO] [stdout]   |
[INFO] [stdout] 2 | #![cfg_attr(all(not(feature = "std"), feature = "alloc"), feature(alloc_prelude, raw_vec_internals))]
[INFO] [stdout]   |                                                           ^^^^^^^^^^^^^^^^^^^^^^^^^^^^^^^^^^^^^^^^^
[INFO] [stdout] 
[INFO] [stdout] 
[INFO] [stdout] error: aborting due to 3 previous errors
[INFO] [stdout] 
[INFO] [stdout] 
[INFO] [stdout] Some errors have detailed explanations: E0432, E0554.
[INFO] [stdout] 
[INFO] [stdout] For more information about an error, try `rustc --explain E0432`.
[INFO] [stdout] 
[INFO] [stderr] error: could not compile `no-std-compat` due to 4 previous errors
[INFO] running `Command { std: "docker" "inspect" "c85c033ae6b23521f37f00ccd398b49329f8bf7eff318eeb27c32cfca19c6be0", kill_on_drop: false }`
[INFO] running `Command { std: "docker" "rm" "-f" "c85c033ae6b23521f37f00ccd398b49329f8bf7eff318eeb27c32cfca19c6be0", kill_on_drop: false }`
[INFO] [stdout] c85c033ae6b23521f37f00ccd398b49329f8bf7eff318eeb27c32cfca19c6be0
