[INFO] fetching crate dcombu 0.0.1...
[INFO] testing dcombu-0.0.1 against 1.54.0 for beta-1.55-1
[INFO] extracting crate dcombu 0.0.1 into /workspace/builds/worker-21/source
[INFO] validating manifest of crates.io crate dcombu 0.0.1 on toolchain 1.54.0
[INFO] running `Command { std: "/workspace/cargo-home/bin/cargo" "+1.54.0" "metadata" "--manifest-path" "Cargo.toml" "--no-deps", kill_on_drop: false }`
[INFO] started tweaking crates.io crate dcombu 0.0.1
[INFO] finished tweaking crates.io crate dcombu 0.0.1
[INFO] tweaked toml for crates.io crate dcombu 0.0.1 written to /workspace/builds/worker-21/source/Cargo.toml
[INFO] running `Command { std: "/workspace/cargo-home/bin/cargo" "+1.54.0" "generate-lockfile" "--manifest-path" "Cargo.toml" "-Zno-index-update", kill_on_drop: false }`
[INFO] [stderr]     Blocking waiting for file lock on package cache
[INFO] running `Command { std: "/workspace/cargo-home/bin/cargo" "+1.54.0" "fetch" "--manifest-path" "Cargo.toml", kill_on_drop: false }`
[INFO] [stderr]     Blocking waiting for file lock on package cache
[INFO] [stderr]     Blocking waiting for file lock on package cache
[INFO] running `Command { std: "docker" "create" "-v" "/var/lib/crater-agent-workspace/builds/worker-21/target:/opt/rustwide/target:rw,Z" "-v" "/var/lib/crater-agent-workspace/builds/worker-21/source:/opt/rustwide/workdir:ro,Z" "-v" "/var/lib/crater-agent-workspace/cargo-home:/opt/rustwide/cargo-home:ro,Z" "-v" "/var/lib/crater-agent-workspace/rustup-home:/opt/rustwide/rustup-home:ro,Z" "-e" "SOURCE_DIR=/opt/rustwide/workdir" "-e" "CARGO_TARGET_DIR=/opt/rustwide/target" "-e" "CARGO_HOME=/opt/rustwide/cargo-home" "-e" "RUSTUP_HOME=/opt/rustwide/rustup-home" "-w" "/opt/rustwide/workdir" "-m" "1610612736" "--user" "0:0" "--network" "none" "ghcr.io/rust-lang/crates-build-env/linux@sha256:34b6a614d2c27851fe6cbf88fbd1137609cefab8b10d0615aaeb6fd47975d74e" "/opt/rustwide/cargo-home/bin/cargo" "+1.54.0" "metadata" "--no-deps" "--format-version=1", kill_on_drop: false }`
[INFO] [stdout] 0b682239fc2f057fe090004e274b53bb2f6d798bf2419263d4316715151b6c60
[INFO] running `Command { std: "docker" "start" "-a" "0b682239fc2f057fe090004e274b53bb2f6d798bf2419263d4316715151b6c60", kill_on_drop: false }`
[INFO] running `Command { std: "docker" "inspect" "0b682239fc2f057fe090004e274b53bb2f6d798bf2419263d4316715151b6c60", kill_on_drop: false }`
[INFO] running `Command { std: "docker" "rm" "-f" "0b682239fc2f057fe090004e274b53bb2f6d798bf2419263d4316715151b6c60", kill_on_drop: false }`
[INFO] [stdout] 0b682239fc2f057fe090004e274b53bb2f6d798bf2419263d4316715151b6c60
[INFO] running `Command { std: "docker" "create" "-v" "/var/lib/crater-agent-workspace/builds/worker-21/target:/opt/rustwide/target:rw,Z" "-v" "/var/lib/crater-agent-workspace/builds/worker-21/source:/opt/rustwide/workdir:ro,Z" "-v" "/var/lib/crater-agent-workspace/cargo-home:/opt/rustwide/cargo-home:ro,Z" "-v" "/var/lib/crater-agent-workspace/rustup-home:/opt/rustwide/rustup-home:ro,Z" "-e" "SOURCE_DIR=/opt/rustwide/workdir" "-e" "CARGO_TARGET_DIR=/opt/rustwide/target" "-e" "CARGO_INCREMENTAL=0" "-e" "RUST_BACKTRACE=full" "-e" "RUSTFLAGS=--cap-lints=warn" "-e" "CARGO_HOME=/opt/rustwide/cargo-home" "-e" "RUSTUP_HOME=/opt/rustwide/rustup-home" "-w" "/opt/rustwide/workdir" "-m" "1610612736" "--user" "0:0" "--network" "none" "ghcr.io/rust-lang/crates-build-env/linux@sha256:34b6a614d2c27851fe6cbf88fbd1137609cefab8b10d0615aaeb6fd47975d74e" "/opt/rustwide/cargo-home/bin/cargo" "+1.54.0" "build" "--frozen" "--message-format=json", kill_on_drop: false }`
[INFO] [stdout] 732955f28c16d844239e8d108c03f63c742ca1f6c37d210af36bfb9f3ecf6a38
[INFO] running `Command { std: "docker" "start" "-a" "732955f28c16d844239e8d108c03f63c742ca1f6c37d210af36bfb9f3ecf6a38", kill_on_drop: false }`
[INFO] [stderr]    Compiling winapi-build v0.1.1
[INFO] [stderr]    Compiling winapi v0.2.8
[INFO] [stderr]    Compiling lazy_static v0.2.11
[INFO] [stderr]    Compiling serde v0.9.15
[INFO] [stderr]    Compiling kernel32-sys v0.2.2
[INFO] [stderr]    Compiling gdi32-sys v0.2.0
[INFO] [stderr]    Compiling combup v0.1.5
[INFO] [stdout] error[E0432]: unresolved imports `winapi::IUnknown`, `winapi::REFIID`, `winapi::S_OK`, `winapi::E_NOINTERFACE`
[INFO] [stdout]  --> /opt/rustwide/cargo-home/registry/src/github.com-1ecc6299db9ec823/combup-0.1.5/src/comptr.rs:7:14
[INFO] [stdout]   |
[INFO] [stdout] 7 | use winapi::{IUnknown, REFIID, S_OK, E_NOINTERFACE};
[INFO] [stdout]   |              ^^^^^^^^  ^^^^^^  ^^^^  ^^^^^^^^^^^^^ no `E_NOINTERFACE` in the root
[INFO] [stdout]   |              |         |       |
[INFO] [stdout]   |              |         |       no `S_OK` in the root
[INFO] [stdout]   |              |         no `REFIID` in the root
[INFO] [stdout]   |              no `IUnknown` in the root
[INFO] [stdout] 
[INFO] [stdout] 
[INFO] [stdout] error[E0432]: unresolved import `winapi::IDWriteLocalizedStrings`
[INFO] [stdout]  --> /opt/rustwide/cargo-home/registry/src/github.com-1ecc6299db9ec823/combup-0.1.5/src/wide.rs:5:5
[INFO] [stdout]   |
[INFO] [stdout] 5 | use winapi::IDWriteLocalizedStrings;
[INFO] [stdout]   |     ^^^^^^^^^^^^^^^^^^^^^^^^^^^^^^^ no `IDWriteLocalizedStrings` in the root
[INFO] [stdout] 
[INFO] [stdout] 
[INFO] [stdout] error[E0432]: unresolved import `winapi::wchar_t`
[INFO] [stdout]  --> /opt/rustwide/cargo-home/registry/src/github.com-1ecc6299db9ec823/combup-0.1.5/src/wide.rs:6:5
[INFO] [stdout]   |
[INFO] [stdout] 6 | use winapi::wchar_t;
[INFO] [stdout]   |     ^^^^^^^^^^^^^^^ no `wchar_t` in the root
[INFO] [stdout] 
[INFO] [stdout] 
[INFO] [stdout] error[E0432]: unresolved import `winapi::winerror`
[INFO] [stdout]  --> /opt/rustwide/cargo-home/registry/src/github.com-1ecc6299db9ec823/combup-0.1.5/src/wide.rs:8:13
[INFO] [stdout]   |
[INFO] [stdout] 8 | use winapi::winerror::S_OK;
[INFO] [stdout]   |             ^^^^^^^^ could not find `winerror` in `winapi`
[INFO] [stdout] 
[INFO] [stdout] 
[INFO] [stdout] error[E0433]: failed to resolve: could not find `windows` in `os`
[INFO] [stdout]   --> /opt/rustwide/cargo-home/registry/src/github.com-1ecc6299db9ec823/combup-0.1.5/src/wide.rs:12:14
[INFO] [stdout]    |
[INFO] [stdout] 12 | use std::os::windows::ffi::OsStrExt;
[INFO] [stdout]    |              ^^^^^^^ could not find `windows` in `os`
[INFO] [stdout] 
[INFO] [stdout] 
[INFO] [stdout] error[E0432]: unresolved import `winapi::minwindef`
[INFO] [stdout]  --> /opt/rustwide/cargo-home/registry/src/github.com-1ecc6299db9ec823/combup-0.1.5/src/wide.rs:9:13
[INFO] [stdout]   |
[INFO] [stdout] 9 | use winapi::minwindef::{BOOL, FALSE};
[INFO] [stdout]   |             ^^^^^^^^^ could not find `minwindef` in `winapi`
[INFO] [stdout] 
[INFO] [stdout] 
[INFO] [stdout] error: cannot find macro `DEFINE_GUID` in this scope
[INFO] [stdout]  --> /opt/rustwide/cargo-home/registry/src/github.com-1ecc6299db9ec823/combup-0.1.5/src/com_helpers.rs:6:1
[INFO] [stdout]   |
[INFO] [stdout] 6 | DEFINE_GUID!{UuidOfIUnknown, 0x00000000, 0x0000, 0x0000, 0xC0, 0x00, 0x00, 0x00, 0x00, 0x00, 0x00, 0x46}
[INFO] [stdout]   | ^^^^^^^^^^^
[INFO] [stdout] 
[INFO] [stdout] 
[INFO] [stdout] error[E0425]: cannot find function, tuple struct or tuple variant `GetUserDefaultLocaleName` in crate `kernel32`
[INFO] [stdout]   --> /opt/rustwide/cargo-home/registry/src/github.com-1ecc6299db9ec823/combup-0.1.5/src/wide.rs:18:23
[INFO] [stdout]    |
[INFO] [stdout] 18 |             kernel32::GetUserDefaultLocaleName(locale.as_mut_ptr(), locale.len() as i32 - 1);
[INFO] [stdout]    |                       ^^^^^^^^^^^^^^^^^^^^^^^^ not found in `kernel32`
[INFO] [stdout] 
[INFO] [stdout] 
[INFO] [stdout] error[E0599]: no method named `encode_wide` found for reference `&OsStr` in the current scope
[INFO] [stdout]   --> /opt/rustwide/cargo-home/registry/src/github.com-1ecc6299db9ec823/combup-0.1.5/src/wide.rs:64:23
[INFO] [stdout]    |
[INFO] [stdout] 64 |         self.as_ref().encode_wide().collect()
[INFO] [stdout]    |                       ^^^^^^^^^^^ method not found in `&OsStr`
[INFO] [stdout] 
[INFO] [stdout] 
[INFO] [stdout] error[E0599]: no method named `encode_wide` found for reference `&OsStr` in the current scope
[INFO] [stdout]   --> /opt/rustwide/cargo-home/registry/src/github.com-1ecc6299db9ec823/combup-0.1.5/src/wide.rs:67:23
[INFO] [stdout]    |
[INFO] [stdout] 67 |         self.as_ref().encode_wide().chain(Some(0)).collect()
[INFO] [stdout]    |                       ^^^^^^^^^^^ method not found in `&OsStr`
[INFO] [stdout] 
[INFO] [stdout] 
[INFO] [stdout] error[E0599]: no method named `encode_wide` found for reference `&OsStr` in the current scope
[INFO] [stdout]   --> /opt/rustwide/cargo-home/registry/src/github.com-1ecc6299db9ec823/combup-0.1.5/src/wide.rs:23:29
[INFO] [stdout]    |
[INFO] [stdout] 23 |         OsStr::new("en-us").encode_wide().collect()
[INFO] [stdout]    |                             ^^^^^^^^^^^ method not found in `&OsStr`
[INFO] [stdout] 
[INFO] [stdout] 
[INFO] [stdout] error: aborting due to 11 previous errors
[INFO] [stdout] 
[INFO] [stdout] 
[INFO] [stdout] Some errors have detailed explanations: E0425, E0432, E0433, E0599.
[INFO] [stdout] 
[INFO] [stdout] For more information about an error, try `rustc --explain E0425`.
[INFO] [stdout] 
[INFO] [stderr] error: could not compile `combup`
[INFO] [stderr] 
[INFO] [stderr] To learn more, run the command again with --verbose.
[INFO] [stderr] warning: build failed, waiting for other jobs to finish...
[INFO] [stderr] error: build failed
[INFO] running `Command { std: "docker" "inspect" "732955f28c16d844239e8d108c03f63c742ca1f6c37d210af36bfb9f3ecf6a38", kill_on_drop: false }`
[INFO] running `Command { std: "docker" "rm" "-f" "732955f28c16d844239e8d108c03f63c742ca1f6c37d210af36bfb9f3ecf6a38", kill_on_drop: false }`
[INFO] [stdout] 732955f28c16d844239e8d108c03f63c742ca1f6c37d210af36bfb9f3ecf6a38
