[INFO] fetching crate cuba 0.2.4...
[INFO] testing cuba-0.2.4 against 1.54.0 for beta-1.55-1
[INFO] extracting crate cuba 0.2.4 into /workspace/builds/worker-106/source
[INFO] validating manifest of crates.io crate cuba 0.2.4 on toolchain 1.54.0
[INFO] running `Command { std: "/workspace/cargo-home/bin/cargo" "+1.54.0" "metadata" "--manifest-path" "Cargo.toml" "--no-deps", kill_on_drop: false }`
[INFO] started tweaking crates.io crate cuba 0.2.4
[INFO] finished tweaking crates.io crate cuba 0.2.4
[INFO] tweaked toml for crates.io crate cuba 0.2.4 written to /workspace/builds/worker-106/source/Cargo.toml
[INFO] crate crates.io crate cuba 0.2.4 already has a lockfile, it will not be regenerated
[INFO] running `Command { std: "/workspace/cargo-home/bin/cargo" "+1.54.0" "fetch" "--manifest-path" "Cargo.toml", kill_on_drop: false }`
[INFO] running `Command { std: "docker" "create" "-v" "/var/lib/crater-agent-workspace/builds/worker-106/target:/opt/rustwide/target:rw,Z" "-v" "/var/lib/crater-agent-workspace/builds/worker-106/source:/opt/rustwide/workdir:ro,Z" "-v" "/var/lib/crater-agent-workspace/cargo-home:/opt/rustwide/cargo-home:ro,Z" "-v" "/var/lib/crater-agent-workspace/rustup-home:/opt/rustwide/rustup-home:ro,Z" "-e" "SOURCE_DIR=/opt/rustwide/workdir" "-e" "CARGO_TARGET_DIR=/opt/rustwide/target" "-e" "CARGO_HOME=/opt/rustwide/cargo-home" "-e" "RUSTUP_HOME=/opt/rustwide/rustup-home" "-w" "/opt/rustwide/workdir" "-m" "1610612736" "--user" "0:0" "--network" "none" "ghcr.io/rust-lang/crates-build-env/linux@sha256:34b6a614d2c27851fe6cbf88fbd1137609cefab8b10d0615aaeb6fd47975d74e" "/opt/rustwide/cargo-home/bin/cargo" "+1.54.0" "metadata" "--no-deps" "--format-version=1", kill_on_drop: false }`
[INFO] [stdout] c56f46ccc39830bce373d202b4f34b566036a2a2d76df4a8e40d04f5b11795aa
[INFO] running `Command { std: "docker" "start" "-a" "c56f46ccc39830bce373d202b4f34b566036a2a2d76df4a8e40d04f5b11795aa", kill_on_drop: false }`
[INFO] running `Command { std: "docker" "inspect" "c56f46ccc39830bce373d202b4f34b566036a2a2d76df4a8e40d04f5b11795aa", kill_on_drop: false }`
[INFO] running `Command { std: "docker" "rm" "-f" "c56f46ccc39830bce373d202b4f34b566036a2a2d76df4a8e40d04f5b11795aa", kill_on_drop: false }`
[INFO] [stdout] c56f46ccc39830bce373d202b4f34b566036a2a2d76df4a8e40d04f5b11795aa
[INFO] running `Command { std: "docker" "create" "-v" "/var/lib/crater-agent-workspace/builds/worker-106/target:/opt/rustwide/target:rw,Z" "-v" "/var/lib/crater-agent-workspace/builds/worker-106/source:/opt/rustwide/workdir:ro,Z" "-v" "/var/lib/crater-agent-workspace/cargo-home:/opt/rustwide/cargo-home:ro,Z" "-v" "/var/lib/crater-agent-workspace/rustup-home:/opt/rustwide/rustup-home:ro,Z" "-e" "SOURCE_DIR=/opt/rustwide/workdir" "-e" "CARGO_TARGET_DIR=/opt/rustwide/target" "-e" "CARGO_INCREMENTAL=0" "-e" "RUST_BACKTRACE=full" "-e" "RUSTFLAGS=--cap-lints=warn" "-e" "CARGO_HOME=/opt/rustwide/cargo-home" "-e" "RUSTUP_HOME=/opt/rustwide/rustup-home" "-w" "/opt/rustwide/workdir" "-m" "1610612736" "--user" "0:0" "--network" "none" "ghcr.io/rust-lang/crates-build-env/linux@sha256:34b6a614d2c27851fe6cbf88fbd1137609cefab8b10d0615aaeb6fd47975d74e" "/opt/rustwide/cargo-home/bin/cargo" "+1.54.0" "build" "--frozen" "--message-format=json", kill_on_drop: false }`
[INFO] [stdout] 07a7c0fddfcc77a39f6ba2076bd2b26c78e31c9ac6897e03ce7b5de3af93965b
[INFO] running `Command { std: "docker" "start" "-a" "07a7c0fddfcc77a39f6ba2076bd2b26c78e31c9ac6897e03ce7b5de3af93965b", kill_on_drop: false }`
[INFO] [stderr]    Compiling libc v0.2.43
[INFO] [stderr]    Compiling cuba v0.2.4 (/opt/rustwide/workdir)
[INFO] [stdout] warning: unused variable: `ndim`
[INFO] [stdout]    --> src/lib.rs:594:9
[INFO] [stdout]     |
[INFO] [stdout] 594 |         ndim: *const c_int,
[INFO] [stdout]     |         ^^^^ help: if this is intentional, prefix it with an underscore: `_ndim`
[INFO] [stdout]     |
[INFO] [stdout]     = note: `#[warn(unused_variables)]` on by default
[INFO] [stdout] 
[INFO] [stdout] 
[INFO] [stdout] warning: unused variable: `b`
[INFO] [stdout]    --> src/lib.rs:595:9
[INFO] [stdout]     |
[INFO] [stdout] 595 |         b: *const c_double,
[INFO] [stdout]     |         ^ help: if this is intentional, prefix it with an underscore: `_b`
[INFO] [stdout] 
[INFO] [stdout] 
[INFO] [stdout] warning: unused variable: `n`
[INFO] [stdout]    --> src/lib.rs:596:9
[INFO] [stdout]     |
[INFO] [stdout] 596 |         n: *mut c_int,
[INFO] [stdout]     |         ^ help: if this is intentional, prefix it with an underscore: `_n`
[INFO] [stdout] 
[INFO] [stdout] 
[INFO] [stdout] warning: unused variable: `x`
[INFO] [stdout]    --> src/lib.rs:597:9
[INFO] [stdout]     |
[INFO] [stdout] 597 |         x: *mut c_double,
[INFO] [stdout]     |         ^ help: if this is intentional, prefix it with an underscore: `_x`
[INFO] [stdout] 
[INFO] [stdout] 
[INFO] [stdout] warning: unused variable: `userdata`
[INFO] [stdout]    --> src/lib.rs:598:9
[INFO] [stdout]     |
[INFO] [stdout] 598 |         userdata: *mut c_void,
[INFO] [stdout]     |         ^^^^^^^^ help: if this is intentional, prefix it with an underscore: `_userdata`
[INFO] [stdout] 
[INFO] [stdout] 
[INFO] [stdout] warning: associated function is never used: `c_peakfinder`
[INFO] [stdout]    --> src/lib.rs:593:19
[INFO] [stdout]     |
[INFO] [stdout] 593 |     extern "C" fn c_peakfinder(
[INFO] [stdout]     |                   ^^^^^^^^^^^^
[INFO] [stdout]     |
[INFO] [stdout]     = note: `#[warn(dead_code)]` on by default
[INFO] [stdout] 
[INFO] [stdout] 
[INFO] [stdout] warning: 6 warnings emitted
[INFO] [stdout] 
[INFO] [stdout] 
[INFO] [stderr]     Finished dev [unoptimized + debuginfo] target(s) in 1.24s
[INFO] running `Command { std: "docker" "inspect" "07a7c0fddfcc77a39f6ba2076bd2b26c78e31c9ac6897e03ce7b5de3af93965b", kill_on_drop: false }`
[INFO] running `Command { std: "docker" "rm" "-f" "07a7c0fddfcc77a39f6ba2076bd2b26c78e31c9ac6897e03ce7b5de3af93965b", kill_on_drop: false }`
[INFO] [stdout] 07a7c0fddfcc77a39f6ba2076bd2b26c78e31c9ac6897e03ce7b5de3af93965b
[INFO] running `Command { std: "docker" "create" "-v" "/var/lib/crater-agent-workspace/builds/worker-106/target:/opt/rustwide/target:rw,Z" "-v" "/var/lib/crater-agent-workspace/builds/worker-106/source:/opt/rustwide/workdir:ro,Z" "-v" "/var/lib/crater-agent-workspace/cargo-home:/opt/rustwide/cargo-home:ro,Z" "-v" "/var/lib/crater-agent-workspace/rustup-home:/opt/rustwide/rustup-home:ro,Z" "-e" "SOURCE_DIR=/opt/rustwide/workdir" "-e" "CARGO_TARGET_DIR=/opt/rustwide/target" "-e" "CARGO_INCREMENTAL=0" "-e" "RUST_BACKTRACE=full" "-e" "RUSTFLAGS=--cap-lints=warn" "-e" "CARGO_HOME=/opt/rustwide/cargo-home" "-e" "RUSTUP_HOME=/opt/rustwide/rustup-home" "-w" "/opt/rustwide/workdir" "-m" "1610612736" "--user" "0:0" "--network" "none" "ghcr.io/rust-lang/crates-build-env/linux@sha256:34b6a614d2c27851fe6cbf88fbd1137609cefab8b10d0615aaeb6fd47975d74e" "/opt/rustwide/cargo-home/bin/cargo" "+1.54.0" "test" "--frozen" "--no-run" "--message-format=json", kill_on_drop: false }`
[INFO] [stdout] 8ea6b1937086e663b56c0be61c00457824a4ce76cf38f5b3e3fb056c8e59cb87
[INFO] running `Command { std: "docker" "start" "-a" "8ea6b1937086e663b56c0be61c00457824a4ce76cf38f5b3e3fb056c8e59cb87", kill_on_drop: false }`
[INFO] [stdout] warning: unused variable: `ndim`
[INFO] [stdout]    --> src/lib.rs:594:9
[INFO] [stdout]     |
[INFO] [stdout] 594 |         ndim: *const c_int,
[INFO] [stdout]     |         ^^^^ help: if this is intentional, prefix it with an underscore: `_ndim`
[INFO] [stdout]     |
[INFO] [stdout]     = note: `#[warn(unused_variables)]` on by default
[INFO] [stdout] 
[INFO] [stdout] 
[INFO] [stdout] warning: unused variable: `b`
[INFO] [stdout]    --> src/lib.rs:595:9
[INFO] [stdout]     |
[INFO] [stdout] 595 |         b: *const c_double,
[INFO] [stdout]     |         ^ help: if this is intentional, prefix it with an underscore: `_b`
[INFO] [stdout] 
[INFO] [stdout] 
[INFO] [stdout] warning: unused variable: `n`
[INFO] [stdout]    --> src/lib.rs:596:9
[INFO] [stdout]     |
[INFO] [stdout] 596 |         n: *mut c_int,
[INFO] [stdout]     |         ^ help: if this is intentional, prefix it with an underscore: `_n`
[INFO] [stdout] 
[INFO] [stdout] 
[INFO] [stdout] warning: unused variable: `x`
[INFO] [stdout]    --> src/lib.rs:597:9
[INFO] [stdout]     |
[INFO] [stdout] 597 |         x: *mut c_double,
[INFO] [stdout]     |         ^ help: if this is intentional, prefix it with an underscore: `_x`
[INFO] [stdout] 
[INFO] [stdout] 
[INFO] [stdout] warning: unused variable: `userdata`
[INFO] [stdout]    --> src/lib.rs:598:9
[INFO] [stdout]     |
[INFO] [stdout] 598 |         userdata: *mut c_void,
[INFO] [stdout]     |         ^^^^^^^^ help: if this is intentional, prefix it with an underscore: `_userdata`
[INFO] [stdout] 
[INFO] [stdout] 
[INFO] [stdout] warning: associated function is never used: `c_peakfinder`
[INFO] [stdout]    --> src/lib.rs:593:19
[INFO] [stdout]     |
[INFO] [stdout] 593 |     extern "C" fn c_peakfinder(
[INFO] [stdout]     |                   ^^^^^^^^^^^^
[INFO] [stdout]     |
[INFO] [stdout]     = note: `#[warn(dead_code)]` on by default
[INFO] [stdout] 
[INFO] [stdout] 
[INFO] [stdout] warning: 6 warnings emitted
[INFO] [stdout] 
[INFO] [stdout] 
[INFO] [stderr]    Compiling cuba v0.2.4 (/opt/rustwide/workdir)
[INFO] [stdout] warning: unused variable: `ndim`
[INFO] [stdout]    --> src/lib.rs:594:9
[INFO] [stdout]     |
[INFO] [stdout] 594 |         ndim: *const c_int,
[INFO] [stdout]     |         ^^^^ help: if this is intentional, prefix it with an underscore: `_ndim`
[INFO] [stdout]     |
[INFO] [stdout]     = note: `#[warn(unused_variables)]` on by default
[INFO] [stdout] 
[INFO] [stdout] 
[INFO] [stdout] warning: unused variable: `b`
[INFO] [stdout]    --> src/lib.rs:595:9
[INFO] [stdout]     |
[INFO] [stdout] 595 |         b: *const c_double,
[INFO] [stdout]     |         ^ help: if this is intentional, prefix it with an underscore: `_b`
[INFO] [stdout] 
[INFO] [stdout] 
[INFO] [stdout] warning: unused variable: `n`
[INFO] [stdout]    --> src/lib.rs:596:9
[INFO] [stdout]     |
[INFO] [stdout] 596 |         n: *mut c_int,
[INFO] [stdout]     |         ^ help: if this is intentional, prefix it with an underscore: `_n`
[INFO] [stdout] 
[INFO] [stdout] 
[INFO] [stdout] warning: unused variable: `x`
[INFO] [stdout]    --> src/lib.rs:597:9
[INFO] [stdout]     |
[INFO] [stdout] 597 |         x: *mut c_double,
[INFO] [stdout]     |         ^ help: if this is intentional, prefix it with an underscore: `_x`
[INFO] [stdout] 
[INFO] [stdout] 
[INFO] [stdout] warning: unused variable: `userdata`
[INFO] [stdout]    --> src/lib.rs:598:9
[INFO] [stdout]     |
[INFO] [stdout] 598 |         userdata: *mut c_void,
[INFO] [stdout]     |         ^^^^^^^^ help: if this is intentional, prefix it with an underscore: `_userdata`
[INFO] [stdout] 
[INFO] [stdout] 
[INFO] [stdout] warning: associated function is never used: `c_peakfinder`
[INFO] [stdout]    --> src/lib.rs:593:19
[INFO] [stdout]     |
[INFO] [stdout] 593 |     extern "C" fn c_peakfinder(
[INFO] [stdout]     |                   ^^^^^^^^^^^^
[INFO] [stdout]     |
[INFO] [stdout]     = note: `#[warn(dead_code)]` on by default
[INFO] [stdout] 
[INFO] [stdout] 
[INFO] [stdout] error: linking with `cc` failed: exit status: 1
[INFO] [stdout]   |
[INFO] [stdout]   = note: "cc" "-m64" "/opt/rustwide/target/debug/deps/cuba-8c3d5e072cede272.cuba.4wmlk4up-cgu.0.rcgu.o" "/opt/rustwide/target/debug/deps/cuba-8c3d5e072cede272.cuba.4wmlk4up-cgu.1.rcgu.o" "/opt/rustwide/target/debug/deps/cuba-8c3d5e072cede272.cuba.4wmlk4up-cgu.2.rcgu.o" "/opt/rustwide/target/debug/deps/cuba-8c3d5e072cede272.cuba.4wmlk4up-cgu.3.rcgu.o" "/opt/rustwide/target/debug/deps/cuba-8c3d5e072cede272.cuba.4wmlk4up-cgu.4.rcgu.o" "/opt/rustwide/target/debug/deps/cuba-8c3d5e072cede272.cuba.4wmlk4up-cgu.5.rcgu.o" "/opt/rustwide/target/debug/deps/cuba-8c3d5e072cede272.cuba.4wmlk4up-cgu.6.rcgu.o" "/opt/rustwide/target/debug/deps/cuba-8c3d5e072cede272.5fg5cyz5jnvpayb0.rcgu.o" "-Wl,--as-needed" "-L" "/opt/rustwide/target/debug/deps" "-L" "/opt/rustwide/rustup-home/toolchains/1.54.0-x86_64-unknown-linux-gnu/lib/rustlib/x86_64-unknown-linux-gnu/lib" "-lcuba" "-Wl,-Bstatic" "/opt/rustwide/rustup-home/toolchains/1.54.0-x86_64-unknown-linux-gnu/lib/rustlib/x86_64-unknown-linux-gnu/lib/libtest-3599c5491d44663f.rlib" "/opt/rustwide/rustup-home/toolchains/1.54.0-x86_64-unknown-linux-gnu/lib/rustlib/x86_64-unknown-linux-gnu/lib/libterm-1d56ea45a67842c8.rlib" "/opt/rustwide/rustup-home/toolchains/1.54.0-x86_64-unknown-linux-gnu/lib/rustlib/x86_64-unknown-linux-gnu/lib/libgetopts-9749f7c936ebf9a7.rlib" "/opt/rustwide/rustup-home/toolchains/1.54.0-x86_64-unknown-linux-gnu/lib/rustlib/x86_64-unknown-linux-gnu/lib/libunicode_width-627a220173eefff1.rlib" "/opt/rustwide/rustup-home/toolchains/1.54.0-x86_64-unknown-linux-gnu/lib/rustlib/x86_64-unknown-linux-gnu/lib/librustc_std_workspace_std-16ed15e5bfe21b9b.rlib" "/opt/rustwide/target/debug/deps/liblibc-0ba24d7f507f5772.rlib" "-Wl,--start-group" "/opt/rustwide/rustup-home/toolchains/1.54.0-x86_64-unknown-linux-gnu/lib/rustlib/x86_64-unknown-linux-gnu/lib/libstd-2420485b9e5ef5e1.rlib" "/opt/rustwide/rustup-home/toolchains/1.54.0-x86_64-unknown-linux-gnu/lib/rustlib/x86_64-unknown-linux-gnu/lib/libpanic_unwind-785e3cb61c4b1960.rlib" "/opt/rustwide/rustup-home/toolchains/1.54.0-x86_64-unknown-linux-gnu/lib/rustlib/x86_64-unknown-linux-gnu/lib/libminiz_oxide-087191a88bdaa22d.rlib" "/opt/rustwide/rustup-home/toolchains/1.54.0-x86_64-unknown-linux-gnu/lib/rustlib/x86_64-unknown-linux-gnu/lib/libadler-9981842c02975178.rlib" "/opt/rustwide/rustup-home/toolchains/1.54.0-x86_64-unknown-linux-gnu/lib/rustlib/x86_64-unknown-linux-gnu/lib/libobject-6fb405869b015fde.rlib" "/opt/rustwide/rustup-home/toolchains/1.54.0-x86_64-unknown-linux-gnu/lib/rustlib/x86_64-unknown-linux-gnu/lib/libaddr2line-d05c5c3c56004b7b.rlib" "/opt/rustwide/rustup-home/toolchains/1.54.0-x86_64-unknown-linux-gnu/lib/rustlib/x86_64-unknown-linux-gnu/lib/libgimli-42d74d2097528b38.rlib" "/opt/rustwide/rustup-home/toolchains/1.54.0-x86_64-unknown-linux-gnu/lib/rustlib/x86_64-unknown-linux-gnu/lib/libstd_detect-fb36534c113d2209.rlib" "/opt/rustwide/rustup-home/toolchains/1.54.0-x86_64-unknown-linux-gnu/lib/rustlib/x86_64-unknown-linux-gnu/lib/librustc_demangle-b56b9042c12b6535.rlib" "/opt/rustwide/rustup-home/toolchains/1.54.0-x86_64-unknown-linux-gnu/lib/rustlib/x86_64-unknown-linux-gnu/lib/libhashbrown-491902d6cb3e76df.rlib" "/opt/rustwide/rustup-home/toolchains/1.54.0-x86_64-unknown-linux-gnu/lib/rustlib/x86_64-unknown-linux-gnu/lib/librustc_std_workspace_alloc-61834e0981b8c367.rlib" "/opt/rustwide/rustup-home/toolchains/1.54.0-x86_64-unknown-linux-gnu/lib/rustlib/x86_64-unknown-linux-gnu/lib/libunwind-f78aa99d613a55bc.rlib" "/opt/rustwide/rustup-home/toolchains/1.54.0-x86_64-unknown-linux-gnu/lib/rustlib/x86_64-unknown-linux-gnu/lib/libcfg_if-53ee54cd7fed2c57.rlib" "/opt/rustwide/rustup-home/toolchains/1.54.0-x86_64-unknown-linux-gnu/lib/rustlib/x86_64-unknown-linux-gnu/lib/liblibc-544ecdbd6cda3c58.rlib" "/opt/rustwide/rustup-home/toolchains/1.54.0-x86_64-unknown-linux-gnu/lib/rustlib/x86_64-unknown-linux-gnu/lib/liballoc-379cc252b6943a79.rlib" "/opt/rustwide/rustup-home/toolchains/1.54.0-x86_64-unknown-linux-gnu/lib/rustlib/x86_64-unknown-linux-gnu/lib/librustc_std_workspace_core-8063eea38dcc5e62.rlib" "/opt/rustwide/rustup-home/toolchains/1.54.0-x86_64-unknown-linux-gnu/lib/rustlib/x86_64-unknown-linux-gnu/lib/libcore-5b228734afae15ee.rlib" "-Wl,--end-group" "/opt/rustwide/rustup-home/toolchains/1.54.0-x86_64-unknown-linux-gnu/lib/rustlib/x86_64-unknown-linux-gnu/lib/libcompiler_builtins-d6c7a399d95d173f.rlib" "-Wl,-Bdynamic" "-lutil" "-lgcc_s" "-lutil" "-lrt" "-lpthread" "-lm" "-ldl" "-lc" "-Wl,--eh-frame-hdr" "-Wl,-znoexecstack" "-L" "/opt/rustwide/rustup-home/toolchains/1.54.0-x86_64-unknown-linux-gnu/lib/rustlib/x86_64-unknown-linux-gnu/lib" "-o" "/opt/rustwide/target/debug/deps/cuba-8c3d5e072cede272" "-Wl,--gc-sections" "-pie" "-Wl,-zrelro" "-Wl,-znow" "-nodefaultlibs"
[INFO] [stdout]   = note: /usr/bin/ld: cannot find -lcuba
[INFO] [stdout]           collect2: error: ld returned 1 exit status
[INFO] [stdout]           
[INFO] [stdout] 
[INFO] [stdout] 
[INFO] [stdout] error: aborting due to previous error; 6 warnings emitted
[INFO] [stdout] 
[INFO] [stdout] 
[INFO] [stderr] error: could not compile `cuba`
[INFO] [stderr] 
[INFO] [stderr] To learn more, run the command again with --verbose.
[INFO] [stderr] warning: build failed, waiting for other jobs to finish...
[INFO] [stdout] error: linking with `cc` failed: exit status: 1
[INFO] [stdout]   |
[INFO] [stdout]   = note: "cc" "-m64" "/opt/rustwide/target/debug/examples/suave-82eb2c69fed28a9d.suave.5pob2php-cgu.0.rcgu.o" "/opt/rustwide/target/debug/examples/suave-82eb2c69fed28a9d.suave.5pob2php-cgu.1.rcgu.o" "/opt/rustwide/target/debug/examples/suave-82eb2c69fed28a9d.suave.5pob2php-cgu.10.rcgu.o" "/opt/rustwide/target/debug/examples/suave-82eb2c69fed28a9d.suave.5pob2php-cgu.11.rcgu.o" "/opt/rustwide/target/debug/examples/suave-82eb2c69fed28a9d.suave.5pob2php-cgu.12.rcgu.o" "/opt/rustwide/target/debug/examples/suave-82eb2c69fed28a9d.suave.5pob2php-cgu.13.rcgu.o" "/opt/rustwide/target/debug/examples/suave-82eb2c69fed28a9d.suave.5pob2php-cgu.14.rcgu.o" "/opt/rustwide/target/debug/examples/suave-82eb2c69fed28a9d.suave.5pob2php-cgu.15.rcgu.o" "/opt/rustwide/target/debug/examples/suave-82eb2c69fed28a9d.suave.5pob2php-cgu.2.rcgu.o" "/opt/rustwide/target/debug/examples/suave-82eb2c69fed28a9d.suave.5pob2php-cgu.3.rcgu.o" "/opt/rustwide/target/debug/examples/suave-82eb2c69fed28a9d.suave.5pob2php-cgu.4.rcgu.o" "/opt/rustwide/target/debug/examples/suave-82eb2c69fed28a9d.suave.5pob2php-cgu.5.rcgu.o" "/opt/rustwide/target/debug/examples/suave-82eb2c69fed28a9d.suave.5pob2php-cgu.6.rcgu.o" "/opt/rustwide/target/debug/examples/suave-82eb2c69fed28a9d.suave.5pob2php-cgu.7.rcgu.o" "/opt/rustwide/target/debug/examples/suave-82eb2c69fed28a9d.suave.5pob2php-cgu.8.rcgu.o" "/opt/rustwide/target/debug/examples/suave-82eb2c69fed28a9d.suave.5pob2php-cgu.9.rcgu.o" "/opt/rustwide/target/debug/examples/suave-82eb2c69fed28a9d.15ugp66azddc5pxd.rcgu.o" "-Wl,--as-needed" "-L" "/opt/rustwide/target/debug/deps" "-L" "/opt/rustwide/rustup-home/toolchains/1.54.0-x86_64-unknown-linux-gnu/lib/rustlib/x86_64-unknown-linux-gnu/lib" "-Wl,-Bstatic" "/opt/rustwide/target/debug/deps/libcuba-b75fb72a1b81ebe3.rlib" "/opt/rustwide/target/debug/deps/liblibc-0ba24d7f507f5772.rlib" "-Wl,--start-group" "/opt/rustwide/rustup-home/toolchains/1.54.0-x86_64-unknown-linux-gnu/lib/rustlib/x86_64-unknown-linux-gnu/lib/libstd-2420485b9e5ef5e1.rlib" "/opt/rustwide/rustup-home/toolchains/1.54.0-x86_64-unknown-linux-gnu/lib/rustlib/x86_64-unknown-linux-gnu/lib/libpanic_unwind-785e3cb61c4b1960.rlib" "/opt/rustwide/rustup-home/toolchains/1.54.0-x86_64-unknown-linux-gnu/lib/rustlib/x86_64-unknown-linux-gnu/lib/libminiz_oxide-087191a88bdaa22d.rlib" "/opt/rustwide/rustup-home/toolchains/1.54.0-x86_64-unknown-linux-gnu/lib/rustlib/x86_64-unknown-linux-gnu/lib/libadler-9981842c02975178.rlib" "/opt/rustwide/rustup-home/toolchains/1.54.0-x86_64-unknown-linux-gnu/lib/rustlib/x86_64-unknown-linux-gnu/lib/libobject-6fb405869b015fde.rlib" "/opt/rustwide/rustup-home/toolchains/1.54.0-x86_64-unknown-linux-gnu/lib/rustlib/x86_64-unknown-linux-gnu/lib/libaddr2line-d05c5c3c56004b7b.rlib" "/opt/rustwide/rustup-home/toolchains/1.54.0-x86_64-unknown-linux-gnu/lib/rustlib/x86_64-unknown-linux-gnu/lib/libgimli-42d74d2097528b38.rlib" "/opt/rustwide/rustup-home/toolchains/1.54.0-x86_64-unknown-linux-gnu/lib/rustlib/x86_64-unknown-linux-gnu/lib/libstd_detect-fb36534c113d2209.rlib" "/opt/rustwide/rustup-home/toolchains/1.54.0-x86_64-unknown-linux-gnu/lib/rustlib/x86_64-unknown-linux-gnu/lib/librustc_demangle-b56b9042c12b6535.rlib" "/opt/rustwide/rustup-home/toolchains/1.54.0-x86_64-unknown-linux-gnu/lib/rustlib/x86_64-unknown-linux-gnu/lib/libhashbrown-491902d6cb3e76df.rlib" "/opt/rustwide/rustup-home/toolchains/1.54.0-x86_64-unknown-linux-gnu/lib/rustlib/x86_64-unknown-linux-gnu/lib/librustc_std_workspace_alloc-61834e0981b8c367.rlib" "/opt/rustwide/rustup-home/toolchains/1.54.0-x86_64-unknown-linux-gnu/lib/rustlib/x86_64-unknown-linux-gnu/lib/libunwind-f78aa99d613a55bc.rlib" "/opt/rustwide/rustup-home/toolchains/1.54.0-x86_64-unknown-linux-gnu/lib/rustlib/x86_64-unknown-linux-gnu/lib/libcfg_if-53ee54cd7fed2c57.rlib" "/opt/rustwide/rustup-home/toolchains/1.54.0-x86_64-unknown-linux-gnu/lib/rustlib/x86_64-unknown-linux-gnu/lib/liblibc-544ecdbd6cda3c58.rlib" "/opt/rustwide/rustup-home/toolchains/1.54.0-x86_64-unknown-linux-gnu/lib/rustlib/x86_64-unknown-linux-gnu/lib/liballoc-379cc252b6943a79.rlib" "/opt/rustwide/rustup-home/toolchains/1.54.0-x86_64-unknown-linux-gnu/lib/rustlib/x86_64-unknown-linux-gnu/lib/librustc_std_workspace_core-8063eea38dcc5e62.rlib" "/opt/rustwide/rustup-home/toolchains/1.54.0-x86_64-unknown-linux-gnu/lib/rustlib/x86_64-unknown-linux-gnu/lib/libcore-5b228734afae15ee.rlib" "-Wl,--end-group" "/opt/rustwide/rustup-home/toolchains/1.54.0-x86_64-unknown-linux-gnu/lib/rustlib/x86_64-unknown-linux-gnu/lib/libcompiler_builtins-d6c7a399d95d173f.rlib" "-Wl,-Bdynamic" "-lcuba" "-lutil" "-lgcc_s" "-lutil" "-lrt" "-lpthread" "-lm" "-ldl" "-lc" "-Wl,--eh-frame-hdr" "-Wl,-znoexecstack" "-L" "/opt/rustwide/rustup-home/toolchains/1.54.0-x86_64-unknown-linux-gnu/lib/rustlib/x86_64-unknown-linux-gnu/lib" "-o" "/opt/rustwide/target/debug/examples/suave-82eb2c69fed28a9d" "-Wl,--gc-sections" "-pie" "-Wl,-zrelro" "-Wl,-znow" "-nodefaultlibs"
[INFO] [stdout]   = note: /usr/bin/ld: cannot find -lcuba
[INFO] [stdout]           collect2: error: ld returned 1 exit status
[INFO] [stdout]           
[INFO] [stdout] 
[INFO] [stdout] 
[INFO] [stdout] error: aborting due to previous error
[INFO] [stdout] 
[INFO] [stdout] 
[INFO] [stdout] error: linking with `cc` failed: exit status: 1
[INFO] [stdout]   |
[INFO] [stdout]   = note: "cc" "-m64" "/opt/rustwide/target/debug/examples/cuhre-c74b5a75751321f2.cuhre.txwaid1d-cgu.0.rcgu.o" "/opt/rustwide/target/debug/examples/cuhre-c74b5a75751321f2.cuhre.txwaid1d-cgu.1.rcgu.o" "/opt/rustwide/target/debug/examples/cuhre-c74b5a75751321f2.cuhre.txwaid1d-cgu.10.rcgu.o" "/opt/rustwide/target/debug/examples/cuhre-c74b5a75751321f2.cuhre.txwaid1d-cgu.11.rcgu.o" "/opt/rustwide/target/debug/examples/cuhre-c74b5a75751321f2.cuhre.txwaid1d-cgu.12.rcgu.o" "/opt/rustwide/target/debug/examples/cuhre-c74b5a75751321f2.cuhre.txwaid1d-cgu.13.rcgu.o" "/opt/rustwide/target/debug/examples/cuhre-c74b5a75751321f2.cuhre.txwaid1d-cgu.14.rcgu.o" "/opt/rustwide/target/debug/examples/cuhre-c74b5a75751321f2.cuhre.txwaid1d-cgu.15.rcgu.o" "/opt/rustwide/target/debug/examples/cuhre-c74b5a75751321f2.cuhre.txwaid1d-cgu.2.rcgu.o" "/opt/rustwide/target/debug/examples/cuhre-c74b5a75751321f2.cuhre.txwaid1d-cgu.3.rcgu.o" "/opt/rustwide/target/debug/examples/cuhre-c74b5a75751321f2.cuhre.txwaid1d-cgu.4.rcgu.o" "/opt/rustwide/target/debug/examples/cuhre-c74b5a75751321f2.cuhre.txwaid1d-cgu.5.rcgu.o" "/opt/rustwide/target/debug/examples/cuhre-c74b5a75751321f2.cuhre.txwaid1d-cgu.6.rcgu.o" "/opt/rustwide/target/debug/examples/cuhre-c74b5a75751321f2.cuhre.txwaid1d-cgu.7.rcgu.o" "/opt/rustwide/target/debug/examples/cuhre-c74b5a75751321f2.cuhre.txwaid1d-cgu.8.rcgu.o" "/opt/rustwide/target/debug/examples/cuhre-c74b5a75751321f2.cuhre.txwaid1d-cgu.9.rcgu.o" "/opt/rustwide/target/debug/examples/cuhre-c74b5a75751321f2.3im6txms4crcwdyn.rcgu.o" "-Wl,--as-needed" "-L" "/opt/rustwide/target/debug/deps" "-L" "/opt/rustwide/rustup-home/toolchains/1.54.0-x86_64-unknown-linux-gnu/lib/rustlib/x86_64-unknown-linux-gnu/lib" "-Wl,-Bstatic" "/opt/rustwide/target/debug/deps/libcuba-b75fb72a1b81ebe3.rlib" "/opt/rustwide/target/debug/deps/liblibc-0ba24d7f507f5772.rlib" "-Wl,--start-group" "/opt/rustwide/rustup-home/toolchains/1.54.0-x86_64-unknown-linux-gnu/lib/rustlib/x86_64-unknown-linux-gnu/lib/libstd-2420485b9e5ef5e1.rlib" "/opt/rustwide/rustup-home/toolchains/1.54.0-x86_64-unknown-linux-gnu/lib/rustlib/x86_64-unknown-linux-gnu/lib/libpanic_unwind-785e3cb61c4b1960.rlib" "/opt/rustwide/rustup-home/toolchains/1.54.0-x86_64-unknown-linux-gnu/lib/rustlib/x86_64-unknown-linux-gnu/lib/libminiz_oxide-087191a88bdaa22d.rlib" "/opt/rustwide/rustup-home/toolchains/1.54.0-x86_64-unknown-linux-gnu/lib/rustlib/x86_64-unknown-linux-gnu/lib/libadler-9981842c02975178.rlib" "/opt/rustwide/rustup-home/toolchains/1.54.0-x86_64-unknown-linux-gnu/lib/rustlib/x86_64-unknown-linux-gnu/lib/libobject-6fb405869b015fde.rlib" "/opt/rustwide/rustup-home/toolchains/1.54.0-x86_64-unknown-linux-gnu/lib/rustlib/x86_64-unknown-linux-gnu/lib/libaddr2line-d05c5c3c56004b7b.rlib" "/opt/rustwide/rustup-home/toolchains/1.54.0-x86_64-unknown-linux-gnu/lib/rustlib/x86_64-unknown-linux-gnu/lib/libgimli-42d74d2097528b38.rlib" "/opt/rustwide/rustup-home/toolchains/1.54.0-x86_64-unknown-linux-gnu/lib/rustlib/x86_64-unknown-linux-gnu/lib/libstd_detect-fb36534c113d2209.rlib" "/opt/rustwide/rustup-home/toolchains/1.54.0-x86_64-unknown-linux-gnu/lib/rustlib/x86_64-unknown-linux-gnu/lib/librustc_demangle-b56b9042c12b6535.rlib" "/opt/rustwide/rustup-home/toolchains/1.54.0-x86_64-unknown-linux-gnu/lib/rustlib/x86_64-unknown-linux-gnu/lib/libhashbrown-491902d6cb3e76df.rlib" "/opt/rustwide/rustup-home/toolchains/1.54.0-x86_64-unknown-linux-gnu/lib/rustlib/x86_64-unknown-linux-gnu/lib/librustc_std_workspace_alloc-61834e0981b8c367.rlib" "/opt/rustwide/rustup-home/toolchains/1.54.0-x86_64-unknown-linux-gnu/lib/rustlib/x86_64-unknown-linux-gnu/lib/libunwind-f78aa99d613a55bc.rlib" "/opt/rustwide/rustup-home/toolchains/1.54.0-x86_64-unknown-linux-gnu/lib/rustlib/x86_64-unknown-linux-gnu/lib/libcfg_if-53ee54cd7fed2c57.rlib" "/opt/rustwide/rustup-home/toolchains/1.54.0-x86_64-unknown-linux-gnu/lib/rustlib/x86_64-unknown-linux-gnu/lib/liblibc-544ecdbd6cda3c58.rlib" "/opt/rustwide/rustup-home/toolchains/1.54.0-x86_64-unknown-linux-gnu/lib/rustlib/x86_64-unknown-linux-gnu/lib/liballoc-379cc252b6943a79.rlib" "/opt/rustwide/rustup-home/toolchains/1.54.0-x86_64-unknown-linux-gnu/lib/rustlib/x86_64-unknown-linux-gnu/lib/librustc_std_workspace_core-8063eea38dcc5e62.rlib" "/opt/rustwide/rustup-home/toolchains/1.54.0-x86_64-unknown-linux-gnu/lib/rustlib/x86_64-unknown-linux-gnu/lib/libcore-5b228734afae15ee.rlib" "-Wl,--end-group" "/opt/rustwide/rustup-home/toolchains/1.54.0-x86_64-unknown-linux-gnu/lib/rustlib/x86_64-unknown-linux-gnu/lib/libcompiler_builtins-d6c7a399d95d173f.rlib" "-Wl,-Bdynamic" "-lcuba" "-lutil" "-lgcc_s" "-lutil" "-lrt" "-lpthread" "-lm" "-ldl" "-lc" "-Wl,--eh-frame-hdr" "-Wl,-znoexecstack" "-L" "/opt/rustwide/rustup-home/toolchains/1.54.0-x86_64-unknown-linux-gnu/lib/rustlib/x86_64-unknown-linux-gnu/lib" "-o" "/opt/rustwide/target/debug/examples/cuhre-c74b5a75751321f2" "-Wl,--gc-sections" "-pie" "-Wl,-zrelro" "-Wl,-znow" "-nodefaultlibs"
[INFO] [stdout]   = note: /usr/bin/ld: cannot find -lcuba
[INFO] [stdout]           collect2: error: ld returned 1 exit status
[INFO] [stdout]           
[INFO] [stdout] 
[INFO] [stdout] 
[INFO] [stdout] error: aborting due to previous error
[INFO] [stdout] 
[INFO] [stdout] 
[INFO] [stdout] error: linking with `cc` failed: exit status: 1
[INFO] [stdout]   |
[INFO] [stdout]   = note: "cc" "-m64" "/opt/rustwide/target/debug/examples/vegas-d094e2945007fc8d.vegas.ci493j86-cgu.0.rcgu.o" "/opt/rustwide/target/debug/examples/vegas-d094e2945007fc8d.vegas.ci493j86-cgu.1.rcgu.o" "/opt/rustwide/target/debug/examples/vegas-d094e2945007fc8d.vegas.ci493j86-cgu.10.rcgu.o" "/opt/rustwide/target/debug/examples/vegas-d094e2945007fc8d.vegas.ci493j86-cgu.11.rcgu.o" "/opt/rustwide/target/debug/examples/vegas-d094e2945007fc8d.vegas.ci493j86-cgu.12.rcgu.o" "/opt/rustwide/target/debug/examples/vegas-d094e2945007fc8d.vegas.ci493j86-cgu.13.rcgu.o" "/opt/rustwide/target/debug/examples/vegas-d094e2945007fc8d.vegas.ci493j86-cgu.14.rcgu.o" "/opt/rustwide/target/debug/examples/vegas-d094e2945007fc8d.vegas.ci493j86-cgu.15.rcgu.o" "/opt/rustwide/target/debug/examples/vegas-d094e2945007fc8d.vegas.ci493j86-cgu.2.rcgu.o" "/opt/rustwide/target/debug/examples/vegas-d094e2945007fc8d.vegas.ci493j86-cgu.3.rcgu.o" "/opt/rustwide/target/debug/examples/vegas-d094e2945007fc8d.vegas.ci493j86-cgu.4.rcgu.o" "/opt/rustwide/target/debug/examples/vegas-d094e2945007fc8d.vegas.ci493j86-cgu.5.rcgu.o" "/opt/rustwide/target/debug/examples/vegas-d094e2945007fc8d.vegas.ci493j86-cgu.6.rcgu.o" "/opt/rustwide/target/debug/examples/vegas-d094e2945007fc8d.vegas.ci493j86-cgu.7.rcgu.o" "/opt/rustwide/target/debug/examples/vegas-d094e2945007fc8d.vegas.ci493j86-cgu.8.rcgu.o" "/opt/rustwide/target/debug/examples/vegas-d094e2945007fc8d.vegas.ci493j86-cgu.9.rcgu.o" "/opt/rustwide/target/debug/examples/vegas-d094e2945007fc8d.zeb2pgdytm7zrib.rcgu.o" "-Wl,--as-needed" "-L" "/opt/rustwide/target/debug/deps" "-L" "/opt/rustwide/rustup-home/toolchains/1.54.0-x86_64-unknown-linux-gnu/lib/rustlib/x86_64-unknown-linux-gnu/lib" "-Wl,-Bstatic" "/opt/rustwide/target/debug/deps/libcuba-b75fb72a1b81ebe3.rlib" "/opt/rustwide/target/debug/deps/liblibc-0ba24d7f507f5772.rlib" "-Wl,--start-group" "/opt/rustwide/rustup-home/toolchains/1.54.0-x86_64-unknown-linux-gnu/lib/rustlib/x86_64-unknown-linux-gnu/lib/libstd-2420485b9e5ef5e1.rlib" "/opt/rustwide/rustup-home/toolchains/1.54.0-x86_64-unknown-linux-gnu/lib/rustlib/x86_64-unknown-linux-gnu/lib/libpanic_unwind-785e3cb61c4b1960.rlib" "/opt/rustwide/rustup-home/toolchains/1.54.0-x86_64-unknown-linux-gnu/lib/rustlib/x86_64-unknown-linux-gnu/lib/libminiz_oxide-087191a88bdaa22d.rlib" "/opt/rustwide/rustup-home/toolchains/1.54.0-x86_64-unknown-linux-gnu/lib/rustlib/x86_64-unknown-linux-gnu/lib/libadler-9981842c02975178.rlib" "/opt/rustwide/rustup-home/toolchains/1.54.0-x86_64-unknown-linux-gnu/lib/rustlib/x86_64-unknown-linux-gnu/lib/libobject-6fb405869b015fde.rlib" "/opt/rustwide/rustup-home/toolchains/1.54.0-x86_64-unknown-linux-gnu/lib/rustlib/x86_64-unknown-linux-gnu/lib/libaddr2line-d05c5c3c56004b7b.rlib" "/opt/rustwide/rustup-home/toolchains/1.54.0-x86_64-unknown-linux-gnu/lib/rustlib/x86_64-unknown-linux-gnu/lib/libgimli-42d74d2097528b38.rlib" "/opt/rustwide/rustup-home/toolchains/1.54.0-x86_64-unknown-linux-gnu/lib/rustlib/x86_64-unknown-linux-gnu/lib/libstd_detect-fb36534c113d2209.rlib" "/opt/rustwide/rustup-home/toolchains/1.54.0-x86_64-unknown-linux-gnu/lib/rustlib/x86_64-unknown-linux-gnu/lib/librustc_demangle-b56b9042c12b6535.rlib" "/opt/rustwide/rustup-home/toolchains/1.54.0-x86_64-unknown-linux-gnu/lib/rustlib/x86_64-unknown-linux-gnu/lib/libhashbrown-491902d6cb3e76df.rlib" "/opt/rustwide/rustup-home/toolchains/1.54.0-x86_64-unknown-linux-gnu/lib/rustlib/x86_64-unknown-linux-gnu/lib/librustc_std_workspace_alloc-61834e0981b8c367.rlib" "/opt/rustwide/rustup-home/toolchains/1.54.0-x86_64-unknown-linux-gnu/lib/rustlib/x86_64-unknown-linux-gnu/lib/libunwind-f78aa99d613a55bc.rlib" "/opt/rustwide/rustup-home/toolchains/1.54.0-x86_64-unknown-linux-gnu/lib/rustlib/x86_64-unknown-linux-gnu/lib/libcfg_if-53ee54cd7fed2c57.rlib" "/opt/rustwide/rustup-home/toolchains/1.54.0-x86_64-unknown-linux-gnu/lib/rustlib/x86_64-unknown-linux-gnu/lib/liblibc-544ecdbd6cda3c58.rlib" "/opt/rustwide/rustup-home/toolchains/1.54.0-x86_64-unknown-linux-gnu/lib/rustlib/x86_64-unknown-linux-gnu/lib/liballoc-379cc252b6943a79.rlib" "/opt/rustwide/rustup-home/toolchains/1.54.0-x86_64-unknown-linux-gnu/lib/rustlib/x86_64-unknown-linux-gnu/lib/librustc_std_workspace_core-8063eea38dcc5e62.rlib" "/opt/rustwide/rustup-home/toolchains/1.54.0-x86_64-unknown-linux-gnu/lib/rustlib/x86_64-unknown-linux-gnu/lib/libcore-5b228734afae15ee.rlib" "-Wl,--end-group" "/opt/rustwide/rustup-home/toolchains/1.54.0-x86_64-unknown-linux-gnu/lib/rustlib/x86_64-unknown-linux-gnu/lib/libcompiler_builtins-d6c7a399d95d173f.rlib" "-Wl,-Bdynamic" "-lcuba" "-lutil" "-lgcc_s" "-lutil" "-lrt" "-lpthread" "-lm" "-ldl" "-lc" "-Wl,--eh-frame-hdr" "-Wl,-znoexecstack" "-L" "/opt/rustwide/rustup-home/toolchains/1.54.0-x86_64-unknown-linux-gnu/lib/rustlib/x86_64-unknown-linux-gnu/lib" "-o" "/opt/rustwide/target/debug/examples/vegas-d094e2945007fc8d" "-Wl,--gc-sections" "-pie" "-Wl,-zrelro" "-Wl,-znow" "-nodefaultlibs"
[INFO] [stdout]   = note: /usr/bin/ld: cannot find -lcuba
[INFO] [stdout]           collect2: error: ld returned 1 exit status
[INFO] [stdout]           
[INFO] [stdout] 
[INFO] [stdout] 
[INFO] [stdout] error: aborting due to previous error
[INFO] [stdout] 
[INFO] [stdout] 
[INFO] [stdout] error: linking with `cc` failed: exit status: 1
[INFO] [stdout]   |
[INFO] [stdout]   = note: "cc" "-m64" "/opt/rustwide/target/debug/examples/divonne-ef1ecbe569366b47.divonne.eixp36lp-cgu.0.rcgu.o" "/opt/rustwide/target/debug/examples/divonne-ef1ecbe569366b47.divonne.eixp36lp-cgu.1.rcgu.o" "/opt/rustwide/target/debug/examples/divonne-ef1ecbe569366b47.divonne.eixp36lp-cgu.10.rcgu.o" "/opt/rustwide/target/debug/examples/divonne-ef1ecbe569366b47.divonne.eixp36lp-cgu.11.rcgu.o" "/opt/rustwide/target/debug/examples/divonne-ef1ecbe569366b47.divonne.eixp36lp-cgu.12.rcgu.o" "/opt/rustwide/target/debug/examples/divonne-ef1ecbe569366b47.divonne.eixp36lp-cgu.13.rcgu.o" "/opt/rustwide/target/debug/examples/divonne-ef1ecbe569366b47.divonne.eixp36lp-cgu.14.rcgu.o" "/opt/rustwide/target/debug/examples/divonne-ef1ecbe569366b47.divonne.eixp36lp-cgu.15.rcgu.o" "/opt/rustwide/target/debug/examples/divonne-ef1ecbe569366b47.divonne.eixp36lp-cgu.2.rcgu.o" "/opt/rustwide/target/debug/examples/divonne-ef1ecbe569366b47.divonne.eixp36lp-cgu.3.rcgu.o" "/opt/rustwide/target/debug/examples/divonne-ef1ecbe569366b47.divonne.eixp36lp-cgu.4.rcgu.o" "/opt/rustwide/target/debug/examples/divonne-ef1ecbe569366b47.divonne.eixp36lp-cgu.5.rcgu.o" "/opt/rustwide/target/debug/examples/divonne-ef1ecbe569366b47.divonne.eixp36lp-cgu.6.rcgu.o" "/opt/rustwide/target/debug/examples/divonne-ef1ecbe569366b47.divonne.eixp36lp-cgu.7.rcgu.o" "/opt/rustwide/target/debug/examples/divonne-ef1ecbe569366b47.divonne.eixp36lp-cgu.8.rcgu.o" "/opt/rustwide/target/debug/examples/divonne-ef1ecbe569366b47.divonne.eixp36lp-cgu.9.rcgu.o" "/opt/rustwide/target/debug/examples/divonne-ef1ecbe569366b47.4919ydu0lpzd27mi.rcgu.o" "-Wl,--as-needed" "-L" "/opt/rustwide/target/debug/deps" "-L" "/opt/rustwide/rustup-home/toolchains/1.54.0-x86_64-unknown-linux-gnu/lib/rustlib/x86_64-unknown-linux-gnu/lib" "-Wl,-Bstatic" "/opt/rustwide/target/debug/deps/libcuba-b75fb72a1b81ebe3.rlib" "/opt/rustwide/target/debug/deps/liblibc-0ba24d7f507f5772.rlib" "-Wl,--start-group" "/opt/rustwide/rustup-home/toolchains/1.54.0-x86_64-unknown-linux-gnu/lib/rustlib/x86_64-unknown-linux-gnu/lib/libstd-2420485b9e5ef5e1.rlib" "/opt/rustwide/rustup-home/toolchains/1.54.0-x86_64-unknown-linux-gnu/lib/rustlib/x86_64-unknown-linux-gnu/lib/libpanic_unwind-785e3cb61c4b1960.rlib" "/opt/rustwide/rustup-home/toolchains/1.54.0-x86_64-unknown-linux-gnu/lib/rustlib/x86_64-unknown-linux-gnu/lib/libminiz_oxide-087191a88bdaa22d.rlib" "/opt/rustwide/rustup-home/toolchains/1.54.0-x86_64-unknown-linux-gnu/lib/rustlib/x86_64-unknown-linux-gnu/lib/libadler-9981842c02975178.rlib" "/opt/rustwide/rustup-home/toolchains/1.54.0-x86_64-unknown-linux-gnu/lib/rustlib/x86_64-unknown-linux-gnu/lib/libobject-6fb405869b015fde.rlib" "/opt/rustwide/rustup-home/toolchains/1.54.0-x86_64-unknown-linux-gnu/lib/rustlib/x86_64-unknown-linux-gnu/lib/libaddr2line-d05c5c3c56004b7b.rlib" "/opt/rustwide/rustup-home/toolchains/1.54.0-x86_64-unknown-linux-gnu/lib/rustlib/x86_64-unknown-linux-gnu/lib/libgimli-42d74d2097528b38.rlib" "/opt/rustwide/rustup-home/toolchains/1.54.0-x86_64-unknown-linux-gnu/lib/rustlib/x86_64-unknown-linux-gnu/lib/libstd_detect-fb36534c113d2209.rlib" "/opt/rustwide/rustup-home/toolchains/1.54.0-x86_64-unknown-linux-gnu/lib/rustlib/x86_64-unknown-linux-gnu/lib/librustc_demangle-b56b9042c12b6535.rlib" "/opt/rustwide/rustup-home/toolchains/1.54.0-x86_64-unknown-linux-gnu/lib/rustlib/x86_64-unknown-linux-gnu/lib/libhashbrown-491902d6cb3e76df.rlib" "/opt/rustwide/rustup-home/toolchains/1.54.0-x86_64-unknown-linux-gnu/lib/rustlib/x86_64-unknown-linux-gnu/lib/librustc_std_workspace_alloc-61834e0981b8c367.rlib" "/opt/rustwide/rustup-home/toolchains/1.54.0-x86_64-unknown-linux-gnu/lib/rustlib/x86_64-unknown-linux-gnu/lib/libunwind-f78aa99d613a55bc.rlib" "/opt/rustwide/rustup-home/toolchains/1.54.0-x86_64-unknown-linux-gnu/lib/rustlib/x86_64-unknown-linux-gnu/lib/libcfg_if-53ee54cd7fed2c57.rlib" "/opt/rustwide/rustup-home/toolchains/1.54.0-x86_64-unknown-linux-gnu/lib/rustlib/x86_64-unknown-linux-gnu/lib/liblibc-544ecdbd6cda3c58.rlib" "/opt/rustwide/rustup-home/toolchains/1.54.0-x86_64-unknown-linux-gnu/lib/rustlib/x86_64-unknown-linux-gnu/lib/liballoc-379cc252b6943a79.rlib" "/opt/rustwide/rustup-home/toolchains/1.54.0-x86_64-unknown-linux-gnu/lib/rustlib/x86_64-unknown-linux-gnu/lib/librustc_std_workspace_core-8063eea38dcc5e62.rlib" "/opt/rustwide/rustup-home/toolchains/1.54.0-x86_64-unknown-linux-gnu/lib/rustlib/x86_64-unknown-linux-gnu/lib/libcore-5b228734afae15ee.rlib" "-Wl,--end-group" "/opt/rustwide/rustup-home/toolchains/1.54.0-x86_64-unknown-linux-gnu/lib/rustlib/x86_64-unknown-linux-gnu/lib/libcompiler_builtins-d6c7a399d95d173f.rlib" "-Wl,-Bdynamic" "-lcuba" "-lutil" "-lgcc_s" "-lutil" "-lrt" "-lpthread" "-lm" "-ldl" "-lc" "-Wl,--eh-frame-hdr" "-Wl,-znoexecstack" "-L" "/opt/rustwide/rustup-home/toolchains/1.54.0-x86_64-unknown-linux-gnu/lib/rustlib/x86_64-unknown-linux-gnu/lib" "-o" "/opt/rustwide/target/debug/examples/divonne-ef1ecbe569366b47" "-Wl,--gc-sections" "-pie" "-Wl,-zrelro" "-Wl,-znow" "-nodefaultlibs"
[INFO] [stdout]   = note: /usr/bin/ld: cannot find -lcuba
[INFO] [stdout]           collect2: error: ld returned 1 exit status
[INFO] [stdout]           
[INFO] [stdout] 
[INFO] [stdout] 
[INFO] [stdout] error: aborting due to previous error
[INFO] [stdout] 
[INFO] [stdout] 
[INFO] [stderr] error: build failed
[INFO] running `Command { std: "docker" "inspect" "8ea6b1937086e663b56c0be61c00457824a4ce76cf38f5b3e3fb056c8e59cb87", kill_on_drop: false }`
[INFO] running `Command { std: "docker" "rm" "-f" "8ea6b1937086e663b56c0be61c00457824a4ce76cf38f5b3e3fb056c8e59cb87", kill_on_drop: false }`
[INFO] [stdout] 8ea6b1937086e663b56c0be61c00457824a4ce76cf38f5b3e3fb056c8e59cb87
