[INFO] fetching crate cu-sys 0.1.0...
[INFO] testing cu-sys-0.1.0 against 1.54.0 for beta-1.55-1
[INFO] extracting crate cu-sys 0.1.0 into /workspace/builds/worker-59/source
[INFO] validating manifest of crates.io crate cu-sys 0.1.0 on toolchain 1.54.0
[INFO] running `Command { std: "/workspace/cargo-home/bin/cargo" "+1.54.0" "metadata" "--manifest-path" "Cargo.toml" "--no-deps", kill_on_drop: false }`
[INFO] started tweaking crates.io crate cu-sys 0.1.0
[INFO] finished tweaking crates.io crate cu-sys 0.1.0
[INFO] tweaked toml for crates.io crate cu-sys 0.1.0 written to /workspace/builds/worker-59/source/Cargo.toml
[INFO] running `Command { std: "/workspace/cargo-home/bin/cargo" "+1.54.0" "generate-lockfile" "--manifest-path" "Cargo.toml" "-Zno-index-update", kill_on_drop: false }`
[INFO] [stderr]     Blocking waiting for file lock on package cache
[INFO] running `Command { std: "/workspace/cargo-home/bin/cargo" "+1.54.0" "fetch" "--manifest-path" "Cargo.toml", kill_on_drop: false }`
[INFO] [stderr]     Blocking waiting for file lock on package cache
[INFO] running `Command { std: "docker" "create" "-v" "/var/lib/crater-agent-workspace/builds/worker-59/target:/opt/rustwide/target:rw,Z" "-v" "/var/lib/crater-agent-workspace/builds/worker-59/source:/opt/rustwide/workdir:ro,Z" "-v" "/var/lib/crater-agent-workspace/cargo-home:/opt/rustwide/cargo-home:ro,Z" "-v" "/var/lib/crater-agent-workspace/rustup-home:/opt/rustwide/rustup-home:ro,Z" "-e" "SOURCE_DIR=/opt/rustwide/workdir" "-e" "CARGO_TARGET_DIR=/opt/rustwide/target" "-e" "CARGO_HOME=/opt/rustwide/cargo-home" "-e" "RUSTUP_HOME=/opt/rustwide/rustup-home" "-w" "/opt/rustwide/workdir" "-m" "1610612736" "--user" "0:0" "--network" "none" "ghcr.io/rust-lang/crates-build-env/linux@sha256:34b6a614d2c27851fe6cbf88fbd1137609cefab8b10d0615aaeb6fd47975d74e" "/opt/rustwide/cargo-home/bin/cargo" "+1.54.0" "metadata" "--no-deps" "--format-version=1", kill_on_drop: false }`
[INFO] [stdout] 0279a74f6234b475be9415a13dae86e5da8b9485970c82271030498d3d3751ec
[INFO] running `Command { std: "docker" "start" "-a" "0279a74f6234b475be9415a13dae86e5da8b9485970c82271030498d3d3751ec", kill_on_drop: false }`
[INFO] running `Command { std: "docker" "inspect" "0279a74f6234b475be9415a13dae86e5da8b9485970c82271030498d3d3751ec", kill_on_drop: false }`
[INFO] running `Command { std: "docker" "rm" "-f" "0279a74f6234b475be9415a13dae86e5da8b9485970c82271030498d3d3751ec", kill_on_drop: false }`
[INFO] [stdout] 0279a74f6234b475be9415a13dae86e5da8b9485970c82271030498d3d3751ec
[INFO] running `Command { std: "docker" "create" "-v" "/var/lib/crater-agent-workspace/builds/worker-59/target:/opt/rustwide/target:rw,Z" "-v" "/var/lib/crater-agent-workspace/builds/worker-59/source:/opt/rustwide/workdir:ro,Z" "-v" "/var/lib/crater-agent-workspace/cargo-home:/opt/rustwide/cargo-home:ro,Z" "-v" "/var/lib/crater-agent-workspace/rustup-home:/opt/rustwide/rustup-home:ro,Z" "-e" "SOURCE_DIR=/opt/rustwide/workdir" "-e" "CARGO_TARGET_DIR=/opt/rustwide/target" "-e" "CARGO_INCREMENTAL=0" "-e" "RUST_BACKTRACE=full" "-e" "RUSTFLAGS=--cap-lints=warn" "-e" "CARGO_HOME=/opt/rustwide/cargo-home" "-e" "RUSTUP_HOME=/opt/rustwide/rustup-home" "-w" "/opt/rustwide/workdir" "-m" "1610612736" "--user" "0:0" "--network" "none" "ghcr.io/rust-lang/crates-build-env/linux@sha256:34b6a614d2c27851fe6cbf88fbd1137609cefab8b10d0615aaeb6fd47975d74e" "/opt/rustwide/cargo-home/bin/cargo" "+1.54.0" "build" "--frozen" "--message-format=json", kill_on_drop: false }`
[INFO] [stdout] b6d3e6eab4708e879b82353dd2cc0cc32dbc4500be024dc788cf382caf925751
[INFO] running `Command { std: "docker" "start" "-a" "b6d3e6eab4708e879b82353dd2cc0cc32dbc4500be024dc788cf382caf925751", kill_on_drop: false }`
[INFO] [stderr]     Blocking waiting for file lock on package cache
[INFO] [stderr]    Compiling cu-sys v0.1.0 (/opt/rustwide/workdir)
[INFO] [stdout] warning: use of deprecated struct `gcc::Build`: crate has been renamed to `cc`, the `gcc` name is not maintained
[INFO] [stdout]   --> build.rs:12:22
[INFO] [stdout]    |
[INFO] [stdout] 12 |     let mut config = gcc::Build::new();
[INFO] [stdout]    |                      ^^^^^^^^^^
[INFO] [stdout]    |
[INFO] [stdout]    = note: `#[warn(deprecated)]` on by default
[INFO] [stdout] 
[INFO] [stdout] 
[INFO] [stdout] warning: use of deprecated associated function `gcc::Build::new`: crate has been renamed to `cc`, the `gcc` name is not maintained
[INFO] [stdout]   --> build.rs:12:34
[INFO] [stdout]    |
[INFO] [stdout] 12 |     let mut config = gcc::Build::new();
[INFO] [stdout]    |                                  ^^^
[INFO] [stdout] 
[INFO] [stdout] 
[INFO] [stdout] warning: 2 warnings emitted
[INFO] [stdout] 
[INFO] [stdout] 
[INFO] [stderr] The following warnings were emitted during compilation:
[INFO] [stderr] 
[INFO] [stderr] warning: In file included from native/wrap.cpp:1:
[INFO] [stderr] warning: native/wrap.hpp:6:10: fatal error: cuda.h: No such file or directory
[INFO] [stderr] warning:     6 | #include <cuda.h>
[INFO] [stderr] warning:       |          ^~~~~~~~
[INFO] [stderr] warning: compilation terminated.
[INFO] [stderr] 
[INFO] [stderr] error: failed to run custom build command for `cu-sys v0.1.0 (/opt/rustwide/workdir)`
[INFO] [stderr] 
[INFO] [stderr] Caused by:
[INFO] [stderr]   process didn't exit successfully: `/opt/rustwide/target/debug/build/cu-sys-7671f1bf9b37ba2a/build-script-build` (exit status: 101)
[INFO] [stderr]   --- stdout
[INFO] [stderr]   cargo:rerun-if-changed=build.rs
[INFO] [stderr]   cargo:rerun-if-changed=native/wrap.cpp
[INFO] [stderr]   cargo:rerun-if-changed=native/wrap.hpp
[INFO] [stderr]   cargo:rustc-link-search=/opt/cuda/lib64/
[INFO] [stderr]   cargo:rustc-link-search=/usr/local/cuda/lib64
[INFO] [stderr]   TARGET = Some("x86_64-unknown-linux-gnu")
[INFO] [stderr]   OPT_LEVEL = Some("0")
[INFO] [stderr]   TARGET = Some("x86_64-unknown-linux-gnu")
[INFO] [stderr]   HOST = Some("x86_64-unknown-linux-gnu")
[INFO] [stderr]   TARGET = Some("x86_64-unknown-linux-gnu")
[INFO] [stderr]   TARGET = Some("x86_64-unknown-linux-gnu")
[INFO] [stderr]   HOST = Some("x86_64-unknown-linux-gnu")
[INFO] [stderr]   CXX_x86_64-unknown-linux-gnu = None
[INFO] [stderr]   CXX_x86_64_unknown_linux_gnu = None
[INFO] [stderr]   HOST_CXX = None
[INFO] [stderr]   CXX = None
[INFO] [stderr]   HOST = Some("x86_64-unknown-linux-gnu")
[INFO] [stderr]   TARGET = Some("x86_64-unknown-linux-gnu")
[INFO] [stderr]   HOST = Some("x86_64-unknown-linux-gnu")
[INFO] [stderr]   CXXFLAGS_x86_64-unknown-linux-gnu = None
[INFO] [stderr]   CXXFLAGS_x86_64_unknown_linux_gnu = None
[INFO] [stderr]   HOST_CXXFLAGS = None
[INFO] [stderr]   CXXFLAGS = None
[INFO] [stderr]   DEBUG = Some("true")
[INFO] [stderr]   running: "c++" "-O0" "-ffunction-sections" "-fdata-sections" "-fPIC" "-g" "-m64" "-static" "-I" "native/" "-I" "C:\\Program Files\\NVIDIA GPU Computing Toolkit\\CUDA\\v8.0\\include" "-I" "C:\\Program Files\\NVIDIA GPU Computing Toolkit\\CUDA\\v9.0\\include" "-I" "C:\\Program Files\\NVIDIA GPU Computing Toolkit\\CUDA\\v9.1\\include" "-I" "/opt/cuda/include/" "-fpermissive" "-Wall" "-Wextra" "-o" "/opt/rustwide/target/debug/build/cu-sys-026fc0b4dad7c34c/out/native/wrap.o" "-c" "native/wrap.cpp"
[INFO] [stderr]   cargo:warning=In file included from native/wrap.cpp:1:
[INFO] [stderr]   cargo:warning=native/wrap.hpp:6:10: fatal error: cuda.h: No such file or directory
[INFO] [stderr]   cargo:warning=    6 | #include <cuda.h>
[INFO] [stderr]   cargo:warning=      |          ^~~~~~~~
[INFO] [stderr]   cargo:warning=compilation terminated.
[INFO] [stderr]   exit status: 1
[INFO] [stderr] 
[INFO] [stderr]   --- stderr
[INFO] [stderr]   thread 'main' panicked at '
[INFO] [stderr] 
[INFO] [stderr]   Internal error occurred: Command "c++" "-O0" "-ffunction-sections" "-fdata-sections" "-fPIC" "-g" "-m64" "-static" "-I" "native/" "-I" "C:\\Program Files\\NVIDIA GPU Computing Toolkit\\CUDA\\v8.0\\include" "-I" "C:\\Program Files\\NVIDIA GPU Computing Toolkit\\CUDA\\v9.0\\include" "-I" "C:\\Program Files\\NVIDIA GPU Computing Toolkit\\CUDA\\v9.1\\include" "-I" "/opt/cuda/include/" "-fpermissive" "-Wall" "-Wextra" "-o" "/opt/rustwide/target/debug/build/cu-sys-026fc0b4dad7c34c/out/native/wrap.o" "-c" "native/wrap.cpp" with args "c++" did not execute successfully (status code exit status: 1).
[INFO] [stderr] 
[INFO] [stderr]   ', /opt/rustwide/cargo-home/registry/src/github.com-1ecc6299db9ec823/gcc-0.3.55/src/lib.rs:1672:5
[INFO] [stderr]   stack backtrace:
[INFO] [stderr]      0:     0x563f8c71df50 - std::backtrace_rs::backtrace::libunwind::trace::h34055254b57d8e79
[INFO] [stderr]                                  at /rustc/a178d0322ce20e33eac124758e837cbd80a6f633/library/std/src/../../backtrace/src/backtrace/libunwind.rs:90:5
[INFO] [stderr]      1:     0x563f8c71df50 - std::backtrace_rs::backtrace::trace_unsynchronized::h8f1e3fbd9afff6ec
[INFO] [stderr]                                  at /rustc/a178d0322ce20e33eac124758e837cbd80a6f633/library/std/src/../../backtrace/src/backtrace/mod.rs:66:5
[INFO] [stderr]      2:     0x563f8c71df50 - std::sys_common::backtrace::_print_fmt::h3a99a796b770c360
[INFO] [stderr]                                  at /rustc/a178d0322ce20e33eac124758e837cbd80a6f633/library/std/src/sys_common/backtrace.rs:67:5
[INFO] [stderr]      3:     0x563f8c71df50 - <std::sys_common::backtrace::_print::DisplayBacktrace as core::fmt::Display>::fmt::h32d1f94a80615d18
[INFO] [stderr]                                  at /rustc/a178d0322ce20e33eac124758e837cbd80a6f633/library/std/src/sys_common/backtrace.rs:46:22
[INFO] [stderr]      4:     0x563f8c73cffc - core::fmt::write::h306731c068f7162c
[INFO] [stderr]                                  at /rustc/a178d0322ce20e33eac124758e837cbd80a6f633/library/core/src/fmt/mod.rs:1110:17
[INFO] [stderr]      5:     0x563f8c71ab75 - std::io::Write::write_fmt::hd2fa90334eee2a21
[INFO] [stderr]                                  at /rustc/a178d0322ce20e33eac124758e837cbd80a6f633/library/std/src/io/mod.rs:1588:15
[INFO] [stderr]      6:     0x563f8c71fedb - std::sys_common::backtrace::_print::h5abaa2601a852287
[INFO] [stderr]                                  at /rustc/a178d0322ce20e33eac124758e837cbd80a6f633/library/std/src/sys_common/backtrace.rs:49:5
[INFO] [stderr]      7:     0x563f8c71fedb - std::sys_common::backtrace::print::h8d81445442bb638f
[INFO] [stderr]                                  at /rustc/a178d0322ce20e33eac124758e837cbd80a6f633/library/std/src/sys_common/backtrace.rs:36:9
[INFO] [stderr]      8:     0x563f8c71fedb - std::panicking::default_hook::{{closure}}::hcfe804496a9fa747
[INFO] [stderr]                                  at /rustc/a178d0322ce20e33eac124758e837cbd80a6f633/library/std/src/panicking.rs:208:50
[INFO] [stderr]      9:     0x563f8c71f9b1 - std::panicking::default_hook::hbea8e3ccf2ba8901
[INFO] [stderr]                                  at /rustc/a178d0322ce20e33eac124758e837cbd80a6f633/library/std/src/panicking.rs:225:9
[INFO] [stderr]     10:     0x563f8c7205a4 - std::panicking::rust_panic_with_hook::h7ee9e1a2d0f8975a
[INFO] [stderr]                                  at /rustc/a178d0322ce20e33eac124758e837cbd80a6f633/library/std/src/panicking.rs:622:17
[INFO] [stderr]     11:     0x563f8c720087 - std::panicking::begin_panic_handler::{{closure}}::h8ab3b4491718b2c7
[INFO] [stderr]                                  at /rustc/a178d0322ce20e33eac124758e837cbd80a6f633/library/std/src/panicking.rs:519:13
[INFO] [stderr]     12:     0x563f8c71e44c - std::sys_common::backtrace::__rust_end_short_backtrace::hd489062ffa586a9f
[INFO] [stderr]                                  at /rustc/a178d0322ce20e33eac124758e837cbd80a6f633/library/std/src/sys_common/backtrace.rs:141:18
[INFO] [stderr]     13:     0x563f8c71ffe9 - rust_begin_unwind
[INFO] [stderr]                                  at /rustc/a178d0322ce20e33eac124758e837cbd80a6f633/library/std/src/panicking.rs:515:5
[INFO] [stderr]     14:     0x563f8c6cdc3b - std::panicking::begin_panic_fmt::h5479575e112541f8
[INFO] [stderr]                                  at /rustc/a178d0322ce20e33eac124758e837cbd80a6f633/library/std/src/panicking.rs:457:5
[INFO] [stderr]     15:     0x563f8c6e1063 - gcc::fail::h62b4017743233def
[INFO] [stderr]                                  at /opt/rustwide/cargo-home/registry/src/github.com-1ecc6299db9ec823/gcc-0.3.55/src/lib.rs:1672:5
[INFO] [stderr]     16:     0x563f8c6d319f - gcc::Build::compile::h2c66dbb9954ed842
[INFO] [stderr]                                  at /opt/rustwide/cargo-home/registry/src/github.com-1ecc6299db9ec823/gcc-0.3.55/src/lib.rs:785:13
[INFO] [stderr]     17:     0x563f8c6cee0e - build_script_build::main::h2346249c557b6cfd
[INFO] [stderr]                                  at /opt/rustwide/workdir/build.rs:14:5
[INFO] [stderr]     18:     0x563f8c6cf02b - core::ops::function::FnOnce::call_once::h9e4f233cfaa0a9e9
[INFO] [stderr]                                  at /rustc/a178d0322ce20e33eac124758e837cbd80a6f633/library/core/src/ops/function.rs:227:5
[INFO] [stderr]     19:     0x563f8c6ceeae - std::sys_common::backtrace::__rust_begin_short_backtrace::h53597a3deee0897b
[INFO] [stderr]                                  at /rustc/a178d0322ce20e33eac124758e837cbd80a6f633/library/std/src/sys_common/backtrace.rs:125:18
[INFO] [stderr]     20:     0x563f8c6cefe1 - std::rt::lang_start::{{closure}}::h17557f67343bb95e
[INFO] [stderr]                                  at /rustc/a178d0322ce20e33eac124758e837cbd80a6f633/library/std/src/rt.rs:49:18
[INFO] [stderr]     21:     0x563f8c720aa9 - core::ops::function::impls::<impl core::ops::function::FnOnce<A> for &F>::call_once::h2aabc384aab89b7b
[INFO] [stderr]                                  at /rustc/a178d0322ce20e33eac124758e837cbd80a6f633/library/core/src/ops/function.rs:259:13
[INFO] [stderr]     22:     0x563f8c720aa9 - std::panicking::try::do_call::hc5fcacb7a85fc7b1
[INFO] [stderr]                                  at /rustc/a178d0322ce20e33eac124758e837cbd80a6f633/library/std/src/panicking.rs:401:40
[INFO] [stderr]     23:     0x563f8c720aa9 - std::panicking::try::hb5d9603af3abbe3a
[INFO] [stderr]                                  at /rustc/a178d0322ce20e33eac124758e837cbd80a6f633/library/std/src/panicking.rs:365:19
[INFO] [stderr]     24:     0x563f8c720aa9 - std::panic::catch_unwind::h98fe6ac3925e64b4
[INFO] [stderr]                                  at /rustc/a178d0322ce20e33eac124758e837cbd80a6f633/library/std/src/panic.rs:434:14
[INFO] [stderr]     25:     0x563f8c720aa9 - std::rt::lang_start_internal::h22ac7383c516f93e
[INFO] [stderr]                                  at /rustc/a178d0322ce20e33eac124758e837cbd80a6f633/library/std/src/rt.rs:34:21
[INFO] [stderr]     26:     0x563f8c6cefc0 - std::rt::lang_start::h0ad9e4b7200bf083
[INFO] [stderr]                                  at /rustc/a178d0322ce20e33eac124758e837cbd80a6f633/library/std/src/rt.rs:48:5
[INFO] [stderr]     27:     0x563f8c6cee5c - main
[INFO] [stderr]     28:     0x7f01bed370b3 - __libc_start_main
[INFO] [stderr]     29:     0x563f8c6ceade - _start
[INFO] [stderr]     30:                0x0 - <unknown>
[INFO] running `Command { std: "docker" "inspect" "b6d3e6eab4708e879b82353dd2cc0cc32dbc4500be024dc788cf382caf925751", kill_on_drop: false }`
[INFO] running `Command { std: "docker" "rm" "-f" "b6d3e6eab4708e879b82353dd2cc0cc32dbc4500be024dc788cf382caf925751", kill_on_drop: false }`
[INFO] [stdout] b6d3e6eab4708e879b82353dd2cc0cc32dbc4500be024dc788cf382caf925751
