[INFO] fetching crate ctr_etc1 0.1.0...
[INFO] testing ctr_etc1-0.1.0 against beta-2021-08-01 for beta-1.55-1
[INFO] extracting crate ctr_etc1 0.1.0 into /workspace/builds/worker-20/source
[INFO] validating manifest of crates.io crate ctr_etc1 0.1.0 on toolchain beta-2021-08-01
[INFO] running `Command { std: "/workspace/cargo-home/bin/cargo" "+beta-2021-08-01" "metadata" "--manifest-path" "Cargo.toml" "--no-deps", kill_on_drop: false }`
[INFO] started tweaking crates.io crate ctr_etc1 0.1.0
[INFO] finished tweaking crates.io crate ctr_etc1 0.1.0
[INFO] tweaked toml for crates.io crate ctr_etc1 0.1.0 written to /workspace/builds/worker-20/source/Cargo.toml
[INFO] running `Command { std: "/workspace/cargo-home/bin/cargo" "+beta-2021-08-01" "generate-lockfile" "--manifest-path" "Cargo.toml" "-Zno-index-update", kill_on_drop: false }`
[INFO] running `Command { std: "/workspace/cargo-home/bin/cargo" "+beta-2021-08-01" "fetch" "--manifest-path" "Cargo.toml", kill_on_drop: false }`
[INFO] [stderr]     Blocking waiting for file lock on package cache
[INFO] running `Command { std: "docker" "create" "-v" "/var/lib/crater-agent-workspace/builds/worker-20/target:/opt/rustwide/target:rw,Z" "-v" "/var/lib/crater-agent-workspace/builds/worker-20/source:/opt/rustwide/workdir:ro,Z" "-v" "/var/lib/crater-agent-workspace/cargo-home:/opt/rustwide/cargo-home:ro,Z" "-v" "/var/lib/crater-agent-workspace/rustup-home:/opt/rustwide/rustup-home:ro,Z" "-e" "SOURCE_DIR=/opt/rustwide/workdir" "-e" "CARGO_TARGET_DIR=/opt/rustwide/target" "-e" "CARGO_HOME=/opt/rustwide/cargo-home" "-e" "RUSTUP_HOME=/opt/rustwide/rustup-home" "-w" "/opt/rustwide/workdir" "-m" "1610612736" "--user" "0:0" "--network" "none" "ghcr.io/rust-lang/crates-build-env/linux@sha256:34b6a614d2c27851fe6cbf88fbd1137609cefab8b10d0615aaeb6fd47975d74e" "/opt/rustwide/cargo-home/bin/cargo" "+beta-2021-08-01" "metadata" "--no-deps" "--format-version=1", kill_on_drop: false }`
[INFO] [stdout] 867640422cd67a51d69d71138e49e89402afdb2b620aa374cb340c00bc0b1ee3
[INFO] running `Command { std: "docker" "start" "-a" "867640422cd67a51d69d71138e49e89402afdb2b620aa374cb340c00bc0b1ee3", kill_on_drop: false }`
[INFO] running `Command { std: "docker" "inspect" "867640422cd67a51d69d71138e49e89402afdb2b620aa374cb340c00bc0b1ee3", kill_on_drop: false }`
[INFO] running `Command { std: "docker" "rm" "-f" "867640422cd67a51d69d71138e49e89402afdb2b620aa374cb340c00bc0b1ee3", kill_on_drop: false }`
[INFO] [stdout] 867640422cd67a51d69d71138e49e89402afdb2b620aa374cb340c00bc0b1ee3
[INFO] running `Command { std: "docker" "create" "-v" "/var/lib/crater-agent-workspace/builds/worker-20/target:/opt/rustwide/target:rw,Z" "-v" "/var/lib/crater-agent-workspace/builds/worker-20/source:/opt/rustwide/workdir:ro,Z" "-v" "/var/lib/crater-agent-workspace/cargo-home:/opt/rustwide/cargo-home:ro,Z" "-v" "/var/lib/crater-agent-workspace/rustup-home:/opt/rustwide/rustup-home:ro,Z" "-e" "SOURCE_DIR=/opt/rustwide/workdir" "-e" "CARGO_TARGET_DIR=/opt/rustwide/target" "-e" "CARGO_INCREMENTAL=0" "-e" "RUST_BACKTRACE=full" "-e" "RUSTFLAGS=--cap-lints=warn" "-e" "CARGO_HOME=/opt/rustwide/cargo-home" "-e" "RUSTUP_HOME=/opt/rustwide/rustup-home" "-w" "/opt/rustwide/workdir" "-m" "1610612736" "--user" "0:0" "--network" "none" "ghcr.io/rust-lang/crates-build-env/linux@sha256:34b6a614d2c27851fe6cbf88fbd1137609cefab8b10d0615aaeb6fd47975d74e" "/opt/rustwide/cargo-home/bin/cargo" "+beta-2021-08-01" "build" "--frozen" "--message-format=json", kill_on_drop: false }`
[INFO] [stdout] 4fa83cfa25d17cef229f91146beeea935ff88614639f683740cc4b6031164d26
[INFO] running `Command { std: "docker" "start" "-a" "4fa83cfa25d17cef229f91146beeea935ff88614639f683740cc4b6031164d26", kill_on_drop: false }`
[INFO] [stderr]    Compiling cc v1.0.69
[INFO] [stderr]    Compiling ctr_etc1 v0.1.0 (/opt/rustwide/workdir)
[INFO] [stderr] warning: etc1_encoder/src/rg_etc1.cpp:22: warning: ignoring #pragma warning  [-Wunknown-pragmas]
[INFO] [stderr] warning:    22 | #pragma warning (disable: 4201) //  nonstandard extension used : nameless struct/union
[INFO] [stderr] warning:       |
[INFO] [stderr] warning: etc1_encoder/src/rg_etc1.cpp: In function 'rg_etc1::uint rg_etc1::etc1_decode_value(rg_etc1::uint, rg_etc1::uint, rg_etc1::uint, rg_etc1::uint)':
[INFO] [stderr] warning: etc1_encoder/src/rg_etc1.cpp:1883:42: warning: statement has no effect [-Wunused-value]
[INFO] [stderr] warning:  1883 |       const uint limit = diff ? 32 : 16; limit;
[INFO] [stderr] warning:       |                                          ^~~~~
[INFO] [stderr] warning: etc1_encoder/src/rg_etc1.cpp: In function 'rg_etc1::uint64 rg_etc1::pack_etc1_block_solid_color(rg_etc1::etc1_block&, const uint8*, rg_etc1::etc1_pack_params&)':
[INFO] [stderr] warning: etc1_encoder/src/rg_etc1.cpp:1945:7: warning: statement has no effect [-Wunused-value]
[INFO] [stderr] warning:  1945 |       pack_params;
[INFO] [stderr] warning:       |       ^~~~~~~~~~~
[INFO] [stderr] warning: etc1_encoder/src/rg_etc1.cpp: In function 'rg_etc1::uint rg_etc1::pack_etc1_block_solid_color_constrained(rg_etc1::etc1_optimizer::results&, rg_etc1::uint, const uint8*, rg_etc1::etc1_pack_params&, bool, const rg_etc1::color_quad_u8*)':
[INFO] [stderr] warning: etc1_encoder/src/rg_etc1.cpp:2037:7: warning: statement has no effect [-Wunused-value]
[INFO] [stderr] warning:  2037 |       pack_params;
[INFO] [stderr] warning:       |       ^~~~~~~~~~~
[INFO] [stderr] warning: etc1_encoder/src/rg_etc1.cpp: In function 'void rg_etc1::dither_block_555(rg_etc1::color_quad_u8*, const rg_etc1::color_quad_u8*)':
[INFO] [stderr] warning: etc1_encoder/src/rg_etc1.cpp:2150:50: warning: 'void* memset(void*, int, size_t)' writing to an object of type 'struct rg_etc1::color_quad_u8' with no trivial copy-assignment [-Wclass-memaccess]
[INFO] [stderr] warning:  2150 |       memset(dest, 0xFF, sizeof(color_quad_u8)*16);
[INFO] [stderr] warning:       |                                                  ^
[INFO] [stderr] warning: etc1_encoder/src/rg_etc1.cpp:57:11: note: 'struct rg_etc1::color_quad_u8' declared here
[INFO] [stderr] warning:    57 |    struct color_quad_u8
[INFO] [stderr] warning:       |           ^~~~~~~~~~~~~
[INFO] [stderr] warning: In file included from etc1_encoder/src/rg_etc1.cpp:18:
[INFO] [stderr] warning: etc1_encoder/src/rg_etc1.cpp: In function 'unsigned int rg_etc1::pack_etc1_block(void*, const unsigned int*, rg_etc1::etc1_pack_params&)':
[INFO] [stderr] warning: etc1_encoder/src/rg_etc1.cpp:2367:94: warning: suggest parentheses around '&&' within '||' [-Wparentheses]
[INFO] [stderr] warning:  2367 |       RG_ETC1_ASSERT(best_use_color4 || (rg_etc1::minimum(dr, dg, db) >= cETC1ColorDeltaMin) && (rg_etc1::maximum(dr, dg, db) <= cETC1ColorDeltaMax));
[INFO] [stderr] warning:       |                                         ~~~~~~~~~~~~~~~~~~~~~~~~~~~~~~~~~~~~~~~~~~~~~~~~~~~~~^~~~~~~~~~~~~~~~~~~~~~~~~~~~~~~~~~~~~~~~~~~~~~~~~~~~~~~
[INFO] [stderr] warning: etc1_encoder/src/rg_etc1.cpp:2367:7: note: in expansion of macro 'RG_ETC1_ASSERT'
[INFO] [stderr] warning:  2367 |       RG_ETC1_ASSERT(best_use_color4 || (rg_etc1::minimum(dr, dg, db) >= cETC1ColorDeltaMin) && (rg_etc1::maximum(dr, dg, db) <= cETC1ColorDeltaMax));
[INFO] [stderr] warning:       |       ^~~~~~~~~~~~~~
[INFO] [stderr] warning: etc1_encoder/src/rg_etc1.cpp:2377:10: warning: this 'if' clause does not guard... [-Wmisleading-indentation]
[INFO] [stderr] warning:  2377 |          if (dr < 0) dr += 8; dst_block.m_bytes[0] = static_cast<uint8>((best_results[0].m_block_color_unscaled.r << 3) | dr);
[INFO] [stderr] warning:       |          ^~
[INFO] [stderr] warning: etc1_encoder/src/rg_etc1.cpp:2377:31: note: ...this statement, but the latter is misleadingly indented as if it were guarded by the 'if'
[INFO] [stderr] warning:  2377 |          if (dr < 0) dr += 8; dst_block.m_bytes[0] = static_cast<uint8>((best_results[0].m_block_color_unscaled.r << 3) | dr);
[INFO] [stderr] warning:       |                               ^~~~~~~~~
[INFO] [stderr] warning: etc1_encoder/src/rg_etc1.cpp:2378:10: warning: this 'if' clause does not guard... [-Wmisleading-indentation]
[INFO] [stderr] warning:  2378 |          if (dg < 0) dg += 8; dst_block.m_bytes[1] = static_cast<uint8>((best_results[0].m_block_color_unscaled.g << 3) | dg);
[INFO] [stderr] warning:       |          ^~
[INFO] [stderr] warning: etc1_encoder/src/rg_etc1.cpp:2378:31: note: ...this statement, but the latter is misleadingly indented as if it were guarded by the 'if'
[INFO] [stderr] warning:  2378 |          if (dg < 0) dg += 8; dst_block.m_bytes[1] = static_cast<uint8>((best_results[0].m_block_color_unscaled.g << 3) | dg);
[INFO] [stderr] warning:       |                               ^~~~~~~~~
[INFO] [stderr] warning: etc1_encoder/src/rg_etc1.cpp:2379:10: warning: this 'if' clause does not guard... [-Wmisleading-indentation]
[INFO] [stderr] warning:  2379 |          if (db < 0) db += 8; dst_block.m_bytes[2] = static_cast<uint8>((best_results[0].m_block_color_unscaled.b << 3) | db);
[INFO] [stderr] warning:       |          ^~
[INFO] [stderr] warning: etc1_encoder/src/rg_etc1.cpp:2379:31: note: ...this statement, but the latter is misleadingly indented as if it were guarded by the 'if'
[INFO] [stderr] warning:  2379 |          if (db < 0) db += 8; dst_block.m_bytes[2] = static_cast<uint8>((best_results[0].m_block_color_unscaled.b << 3) | db);
[INFO] [stderr] warning:       |                               ^~~~~~~~~
[INFO] [stderr] warning: etc1_encoder/src/etc1_encoder.cpp: In function 'void encodeETC1Block(int, int, const uint8_t*, uint8_t*)':
[INFO] [stderr] warning: etc1_encoder/src/etc1_encoder.cpp:65:9: error: 'memcpy' is not a member of 'std'
[INFO] [stderr] warning:    65 |    std::memcpy(ptrOut, &block, 8);
[INFO] [stderr] warning:       |         ^~~~~~
[INFO] [stderr] warning: etc1_encoder/src/etc1_encoder.cpp:70:11: error: '_byteswap_uint64' was not declared in this scope
[INFO] [stderr] warning:    70 |   block = _byteswap_uint64(block);
[INFO] [stderr] warning:       |           ^~~~~~~~~~~~~~~~
[INFO] [stderr] warning: etc1_encoder/src/etc1_encoder.cpp:71:8: error: 'memcpy' is not a member of 'std'
[INFO] [stderr] warning:    71 |   std::memcpy(ptrOut, &block, 8);
[INFO] [stderr] warning:       |        ^~~~~~
[INFO] [stderr]     Finished dev [unoptimized + debuginfo] target(s) in 3.75s
[INFO] running `Command { std: "docker" "inspect" "4fa83cfa25d17cef229f91146beeea935ff88614639f683740cc4b6031164d26", kill_on_drop: false }`
[INFO] running `Command { std: "docker" "rm" "-f" "4fa83cfa25d17cef229f91146beeea935ff88614639f683740cc4b6031164d26", kill_on_drop: false }`
[INFO] [stdout] 4fa83cfa25d17cef229f91146beeea935ff88614639f683740cc4b6031164d26
[INFO] running `Command { std: "docker" "create" "-v" "/var/lib/crater-agent-workspace/builds/worker-20/target:/opt/rustwide/target:rw,Z" "-v" "/var/lib/crater-agent-workspace/builds/worker-20/source:/opt/rustwide/workdir:ro,Z" "-v" "/var/lib/crater-agent-workspace/cargo-home:/opt/rustwide/cargo-home:ro,Z" "-v" "/var/lib/crater-agent-workspace/rustup-home:/opt/rustwide/rustup-home:ro,Z" "-e" "SOURCE_DIR=/opt/rustwide/workdir" "-e" "CARGO_TARGET_DIR=/opt/rustwide/target" "-e" "CARGO_INCREMENTAL=0" "-e" "RUST_BACKTRACE=full" "-e" "RUSTFLAGS=--cap-lints=warn" "-e" "CARGO_HOME=/opt/rustwide/cargo-home" "-e" "RUSTUP_HOME=/opt/rustwide/rustup-home" "-w" "/opt/rustwide/workdir" "-m" "1610612736" "--user" "0:0" "--network" "none" "ghcr.io/rust-lang/crates-build-env/linux@sha256:34b6a614d2c27851fe6cbf88fbd1137609cefab8b10d0615aaeb6fd47975d74e" "/opt/rustwide/cargo-home/bin/cargo" "+beta-2021-08-01" "test" "--frozen" "--no-run" "--message-format=json", kill_on_drop: false }`
[INFO] [stdout] 322fc5fb010fabab43ac758f19f9375ae6f55d1b5fd91817332a2ab9e3fab27e
[INFO] running `Command { std: "docker" "start" "-a" "322fc5fb010fabab43ac758f19f9375ae6f55d1b5fd91817332a2ab9e3fab27e", kill_on_drop: false }`
[INFO] [stderr] warning: etc1_encoder/src/rg_etc1.cpp:22: warning: ignoring #pragma warning  [-Wunknown-pragmas]
[INFO] [stderr] warning:    22 | #pragma warning (disable: 4201) //  nonstandard extension used : nameless struct/union
[INFO] [stderr] warning:       |
[INFO] [stderr] warning: etc1_encoder/src/rg_etc1.cpp: In function 'rg_etc1::uint rg_etc1::etc1_decode_value(rg_etc1::uint, rg_etc1::uint, rg_etc1::uint, rg_etc1::uint)':
[INFO] [stderr] warning: etc1_encoder/src/rg_etc1.cpp:1883:42: warning: statement has no effect [-Wunused-value]
[INFO] [stderr] warning:  1883 |       const uint limit = diff ? 32 : 16; limit;
[INFO] [stderr] warning:       |                                          ^~~~~
[INFO] [stderr] warning: etc1_encoder/src/rg_etc1.cpp: In function 'rg_etc1::uint64 rg_etc1::pack_etc1_block_solid_color(rg_etc1::etc1_block&, const uint8*, rg_etc1::etc1_pack_params&)':
[INFO] [stderr] warning: etc1_encoder/src/rg_etc1.cpp:1945:7: warning: statement has no effect [-Wunused-value]
[INFO] [stderr] warning:  1945 |       pack_params;
[INFO] [stderr] warning:       |       ^~~~~~~~~~~
[INFO] [stderr] warning: etc1_encoder/src/rg_etc1.cpp: In function 'rg_etc1::uint rg_etc1::pack_etc1_block_solid_color_constrained(rg_etc1::etc1_optimizer::results&, rg_etc1::uint, const uint8*, rg_etc1::etc1_pack_params&, bool, const rg_etc1::color_quad_u8*)':
[INFO] [stderr] warning: etc1_encoder/src/rg_etc1.cpp:2037:7: warning: statement has no effect [-Wunused-value]
[INFO] [stderr] warning:  2037 |       pack_params;
[INFO] [stderr] warning:       |       ^~~~~~~~~~~
[INFO] [stderr] warning: etc1_encoder/src/rg_etc1.cpp: In function 'void rg_etc1::dither_block_555(rg_etc1::color_quad_u8*, const rg_etc1::color_quad_u8*)':
[INFO] [stderr] warning: etc1_encoder/src/rg_etc1.cpp:2150:50: warning: 'void* memset(void*, int, size_t)' writing to an object of type 'struct rg_etc1::color_quad_u8' with no trivial copy-assignment [-Wclass-memaccess]
[INFO] [stderr] warning:  2150 |       memset(dest, 0xFF, sizeof(color_quad_u8)*16);
[INFO] [stderr] warning:       |                                                  ^
[INFO] [stderr] warning: etc1_encoder/src/rg_etc1.cpp:57:11: note: 'struct rg_etc1::color_quad_u8' declared here
[INFO] [stderr] warning:    57 |    struct color_quad_u8
[INFO] [stderr] warning:       |           ^~~~~~~~~~~~~
[INFO] [stderr] warning: In file included from etc1_encoder/src/rg_etc1.cpp:18:
[INFO] [stderr] warning: etc1_encoder/src/rg_etc1.cpp: In function 'unsigned int rg_etc1::pack_etc1_block(void*, const unsigned int*, rg_etc1::etc1_pack_params&)':
[INFO] [stderr] warning: etc1_encoder/src/rg_etc1.cpp:2367:94: warning: suggest parentheses around '&&' within '||' [-Wparentheses]
[INFO] [stderr] warning:  2367 |       RG_ETC1_ASSERT(best_use_color4 || (rg_etc1::minimum(dr, dg, db) >= cETC1ColorDeltaMin) && (rg_etc1::maximum(dr, dg, db) <= cETC1ColorDeltaMax));
[INFO] [stderr] warning:       |                                         ~~~~~~~~~~~~~~~~~~~~~~~~~~~~~~~~~~~~~~~~~~~~~~~~~~~~~^~~~~~~~~~~~~~~~~~~~~~~~~~~~~~~~~~~~~~~~~~~~~~~~~~~~~~~
[INFO] [stderr] warning: etc1_encoder/src/rg_etc1.cpp:2367:7: note: in expansion of macro 'RG_ETC1_ASSERT'
[INFO] [stderr] warning:  2367 |       RG_ETC1_ASSERT(best_use_color4 || (rg_etc1::minimum(dr, dg, db) >= cETC1ColorDeltaMin) && (rg_etc1::maximum(dr, dg, db) <= cETC1ColorDeltaMax));
[INFO] [stderr] warning:       |       ^~~~~~~~~~~~~~
[INFO] [stderr] warning: etc1_encoder/src/rg_etc1.cpp:2377:10: warning: this 'if' clause does not guard... [-Wmisleading-indentation]
[INFO] [stderr] warning:  2377 |          if (dr < 0) dr += 8; dst_block.m_bytes[0] = static_cast<uint8>((best_results[0].m_block_color_unscaled.r << 3) | dr);
[INFO] [stderr] warning:       |          ^~
[INFO] [stderr] warning: etc1_encoder/src/rg_etc1.cpp:2377:31: note: ...this statement, but the latter is misleadingly indented as if it were guarded by the 'if'
[INFO] [stderr] warning:  2377 |          if (dr < 0) dr += 8; dst_block.m_bytes[0] = static_cast<uint8>((best_results[0].m_block_color_unscaled.r << 3) | dr);
[INFO] [stderr] warning:       |                               ^~~~~~~~~
[INFO] [stderr] warning: etc1_encoder/src/rg_etc1.cpp:2378:10: warning: this 'if' clause does not guard... [-Wmisleading-indentation]
[INFO] [stderr] warning:  2378 |          if (dg < 0) dg += 8; dst_block.m_bytes[1] = static_cast<uint8>((best_results[0].m_block_color_unscaled.g << 3) | dg);
[INFO] [stderr] warning:       |          ^~
[INFO] [stderr] warning: etc1_encoder/src/rg_etc1.cpp:2378:31: note: ...this statement, but the latter is misleadingly indented as if it were guarded by the 'if'
[INFO] [stderr] warning:  2378 |          if (dg < 0) dg += 8; dst_block.m_bytes[1] = static_cast<uint8>((best_results[0].m_block_color_unscaled.g << 3) | dg);
[INFO] [stderr] warning:       |                               ^~~~~~~~~
[INFO] [stderr] warning: etc1_encoder/src/rg_etc1.cpp:2379:10: warning: this 'if' clause does not guard... [-Wmisleading-indentation]
[INFO] [stderr] warning:  2379 |          if (db < 0) db += 8; dst_block.m_bytes[2] = static_cast<uint8>((best_results[0].m_block_color_unscaled.b << 3) | db);
[INFO] [stderr] warning:       |          ^~
[INFO] [stderr] warning: etc1_encoder/src/rg_etc1.cpp:2379:31: note: ...this statement, but the latter is misleadingly indented as if it were guarded by the 'if'
[INFO] [stderr] warning:  2379 |          if (db < 0) db += 8; dst_block.m_bytes[2] = static_cast<uint8>((best_results[0].m_block_color_unscaled.b << 3) | db);
[INFO] [stderr] warning:       |                               ^~~~~~~~~
[INFO] [stderr] warning: etc1_encoder/src/etc1_encoder.cpp: In function 'void encodeETC1Block(int, int, const uint8_t*, uint8_t*)':
[INFO] [stderr] warning: etc1_encoder/src/etc1_encoder.cpp:65:9: error: 'memcpy' is not a member of 'std'
[INFO] [stderr] warning:    65 |    std::memcpy(ptrOut, &block, 8);
[INFO] [stderr] warning:       |         ^~~~~~
[INFO] [stderr] warning: etc1_encoder/src/etc1_encoder.cpp:70:11: error: '_byteswap_uint64' was not declared in this scope
[INFO] [stderr] warning:    70 |   block = _byteswap_uint64(block);
[INFO] [stderr] warning:       |           ^~~~~~~~~~~~~~~~
[INFO] [stderr] warning: etc1_encoder/src/etc1_encoder.cpp:71:8: error: 'memcpy' is not a member of 'std'
[INFO] [stderr] warning:    71 |   std::memcpy(ptrOut, &block, 8);
[INFO] [stderr] warning:       |        ^~~~~~
[INFO] [stderr]    Compiling ctr_etc1 v0.1.0 (/opt/rustwide/workdir)
[INFO] [stdout] error: linking with `cc` failed: exit status: 1
[INFO] [stdout]   |
[INFO] [stdout]   = note: "cc" "-m64" "/opt/rustwide/target/debug/deps/ctr_etc1-a3372b3342874f60.ctr_etc1.e389c780-cgu.0.rcgu.o" "/opt/rustwide/target/debug/deps/ctr_etc1-a3372b3342874f60.ctr_etc1.e389c780-cgu.1.rcgu.o" "/opt/rustwide/target/debug/deps/ctr_etc1-a3372b3342874f60.ctr_etc1.e389c780-cgu.2.rcgu.o" "/opt/rustwide/target/debug/deps/ctr_etc1-a3372b3342874f60.ctr_etc1.e389c780-cgu.3.rcgu.o" "/opt/rustwide/target/debug/deps/ctr_etc1-a3372b3342874f60.ctr_etc1.e389c780-cgu.4.rcgu.o" "/opt/rustwide/target/debug/deps/ctr_etc1-a3372b3342874f60.ctr_etc1.e389c780-cgu.5.rcgu.o" "/opt/rustwide/target/debug/deps/ctr_etc1-a3372b3342874f60.ctr_etc1.e389c780-cgu.6.rcgu.o" "/opt/rustwide/target/debug/deps/ctr_etc1-a3372b3342874f60.ctr_etc1.e389c780-cgu.7.rcgu.o" "/opt/rustwide/target/debug/deps/ctr_etc1-a3372b3342874f60.ctr_etc1.e389c780-cgu.8.rcgu.o" "/opt/rustwide/target/debug/deps/ctr_etc1-a3372b3342874f60.44tj7l5c9q105f2q.rcgu.o" "-Wl,--as-needed" "-L" "/opt/rustwide/target/debug/deps" "-L" "/opt/rustwide/workdir/etc1_encoder/lib/release/" "-L" "/opt/rustwide/rustup-home/toolchains/beta-2021-08-01-x86_64-unknown-linux-gnu/lib/rustlib/x86_64-unknown-linux-gnu/lib" "-Wl,-Bstatic" "-Wl,--whole-archive" "-letc1_encoder" "-Wl,--no-whole-archive" "/opt/rustwide/rustup-home/toolchains/beta-2021-08-01-x86_64-unknown-linux-gnu/lib/rustlib/x86_64-unknown-linux-gnu/lib/libtest-6e9019ff2cdb2237.rlib" "/opt/rustwide/rustup-home/toolchains/beta-2021-08-01-x86_64-unknown-linux-gnu/lib/rustlib/x86_64-unknown-linux-gnu/lib/libgetopts-e9cc0b5f091b140c.rlib" "/opt/rustwide/rustup-home/toolchains/beta-2021-08-01-x86_64-unknown-linux-gnu/lib/rustlib/x86_64-unknown-linux-gnu/lib/libunicode_width-762dfa4479f14aad.rlib" "/opt/rustwide/rustup-home/toolchains/beta-2021-08-01-x86_64-unknown-linux-gnu/lib/rustlib/x86_64-unknown-linux-gnu/lib/librustc_std_workspace_std-2a5ac1cc0b21909c.rlib" "-Wl,--start-group" "/opt/rustwide/rustup-home/toolchains/beta-2021-08-01-x86_64-unknown-linux-gnu/lib/rustlib/x86_64-unknown-linux-gnu/lib/libstd-197d933f09d9a590.rlib" "/opt/rustwide/rustup-home/toolchains/beta-2021-08-01-x86_64-unknown-linux-gnu/lib/rustlib/x86_64-unknown-linux-gnu/lib/libpanic_unwind-46a006cddfd334f0.rlib" "/opt/rustwide/rustup-home/toolchains/beta-2021-08-01-x86_64-unknown-linux-gnu/lib/rustlib/x86_64-unknown-linux-gnu/lib/libminiz_oxide-5b9870310e470b38.rlib" "/opt/rustwide/rustup-home/toolchains/beta-2021-08-01-x86_64-unknown-linux-gnu/lib/rustlib/x86_64-unknown-linux-gnu/lib/libadler-260022ba8f1ab4ee.rlib" "/opt/rustwide/rustup-home/toolchains/beta-2021-08-01-x86_64-unknown-linux-gnu/lib/rustlib/x86_64-unknown-linux-gnu/lib/libobject-71377435a799394f.rlib" "/opt/rustwide/rustup-home/toolchains/beta-2021-08-01-x86_64-unknown-linux-gnu/lib/rustlib/x86_64-unknown-linux-gnu/lib/libaddr2line-658ee5924fde57cd.rlib" "/opt/rustwide/rustup-home/toolchains/beta-2021-08-01-x86_64-unknown-linux-gnu/lib/rustlib/x86_64-unknown-linux-gnu/lib/libgimli-9e8627da6bd1b94a.rlib" "/opt/rustwide/rustup-home/toolchains/beta-2021-08-01-x86_64-unknown-linux-gnu/lib/rustlib/x86_64-unknown-linux-gnu/lib/libstd_detect-19fdaac49f59be84.rlib" "/opt/rustwide/rustup-home/toolchains/beta-2021-08-01-x86_64-unknown-linux-gnu/lib/rustlib/x86_64-unknown-linux-gnu/lib/librustc_demangle-cb00e2691ea45905.rlib" "/opt/rustwide/rustup-home/toolchains/beta-2021-08-01-x86_64-unknown-linux-gnu/lib/rustlib/x86_64-unknown-linux-gnu/lib/libhashbrown-50f6726defae5ae1.rlib" "/opt/rustwide/rustup-home/toolchains/beta-2021-08-01-x86_64-unknown-linux-gnu/lib/rustlib/x86_64-unknown-linux-gnu/lib/librustc_std_workspace_alloc-2afc16311deea26e.rlib" "/opt/rustwide/rustup-home/toolchains/beta-2021-08-01-x86_64-unknown-linux-gnu/lib/rustlib/x86_64-unknown-linux-gnu/lib/libunwind-bb5cb0fe086ee8cf.rlib" "/opt/rustwide/rustup-home/toolchains/beta-2021-08-01-x86_64-unknown-linux-gnu/lib/rustlib/x86_64-unknown-linux-gnu/lib/libcfg_if-896053247b5dfd0b.rlib" "/opt/rustwide/rustup-home/toolchains/beta-2021-08-01-x86_64-unknown-linux-gnu/lib/rustlib/x86_64-unknown-linux-gnu/lib/liblibc-735e1f2ac3cf23be.rlib" "/opt/rustwide/rustup-home/toolchains/beta-2021-08-01-x86_64-unknown-linux-gnu/lib/rustlib/x86_64-unknown-linux-gnu/lib/liballoc-9dfb6622644c732c.rlib" "/opt/rustwide/rustup-home/toolchains/beta-2021-08-01-x86_64-unknown-linux-gnu/lib/rustlib/x86_64-unknown-linux-gnu/lib/librustc_std_workspace_core-beea7d9617fe25c5.rlib" "/opt/rustwide/rustup-home/toolchains/beta-2021-08-01-x86_64-unknown-linux-gnu/lib/rustlib/x86_64-unknown-linux-gnu/lib/libcore-8ef7dd43fc671f88.rlib" "-Wl,--end-group" "/opt/rustwide/rustup-home/toolchains/beta-2021-08-01-x86_64-unknown-linux-gnu/lib/rustlib/x86_64-unknown-linux-gnu/lib/libcompiler_builtins-a9a3b2ad67977f47.rlib" "-Wl,-Bdynamic" "-lgcc_s" "-lutil" "-lrt" "-lpthread" "-lm" "-ldl" "-lc" "-Wl,--eh-frame-hdr" "-Wl,-znoexecstack" "-L" "/opt/rustwide/rustup-home/toolchains/beta-2021-08-01-x86_64-unknown-linux-gnu/lib/rustlib/x86_64-unknown-linux-gnu/lib" "-o" "/opt/rustwide/target/debug/deps/ctr_etc1-a3372b3342874f60" "-Wl,--gc-sections" "-pie" "-Wl,-zrelro" "-Wl,-znow" "-nodefaultlibs"
[INFO] [stdout]   = note: /usr/bin/ld: /opt/rustwide/workdir/etc1_encoder/lib/release//libetc1_encoder.a(C:/Users/King/Downloads/Test/bindings/target/release/build/test-e198fae0ff031c3c/out/src/cpp/etc1_encoder.o):(.text$mn+0x12): undefined reference to `__security_cookie'
[INFO] [stdout]           /usr/bin/ld: /opt/rustwide/workdir/etc1_encoder/lib/release//libetc1_encoder.a(C:/Users/King/Downloads/Test/bindings/target/release/build/test-e198fae0ff031c3c/out/src/cpp/etc1_encoder.o):(.text$mn+0x44): undefined reference to `??_U@YAPEAX_K@Z'
[INFO] [stdout]           /usr/bin/ld: /opt/rustwide/workdir/etc1_encoder/lib/release//libetc1_encoder.a(C:/Users/King/Downloads/Test/bindings/target/release/build/test-e198fae0ff031c3c/out/src/cpp/etc1_encoder.o):(.text$mn+0x3d5): undefined reference to `__security_check_cookie'
[INFO] [stdout]           /usr/bin/ld: /opt/rustwide/workdir/etc1_encoder/lib/release//libetc1_encoder.a(C:/Users/King/Downloads/Test/bindings/target/release/build/test-e198fae0ff031c3c/out/src/cpp/etc1_encoder.o):(.text$mn+0x17): undefined reference to `__security_cookie'
[INFO] [stdout]           /usr/bin/ld: /opt/rustwide/workdir/etc1_encoder/lib/release//libetc1_encoder.a(C:/Users/King/Downloads/Test/bindings/target/release/build/test-e198fae0ff031c3c/out/src/cpp/etc1_encoder.o):(.text$mn+0x26c): undefined reference to `__security_check_cookie'
[INFO] [stdout]           /usr/bin/ld: /opt/rustwide/workdir/etc1_encoder/lib/release//libetc1_encoder.a(C:/Users/King/Downloads/Test/bindings/target/release/build/test-e198fae0ff031c3c/out/src/cpp/etc1_encoder.o):(.text$mn+0x1): undefined reference to `??_V@YAXPEAX@Z'
[INFO] [stdout]           /usr/bin/ld: /opt/rustwide/workdir/etc1_encoder/lib/release//libetc1_encoder.a(C:/Users/King/Downloads/Test/bindings/target/release/build/test-e198fae0ff031c3c/out/src/cpp/rg_etc1.o):(.text$mn+0x19): undefined reference to `__security_cookie'
[INFO] [stdout]           /usr/bin/ld: /opt/rustwide/workdir/etc1_encoder/lib/release//libetc1_encoder.a(C:/Users/King/Downloads/Test/bindings/target/release/build/test-e198fae0ff031c3c/out/src/cpp/rg_etc1.o):(.text$mn+0x36f): undefined reference to `__security_check_cookie'
[INFO] [stdout]           /usr/bin/ld: /opt/rustwide/workdir/etc1_encoder/lib/release//libetc1_encoder.a(C:/Users/King/Downloads/Test/bindings/target/release/build/test-e198fae0ff031c3c/out/src/cpp/rg_etc1.o):(.text$mn+0x56): undefined reference to `__imp__wassert'
[INFO] [stdout]           /usr/bin/ld: /opt/rustwide/workdir/etc1_encoder/lib/release//libetc1_encoder.a(C:/Users/King/Downloads/Test/bindings/target/release/build/test-e198fae0ff031c3c/out/src/cpp/rg_etc1.o):(.text$mn+0xe): undefined reference to `__security_cookie'
[INFO] [stdout]           /usr/bin/ld: /opt/rustwide/workdir/etc1_encoder/lib/release//libetc1_encoder.a(C:/Users/King/Downloads/Test/bindings/target/release/build/test-e198fae0ff031c3c/out/src/cpp/rg_etc1.o):(.text$mn+0x8a6): undefined reference to `__security_check_cookie'
[INFO] [stdout]           /usr/bin/ld: /opt/rustwide/workdir/etc1_encoder/lib/release//libetc1_encoder.a(C:/Users/King/Downloads/Test/bindings/target/release/build/test-e198fae0ff031c3c/out/src/cpp/rg_etc1.o):(.text$mn+0x34): undefined reference to `__imp__wassert'
[INFO] [stdout]           /usr/bin/ld: /opt/rustwide/workdir/etc1_encoder/lib/release//libetc1_encoder.a(C:/Users/King/Downloads/Test/bindings/target/release/build/test-e198fae0ff031c3c/out/src/cpp/rg_etc1.o):(.text$mn+0x87): undefined reference to `?set_noclamp_rgba@color_quad_u8@rg_etc1@@QEAAAEAU12@HHHH@Z'
[INFO] [stdout]           /usr/bin/ld: /opt/rustwide/workdir/etc1_encoder/lib/release//libetc1_encoder.a(C:/Users/King/Downloads/Test/bindings/target/release/build/test-e198fae0ff031c3c/out/src/cpp/rg_etc1.o):(.text$mn+0x34): undefined reference to `__imp__wassert'
[INFO] [stdout]           /usr/bin/ld: /opt/rustwide/workdir/etc1_encoder/lib/release//libetc1_encoder.a(C:/Users/King/Downloads/Test/bindings/target/release/build/test-e198fae0ff031c3c/out/src/cpp/rg_etc1.o):(.text$mn+0x9e): undefined reference to `?set_noclamp_rgba@color_quad_u8@rg_etc1@@QEAAAEAU12@HHHH@Z'
[INFO] [stdout]           /usr/bin/ld: /opt/rustwide/workdir/etc1_encoder/lib/release//libetc1_encoder.a(C:/Users/King/Downloads/Test/bindings/target/release/build/test-e198fae0ff031c3c/out/src/cpp/rg_etc1.o):(.text$mn+0x3d): undefined reference to `__imp__wassert'
[INFO] [stdout]           /usr/bin/ld: /opt/rustwide/workdir/etc1_encoder/lib/release//libetc1_encoder.a(C:/Users/King/Downloads/Test/bindings/target/release/build/test-e198fae0ff031c3c/out/src/cpp/rg_etc1.o):(.text$mn+0x127): undefined reference to `?set_noclamp_rgba@color_quad_u8@rg_etc1@@QEAAAEAU12@HHHH@Z'
[INFO] [stdout]           /usr/bin/ld: /opt/rustwide/workdir/etc1_encoder/lib/release//libetc1_encoder.a(C:/Users/King/Downloads/Test/bindings/target/release/build/test-e198fae0ff031c3c/out/src/cpp/rg_etc1.o):(.text$mn+0x17): undefined reference to `__security_cookie'
[INFO] [stdout]           /usr/bin/ld: /opt/rustwide/workdir/etc1_encoder/lib/release//libetc1_encoder.a(C:/Users/King/Downloads/Test/bindings/target/release/build/test-e198fae0ff031c3c/out/src/cpp/rg_etc1.o):(.text$mn+0x48): undefined reference to `__imp__wassert'
[INFO] [stdout]           /usr/bin/ld: /opt/rustwide/workdir/etc1_encoder/lib/release//libetc1_encoder.a(C:/Users/King/Downloads/Test/bindings/target/release/build/test-e198fae0ff031c3c/out/src/cpp/rg_etc1.o):(.text$mn+0x1ca): undefined reference to `??$indirect_radix_sort@IG@rg_etc1@@YAPEAIIPEAI0PEBGII_N@Z'
[INFO] [stdout]           /usr/bin/ld: /opt/rustwide/workdir/etc1_encoder/lib/release//libetc1_encoder.a(C:/Users/King/Downloads/Test/bindings/target/release/build/test-e198fae0ff031c3c/out/src/cpp/rg_etc1.o):(.text$mn+0x2d5): undefined reference to `__security_check_cookie'
[INFO] [stdout]           /usr/bin/ld: /opt/rustwide/workdir/etc1_encoder/lib/release//libetc1_encoder.a(C:/Users/King/Downloads/Test/bindings/target/release/build/test-e198fae0ff031c3c/out/src/cpp/rg_etc1.o):(.text$mn+0x36): undefined reference to `__imp__wassert'
[INFO] [stdout]           /usr/bin/ld: /opt/rustwide/workdir/etc1_encoder/lib/release//libetc1_encoder.a(C:/Users/King/Downloads/Test/bindings/target/release/build/test-e198fae0ff031c3c/out/src/cpp/rg_etc1.o):(.text$mn+0x5a): undefined reference to `__imp__wassert'
[INFO] [stdout]           /usr/bin/ld: /opt/rustwide/workdir/etc1_encoder/lib/release//libetc1_encoder.a(C:/Users/King/Downloads/Test/bindings/target/release/build/test-e198fae0ff031c3c/out/src/cpp/rg_etc1.o):(.text$mn+0x7e): undefined reference to `__imp__wassert'
[INFO] [stdout]           /usr/bin/ld: /opt/rustwide/workdir/etc1_encoder/lib/release//libetc1_encoder.a(C:/Users/King/Downloads/Test/bindings/target/release/build/test-e198fae0ff031c3c/out/src/cpp/rg_etc1.o):(.text$mn+0x16): undefined reference to `__security_cookie'
[INFO] [stdout]           /usr/bin/ld: /opt/rustwide/workdir/etc1_encoder/lib/release//libetc1_encoder.a(C:/Users/King/Downloads/Test/bindings/target/release/build/test-e198fae0ff031c3c/out/src/cpp/rg_etc1.o):(.text$mn+0x494): undefined reference to `__imp__wassert'
[INFO] [stdout]           /usr/bin/ld: /opt/rustwide/workdir/etc1_encoder/lib/release//libetc1_encoder.a(C:/Users/King/Downloads/Test/bindings/target/release/build/test-e198fae0ff031c3c/out/src/cpp/rg_etc1.o):(.text$mn+0x52c): undefined reference to `__imp__wassert'
[INFO] [stdout]           /usr/bin/ld: /opt/rustwide/workdir/etc1_encoder/lib/release//libetc1_encoder.a(C:/Users/King/Downloads/Test/bindings/target/release/build/test-e198fae0ff031c3c/out/src/cpp/rg_etc1.o):(.text$mn+0x594): undefined reference to `__imp__wassert'
[INFO] [stdout]           /usr/bin/ld: /opt/rustwide/workdir/etc1_encoder/lib/release//libetc1_encoder.a(C:/Users/King/Downloads/Test/bindings/target/release/build/test-e198fae0ff031c3c/out/src/cpp/rg_etc1.o):(.text$mn+0x672): undefined reference to `__imp__wassert'
[INFO] [stdout]           /usr/bin/ld: /opt/rustwide/workdir/etc1_encoder/lib/release//libetc1_encoder.a(C:/Users/King/Downloads/Test/bindings/target/release/build/test-e198fae0ff031c3c/out/src/cpp/rg_etc1.o):(.text$mn+0xa84): undefined reference to `__security_check_cookie'
[INFO] [stdout]           /usr/bin/ld: /opt/rustwide/workdir/etc1_encoder/lib/release//libetc1_encoder.a(C:/Users/King/Downloads/Test/bindings/target/release/build/test-e198fae0ff031c3c/out/src/cpp/rg_etc1.o):(.text$mn+0x22): undefined reference to `__security_cookie'
[INFO] [stdout]           /usr/bin/ld: /opt/rustwide/workdir/etc1_encoder/lib/release//libetc1_encoder.a(C:/Users/King/Downloads/Test/bindings/target/release/build/test-e198fae0ff031c3c/out/src/cpp/rg_etc1.o):(.text$mn+0xd3): undefined reference to `__imp__wassert'
[INFO] [stdout]           /usr/bin/ld: /opt/rustwide/workdir/etc1_encoder/lib/release//libetc1_encoder.a(C:/Users/King/Downloads/Test/bindings/target/release/build/test-e198fae0ff031c3c/out/src/cpp/rg_etc1.o):(.text$mn+0x154): undefined reference to `__imp__wassert'
[INFO] [stdout]           /usr/bin/ld: /opt/rustwide/workdir/etc1_encoder/lib/release//libetc1_encoder.a(C:/Users/King/Downloads/Test/bindings/target/release/build/test-e198fae0ff031c3c/out/src/cpp/rg_etc1.o):(.text$mn+0x30a): undefined reference to `__security_check_cookie'
[INFO] [stdout]           /usr/bin/ld: /opt/rustwide/workdir/etc1_encoder/lib/release//libetc1_encoder.a(C:/Users/King/Downloads/Test/bindings/target/release/build/test-e198fae0ff031c3c/out/src/cpp/rg_etc1.o):(.text$mn+0x41): undefined reference to `__imp__wassert'
[INFO] [stdout]           /usr/bin/ld: /opt/rustwide/workdir/etc1_encoder/lib/release//libetc1_encoder.a(C:/Users/King/Downloads/Test/bindings/target/release/build/test-e198fae0ff031c3c/out/src/cpp/rg_etc1.o):(.text$mn+0xfd): undefined reference to `__ImageBase'
[INFO] [stdout]           /usr/bin/ld: /opt/rustwide/workdir/etc1_encoder/lib/release//libetc1_encoder.a(C:/Users/King/Downloads/Test/bindings/target/release/build/test-e198fae0ff031c3c/out/src/cpp/rg_etc1.o):(.text$mn+0x216): undefined reference to `__ImageBase'
[INFO] [stdout]           /usr/bin/ld: /opt/rustwide/workdir/etc1_encoder/lib/release//libetc1_encoder.a(C:/Users/King/Downloads/Test/bindings/target/release/build/test-e198fae0ff031c3c/out/src/cpp/rg_etc1.o):(.text$mn+0x45): undefined reference to `__imp__wassert'
[INFO] [stdout]           /usr/bin/ld: /opt/rustwide/workdir/etc1_encoder/lib/release//libetc1_encoder.a(C:/Users/King/Downloads/Test/bindings/target/release/build/test-e198fae0ff031c3c/out/src/cpp/rg_etc1.o):(.text$mn+0x35f): undefined reference to `__imp__wassert'
[INFO] [stdout]           /usr/bin/ld: /opt/rustwide/workdir/etc1_encoder/lib/release//libetc1_encoder.a(C:/Users/King/Downloads/Test/bindings/target/release/build/test-e198fae0ff031c3c/out/src/cpp/rg_etc1.o):(.text$mn+0x38d): undefined reference to `__imp__wassert'
[INFO] [stdout]           /usr/bin/ld: /opt/rustwide/workdir/etc1_encoder/lib/release//libetc1_encoder.a(C:/Users/King/Downloads/Test/bindings/target/release/build/test-e198fae0ff031c3c/out/src/cpp/rg_etc1.o):(.text$mn+0x3bb): undefined reference to `__imp__wassert'
[INFO] [stdout]           /usr/bin/ld: /opt/rustwide/workdir/etc1_encoder/lib/release//libetc1_encoder.a(C:/Users/King/Downloads/Test/bindings/target/release/build/test-e198fae0ff031c3c/out/src/cpp/rg_etc1.o):(.text$mn+0x59): undefined reference to `?set_noclamp_rgba@color_quad_u8@rg_etc1@@QEAAAEAU12@HHHH@Z'
[INFO] [stdout]           /usr/bin/ld: /opt/rustwide/workdir/etc1_encoder/lib/release//libetc1_encoder.a(C:/Users/King/Downloads/Test/bindings/target/release/build/test-e198fae0ff031c3c/out/src/cpp/rg_etc1.o):(.text$mn+0x62): undefined reference to `?set_noclamp_rgba@color_quad_u8@rg_etc1@@QEAAAEAU12@HHHH@Z'
[INFO] [stdout]           /usr/bin/ld: /opt/rustwide/workdir/etc1_encoder/lib/release//libetc1_encoder.a(C:/Users/King/Downloads/Test/bindings/target/release/build/test-e198fae0ff031c3c/out/src/cpp/rg_etc1.o):(.text$mn+0x7b): undefined reference to `?set_noclamp_rgba@color_quad_u8@rg_etc1@@QEAAAEAU12@HHHH@Z'
[INFO] [stdout]           /usr/bin/ld: /opt/rustwide/workdir/etc1_encoder/lib/release//libetc1_encoder.a(C:/Users/King/Downloads/Test/bindings/target/release/build/test-e198fae0ff031c3c/out/src/cpp/rg_etc1.o):(.text$mn+0x81): undefined reference to `?set_noclamp_rgba@color_quad_u8@rg_etc1@@QEAAAEAU12@HHHH@Z'
[INFO] [stdout]           /usr/bin/ld: /opt/rustwide/workdir/etc1_encoder/lib/release//libetc1_encoder.a(C:/Users/King/Downloads/Test/bindings/target/release/build/test-e198fae0ff031c3c/out/src/cpp/rg_etc1.o):(.text$mn+0x11d): undefined reference to `?set_noclamp_rgba@color_quad_u8@rg_etc1@@QEAAAEAU12@HHHH@Z'
[INFO] [stdout]           /usr/bin/ld: /opt/rustwide/workdir/etc1_encoder/lib/release//libetc1_encoder.a(C:/Users/King/Downloads/Test/bindings/target/release/build/test-e198fae0ff031c3c/out/src/cpp/rg_etc1.o):(.text$mn+0x10f): more undefined references to `?set_noclamp_rgba@color_quad_u8@rg_etc1@@QEAAAEAU12@HHHH@Z' follow
[INFO] [stdout]           /usr/bin/ld: /opt/rustwide/workdir/etc1_encoder/lib/release//libetc1_encoder.a(C:/Users/King/Downloads/Test/bindings/target/release/build/test-e198fae0ff031c3c/out/src/cpp/rg_etc1.o):(.text$mn+0x1a): undefined reference to `__security_cookie'
[INFO] [stdout]           /usr/bin/ld: /opt/rustwide/workdir/etc1_encoder/lib/release//libetc1_encoder.a(C:/Users/King/Downloads/Test/bindings/target/release/build/test-e198fae0ff031c3c/out/src/cpp/rg_etc1.o):(.text$mn+0x67): undefined reference to `?get_byte_bits@etc1_block@rg_etc1@@QEBAIII@Z'
[INFO] [stdout]           /usr/bin/ld: /opt/rustwide/workdir/etc1_encoder/lib/release//libetc1_encoder.a(C:/Users/King/Downloads/Test/bindings/target/release/build/test-e198fae0ff031c3c/out/src/cpp/rg_etc1.o):(.text$mn+0x7a): undefined reference to `?get_byte_bits@etc1_block@rg_etc1@@QEBAIII@Z'
[INFO] [stdout]           /usr/bin/ld: /opt/rustwide/workdir/etc1_encoder/lib/release//libetc1_encoder.a(C:/Users/King/Downloads/Test/bindings/target/release/build/test-e198fae0ff031c3c/out/src/cpp/rg_etc1.o):(.text$mn+0x8d): undefined reference to `?get_byte_bits@etc1_block@rg_etc1@@QEBAIII@Z'
[INFO] [stdout]           /usr/bin/ld: /opt/rustwide/workdir/etc1_encoder/lib/release//libetc1_encoder.a(C:/Users/King/Downloads/Test/bindings/target/release/build/test-e198fae0ff031c3c/out/src/cpp/rg_etc1.o):(.text$mn+0xb0): undefined reference to `?get_byte_bits@etc1_block@rg_etc1@@QEBAIII@Z'
[INFO] [stdout]           /usr/bin/ld: /opt/rustwide/workdir/etc1_encoder/lib/release//libetc1_encoder.a(C:/Users/King/Downloads/Test/bindings/target/release/build/test-e198fae0ff031c3c/out/src/cpp/rg_etc1.o):(.text$mn+0xc3): undefined reference to `?get_byte_bits@etc1_block@rg_etc1@@QEBAIII@Z'
[INFO] [stdout]           /usr/bin/ld: /opt/rustwide/workdir/etc1_encoder/lib/release//libetc1_encoder.a(C:/Users/King/Downloads/Test/bindings/target/release/build/test-e198fae0ff031c3c/out/src/cpp/rg_etc1.o):(.text$mn+0xd6): more undefined references to `?get_byte_bits@etc1_block@rg_etc1@@QEBAIII@Z' follow
[INFO] [stdout]           /usr/bin/ld: /opt/rustwide/workdir/etc1_encoder/lib/release//libetc1_encoder.a(C:/Users/King/Downloads/Test/bindings/target/release/build/test-e198fae0ff031c3c/out/src/cpp/rg_etc1.o):(.text$mn+0x262): undefined reference to `__imp__wassert'
[INFO] [stdout]           /usr/bin/ld: /opt/rustwide/workdir/etc1_encoder/lib/release//libetc1_encoder.a(C:/Users/King/Downloads/Test/bindings/target/release/build/test-e198fae0ff031c3c/out/src/cpp/rg_etc1.o):(.text$mn+0x2e1): undefined reference to `__imp__wassert'
[INFO] [stdout]           /usr/bin/ld: /opt/rustwide/workdir/etc1_encoder/lib/release//libetc1_encoder.a(C:/Users/King/Downloads/Test/bindings/target/release/build/test-e198fae0ff031c3c/out/src/cpp/rg_etc1.o):(.text$mn+0x358): undefined reference to `__imp__wassert'
[INFO] [stdout]           /usr/bin/ld: /opt/rustwide/workdir/etc1_encoder/lib/release//libetc1_encoder.a(C:/Users/King/Downloads/Test/bindings/target/release/build/test-e198fae0ff031c3c/out/src/cpp/rg_etc1.o):(.text$mn+0x443): undefined reference to `__imp__wassert'
[INFO] [stdout]           /usr/bin/ld: /opt/rustwide/workdir/etc1_encoder/lib/release//libetc1_encoder.a(C:/Users/King/Downloads/Test/bindings/target/release/build/test-e198fae0ff031c3c/out/src/cpp/rg_etc1.o):(.text$mn+0x4c2): undefined reference to `__imp__wassert'
[INFO] [stdout]           /usr/bin/ld: /opt/rustwide/workdir/etc1_encoder/lib/release//libetc1_encoder.a(C:/Users/King/Downloads/Test/bindings/target/release/build/test-e198fae0ff031c3c/out/src/cpp/rg_etc1.o):(.text$mn+0x539): more undefined references to `__imp__wassert' follow
[INFO] [stdout]           /usr/bin/ld: /opt/rustwide/workdir/etc1_encoder/lib/release//libetc1_encoder.a(C:/Users/King/Downloads/Test/bindings/target/release/build/test-e198fae0ff031c3c/out/src/cpp/rg_etc1.o):(.text$mn+0xc50): undefined reference to `__security_check_cookie'
[INFO] [stdout]           /usr/bin/ld: /opt/rustwide/workdir/etc1_encoder/lib/release//libetc1_encoder.a(C:/Users/King/Downloads/Test/bindings/target/release/build/test-e198fae0ff031c3c/out/src/cpp/etc1_encoder.o):(.xdata[$unwind$encodeETC1Block]+0x18): undefined reference to `__GSHandlerCheck'
[INFO] [stdout]           /usr/bin/ld: /opt/rustwide/workdir/etc1_encoder/lib/release//libetc1_encoder.a(C:/Users/King/Downloads/Test/bindings/target/release/build/test-e198fae0ff031c3c/out/src/cpp/etc1_encoder.o):(.xdata[$unwind$encodeETC1]+0x14): undefined reference to `__GSHandlerCheck'
[INFO] [stdout]           /usr/bin/ld: /opt/rustwide/workdir/etc1_encoder/lib/release//libetc1_encoder.a(C:/Users/King/Downloads/Test/bindings/target/release/build/test-e198fae0ff031c3c/out/src/cpp/rg_etc1.o):(.xdata[$unwind$?unpack_etc1_block@rg_etc1@@YA_NPEBXPEAI_N@Z]+0x18): undefined reference to `__GSHandlerCheck'
[INFO] [stdout]           /usr/bin/ld: /opt/rustwide/workdir/etc1_encoder/lib/release//libetc1_encoder.a(C:/Users/King/Downloads/Test/bindings/target/release/build/test-e198fae0ff031c3c/out/src/cpp/rg_etc1.o):(.xdata[$unwind$?pack_etc1_block_init@rg_etc1@@YAXXZ]+0x20): undefined reference to `__GSHandlerCheck'
[INFO] [stdout]           /usr/bin/ld: /opt/rustwide/workdir/etc1_encoder/lib/release//libetc1_encoder.a(C:/Users/King/Downloads/Test/bindings/target/release/build/test-e198fae0ff031c3c/out/src/cpp/rg_etc1.o):(.xdata[$unwind$?pack_etc1_block@rg_etc1@@YAIPEAXPEBIAEAUetc1_pack_params@1@@Z]+0xc): undefined reference to `__GSHandlerCheck'
[INFO] [stdout]           /usr/bin/ld: /opt/rustwide/workdir/etc1_encoder/lib/release//libetc1_encoder.a(C:/Users/King/Downloads/Test/bindings/target/release/build/test-e198fae0ff031c3c/out/src/cpp/rg_etc1.o):(.xdata[$unwind$?init@etc1_optimizer@rg_etc1@@QEAAXAEBUparams@12@AEAUresults@12@@Z]+0x14): more undefined references to `__GSHandlerCheck' follow
[INFO] [stdout]           collect2: error: ld returned 1 exit status
[INFO] [stdout]           
[INFO] [stdout]   = help: some `extern` functions couldn't be found; some native libraries may need to be installed or have their path specified
[INFO] [stdout]   = note: use the `-l` flag to specify native libraries to link
[INFO] [stdout]   = note: use the `cargo:rustc-link-lib` directive to specify the native libraries to link with Cargo (see https://doc.rust-lang.org/cargo/reference/build-scripts.html#cargorustc-link-libkindname)
[INFO] [stdout] 
[INFO] [stdout] 
[INFO] [stdout] error: aborting due to previous error
[INFO] [stdout] 
[INFO] [stdout] 
[INFO] [stderr] The following warnings were emitted during compilation:
[INFO] [stderr] 
[INFO] [stderr] warning: etc1_encoder/src/rg_etc1.cpp:22: warning: ignoring #pragma warning  [-Wunknown-pragmas]
[INFO] [stderr] warning:    22 | #pragma warning (disable: 4201) //  nonstandard extension used : nameless struct/union
[INFO] [stderr] warning:       |
[INFO] [stderr] warning: etc1_encoder/src/rg_etc1.cpp: In function 'rg_etc1::uint rg_etc1::etc1_decode_value(rg_etc1::uint, rg_etc1::uint, rg_etc1::uint, rg_etc1::uint)':
[INFO] [stderr] warning: etc1_encoder/src/rg_etc1.cpp:1883:42: warning: statement has no effect [-Wunused-value]
[INFO] [stderr] warning:  1883 |       const uint limit = diff ? 32 : 16; limit;
[INFO] [stderr] warning:       |                                          ^~~~~
[INFO] [stderr] warning: etc1_encoder/src/rg_etc1.cpp: In function 'rg_etc1::uint64 rg_etc1::pack_etc1_block_solid_color(rg_etc1::etc1_block&, const uint8*, rg_etc1::etc1_pack_params&)':
[INFO] [stderr] warning: etc1_encoder/src/rg_etc1.cpp:1945:7: warning: statement has no effect [-Wunused-value]
[INFO] [stderr] warning:  1945 |       pack_params;
[INFO] [stderr] warning:       |       ^~~~~~~~~~~
[INFO] [stderr] warning: etc1_encoder/src/rg_etc1.cpp: In function 'rg_etc1::uint rg_etc1::pack_etc1_block_solid_color_constrained(rg_etc1::etc1_optimizer::results&, rg_etc1::uint, const uint8*, rg_etc1::etc1_pack_params&, bool, const rg_etc1::color_quad_u8*)':
[INFO] [stderr] warning: etc1_encoder/src/rg_etc1.cpp:2037:7: warning: statement has no effect [-Wunused-value]
[INFO] [stderr] warning:  2037 |       pack_params;
[INFO] [stderr] warning:       |       ^~~~~~~~~~~
[INFO] [stderr] warning: etc1_encoder/src/rg_etc1.cpp: In function 'void rg_etc1::dither_block_555(rg_etc1::color_quad_u8*, const rg_etc1::color_quad_u8*)':
[INFO] [stderr] warning: etc1_encoder/src/rg_etc1.cpp:2150:50: warning: 'void* memset(void*, int, size_t)' writing to an object of type 'struct rg_etc1::color_quad_u8' with no trivial copy-assignment [-Wclass-memaccess]
[INFO] [stderr] warning:  2150 |       memset(dest, 0xFF, sizeof(color_quad_u8)*16);
[INFO] [stderr] warning:       |                                                  ^
[INFO] [stderr] warning: etc1_encoder/src/rg_etc1.cpp:57:11: note: 'struct rg_etc1::color_quad_u8' declared here
[INFO] [stderr] warning:    57 |    struct color_quad_u8
[INFO] [stderr] warning:       |           ^~~~~~~~~~~~~
[INFO] [stderr] warning: In file included from etc1_encoder/src/rg_etc1.cpp:18:
[INFO] [stderr] warning: etc1_encoder/src/rg_etc1.cpp: In function 'unsigned int rg_etc1::pack_etc1_block(void*, const unsigned int*, rg_etc1::etc1_pack_params&)':
[INFO] [stderr] warning: etc1_encoder/src/rg_etc1.cpp:2367:94: warning: suggest parentheses around '&&' within '||' [-Wparentheses]
[INFO] [stderr] warning:  2367 |       RG_ETC1_ASSERT(best_use_color4 || (rg_etc1::minimum(dr, dg, db) >= cETC1ColorDeltaMin) && (rg_etc1::maximum(dr, dg, db) <= cETC1ColorDeltaMax));
[INFO] [stderr] warning:       |                                         ~~~~~~~~~~~~~~~~~~~~~~~~~~~~~~~~~~~~~~~~~~~~~~~~~~~~~^~~~~~~~~~~~~~~~~~~~~~~~~~~~~~~~~~~~~~~~~~~~~~~~~~~~~~~
[INFO] [stderr] warning: etc1_encoder/src/rg_etc1.cpp:2367:7: note: in expansion of macro 'RG_ETC1_ASSERT'
[INFO] [stderr] warning:  2367 |       RG_ETC1_ASSERT(best_use_color4 || (rg_etc1::minimum(dr, dg, db) >= cETC1ColorDeltaMin) && (rg_etc1::maximum(dr, dg, db) <= cETC1ColorDeltaMax));
[INFO] [stderr] warning:       |       ^~~~~~~~~~~~~~
[INFO] [stderr] warning: etc1_encoder/src/rg_etc1.cpp:2377:10: warning: this 'if' clause does not guard... [-Wmisleading-indentation]
[INFO] [stderr] warning:  2377 |          if (dr < 0) dr += 8; dst_block.m_bytes[0] = static_cast<uint8>((best_results[0].m_block_color_unscaled.r << 3) | dr);
[INFO] [stderr] warning:       |          ^~
[INFO] [stderr] warning: etc1_encoder/src/rg_etc1.cpp:2377:31: note: ...this statement, but the latter is misleadingly indented as if it were guarded by the 'if'
[INFO] [stderr] warning:  2377 |          if (dr < 0) dr += 8; dst_block.m_bytes[0] = static_cast<uint8>((best_results[0].m_block_color_unscaled.r << 3) | dr);
[INFO] [stderr] warning:       |                               ^~~~~~~~~
[INFO] [stderr] warning: etc1_encoder/src/rg_etc1.cpp:2378:10: warning: this 'if' clause does not guard... [-Wmisleading-indentation]
[INFO] [stderr] warning:  2378 |          if (dg < 0) dg += 8; dst_block.m_bytes[1] = static_cast<uint8>((best_results[0].m_block_color_unscaled.g << 3) | dg);
[INFO] [stderr] warning:       |          ^~
[INFO] [stderr] warning: etc1_encoder/src/rg_etc1.cpp:2378:31: note: ...this statement, but the latter is misleadingly indented as if it were guarded by the 'if'
[INFO] [stderr] warning:  2378 |          if (dg < 0) dg += 8; dst_block.m_bytes[1] = static_cast<uint8>((best_results[0].m_block_color_unscaled.g << 3) | dg);
[INFO] [stderr] warning:       |                               ^~~~~~~~~
[INFO] [stderr] warning: etc1_encoder/src/rg_etc1.cpp:2379:10: warning: this 'if' clause does not guard... [-Wmisleading-indentation]
[INFO] [stderr] warning:  2379 |          if (db < 0) db += 8; dst_block.m_bytes[2] = static_cast<uint8>((best_results[0].m_block_color_unscaled.b << 3) | db);
[INFO] [stderr] warning:       |          ^~
[INFO] [stderr] warning: etc1_encoder/src/rg_etc1.cpp:2379:31: note: ...this statement, but the latter is misleadingly indented as if it were guarded by the 'if'
[INFO] [stderr] warning:  2379 |          if (db < 0) db += 8; dst_block.m_bytes[2] = static_cast<uint8>((best_results[0].m_block_color_unscaled.b << 3) | db);
[INFO] [stderr] warning:       |                               ^~~~~~~~~
[INFO] [stderr] warning: etc1_encoder/src/etc1_encoder.cpp: In function 'void encodeETC1Block(int, int, const uint8_t*, uint8_t*)':
[INFO] [stderr] warning: etc1_encoder/src/etc1_encoder.cpp:65:9: error: 'memcpy' is not a member of 'std'
[INFO] [stderr] warning:    65 |    std::memcpy(ptrOut, &block, 8);
[INFO] [stderr] warning:       |         ^~~~~~
[INFO] [stderr] warning: etc1_encoder/src/etc1_encoder.cpp:70:11: error: '_byteswap_uint64' was not declared in this scope
[INFO] [stderr] warning:    70 |   block = _byteswap_uint64(block);
[INFO] [stderr] warning:       |           ^~~~~~~~~~~~~~~~
[INFO] [stderr] warning: etc1_encoder/src/etc1_encoder.cpp:71:8: error: 'memcpy' is not a member of 'std'
[INFO] [stderr] warning:    71 |   std::memcpy(ptrOut, &block, 8);
[INFO] [stderr] warning:       |        ^~~~~~
[INFO] [stderr] 
[INFO] [stderr] error: could not compile `ctr_etc1` due to 2 previous errors
[INFO] running `Command { std: "docker" "inspect" "322fc5fb010fabab43ac758f19f9375ae6f55d1b5fd91817332a2ab9e3fab27e", kill_on_drop: false }`
[INFO] running `Command { std: "docker" "rm" "-f" "322fc5fb010fabab43ac758f19f9375ae6f55d1b5fd91817332a2ab9e3fab27e", kill_on_drop: false }`
[INFO] [stdout] 322fc5fb010fabab43ac758f19f9375ae6f55d1b5fd91817332a2ab9e3fab27e
