[INFO] fetching crate cryiorust 0.4.2...
[INFO] testing cryiorust-0.4.2 against 1.54.0 for beta-1.55-1
[INFO] extracting crate cryiorust 0.4.2 into /workspace/builds/worker-11/source
[INFO] validating manifest of crates.io crate cryiorust 0.4.2 on toolchain 1.54.0
[INFO] running `Command { std: "/workspace/cargo-home/bin/cargo" "+1.54.0" "metadata" "--manifest-path" "Cargo.toml" "--no-deps", kill_on_drop: false }`
[INFO] started tweaking crates.io crate cryiorust 0.4.2
[INFO] finished tweaking crates.io crate cryiorust 0.4.2
[INFO] tweaked toml for crates.io crate cryiorust 0.4.2 written to /workspace/builds/worker-11/source/Cargo.toml
[INFO] running `Command { std: "/workspace/cargo-home/bin/cargo" "+1.54.0" "generate-lockfile" "--manifest-path" "Cargo.toml" "-Zno-index-update", kill_on_drop: false }`
[INFO] running `Command { std: "/workspace/cargo-home/bin/cargo" "+1.54.0" "fetch" "--manifest-path" "Cargo.toml", kill_on_drop: false }`
[INFO] running `Command { std: "docker" "create" "-v" "/var/lib/crater-agent-workspace/builds/worker-11/target:/opt/rustwide/target:rw,Z" "-v" "/var/lib/crater-agent-workspace/builds/worker-11/source:/opt/rustwide/workdir:ro,Z" "-v" "/var/lib/crater-agent-workspace/cargo-home:/opt/rustwide/cargo-home:ro,Z" "-v" "/var/lib/crater-agent-workspace/rustup-home:/opt/rustwide/rustup-home:ro,Z" "-e" "SOURCE_DIR=/opt/rustwide/workdir" "-e" "CARGO_TARGET_DIR=/opt/rustwide/target" "-e" "CARGO_HOME=/opt/rustwide/cargo-home" "-e" "RUSTUP_HOME=/opt/rustwide/rustup-home" "-w" "/opt/rustwide/workdir" "-m" "1610612736" "--user" "0:0" "--network" "none" "ghcr.io/rust-lang/crates-build-env/linux@sha256:34b6a614d2c27851fe6cbf88fbd1137609cefab8b10d0615aaeb6fd47975d74e" "/opt/rustwide/cargo-home/bin/cargo" "+1.54.0" "metadata" "--no-deps" "--format-version=1", kill_on_drop: false }`
[INFO] [stdout] 852a1e6f5e8702102f28003cfcb25cede3d1e1046e587152c6aa234712ad3094
[INFO] running `Command { std: "docker" "start" "-a" "852a1e6f5e8702102f28003cfcb25cede3d1e1046e587152c6aa234712ad3094", kill_on_drop: false }`
[INFO] running `Command { std: "docker" "inspect" "852a1e6f5e8702102f28003cfcb25cede3d1e1046e587152c6aa234712ad3094", kill_on_drop: false }`
[INFO] running `Command { std: "docker" "rm" "-f" "852a1e6f5e8702102f28003cfcb25cede3d1e1046e587152c6aa234712ad3094", kill_on_drop: false }`
[INFO] [stdout] 852a1e6f5e8702102f28003cfcb25cede3d1e1046e587152c6aa234712ad3094
[INFO] running `Command { std: "docker" "create" "-v" "/var/lib/crater-agent-workspace/builds/worker-11/target:/opt/rustwide/target:rw,Z" "-v" "/var/lib/crater-agent-workspace/builds/worker-11/source:/opt/rustwide/workdir:ro,Z" "-v" "/var/lib/crater-agent-workspace/cargo-home:/opt/rustwide/cargo-home:ro,Z" "-v" "/var/lib/crater-agent-workspace/rustup-home:/opt/rustwide/rustup-home:ro,Z" "-e" "SOURCE_DIR=/opt/rustwide/workdir" "-e" "CARGO_TARGET_DIR=/opt/rustwide/target" "-e" "CARGO_INCREMENTAL=0" "-e" "RUST_BACKTRACE=full" "-e" "RUSTFLAGS=--cap-lints=warn" "-e" "CARGO_HOME=/opt/rustwide/cargo-home" "-e" "RUSTUP_HOME=/opt/rustwide/rustup-home" "-w" "/opt/rustwide/workdir" "-m" "1610612736" "--user" "0:0" "--network" "none" "ghcr.io/rust-lang/crates-build-env/linux@sha256:34b6a614d2c27851fe6cbf88fbd1137609cefab8b10d0615aaeb6fd47975d74e" "/opt/rustwide/cargo-home/bin/cargo" "+1.54.0" "build" "--frozen" "--message-format=json", kill_on_drop: false }`
[INFO] [stdout] 8e3f0e6cd40a652f91ef42cbddd502f67b4f17fc6763776daadec3d2390bdd0a
[INFO] running `Command { std: "docker" "start" "-a" "8e3f0e6cd40a652f91ef42cbddd502f67b4f17fc6763776daadec3d2390bdd0a", kill_on_drop: false }`
[INFO] [stderr]    Compiling memchr v2.3.4
[INFO] [stderr]    Compiling syn v1.0.74
[INFO] [stderr]    Compiling scopeguard v1.1.0
[INFO] [stderr]    Compiling ndarray v0.14.0
[INFO] [stderr]    Compiling askama_escape v0.10.1
[INFO] [stderr]    Compiling rawpointer v0.2.1
[INFO] [stderr]    Compiling humansize v1.1.1
[INFO] [stderr]    Compiling ascii v1.0.0
[INFO] [stderr]    Compiling hdf5 v0.7.1
[INFO] [stderr]    Compiling jpeg-decoder v0.1.22
[INFO] [stderr]    Compiling weezl v0.1.5
[INFO] [stderr]    Compiling reinterpret v0.2.1
[INFO] [stderr]    Compiling md5 v0.7.0
[INFO] [stderr]    Compiling num-traits v0.2.14
[INFO] [stderr]    Compiling libloading v0.6.7
[INFO] [stderr]    Compiling nom v6.2.1
[INFO] [stderr]    Compiling num-integer v0.1.44
[INFO] [stderr]    Compiling instant v0.1.10
[INFO] [stderr]    Compiling jobserver v0.1.23
[INFO] [stderr]    Compiling time v0.1.43
[INFO] [stderr]    Compiling flate2 v1.0.20
[INFO] [stderr]    Compiling parking_lot_core v0.8.3
[INFO] [stderr]    Compiling matrixmultiply v0.2.4
[INFO] [stderr]    Compiling lock_api v0.4.4
[INFO] [stderr]    Compiling cc v1.0.69
[INFO] [stderr]    Compiling tiff v0.7.0
[INFO] [stderr]    Compiling parking_lot v0.11.1
[INFO] [stderr]    Compiling aho-corasick v0.7.15
[INFO] [stderr]    Compiling cmake v0.1.45
[INFO] [stderr]    Compiling hdf5-src v0.7.1
[INFO] [stderr]    Compiling hdf5-bitshuffle v0.2.0
[INFO] [stderr]    Compiling regex v1.4.6
[INFO] [stderr]    Compiling hdf5-types v0.7.1
[INFO] [stderr]    Compiling num-complex v0.3.1
[INFO] [stderr]    Compiling chrono v0.4.19
[INFO] [stderr]    Compiling hdf5-sys v0.7.1
[INFO] [stderr]    Compiling serde_derive v1.0.127
[INFO] [stderr]    Compiling hdf5-derive v0.7.1
[INFO] [stderr]    Compiling cryiorust_derive v0.4.0
[INFO] [stderr]    Compiling serde v1.0.127
[INFO] [stderr]    Compiling toml v0.5.8
[INFO] [stderr]    Compiling askama_shared v0.11.1
[INFO] [stderr]    Compiling askama_derive v0.10.5
[INFO] [stderr]    Compiling askama v0.10.5
[INFO] [stderr] error: failed to run custom build command for `hdf5-src v0.7.1`
[INFO] [stderr] 
[INFO] [stderr] Caused by:
[INFO] [stderr]   process didn't exit successfully: `/opt/rustwide/target/debug/build/hdf5-src-d722fe8d007b3627/build-script-build` (exit status: 101)
[INFO] [stderr]   --- stdout
[INFO] [stderr]   cargo:rerun-if-changed=build.rs
[INFO] [stderr]   running: "cmake" "/opt/rustwide/cargo-home/registry/src/github.com-1ecc6299db9ec823/hdf5-src-0.7.1/ext/hdf5" "-DHDF5_NO_PACKAGES=ON" "-DBUILD_SHARED_LIBS=OFF" "-DBUILD_TESTING=OFF" "-DHDF5_BUILD_TOOLS=OFF" "-DHDF5_BUILD_EXAMPLES=OFF" "-DHDF5_BUILD_JAVA=OFF" "-DHDF5_BUILD_FORTRAN=OFF" "-DHDF5_BUILD_CPP_LIB=OFF" "-DHDF5_ENABLE_PARALLEL=OFF" "-DHDF5_ENABLE_DEPRECATED_SYMBOLS=OFF" "-DHDF5_ENABLE_THREADSAFE=OFF" "-DALLOW_UNSUPPORTED=OFF" "-DHDF5_BUILD_HL_LIB=OFF" "-DHDF5_ENABLE_DEPRECATED_SYMBOLS=ON" "-DHDF5_ENABLE_THREADSAFE=ON" "-DCMAKE_INSTALL_PREFIX=/opt/rustwide/target/debug/build/hdf5-src-d9bf928d03ea1c2a/out" "-DCMAKE_C_FLAGS= -ffunction-sections -fdata-sections -fPIC -m64" "-DCMAKE_C_COMPILER=/usr/bin/cc" "-DCMAKE_CXX_FLAGS= -ffunction-sections -fdata-sections -fPIC -m64" "-DCMAKE_CXX_COMPILER=/usr/bin/c++" "-DCMAKE_ASM_FLAGS= -ffunction-sections -fdata-sections -fPIC -m64" "-DCMAKE_ASM_COMPILER=/usr/bin/cc" "-DCMAKE_BUILD_TYPE=Debug"
[INFO] [stderr]   -- The C compiler identification is GNU 9.3.0
[INFO] [stderr]   -- Check for working C compiler: /usr/bin/cc
[INFO] [stderr]   -- Check for working C compiler: /usr/bin/cc -- works
[INFO] [stderr]   -- Detecting C compiler ABI info
[INFO] [stderr]   -- Detecting C compiler ABI info - done
[INFO] [stderr]   -- Detecting C compile features
[INFO] [stderr]   -- Detecting C compile features - done
[INFO] [stderr]   -- SOVERSION: 103.2.0
[INFO] [stderr]   -- SOVERSION_TOOLS: 100.1.3
[INFO] [stderr]   -- SOVERSION_CXX: 103.2.0
[INFO] [stderr]   -- SOVERSION_F: 102.0.1
[INFO] [stderr]   -- SOVERSION_HL: 100.1.3
[INFO] [stderr]   -- SOVERSION_HL_CXX: 100.1.4
[INFO] [stderr]   -- SOVERSION_HL_F: 100.0.5
[INFO] [stderr]   -- SOVERSION_JAVA: 100.4.1
[INFO] [stderr]   -- Check if the system is big endian
[INFO] [stderr]   -- Searching 16 bit integer
[INFO] [stderr]   -- Looking for sys/types.h
[INFO] [stderr]   -- Looking for sys/types.h - found
[INFO] [stderr]   -- Looking for stdint.h
[INFO] [stderr]   -- Looking for stdint.h - found
[INFO] [stderr]   -- Looking for stddef.h
[INFO] [stderr]   -- Looking for stddef.h - found
[INFO] [stderr]   -- Check size of unsigned short
[INFO] [stderr]   -- Check size of unsigned short - done
[INFO] [stderr]   -- Using unsigned short
[INFO] [stderr]   -- Check if the system is big endian - little endian
[INFO] [stderr]   -- Looking for include file sys/file.h
[INFO] [stderr]   -- Looking for include file sys/file.h - found
[INFO] [stderr]   -- Looking for include files sys/file.h, sys/ioctl.h
[INFO] [stderr]   -- Looking for include files sys/file.h, sys/ioctl.h - found
[INFO] [stderr]   -- Looking for 3 include files sys/file.h, ..., sys/resource.h
[INFO] [stderr]   -- Looking for 3 include files sys/file.h, ..., sys/resource.h - found
[INFO] [stderr]   -- Looking for 4 include files sys/file.h, ..., sys/socket.h
[INFO] [stderr]   -- Looking for 4 include files sys/file.h, ..., sys/socket.h - found
[INFO] [stderr]   -- Looking for 5 include files sys/file.h, ..., sys/stat.h
[INFO] [stderr]   -- Looking for 5 include files sys/file.h, ..., sys/stat.h - found
[INFO] [stderr]   -- Looking for 6 include files sys/file.h, ..., sys/time.h
[INFO] [stderr]   -- Looking for 6 include files sys/file.h, ..., sys/time.h - found
[INFO] [stderr]   -- Looking for 7 include files sys/file.h, ..., sys/types.h
[INFO] [stderr]   -- Looking for 7 include files sys/file.h, ..., sys/types.h - found
[INFO] [stderr]   -- Looking for 8 include files sys/file.h, ..., features.h
[INFO] [stderr]   -- Looking for 8 include files sys/file.h, ..., features.h - found
[INFO] [stderr]   -- Looking for 9 include files sys/file.h, ..., dirent.h
[INFO] [stderr]   -- Looking for 9 include files sys/file.h, ..., dirent.h - found
[INFO] [stderr]   -- Looking for 10 include files sys/file.h, ..., setjmp.h
[INFO] [stderr]   -- Looking for 10 include files sys/file.h, ..., setjmp.h - found
[INFO] [stderr]   -- Looking for 11 include files sys/file.h, ..., stddef.h
[INFO] [stderr]   -- Looking for 11 include files sys/file.h, ..., stddef.h - found
[INFO] [stderr]   -- Looking for 12 include files sys/file.h, ..., stdint.h
[INFO] [stderr]   -- Looking for 12 include files sys/file.h, ..., stdint.h - found
[INFO] [stderr]   -- Looking for 13 include files sys/file.h, ..., unistd.h
[INFO] [stderr]   -- Looking for 13 include files sys/file.h, ..., unistd.h - found
[INFO] [stderr]   -- Looking for 14 include files sys/file.h, ..., mach/mach_time.h
[INFO] [stderr]   -- Looking for 14 include files sys/file.h, ..., mach/mach_time.h - not found
[INFO] [stderr]   -- Looking for 14 include files sys/file.h, ..., io.h
[INFO] [stderr]   -- Looking for 14 include files sys/file.h, ..., io.h - not found
[INFO] [stderr]   -- Looking for 14 include files sys/file.h, ..., winsock2.h
[INFO] [stderr]   -- Looking for 14 include files sys/file.h, ..., winsock2.h - not found
[INFO] [stderr]   -- Looking for 14 include files sys/file.h, ..., sys/timeb.h
[INFO] [stderr]   -- Looking for 14 include files sys/file.h, ..., sys/timeb.h - found
[INFO] [stderr]   -- Looking for 15 include files sys/file.h, ..., globus/common.h
[INFO] [stderr]   -- Looking for 15 include files sys/file.h, ..., globus/common.h - not found
[INFO] [stderr]   -- Looking for 15 include files sys/file.h, ..., pdb.h
[INFO] [stderr]   -- Looking for 15 include files sys/file.h, ..., pdb.h - not found
[INFO] [stderr]   -- Looking for 15 include files sys/file.h, ..., pthread.h
[INFO] [stderr]   -- Looking for 15 include files sys/file.h, ..., pthread.h - found
[INFO] [stderr]   -- Looking for 16 include files sys/file.h, ..., srbclient.h
[INFO] [stderr]   -- Looking for 16 include files sys/file.h, ..., srbclient.h - not found
[INFO] [stderr]   -- Looking for 16 include files sys/file.h, ..., string.h
[INFO] [stderr]   -- Looking for 16 include files sys/file.h, ..., string.h - found
[INFO] [stderr]   -- Looking for 17 include files sys/file.h, ..., strings.h
[INFO] [stderr]   -- Looking for 17 include files sys/file.h, ..., strings.h - found
[INFO] [stderr]   -- Looking for 18 include files sys/file.h, ..., stdlib.h
[INFO] [stderr]   -- Looking for 18 include files sys/file.h, ..., stdlib.h - found
[INFO] [stderr]   -- Looking for 19 include files sys/file.h, ..., memory.h
[INFO] [stderr]   -- Looking for 19 include files sys/file.h, ..., memory.h - found
[INFO] [stderr]   -- Looking for 20 include files sys/file.h, ..., dlfcn.h
[INFO] [stderr]   -- Looking for 20 include files sys/file.h, ..., dlfcn.h - found
[INFO] [stderr]   -- Looking for 21 include files sys/file.h, ..., inttypes.h
[INFO] [stderr]   -- Looking for 21 include files sys/file.h, ..., inttypes.h - found
[INFO] [stderr]   -- Looking for 22 include files sys/file.h, ..., netinet/in.h
[INFO] [stderr]   -- Looking for 22 include files sys/file.h, ..., netinet/in.h - found
[INFO] [stderr]   -- Looking for 23 include files sys/file.h, ..., stdbool.h
[INFO] [stderr]   -- Looking for 23 include files sys/file.h, ..., stdbool.h - found
[INFO] [stderr]   -- Looking for include file quadmath.h
[INFO] [stderr]   -- Looking for include file quadmath.h - found
[INFO] [stderr]   -- Looking for ceil in m;
[INFO] [stderr]   -- Looking for ceil in m; - found
[INFO] [stderr]   -- Looking for dlopen in dl;m
[INFO] [stderr]   -- Looking for dlopen in dl;m - found
[INFO] [stderr]   -- Looking for WSAStartup in ws2_32;m;dl
[INFO] [stderr]   -- Looking for WSAStartup in ws2_32;m;dl - not found
[INFO] [stderr]   -- Looking for gethostbyname in wsock32;m;dl
[INFO] [stderr]   -- Looking for gethostbyname in wsock32;m;dl - not found
[INFO] [stderr]   -- Looking for gethostname in ucb;m;dl
[INFO] [stderr]   -- Looking for gethostname in ucb;m;dl - not found
[INFO] [stderr]   -- Performing Other Test STDC_HEADERS - Success
[INFO] [stderr]   -- Performing TEST_LFS_WORKS... yes
[INFO] [stderr]   -- Performing Other Test HAVE_OFF64_T - Success
[INFO] [stderr]   -- Looking for lseek64
[INFO] [stderr]   -- Looking for lseek64 - found
[INFO] [stderr]   -- Looking for fseeko
[INFO] [stderr]   -- Looking for fseeko - found
[INFO] [stderr]   -- Performing Other Test HAVE_STAT64_STRUCT - Success
[INFO] [stderr]   -- Looking for stat64
[INFO] [stderr]   -- Looking for stat64 - found
[INFO] [stderr]   -- Check size of char
[INFO] [stderr]   -- Check size of char - done
[INFO] [stderr]   -- Check size of short
[INFO] [stderr]   -- Check size of short - done
[INFO] [stderr]   -- Check size of int
[INFO] [stderr]   -- Check size of int - done
[INFO] [stderr]   -- Check size of unsigned
[INFO] [stderr]   -- Check size of unsigned - done
[INFO] [stderr]   -- Check size of long
[INFO] [stderr]   -- Check size of long - done
[INFO] [stderr]   -- Check size of long long
[INFO] [stderr]   -- Check size of long long - done
[INFO] [stderr]   -- Check size of __int64
[INFO] [stderr]   -- Check size of __int64 - failed
[INFO] [stderr]   -- Check size of float
[INFO] [stderr]   -- Check size of float - done
[INFO] [stderr]   -- Check size of double
[INFO] [stderr]   -- Check size of double - done
[INFO] [stderr]   -- Check size of long double
[INFO] [stderr]   -- Check size of long double - done
[INFO] [stderr]   -- Check size of int8_t
[INFO] [stderr]   -- Check size of int8_t - done
[INFO] [stderr]   -- Check size of uint8_t
[INFO] [stderr]   -- Check size of uint8_t - done
[INFO] [stderr]   -- Check size of int_least8_t
[INFO] [stderr]   -- Check size of int_least8_t - done
[INFO] [stderr]   -- Check size of uint_least8_t
[INFO] [stderr]   -- Check size of uint_least8_t - done
[INFO] [stderr]   -- Check size of int_fast8_t
[INFO] [stderr]   -- Check size of int_fast8_t - done
[INFO] [stderr]   -- Check size of uint_fast8_t
[INFO] [stderr]   -- Check size of uint_fast8_t - done
[INFO] [stderr]   -- Check size of int16_t
[INFO] [stderr]   -- Check size of int16_t - done
[INFO] [stderr]   -- Check size of uint16_t
[INFO] [stderr]   -- Check size of uint16_t - done
[INFO] [stderr]   -- Check size of int_least16_t
[INFO] [stderr]   -- Check size of int_least16_t - done
[INFO] [stderr]   -- Check size of uint_least16_t
[INFO] [stderr]   -- Check size of uint_least16_t - done
[INFO] [stderr]   -- Check size of int_fast16_t
[INFO] [stderr]   -- Check size of int_fast16_t - done
[INFO] [stderr]   -- Check size of uint_fast16_t
[INFO] [stderr]   -- Check size of uint_fast16_t - done
[INFO] [stderr]   -- Check size of int32_t
[INFO] [stderr]   -- Check size of int32_t - done
[INFO] [stderr]   -- Check size of uint32_t
[INFO] [stderr]   -- Check size of uint32_t - done
[INFO] [stderr]   -- Check size of int_least32_t
[INFO] [stderr]   -- Check size of int_least32_t - done
[INFO] [stderr]   -- Check size of uint_least32_t
[INFO] [stderr]   -- Check size of uint_least32_t - done
[INFO] [stderr]   -- Check size of int_fast32_t
[INFO] [stderr]   -- Check size of int_fast32_t - done
[INFO] [stderr]   -- Check size of uint_fast32_t
[INFO] [stderr]   -- Check size of uint_fast32_t - done
[INFO] [stderr]   -- Check size of int64_t
[INFO] [stderr]   -- Check size of int64_t - done
[INFO] [stderr]   -- Check size of uint64_t
[INFO] [stderr]   -- Check size of uint64_t - done
[INFO] [stderr]   -- Check size of int_least64_t
[INFO] [stderr]   -- Check size of int_least64_t - done
[INFO] [stderr]   -- Check size of uint_least64_t
[INFO] [stderr]   -- Check size of uint_least64_t - done
[INFO] [stderr]   -- Check size of int_fast64_t
[INFO] [stderr]   -- Check size of int_fast64_t - done
[INFO] [stderr]   -- Check size of uint_fast64_t
[INFO] [stderr]   -- Check size of uint_fast64_t - done
[INFO] [stderr]   -- Check size of size_t
[INFO] [stderr]   -- Check size of size_t - done
[INFO] [stderr]   -- Check size of ssize_t
[INFO] [stderr]   -- Check size of ssize_t - done
[INFO] [stderr]   -- Check size of ptrdiff_t
[INFO] [stderr]   -- Check size of ptrdiff_t - done
[INFO] [stderr]   -- Check size of off_t
[INFO] [stderr]   -- Check size of off_t - done
[INFO] [stderr]   -- Check size of off64_t
[INFO] [stderr]   -- Check size of off64_t - done
[INFO] [stderr]   -- Check size of time_t
[INFO] [stderr]   -- Check size of time_t - done
[INFO] [stderr]   -- Check size of _Bool
[INFO] [stderr]   -- Check size of _Bool - done
[INFO] [stderr]   -- Performing Other Test DEV_T_IS_SCALAR - Success
[INFO] [stderr]   -- Looking for CLOCK_MONOTONIC
[INFO] [stderr]   -- Looking for CLOCK_MONOTONIC - not found
[INFO] [stderr]   -- Looking for gettimeofday
[INFO] [stderr]   -- Looking for gettimeofday - found
[INFO] [stderr]   -- Performing Other Test HAVE_TM_GMTOFF - Success
[INFO] [stderr]   -- Performing Other Test HAVE___TM_GMTOFF - Failed
[INFO] [stderr]   -- Performing Other Test HAVE_STRUCT_TIMEZONE - Success
[INFO] [stderr]   -- Performing Other Test GETTIMEOFDAY_GIVES_TZ - Success
[INFO] [stderr]   -- Performing Other Test TIME_WITH_SYS_TIME - Success
[INFO] [stderr]   -- Performing Other Test HAVE_TM_ZONE - Failed
[INFO] [stderr]   -- Performing Other Test HAVE_STRUCT_TM_TM_ZONE - Failed
[INFO] [stderr]   -- Performing Other Test HAVE_TIMEZONE - Success
[INFO] [stderr]   -- Performing Other Test HAVE_STAT_ST_BLOCKS - Success
[INFO] [stderr]   -- Looking for ioctl
[INFO] [stderr]   -- Looking for ioctl - found
[INFO] [stderr]   -- Performing Other Test HAVE_STRUCT_VIDEOCONFIG - Failed
[INFO] [stderr]   -- Performing Other Test HAVE_STRUCT_TEXT_INFO - Failed
[INFO] [stderr]   -- Looking for _getvideoconfig
[INFO] [stderr]   -- Looking for _getvideoconfig - not found
[INFO] [stderr]   -- Looking for gettextinfo
[INFO] [stderr]   -- Looking for gettextinfo - not found
[INFO] [stderr]   -- Looking for _scrsize
[INFO] [stderr]   -- Looking for _scrsize - not found
[INFO] [stderr]   -- Looking for GetConsoleScreenBufferInfo
[INFO] [stderr]   -- Looking for GetConsoleScreenBufferInfo - not found
[INFO] [stderr]   -- Looking for TIOCGWINSZ
[INFO] [stderr]   -- Looking for TIOCGWINSZ - found
[INFO] [stderr]   -- Looking for TIOCGETD
[INFO] [stderr]   -- Looking for TIOCGETD - found
[INFO] [stderr]   -- Looking for getpwuid
[INFO] [stderr]   -- Looking for getpwuid - found
[INFO] [stderr]   -- Looking for alarm
[INFO] [stderr]   -- Looking for alarm - found
[INFO] [stderr]   -- Looking for fcntl
[INFO] [stderr]   -- Looking for fcntl - found
[INFO] [stderr]   -- Looking for flock
[INFO] [stderr]   -- Looking for flock - found
[INFO] [stderr]   -- Looking for fork
[INFO] [stderr]   -- Looking for fork - found
[INFO] [stderr]   -- Looking for frexpf
[INFO] [stderr]   -- Looking for frexpf - found
[INFO] [stderr]   -- Looking for frexpl
[INFO] [stderr]   -- Looking for frexpl - found
[INFO] [stderr]   -- Looking for gethostname
[INFO] [stderr]   -- Looking for gethostname - found
[INFO] [stderr]   -- Looking for getrusage
[INFO] [stderr]   -- Looking for getrusage - found
[INFO] [stderr]   -- Looking for llround
[INFO] [stderr]   -- Looking for llround - not found
[INFO] [stderr]   -- Looking for llroundf
[INFO] [stderr]   -- Looking for llroundf - not found
[INFO] [stderr]   -- Looking for lround
[INFO] [stderr]   -- Looking for lround - not found
[INFO] [stderr]   -- Looking for lroundf
[INFO] [stderr]   -- Looking for lroundf - not found
[INFO] [stderr]   -- Looking for lstat
[INFO] [stderr]   -- Looking for lstat - found
[INFO] [stderr]   -- Looking for pread
[INFO] [stderr]   -- Looking for pread - found
[INFO] [stderr]   -- Looking for pwrite
[INFO] [stderr]   -- Looking for pwrite - found
[INFO] [stderr]   -- Looking for rand_r
[INFO] [stderr]   -- Looking for rand_r - found
[INFO] [stderr]   -- Looking for random
[INFO] [stderr]   -- Looking for random - found
[INFO] [stderr]   -- Looking for round
[INFO] [stderr]   -- Looking for round - not found
[INFO] [stderr]   -- Looking for roundf
[INFO] [stderr]   -- Looking for roundf - not found
[INFO] [stderr]   -- Looking for setsysinfo
[INFO] [stderr]   -- Looking for setsysinfo - not found
[INFO] [stderr]   -- Looking for signal
[INFO] [stderr]   -- Looking for signal - found
[INFO] [stderr]   -- Looking for longjmp
[INFO] [stderr]   -- Looking for longjmp - found
[INFO] [stderr]   -- Looking for setjmp
[INFO] [stderr]   -- Looking for setjmp - found
[INFO] [stderr]   -- Looking for siglongjmp
[INFO] [stderr]   -- Looking for siglongjmp - found
[INFO] [stderr]   -- Looking for sigsetjmp
[INFO] [stderr]   -- Looking for sigsetjmp - not found
[INFO] [stderr]   -- Looking for sigprocmask
[INFO] [stderr]   -- Looking for sigprocmask - found
[INFO] [stderr]   -- Looking for snprintf
[INFO] [stderr]   -- Looking for snprintf - found
[INFO] [stderr]   -- Looking for srandom
[INFO] [stderr]   -- Looking for srandom - found
[INFO] [stderr]   -- Looking for strdup
[INFO] [stderr]   -- Looking for strdup - found
[INFO] [stderr]   -- Looking for strtoll
[INFO] [stderr]   -- Looking for strtoll - found
[INFO] [stderr]   -- Looking for strtoull
[INFO] [stderr]   -- Looking for strtoull - found
[INFO] [stderr]   -- Looking for symlink
[INFO] [stderr]   -- Looking for symlink - found
[INFO] [stderr]   -- Looking for system
[INFO] [stderr]   -- Looking for system - found
[INFO] [stderr]   -- Looking for tmpfile
[INFO] [stderr]   -- Looking for tmpfile - found
[INFO] [stderr]   -- Looking for asprintf
[INFO] [stderr]   -- Looking for asprintf - found
[INFO] [stderr]   -- Looking for vasprintf
[INFO] [stderr]   -- Looking for vasprintf - found
[INFO] [stderr]   -- Looking for waitpid
[INFO] [stderr]   -- Looking for waitpid - found
[INFO] [stderr]   -- Looking for vsnprintf
[INFO] [stderr]   -- Looking for vsnprintf - found
[INFO] [stderr]   -- Performing Other Test VSNPRINTF_WORKS - Success
[INFO] [stderr]   -- Looking for sigsetjmp
[INFO] [stderr]   -- Looking for sigsetjmp - found
[INFO] [stderr]   -- Performing Other Test HAVE_ATTRIBUTE - Success
[INFO] [stderr]   -- Performing Other Test HAVE_C99_FUNC - Success
[INFO] [stderr]   -- Performing Other Test HAVE_FUNCTION - Success
[INFO] [stderr]   -- Performing Other Test HAVE_C99_DESIGNATED_INITIALIZER - Success
[INFO] [stderr]   -- Performing Other Test SYSTEM_SCOPE_THREADS - Success
[INFO] [stderr]   -- Performing Other Test HAVE_SOCKLEN_T - Success
[INFO] [stderr]   -- Performing Other Test HAVE_INLINE - Success
[INFO] [stderr]   -- Performing Other Test HAVE___INLINE__ - Success
[INFO] [stderr]   -- Performing Other Test HAVE___INLINE - Success
[INFO] [stderr]   -- Checking for appropriate format for 64 bit long:
[INFO] [stderr]   -- Checking for appropriate format for 64 bit long: found "l"
[INFO] [stderr]   -- Looking for difftime
[INFO] [stderr]   -- Looking for difftime - found
[INFO] [stderr]   -- Looking for clock_gettime
[INFO] [stderr]   -- Looking for clock_gettime - found
[INFO] [stderr]   -- Looking for clock_gettime in rt
[INFO] [stderr]   -- Looking for clock_gettime in rt - found
[INFO] [stderr]   -- Looking for clock_gettime in posix4
[INFO] [stderr]   -- Looking for clock_gettime in posix4 - not found
[INFO] [stderr]   -- Check size of __float128
[INFO] [stderr]   -- Check size of __float128 - done
[INFO] [stderr]   -- Check size of _Quad
[INFO] [stderr]   -- Check size of _Quad - failed
[INFO] [stderr]   -- Checking IF your system converts long double to (unsigned) long values with special algorithm... no
[INFO] [stderr]   -- Checking IF your system can convert (unsigned) long to long double values with special algorithm... no
[INFO] [stderr]   -- Checking IF correctly converting long double to (unsigned) long long values... yes
[INFO] [stderr]   -- Checking IF correctly converting (unsigned) long long to long double values... yes
[INFO] [stderr]   -- Checking IF the cpu is power9 and cannot correctly converting long double values... no
[INFO] [stderr]   -- Checking IF alignment restrictions are strictly enforced... yes
[INFO] [stderr]   -- Warnings Configuration:
[INFO] [stderr]   -- Looking for pthread.h
[INFO] [stderr]   -- Looking for pthread.h - found
[INFO] [stderr]   -- Performing Test CMAKE_HAVE_LIBC_PTHREAD
[INFO] [stderr]   -- Performing Test CMAKE_HAVE_LIBC_PTHREAD - Failed
[INFO] [stderr]   -- Check if compiler accepts -pthread
[INFO] [stderr]   -- Check if compiler accepts -pthread - yes
[INFO] [stderr]   -- Found Threads: TRUE  
[INFO] [stderr]   -- Found Perl: /usr/bin/perl (found version "5.30.0") 
[INFO] [stderr]   -- 
[INFO] [stderr]   -- 
[INFO] [stderr]   -- 
[INFO] [stderr]   -- Configuring done
[INFO] [stderr]   -- Generating done
[INFO] [stderr]   -- Build files have been written to: /opt/rustwide/target/debug/build/hdf5-src-d9bf928d03ea1c2a/out/build
[INFO] [stderr]   running: "cmake" "--build" "." "--target" "install" "--config" "Debug" "--"
[INFO] [stderr]   Scanning dependencies of target H5detect
[INFO] [stderr]   Scanning dependencies of target H5make_libsettings
[INFO] [stderr]   [  0%] Building C object src/CMakeFiles/H5detect.dir/H5detect.c.o
[INFO] [stderr]   [  0%] Building C object src/CMakeFiles/H5make_libsettings.dir/H5make_libsettings.c.o
[INFO] [stderr]   [  1%] Linking C executable ../bin/H5make_libsettings
[INFO] [stderr]   [  1%] Built target H5make_libsettings
[INFO] [stderr]   [  1%] Linking C executable ../bin/H5detect
[INFO] [stderr]   [  1%] Built target H5detect
[INFO] [stderr]   Scanning dependencies of target gen_hdf5-static
[INFO] [stderr]   [  1%] Generating ../H5Tinit.c, ../gen_SRCS.stamp1
[INFO] [stderr]                                                                                                                                                                                                                                                                                                                                                                                                                                                                                                                                                                                                                                                                        [  1%] Generating ../H5lib_settings.c, ../gen_SRCS.stamp2
[INFO] [stderr]   [  1%] Built target gen_hdf5-static
[INFO] [stderr]   Scanning dependencies of target hdf5-static
[INFO] [stderr]   [  1%] Building C object src/CMakeFiles/hdf5-static.dir/H5dbg.c.o
[INFO] [stderr]   [  1%] Building C object src/CMakeFiles/hdf5-static.dir/H5.c.o
[INFO] [stderr]   [  2%] Building C object src/CMakeFiles/hdf5-static.dir/H5checksum.c.o
[INFO] [stderr]   [  2%] Building C object src/CMakeFiles/hdf5-static.dir/H5system.c.o
[INFO] [stderr]   [  4%] Building C object src/CMakeFiles/hdf5-static.dir/H5Abtree2.c.o
[INFO] [stderr]   [  4%] Building C object src/CMakeFiles/hdf5-static.dir/H5timer.c.o
[INFO] [stderr]   [  4%] Building C object src/CMakeFiles/hdf5-static.dir/H5A.c.o
[INFO] [stderr]   [  4%] Building C object src/CMakeFiles/hdf5-static.dir/H5Adense.c.o
[INFO] [stderr]   [  4%] Building C object src/CMakeFiles/hdf5-static.dir/H5Adeprec.c.o
[INFO] [stderr]   [  4%] Building C object src/CMakeFiles/hdf5-static.dir/H5trace.c.o
[INFO] [stderr]   [  4%] Building C object src/CMakeFiles/hdf5-static.dir/H5AC.c.o
[INFO] [stderr]   [  4%] Building C object src/CMakeFiles/hdf5-static.dir/H5ACmpio.c.o
[INFO] [stderr]   [  4%] Building C object src/CMakeFiles/hdf5-static.dir/H5Atest.c.o
[INFO] [stderr]   [  5%] Building C object src/CMakeFiles/hdf5-static.dir/H5Aint.c.o
[INFO] [stderr]   [  6%] Building C object src/CMakeFiles/hdf5-static.dir/H5ACdbg.c.o
[INFO] [stderr]   [  6%] Building C object src/CMakeFiles/hdf5-static.dir/H5ACproxy_entry.c.o
[INFO] [stderr]   [  6%] Building C object src/CMakeFiles/hdf5-static.dir/H5B.c.o
[INFO] [stderr]   [  7%] Building C object src/CMakeFiles/hdf5-static.dir/H5B2.c.o
[INFO] [stderr]   [  7%] Building C object src/CMakeFiles/hdf5-static.dir/H5Bdbg.c.o
[INFO] [stderr]   [  7%] Building C object src/CMakeFiles/hdf5-static.dir/H5Bcache.c.o
[INFO] [stderr]   [  7%] Building C object src/CMakeFiles/hdf5-static.dir/H5B2internal.c.o
[INFO] [stderr]   [  8%] Building C object src/CMakeFiles/hdf5-static.dir/H5B2int.c.o
[INFO] [stderr]   [  8%] Building C object src/CMakeFiles/hdf5-static.dir/H5B2leaf.c.o
[INFO] [stderr]   [  9%] Building C object src/CMakeFiles/hdf5-static.dir/H5B2hdr.c.o
[INFO] [stderr]   [  9%] Building C object src/CMakeFiles/hdf5-static.dir/H5C.c.o
[INFO] [stderr]   [  9%] Building C object src/CMakeFiles/hdf5-static.dir/H5B2cache.c.o
[INFO] [stderr]   [  9%] Building C object src/CMakeFiles/hdf5-static.dir/H5B2test.c.o
[INFO] [stderr]   [  9%] Building C object src/CMakeFiles/hdf5-static.dir/H5B2dbg.c.o
[INFO] [stderr]   [ 11%] Building C object src/CMakeFiles/hdf5-static.dir/H5B2stat.c.o
[INFO] [stderr]   [ 11%] Building C object src/CMakeFiles/hdf5-static.dir/H5Cdbg.c.o
[INFO] [stderr]   [ 11%] Building C object src/CMakeFiles/hdf5-static.dir/H5Cepoch.c.o
[INFO] [stderr]   [ 12%] Building C object src/CMakeFiles/hdf5-static.dir/H5Clog.c.o
[INFO] [stderr]   [ 12%] Building C object src/CMakeFiles/hdf5-static.dir/H5Cimage.c.o
[INFO] [stderr]   [ 12%] Building C object src/CMakeFiles/hdf5-static.dir/H5Clog_json.c.o
[INFO] [stderr]   [ 12%] Building C object src/CMakeFiles/hdf5-static.dir/H5Cquery.c.o
[INFO] [stderr]   [ 12%] Building C object src/CMakeFiles/hdf5-static.dir/H5Clog_trace.c.o
[INFO] [stderr]   [ 13%] Building C object src/CMakeFiles/hdf5-static.dir/H5Cprefetched.c.o
[INFO] [stderr]   [ 13%] Building C object src/CMakeFiles/hdf5-static.dir/H5Cmpio.c.o
[INFO] [stderr]   [ 14%] Building C object src/CMakeFiles/hdf5-static.dir/H5Ctag.c.o
[INFO] [stderr]   [ 14%] Building C object src/CMakeFiles/hdf5-static.dir/H5CS.c.o
[INFO] [stderr]   [ 14%] Building C object src/CMakeFiles/hdf5-static.dir/H5CX.c.o
[INFO] [stderr]   [ 14%] Building C object src/CMakeFiles/hdf5-static.dir/H5Ctest.c.o
[INFO] [stderr]   [ 15%] Building C object src/CMakeFiles/hdf5-static.dir/H5D.c.o
[INFO] [stderr]   [ 15%] Building C object src/CMakeFiles/hdf5-static.dir/H5Dbtree.c.o
[INFO] [stderr]   [ 15%] Building C object src/CMakeFiles/hdf5-static.dir/H5Dbtree2.c.o
[INFO] [stderr]   [ 15%] Building C object src/CMakeFiles/hdf5-static.dir/H5Dcontig.c.o
[INFO] [stderr]   [ 15%] Building C object src/CMakeFiles/hdf5-static.dir/H5Dcompact.c.o
[INFO] [stderr]   [ 16%] Building C object src/CMakeFiles/hdf5-static.dir/H5Dchunk.c.o
[INFO] [stderr]   [ 18%] Building C object src/CMakeFiles/hdf5-static.dir/H5Defl.c.o
[INFO] [stderr]   [ 18%] Building C object src/CMakeFiles/hdf5-static.dir/H5Dearray.c.o
[INFO] [stderr]   [ 18%] Building C object src/CMakeFiles/hdf5-static.dir/H5Ddeprec.c.o
[INFO] [stderr]   [ 18%] Building C object src/CMakeFiles/hdf5-static.dir/H5Ddbg.c.o
[INFO] [stderr]   [ 18%] Building C object src/CMakeFiles/hdf5-static.dir/H5Dfarray.c.o
[INFO] [stderr]   [ 19%] Building C object src/CMakeFiles/hdf5-static.dir/H5Dmpio.c.o
[INFO] [stderr]   [ 19%] Building C object src/CMakeFiles/hdf5-static.dir/H5Dfill.c.o
[INFO] [stderr]   [ 19%] Building C object src/CMakeFiles/hdf5-static.dir/H5Dio.c.o
[INFO] [stderr]   [ 20%] Building C object src/CMakeFiles/hdf5-static.dir/H5Dint.c.o
[INFO] [stderr]   [ 20%] Building C object src/CMakeFiles/hdf5-static.dir/H5Dlayout.c.o
[INFO] [stderr]   [ 20%] Building C object src/CMakeFiles/hdf5-static.dir/H5Doh.c.o
[INFO] [stderr]   [ 20%] Building C object src/CMakeFiles/hdf5-static.dir/H5Dnone.c.o
[INFO] [stderr]   [ 20%] Building C object src/CMakeFiles/hdf5-static.dir/H5Dselect.c.o
[INFO] [stderr]   [ 22%] Building C object src/CMakeFiles/hdf5-static.dir/H5Dtest.c.o
[INFO] [stderr]   [ 22%] Building C object src/CMakeFiles/hdf5-static.dir/H5Dscatgath.c.o
[INFO] [stderr]   [ 22%] Building C object src/CMakeFiles/hdf5-static.dir/H5Dvirtual.c.o
[INFO] [stderr]   [ 22%] Building C object src/CMakeFiles/hdf5-static.dir/H5E.c.o
[INFO] [stderr]   [ 22%] Building C object src/CMakeFiles/hdf5-static.dir/H5Dsingle.c.o
[INFO] [stderr]   [ 22%] Building C object src/CMakeFiles/hdf5-static.dir/H5Edeprec.c.o
[INFO] [stderr]   [ 22%] Building C object src/CMakeFiles/hdf5-static.dir/H5EA.c.o
[INFO] [stderr]   [ 23%] Building C object src/CMakeFiles/hdf5-static.dir/H5EAdblock.c.o
[INFO] [stderr]   [ 23%] Building C object src/CMakeFiles/hdf5-static.dir/H5Eint.c.o
[INFO] [stderr]   [ 24%] Building C object src/CMakeFiles/hdf5-static.dir/H5EAdblkpage.c.o
[INFO] [stderr]   [ 24%] Building C object src/CMakeFiles/hdf5-static.dir/H5EAdbg.c.o
[INFO] [stderr]   [ 24%] Building C object src/CMakeFiles/hdf5-static.dir/H5EAcache.c.o
[INFO] [stderr]   [ 24%] Building C object src/CMakeFiles/hdf5-static.dir/H5EAiblock.c.o
[INFO] [stderr]   [ 25%] Building C object src/CMakeFiles/hdf5-static.dir/H5EAhdr.c.o
[INFO] [stderr]   [ 25%] Building C object src/CMakeFiles/hdf5-static.dir/H5EAint.c.o
[INFO] [stderr]   [ 26%] Building C object src/CMakeFiles/hdf5-static.dir/H5EAsblock.c.o
[INFO] [stderr]   [ 26%] Building C object src/CMakeFiles/hdf5-static.dir/H5EAstat.c.o
[INFO] [stderr]   [ 26%] Building C object src/CMakeFiles/hdf5-static.dir/H5EAtest.c.o
[INFO] [stderr]   [ 26%] Building C object src/CMakeFiles/hdf5-static.dir/H5Fdeprec.c.o
[INFO] [stderr]   [ 26%] Building C object src/CMakeFiles/hdf5-static.dir/H5Faccum.c.o
[INFO] [stderr]   [ 28%] Building C object src/CMakeFiles/hdf5-static.dir/H5F.c.o
[INFO] [stderr]   [ 28%] Building C object src/CMakeFiles/hdf5-static.dir/H5Fdbg.c.o
[INFO] [stderr]   [ 28%] Building C object src/CMakeFiles/hdf5-static.dir/H5Fcwfs.c.o
[INFO] [stderr]   [ 28%] Building C object src/CMakeFiles/hdf5-static.dir/H5Fmount.c.o
[INFO] [stderr]   [ 28%] Building C object src/CMakeFiles/hdf5-static.dir/H5Fefc.c.o
[INFO] [stderr]   [ 29%] Building C object src/CMakeFiles/hdf5-static.dir/H5Fint.c.o
[INFO] [stderr]   [ 29%] Building C object src/CMakeFiles/hdf5-static.dir/H5Ffake.c.o
[INFO] [stderr]   [ 29%] Building C object src/CMakeFiles/hdf5-static.dir/H5Fio.c.o
[INFO] [stderr]   [ 29%] Building C object src/CMakeFiles/hdf5-static.dir/H5Fquery.c.o
[INFO] [stderr]   [ 29%] Building C object src/CMakeFiles/hdf5-static.dir/H5Fsfile.c.o
[INFO] [stderr]   [ 30%] Building C object src/CMakeFiles/hdf5-static.dir/H5Fspace.c.o
[INFO] [stderr]   [ 31%] Building C object src/CMakeFiles/hdf5-static.dir/H5Fmpi.c.o
[INFO] [stderr]   [ 31%] Building C object src/CMakeFiles/hdf5-static.dir/H5Fsuper_cache.c.o
[INFO] [stderr]   [ 31%] Building C object src/CMakeFiles/hdf5-static.dir/H5Fsuper.c.o
[INFO] [stderr]   [ 32%] Building C object src/CMakeFiles/hdf5-static.dir/H5FA.c.o
[INFO] [stderr]   [ 32%] Building C object src/CMakeFiles/hdf5-static.dir/H5Ftest.c.o
[INFO] [stderr]   [ 32%] Building C object src/CMakeFiles/hdf5-static.dir/H5FAcache.c.o
[INFO] [stderr]   [ 33%] Building C object src/CMakeFiles/hdf5-static.dir/H5FAdbg.c.o
[INFO] [stderr]   [ 34%] Building C object src/CMakeFiles/hdf5-static.dir/H5FAtest.c.o
[INFO] [stderr]   [ 34%] Building C object src/CMakeFiles/hdf5-static.dir/H5FAdblkpage.c.o
[INFO] [stderr]   [ 34%] Building C object src/CMakeFiles/hdf5-static.dir/H5FAstat.c.o
[INFO] [stderr]   [ 34%] Building C object src/CMakeFiles/hdf5-static.dir/H5FD.c.o
[INFO] [stderr]   [ 35%] Building C object src/CMakeFiles/hdf5-static.dir/H5FAhdr.c.o
[INFO] [stderr]   [ 35%] Building C object src/CMakeFiles/hdf5-static.dir/H5FAdblock.c.o
[INFO] [stderr]   [ 35%] Building C object src/CMakeFiles/hdf5-static.dir/H5FAint.c.o
[INFO] [stderr]   [ 35%] Building C object src/CMakeFiles/hdf5-static.dir/H5FDfamily.c.o
[INFO] [stderr]   [ 35%] Building C object src/CMakeFiles/hdf5-static.dir/H5FDhdfs.c.o
[INFO] [stderr]   [ 35%] Building C object src/CMakeFiles/hdf5-static.dir/H5FDlog.c.o
[INFO] [stderr]   [ 35%] Building C object src/CMakeFiles/hdf5-static.dir/H5FDcore.c.o
[INFO] [stderr]   [ 36%] Building C object src/CMakeFiles/hdf5-static.dir/H5FDdirect.c.o
[INFO] [stderr]   [ 37%] Building C object src/CMakeFiles/hdf5-static.dir/H5FDint.c.o
[INFO] [stderr]   [ 37%] Building C object src/CMakeFiles/hdf5-static.dir/H5FDmpi.c.o
[INFO] [stderr]   [ 37%] Building C object src/CMakeFiles/hdf5-static.dir/H5FDmpio.c.o
[INFO] [stderr]   [ 38%] Building C object src/CMakeFiles/hdf5-static.dir/H5FDmulti.c.o
[INFO] [stderr]   [ 38%] Building C object src/CMakeFiles/hdf5-static.dir/H5FDspace.c.o
[INFO] [stderr]   [ 39%] Building C object src/CMakeFiles/hdf5-static.dir/H5FDsec2.c.o
[INFO] [stderr]   [ 39%] Building C object src/CMakeFiles/hdf5-static.dir/H5FDstdio.c.o
[INFO] [stderr]   [ 39%] Building C object src/CMakeFiles/hdf5-static.dir/H5FDs3comms.c.o
[INFO] [stderr]   [ 39%] Building C object src/CMakeFiles/hdf5-static.dir/H5FDwindows.c.o
[INFO] [stderr]   [ 40%] Building C object src/CMakeFiles/hdf5-static.dir/H5FS.c.o
[INFO] [stderr]   [ 40%] Building C object src/CMakeFiles/hdf5-static.dir/H5FO.c.o
[INFO] [stderr]   [ 40%] Building C object src/CMakeFiles/hdf5-static.dir/H5FL.c.o
[INFO] [stderr]   [ 41%] Building C object src/CMakeFiles/hdf5-static.dir/H5FSdbg.c.o
[INFO] [stderr]   [ 41%] Building C object src/CMakeFiles/hdf5-static.dir/H5FSint.c.o
[INFO] [stderr]   [ 41%] Building C object src/CMakeFiles/hdf5-static.dir/H5FScache.c.o
[INFO] [stderr]   [ 41%] Building C object src/CMakeFiles/hdf5-static.dir/H5FSsection.c.o
[INFO] [stderr]   [ 41%] Building C object src/CMakeFiles/hdf5-static.dir/H5FDros3.c.o
[INFO] [stderr]   [ 42%] Building C object src/CMakeFiles/hdf5-static.dir/H5FDtest.c.o
[INFO] [stderr] 
[INFO] [stderr]   --- stderr
[INFO] [stderr]   Can't open perl script "/opt/rustwide/cargo-home/registry/src/github.com-1ecc6299db9ec823/hdf5-src-0.7.1/ext/hdf5/bin/make_err": No such file or directory
[INFO] [stderr]   Can't open perl script "/opt/rustwide/cargo-home/registry/src/github.com-1ecc6299db9ec823/hdf5-src-0.7.1/ext/hdf5/bin/make_vers": No such file or directory
[INFO] [stderr]   Can't open perl script "/opt/rustwide/cargo-home/registry/src/github.com-1ecc6299db9ec823/hdf5-src-0.7.1/ext/hdf5/bin/make_overflow": No such file or directory
[INFO] [stderr]   CMake Warning:
[INFO] [stderr]     Manually-specified variables were not used by the project:
[INFO] [stderr] 
[INFO] [stderr]       CMAKE_ASM_COMPILER
[INFO] [stderr]       CMAKE_ASM_FLAGS
[INFO] [stderr]       HDF5_BUILD_EXAMPLES
[INFO] [stderr] 
[INFO] [stderr] 
[INFO] [stderr]   /opt/rustwide/cargo-home/registry/src/github.com-1ecc6299db9ec823/hdf5-src-0.7.1/ext/hdf5/src/H5checksum.c: In function 'H5_checksum_lookup3':
[INFO] [stderr]   /opt/rustwide/cargo-home/registry/src/github.com-1ecc6299db9ec823/hdf5-src-0.7.1/ext/hdf5/src/H5checksum.c:409:19: warning: this statement may fall through [-Wimplicit-fallthrough=]
[INFO] [stderr]     409 |         case 12: c+=((uint32_t)k[11])<<24;
[INFO] [stderr]         |                  ~^~~~~~~~~~~~~~~~~~~~~~~
[INFO] [stderr]   /opt/rustwide/cargo-home/registry/src/github.com-1ecc6299db9ec823/hdf5-src-0.7.1/ext/hdf5/src/H5checksum.c:410:9: note: here
[INFO] [stderr]     410 |         case 11: c+=((uint32_t)k[10])<<16;
[INFO] [stderr]         |         ^~~~
[INFO] [stderr]   /opt/rustwide/cargo-home/registry/src/github.com-1ecc6299db9ec823/hdf5-src-0.7.1/ext/hdf5/src/H5checksum.c:410:19: warning: this statement may fall through [-Wimplicit-fallthrough=]
[INFO] [stderr]     410 |         case 11: c+=((uint32_t)k[10])<<16;
[INFO] [stderr]         |                  ~^~~~~~~~~~~~~~~~~~~~~~~
[INFO] [stderr]   /opt/rustwide/cargo-home/registry/src/github.com-1ecc6299db9ec823/hdf5-src-0.7.1/ext/hdf5/src/H5checksum.c:411:9: note: here
[INFO] [stderr]     411 |         case 10: c+=((uint32_t)k[9])<<8;
[INFO] [stderr]         |         ^~~~
[INFO] [stderr]   /opt/rustwide/cargo-home/registry/src/github.com-1ecc6299db9ec823/hdf5-src-0.7.1/ext/hdf5/src/H5checksum.c:411:19: warning: this statement may fall through [-Wimplicit-fallthrough=]
[INFO] [stderr]     411 |         case 10: c+=((uint32_t)k[9])<<8;
[INFO] [stderr]         |                  ~^~~~~~~~~~~~~~~~~~~~~
[INFO] [stderr]   /opt/rustwide/cargo-home/registry/src/github.com-1ecc6299db9ec823/hdf5-src-0.7.1/ext/hdf5/src/H5checksum.c:412:9: note: here
[INFO] [stderr]     412 |         case 9 : c+=k[8];
[INFO] [stderr]         |         ^~~~
[INFO] [stderr]   /opt/rustwide/cargo-home/registry/src/github.com-1ecc6299db9ec823/hdf5-src-0.7.1/ext/hdf5/src/H5checksum.c:412:19: warning: this statement may fall through [-Wimplicit-fallthrough=]
[INFO] [stderr]     412 |         case 9 : c+=k[8];
[INFO] [stderr]         |                  ~^~~~~~
[INFO] [stderr]   /opt/rustwide/cargo-home/registry/src/github.com-1ecc6299db9ec823/hdf5-src-0.7.1/ext/hdf5/src/H5checksum.c:413:9: note: here
[INFO] [stderr]     413 |         case 8 : b+=((uint32_t)k[7])<<24;
[INFO] [stderr]         |         ^~~~
[INFO] [stderr]   /opt/rustwide/cargo-home/registry/src/github.com-1ecc6299db9ec823/hdf5-src-0.7.1/ext/hdf5/src/H5checksum.c:413:19: warning: this statement may fall through [-Wimplicit-fallthrough=]
[INFO] [stderr]     413 |         case 8 : b+=((uint32_t)k[7])<<24;
[INFO] [stderr]         |                  ~^~~~~~~~~~~~~~~~~~~~~~
[INFO] [stderr]   /opt/rustwide/cargo-home/registry/src/github.com-1ecc6299db9ec823/hdf5-src-0.7.1/ext/hdf5/src/H5checksum.c:414:9: note: here
[INFO] [stderr]     414 |         case 7 : b+=((uint32_t)k[6])<<16;
[INFO] [stderr]         |         ^~~~
[INFO] [stderr]   /opt/rustwide/cargo-home/registry/src/github.com-1ecc6299db9ec823/hdf5-src-0.7.1/ext/hdf5/src/H5checksum.c:414:19: warning: this statement may fall through [-Wimplicit-fallthrough=]
[INFO] [stderr]     414 |         case 7 : b+=((uint32_t)k[6])<<16;
[INFO] [stderr]         |                  ~^~~~~~~~~~~~~~~~~~~~~~
[INFO] [stderr]   /opt/rustwide/cargo-home/registry/src/github.com-1ecc6299db9ec823/hdf5-src-0.7.1/ext/hdf5/src/H5checksum.c:415:9: note: here
[INFO] [stderr]     415 |         case 6 : b+=((uint32_t)k[5])<<8;
[INFO] [stderr]         |         ^~~~
[INFO] [stderr]   /opt/rustwide/cargo-home/registry/src/github.com-1ecc6299db9ec823/hdf5-src-0.7.1/ext/hdf5/src/H5checksum.c:415:19: warning: this statement may fall through [-Wimplicit-fallthrough=]
[INFO] [stderr]     415 |         case 6 : b+=((uint32_t)k[5])<<8;
[INFO] [stderr]         |                  ~^~~~~~~~~~~~~~~~~~~~~
[INFO] [stderr]   /opt/rustwide/cargo-home/registry/src/github.com-1ecc6299db9ec823/hdf5-src-0.7.1/ext/hdf5/src/H5checksum.c:416:9: note: here
[INFO] [stderr]     416 |         case 5 : b+=k[4];
[INFO] [stderr]         |         ^~~~
[INFO] [stderr]   /opt/rustwide/cargo-home/registry/src/github.com-1ecc6299db9ec823/hdf5-src-0.7.1/ext/hdf5/src/H5checksum.c:416:19: warning: this statement may fall through [-Wimplicit-fallthrough=]
[INFO] [stderr]     416 |         case 5 : b+=k[4];
[INFO] [stderr]         |                  ~^~~~~~
[INFO] [stderr]   /opt/rustwide/cargo-home/registry/src/github.com-1ecc6299db9ec823/hdf5-src-0.7.1/ext/hdf5/src/H5checksum.c:417:9: note: here
[INFO] [stderr]     417 |         case 4 : a+=((uint32_t)k[3])<<24;
[INFO] [stderr]         |         ^~~~
[INFO] [stderr]   /opt/rustwide/cargo-home/registry/src/github.com-1ecc6299db9ec823/hdf5-src-0.7.1/ext/hdf5/src/H5checksum.c:417:19: warning: this statement may fall through [-Wimplicit-fallthrough=]
[INFO] [stderr]     417 |         case 4 : a+=((uint32_t)k[3])<<24;
[INFO] [stderr]         |                  ~^~~~~~~~~~~~~~~~~~~~~~
[INFO] [stderr]   /opt/rustwide/cargo-home/registry/src/github.com-1ecc6299db9ec823/hdf5-src-0.7.1/ext/hdf5/src/H5checksum.c:418:9: note: here
[INFO] [stderr]     418 |         case 3 : a+=((uint32_t)k[2])<<16;
[INFO] [stderr]         |         ^~~~
[INFO] [stderr]   /opt/rustwide/cargo-home/registry/src/github.com-1ecc6299db9ec823/hdf5-src-0.7.1/ext/hdf5/src/H5checksum.c:418:19: warning: this statement may fall through [-Wimplicit-fallthrough=]
[INFO] [stderr]     418 |         case 3 : a+=((uint32_t)k[2])<<16;
[INFO] [stderr]         |                  ~^~~~~~~~~~~~~~~~~~~~~~
[INFO] [stderr]   /opt/rustwide/cargo-home/registry/src/github.com-1ecc6299db9ec823/hdf5-src-0.7.1/ext/hdf5/src/H5checksum.c:419:9: note: here
[INFO] [stderr]     419 |         case 2 : a+=((uint32_t)k[1])<<8;
[INFO] [stderr]         |         ^~~~
[INFO] [stderr]   /opt/rustwide/cargo-home/registry/src/github.com-1ecc6299db9ec823/hdf5-src-0.7.1/ext/hdf5/src/H5checksum.c:419:19: warning: this statement may fall through [-Wimplicit-fallthrough=]
[INFO] [stderr]     419 |         case 2 : a+=((uint32_t)k[1])<<8;
[INFO] [stderr]         |                  ~^~~~~~~~~~~~~~~~~~~~~
[INFO] [stderr]   /opt/rustwide/cargo-home/registry/src/github.com-1ecc6299db9ec823/hdf5-src-0.7.1/ext/hdf5/src/H5checksum.c:420:9: note: here
[INFO] [stderr]     420 |         case 1 : a+=k[0];
[INFO] [stderr]         |         ^~~~
[INFO] [stderr]   /opt/rustwide/cargo-home/registry/src/github.com-1ecc6299db9ec823/hdf5-src-0.7.1/ext/hdf5/src/H5Adense.c: In function 'H5A__dense_fnd_cb':
[INFO] [stderr]   /opt/rustwide/cargo-home/registry/src/github.com-1ecc6299db9ec823/hdf5-src-0.7.1/ext/hdf5/src/H5Adense.c:331:27: warning: initialization discards 'const' qualifier from pointer target type [-Wdiscarded-qualifiers]
[INFO] [stderr]     331 |         H5A_t *old_attr = *user_attr;
[INFO] [stderr]         |                           ^
[INFO] [stderr]   /opt/rustwide/cargo-home/registry/src/github.com-1ecc6299db9ec823/hdf5-src-0.7.1/ext/hdf5/src/H5Aint.c: In function 'H5A__create':
[INFO] [stderr]   /opt/rustwide/cargo-home/registry/src/github.com-1ecc6299db9ec823/hdf5-src-0.7.1/ext/hdf5/src/H5Aint.c:200:45: warning: passing argument 1 of 'H5T_copy' discards 'const' qualifier from pointer target type [-Wdiscarded-qualifiers]
[INFO] [stderr]     200 |     if(NULL == (attr->shared->dt = H5T_copy(type, H5T_COPY_ALL)))
[INFO] [stderr]         |                                             ^~~~
[INFO] [stderr]   In file included from /opt/rustwide/cargo-home/registry/src/github.com-1ecc6299db9ec823/hdf5-src-0.7.1/ext/hdf5/src/H5Oprivate.h:45,
[INFO] [stderr]                    from /opt/rustwide/cargo-home/registry/src/github.com-1ecc6299db9ec823/hdf5-src-0.7.1/ext/hdf5/src/H5Aprivate.h:25,
[INFO] [stderr]                    from /opt/rustwide/cargo-home/registry/src/github.com-1ecc6299db9ec823/hdf5-src-0.7.1/ext/hdf5/src/H5Apkg.h:37,
[INFO] [stderr]                    from /opt/rustwide/cargo-home/registry/src/github.com-1ecc6299db9ec823/hdf5-src-0.7.1/ext/hdf5/src/H5Aint.c:37:
[INFO] [stderr]   /opt/rustwide/cargo-home/registry/src/github.com-1ecc6299db9ec823/hdf5-src-0.7.1/ext/hdf5/src/H5Tprivate.h:108:15: note: expected 'H5T_t *' {aka 'struct H5T_t *'} but argument is of type 'const H5T_t *' {aka 'const struct H5T_t *'}
[INFO] [stderr]     108 | H5_DLL H5T_t *H5T_copy(H5T_t *old_dt, H5T_copy_t method);
[INFO] [stderr]         |               ^~~~~~~~
[INFO] [stderr]   /opt/rustwide/cargo-home/registry/src/github.com-1ecc6299db9ec823/hdf5-src-0.7.1/ext/hdf5/src/H5Aint.c: In function 'H5A__read':
[INFO] [stderr]   /opt/rustwide/cargo-home/registry/src/github.com-1ecc6299db9ec823/hdf5-src-0.7.1/ext/hdf5/src/H5Aint.c:638:71: warning: passing argument 1 of 'H5T_copy' discards 'const' qualifier from pointer target type [-Wdiscarded-qualifiers]
[INFO] [stderr]     638 |                         (dst_id = H5I_register(H5I_DATATYPE, H5T_copy(mem_type, H5T_COPY_ALL), FALSE)) < 0)
[INFO] [stderr]         |                                                                       ^~~~~~~~
[INFO] [stderr]   In file included from /opt/rustwide/cargo-home/registry/src/github.com-1ecc6299db9ec823/hdf5-src-0.7.1/ext/hdf5/src/H5Oprivate.h:45,
[INFO] [stderr]                    from /opt/rustwide/cargo-home/registry/src/github.com-1ecc6299db9ec823/hdf5-src-0.7.1/ext/hdf5/src/H5Aprivate.h:25,
[INFO] [stderr]                    from /opt/rustwide/cargo-home/registry/src/github.com-1ecc6299db9ec823/hdf5-src-0.7.1/ext/hdf5/src/H5Apkg.h:37,
[INFO] [stderr]                    from /opt/rustwide/cargo-home/registry/src/github.com-1ecc6299db9ec823/hdf5-src-0.7.1/ext/hdf5/src/H5Aint.c:37:
[INFO] [stderr]   /opt/rustwide/cargo-home/registry/src/github.com-1ecc6299db9ec823/hdf5-src-0.7.1/ext/hdf5/src/H5Tprivate.h:108:15: note: expected 'H5T_t *' {aka 'struct H5T_t *'} but argument is of type 'const H5T_t *' {aka 'const struct H5T_t *'}
[INFO] [stderr]     108 | H5_DLL H5T_t *H5T_copy(H5T_t *old_dt, H5T_copy_t method);
[INFO] [stderr]         |               ^~~~~~~~
[INFO] [stderr]   /opt/rustwide/cargo-home/registry/src/github.com-1ecc6299db9ec823/hdf5-src-0.7.1/ext/hdf5/src/H5Aint.c: In function 'H5A__write':
[INFO] [stderr]   /opt/rustwide/cargo-home/registry/src/github.com-1ecc6299db9ec823/hdf5-src-0.7.1/ext/hdf5/src/H5Aint.c:738:62: warning: passing argument 1 of 'H5T_copy' discards 'const' qualifier from pointer target type [-Wdiscarded-qualifiers]
[INFO] [stderr]     738 |             if((src_id = H5I_register(H5I_DATATYPE, H5T_copy(mem_type, H5T_COPY_ALL), FALSE)) < 0 ||
[INFO] [stderr]         |                                                              ^~~~~~~~
[INFO] [stderr]   In file included from /opt/rustwide/cargo-home/registry/src/github.com-1ecc6299db9ec823/hdf5-src-0.7.1/ext/hdf5/src/H5Oprivate.h:45,
[INFO] [stderr]                    from /opt/rustwide/cargo-home/registry/src/github.com-1ecc6299db9ec823/hdf5-src-0.7.1/ext/hdf5/src/H5Aprivate.h:25,
[INFO] [stderr]                    from /opt/rustwide/cargo-home/registry/src/github.com-1ecc6299db9ec823/hdf5-src-0.7.1/ext/hdf5/src/H5Apkg.h:37,
[INFO] [stderr]                    from /opt/rustwide/cargo-home/registry/src/github.com-1ecc6299db9ec823/hdf5-src-0.7.1/ext/hdf5/src/H5Aint.c:37:
[INFO] [stderr]   /opt/rustwide/cargo-home/registry/src/github.com-1ecc6299db9ec823/hdf5-src-0.7.1/ext/hdf5/src/H5Tprivate.h:108:15: note: expected 'H5T_t *' {aka 'struct H5T_t *'} but argument is of type 'const H5T_t *' {aka 'const struct H5T_t *'}
[INFO] [stderr]     108 | H5_DLL H5T_t *H5T_copy(H5T_t *old_dt, H5T_copy_t method);
[INFO] [stderr]         |               ^~~~~~~~
[INFO] [stderr]   In file included from /opt/rustwide/cargo-home/registry/src/github.com-1ecc6299db9ec823/hdf5-src-0.7.1/ext/hdf5/src/H5Eint.c:35:
[INFO] [stderr]   /opt/rustwide/cargo-home/registry/src/github.com-1ecc6299db9ec823/hdf5-src-0.7.1/ext/hdf5/src/H5Eint.c: In function 'H5E_walk':
[INFO] [stderr]   /opt/rustwide/cargo-home/registry/src/github.com-1ecc6299db9ec823/hdf5-src-0.7.1/ext/hdf5/src/H5private.h:2032:13: warning: unused variable 'err_occurred' [-Wunused-variable]
[INFO] [stderr]    2032 |     hbool_t err_occurred = FALSE;                                             \
[INFO] [stderr]         |             ^~~~~~~~~~~~
[INFO] [stderr]   /opt/rustwide/cargo-home/registry/src/github.com-1ecc6299db9ec823/hdf5-src-0.7.1/ext/hdf5/src/H5private.h:2150:5: note: in expansion of macro 'FUNC_ENTER_COMMON'
[INFO] [stderr]    2150 |     FUNC_ENTER_COMMON(!H5_IS_API(FUNC));                                      \
[INFO] [stderr]         |     ^~~~~~~~~~~~~~~~~
[INFO] [stderr]   /opt/rustwide/cargo-home/registry/src/github.com-1ecc6299db9ec823/hdf5-src-0.7.1/ext/hdf5/src/H5Eint.c:516:5: note: in expansion of macro 'FUNC_ENTER_NOAPI_NOINIT'
[INFO] [stderr]     516 |     FUNC_ENTER_NOAPI_NOINIT
[INFO] [stderr]         |     ^~~~~~~~~~~~~~~~~~~~~~~
[INFO] [stderr]   /opt/rustwide/cargo-home/registry/src/github.com-1ecc6299db9ec823/hdf5-src-0.7.1/ext/hdf5/src/H5Eint.c:585:1: warning: label 'done' defined but not used [-Wunused-label]
[INFO] [stderr]     585 | done:
[INFO] [stderr]         | ^~~~
[INFO] [stderr]   cc: fatal error: Killed signal terminated program cc1
[INFO] [stderr]   compilation terminated.
[INFO] [stderr]   cc: fatal error: Killed signal terminated program cc1
[INFO] [stderr]   compilation terminated.
[INFO] [stderr]   /opt/rustwide/cargo-home/registry/src/github.com-1ecc6299db9ec823/hdf5-src-0.7.1/ext/hdf5/src/H5Dint.c:117:1: warning: 'static' is not at beginning of declaration [-Wold-style-declaration]
[INFO] [stderr]     117 | const static char *H5D_prefix_ext_env = NULL;
[INFO] [stderr]         | ^~~~~
[INFO] [stderr]   /opt/rustwide/cargo-home/registry/src/github.com-1ecc6299db9ec823/hdf5-src-0.7.1/ext/hdf5/src/H5Dint.c:118:1: warning: 'static' is not at beginning of declaration [-Wold-style-declaration]
[INFO] [stderr]     118 | const static char *H5D_prefix_vds_env = NULL;
[INFO] [stderr]         | ^~~~~
[INFO] [stderr]   /opt/rustwide/cargo-home/registry/src/github.com-1ecc6299db9ec823/hdf5-src-0.7.1/ext/hdf5/src/H5Dfill.c: In function 'H5D__fill':
[INFO] [stderr]   /opt/rustwide/cargo-home/registry/src/github.com-1ecc6299db9ec823/hdf5-src-0.7.1/ext/hdf5/src/H5Dfill.c:239:62: warning: passing argument 1 of 'H5T_copy' discards 'const' qualifier from pointer target type [-Wdiscarded-qualifiers]
[INFO] [stderr]     239 |             if((src_id = H5I_register(H5I_DATATYPE, H5T_copy(fill_type, H5T_COPY_ALL), FALSE)) < 0)
[INFO] [stderr]         |                                                              ^~~~~~~~~
[INFO] [stderr]   In file included from /opt/rustwide/cargo-home/registry/src/github.com-1ecc6299db9ec823/hdf5-src-0.7.1/ext/hdf5/src/H5Zprivate.h:28,
[INFO] [stderr]                    from /opt/rustwide/cargo-home/registry/src/github.com-1ecc6299db9ec823/hdf5-src-0.7.1/ext/hdf5/src/H5CXprivate.h:30,
[INFO] [stderr]                    from /opt/rustwide/cargo-home/registry/src/github.com-1ecc6299db9ec823/hdf5-src-0.7.1/ext/hdf5/src/H5Dfill.c:36:
[INFO] [stderr]   /opt/rustwide/cargo-home/registry/src/github.com-1ecc6299db9ec823/hdf5-src-0.7.1/ext/hdf5/src/H5Tprivate.h:108:15: note: expected 'H5T_t *' {aka 'struct H5T_t *'} but argument is of type 'const H5T_t *' {aka 'const struct H5T_t *'}
[INFO] [stderr]     108 | H5_DLL H5T_t *H5T_copy(H5T_t *old_dt, H5T_copy_t method);
[INFO] [stderr]         |               ^~~~~~~~
[INFO] [stderr]   /opt/rustwide/cargo-home/registry/src/github.com-1ecc6299db9ec823/hdf5-src-0.7.1/ext/hdf5/src/H5Dfill.c:242:62: warning: passing argument 1 of 'H5T_copy' discards 'const' qualifier from pointer target type [-Wdiscarded-qualifiers]
[INFO] [stderr]     242 |             if((dst_id = H5I_register(H5I_DATATYPE, H5T_copy(buf_type, H5T_COPY_ALL), FALSE)) < 0)
[INFO] [stderr]         |                                                              ^~~~~~~~
[INFO] [stderr]   In file included from /opt/rustwide/cargo-home/registry/src/github.com-1ecc6299db9ec823/hdf5-src-0.7.1/ext/hdf5/src/H5Zprivate.h:28,
[INFO] [stderr]                    from /opt/rustwide/cargo-home/registry/src/github.com-1ecc6299db9ec823/hdf5-src-0.7.1/ext/hdf5/src/H5CXprivate.h:30,
[INFO] [stderr]                    from /opt/rustwide/cargo-home/registry/src/github.com-1ecc6299db9ec823/hdf5-src-0.7.1/ext/hdf5/src/H5Dfill.c:36:
[INFO] [stderr]   /opt/rustwide/cargo-home/registry/src/github.com-1ecc6299db9ec823/hdf5-src-0.7.1/ext/hdf5/src/H5Tprivate.h:108:15: note: expected 'H5T_t *' {aka 'struct H5T_t *'} but argument is of type 'const H5T_t *' {aka 'const struct H5T_t *'}
[INFO] [stderr]     108 | H5_DLL H5T_t *H5T_copy(H5T_t *old_dt, H5T_copy_t method);
[INFO] [stderr]         |               ^~~~~~~~
[INFO] [stderr]   /opt/rustwide/cargo-home/registry/src/github.com-1ecc6299db9ec823/hdf5-src-0.7.1/ext/hdf5/src/H5Dfill.c: In function 'H5D__fill_init':
[INFO] [stderr]   /opt/rustwide/cargo-home/registry/src/github.com-1ecc6299db9ec823/hdf5-src-0.7.1/ext/hdf5/src/H5Dfill.c:408:54: warning: passing argument 1 of 'H5T_copy' discards 'const' qualifier from pointer target type [-Wdiscarded-qualifiers]
[INFO] [stderr]     408 |             if(NULL == (fb_info->mem_type = H5T_copy(dset_type, H5T_COPY_TRANSIENT)))
[INFO] [stderr]         |                                                      ^~~~~~~~~
[INFO] [stderr]   In file included from /opt/rustwide/cargo-home/registry/src/github.com-1ecc6299db9ec823/hdf5-src-0.7.1/ext/hdf5/src/H5Zprivate.h:28,
[INFO] [stderr]                    from /opt/rustwide/cargo-home/registry/src/github.com-1ecc6299db9ec823/hdf5-src-0.7.1/ext/hdf5/src/H5CXprivate.h:30,
[INFO] [stderr]                    from /opt/rustwide/cargo-home/registry/src/github.com-1ecc6299db9ec823/hdf5-src-0.7.1/ext/hdf5/src/H5Dfill.c:36:
[INFO] [stderr]   /opt/rustwide/cargo-home/registry/src/github.com-1ecc6299db9ec823/hdf5-src-0.7.1/ext/hdf5/src/H5Tprivate.h:108:15: note: expected 'H5T_t *' {aka 'struct H5T_t *'} but argument is of type 'const H5T_t *' {aka 'const struct H5T_t *'}
[INFO] [stderr]     108 | H5_DLL H5T_t *H5T_copy(H5T_t *old_dt, H5T_copy_t method);
[INFO] [stderr]         |               ^~~~~~~~
[INFO] [stderr]   /opt/rustwide/cargo-home/registry/src/github.com-1ecc6299db9ec823/hdf5-src-0.7.1/ext/hdf5/src/H5Dint.c: In function 'H5D__init_type':
[INFO] [stderr]   /opt/rustwide/cargo-home/registry/src/github.com-1ecc6299db9ec823/hdf5-src-0.7.1/ext/hdf5/src/H5Dint.c:534:43: warning: passing argument 1 of 'H5T_copy' discards 'const' qualifier from pointer target type [-Wdiscarded-qualifiers]
[INFO] [stderr]     534 |         if((dset->shared->type = H5T_copy(type, H5T_COPY_ALL)) == NULL)
[INFO] [stderr]         |                                           ^~~~
[INFO] [stderr]   In file included from /opt/rustwide/cargo-home/registry/src/github.com-1ecc6299db9ec823/hdf5-src-0.7.1/ext/hdf5/src/H5Oprivate.h:45,
[INFO] [stderr]                    from /opt/rustwide/cargo-home/registry/src/github.com-1ecc6299db9ec823/hdf5-src-0.7.1/ext/hdf5/src/H5Dprivate.h:25,
[INFO] [stderr]                    from /opt/rustwide/cargo-home/registry/src/github.com-1ecc6299db9ec823/hdf5-src-0.7.1/ext/hdf5/src/H5Dpkg.h:30,
[INFO] [stderr]                    from /opt/rustwide/cargo-home/registry/src/github.com-1ecc6299db9ec823/hdf5-src-0.7.1/ext/hdf5/src/H5Dint.c:25:
[INFO] [stderr]   /opt/rustwide/cargo-home/registry/src/github.com-1ecc6299db9ec823/hdf5-src-0.7.1/ext/hdf5/src/H5Tprivate.h:108:15: note: expected 'H5T_t *' {aka 'struct H5T_t *'} but argument is of type 'const H5T_t *' {aka 'const struct H5T_t *'}
[INFO] [stderr]     108 | H5_DLL H5T_t *H5T_copy(H5T_t *old_dt, H5T_copy_t method);
[INFO] [stderr]         |               ^~~~~~~~
[INFO] [stderr]   /opt/rustwide/cargo-home/registry/src/github.com-1ecc6299db9ec823/hdf5-src-0.7.1/ext/hdf5/src/H5Dint.c: In function 'H5D__use_minimized_dset_headers':
[INFO] [stderr]   /opt/rustwide/cargo-home/registry/src/github.com-1ecc6299db9ec823/hdf5-src-0.7.1/ext/hdf5/src/H5Dint.c:669:21: warning: unused variable 'plist' [-Wunused-variable]
[INFO] [stderr]     669 |     H5P_genplist_t *plist     = NULL;
[INFO] [stderr]         |                     ^~~~~
[INFO] [stderr]   /opt/rustwide/cargo-home/registry/src/github.com-1ecc6299db9ec823/hdf5-src-0.7.1/ext/hdf5/src/H5Dint.c: In function 'H5D__build_file_prefix':
[INFO] [stderr]   /opt/rustwide/cargo-home/registry/src/github.com-1ecc6299db9ec823/hdf5-src-0.7.1/ext/hdf5/src/H5Dint.c:1079:22: warning: unused variable 'plist' [-Wunused-variable]
[INFO] [stderr]    1079 |     H5P_genplist_t  *plist = NULL;        /* Property list pointer                          */
[INFO] [stderr]         |                      ^~~~~
[INFO] [stderr]   cc: fatal error: Killed signal terminated program cc1
[INFO] [stderr]   compilation terminated.
[INFO] [stderr]   make[2]: *** [src/CMakeFiles/hdf5-static.dir/build.make:144: src/CMakeFiles/hdf5-static.dir/H5trace.c.o] Error 1
[INFO] [stderr]   make[2]: *** Waiting for unfinished jobs....
[INFO] [stderr]   make[2]: *** [src/CMakeFiles/hdf5-static.dir/build.make:235: src/CMakeFiles/hdf5-static.dir/H5AC.c.o] Error 1
[INFO] [stderr]   make[2]: *** [src/CMakeFiles/hdf5-static.dir/build.make:391: src/CMakeFiles/hdf5-static.dir/H5B2internal.c.o] Error 1
[INFO] [stderr]   cc: fatal error: Killed signal terminated program cc1
[INFO] [stderr]   compilation terminated.
[INFO] [stderr]   make[2]: *** [src/CMakeFiles/hdf5-static.dir/build.make:287: src/CMakeFiles/hdf5-static.dir/H5B.c.o] Error 1
[INFO] [stderr]   cc: fatal error: Killed signal terminated program cc1
[INFO] [stderr]   compilation terminated.
[INFO] [stderr]   cc: fatal error: Killed signal terminated program cc1
[INFO] [stderr]   compilation terminated.
[INFO] [stderr]   cc: fatal error: Killed signal terminated program cc1
[INFO] [stderr]   compilation terminated.
[INFO] [stderr]   make[2]: *** [src/CMakeFiles/hdf5-static.dir/build.make:404: src/CMakeFiles/hdf5-static.dir/H5B2leaf.c.o] Error 1
[INFO] [stderr]   cc: fatal error: Killed signal terminated program cc1
[INFO] [stderr]   compilation terminated.
[INFO] [stderr]   make[2]: *** [src/CMakeFiles/hdf5-static.dir/build.make:365: src/CMakeFiles/hdf5-static.dir/H5B2hdr.c.o] Error 1
[INFO] [stderr]   cc: fatal error: Killed signal terminated program cc1
[INFO] [stderr]   compilation terminated.
[INFO] [stderr]   make[2]: *** [src/CMakeFiles/hdf5-static.dir/build.make:456: src/CMakeFiles/hdf5-static.dir/H5Cdbg.c.o] Error 1
[INFO] [stderr]   make[2]: *** [src/CMakeFiles/hdf5-static.dir/build.make:690: src/CMakeFiles/hdf5-static.dir/H5Dcontig.c.o] Error 1
[INFO] [stderr]   cc: fatal error: Killed signal terminated program cc1
[INFO] [stderr]   compilation terminated.
[INFO] [stderr]   make[2]: *** [src/CMakeFiles/hdf5-static.dir/build.make:430: src/CMakeFiles/hdf5-static.dir/H5B2test.c.o] Error 1
[INFO] [stderr]   cc: fatal error: Killed signal terminated program cc1
[INFO] [stderr]   compilation terminated.
[INFO] [stderr]   make[2]: *** [src/CMakeFiles/hdf5-static.dir/build.make:833: src/CMakeFiles/hdf5-static.dir/H5Dnone.c.o] Error 1
[INFO] [stderr]   make[2]: *** [src/CMakeFiles/hdf5-static.dir/build.make:326: src/CMakeFiles/hdf5-static.dir/H5B2.c.o] Error 1
[INFO] [stderr]   /opt/rustwide/cargo-home/registry/src/github.com-1ecc6299db9ec823/hdf5-src-0.7.1/ext/hdf5/src/H5FDhdfs.c: In function 'H5FD_hdfs_init':
[INFO] [stderr]   /opt/rustwide/cargo-home/registry/src/github.com-1ecc6299db9ec823/hdf5-src-0.7.1/ext/hdf5/src/H5FDhdfs.c:584:18: warning: unused variable 'bin_i' [-Wunused-variable]
[INFO] [stderr]     584 |     unsigned int bin_i;
[INFO] [stderr]         |                  ^~~~~
[INFO] [stderr]   In file included from /opt/rustwide/cargo-home/registry/src/github.com-1ecc6299db9ec823/hdf5-src-0.7.1/ext/hdf5/src/H5FDdirect.c:26:
[INFO] [stderr]   /opt/rustwide/cargo-home/registry/src/github.com-1ecc6299db9ec823/hdf5-src-0.7.1/ext/hdf5/src/H5FDdrvr_module.h:27:25: warning: 'H5FD__init_package' declared 'static' but never defined [-Wunused-function]
[INFO] [stderr]      27 | #define H5_MY_PKG       H5FD
[INFO] [stderr]         |                         ^~~~
[INFO] [stderr]   /opt/rustwide/cargo-home/registry/src/github.com-1ecc6299db9ec823/hdf5-src-0.7.1/ext/hdf5/src/H5private.h:1572:28: note: in definition of macro 'H5_GLUE'
[INFO] [stderr]    1572 | #define H5_GLUE(x,y)       x##y
[INFO] [stderr]         |                            ^
[INFO] [stderr]   /opt/rustwide/cargo-home/registry/src/github.com-1ecc6299db9ec823/hdf5-src-0.7.1/ext/hdf5/src/H5private.h:2375:52: note: in expansion of macro 'H5_PACKAGE_INIT_FUNC'
[INFO] [stderr]    2375 | #define H5_PKG_DECLARE_YES_FUNC(pkg) static herr_t H5_PACKAGE_INIT_FUNC(pkg)(void);
[INFO] [stderr]         |                                                    ^~~~~~~~~~~~~~~~~~~~
[INFO] [stderr]   /opt/rustwide/cargo-home/registry/src/github.com-1ecc6299db9ec823/hdf5-src-0.7.1/ext/hdf5/src/H5private.h:1573:28: note: in expansion of macro 'H5_PKG_DECLARE_YES_FUNC'
[INFO] [stderr]    1573 | #define H5_GLUE3(x,y,z)    x##y##z
[INFO] [stderr]         |                            ^
[INFO] [stderr]   /opt/rustwide/cargo-home/registry/src/github.com-1ecc6299db9ec823/hdf5-src-0.7.1/ext/hdf5/src/H5private.h:2390:1: note: in expansion of macro 'H5_PKG_DECLARE_FUNC'
[INFO] [stderr]    2390 | H5_PKG_DECLARE_FUNC(H5_MY_PKG_INIT, H5_MY_PKG)
[INFO] [stderr]         | ^~~~~~~~~~~~~~~~~~~
[INFO] [stderr]   /opt/rustwide/cargo-home/registry/src/github.com-1ecc6299db9ec823/hdf5-src-0.7.1/ext/hdf5/src/H5private.h:2390:37: note: in expansion of macro 'H5_MY_PKG'
[INFO] [stderr]    2390 | H5_PKG_DECLARE_FUNC(H5_MY_PKG_INIT, H5_MY_PKG)
[INFO] [stderr]         |                                     ^~~~~~~~~
[INFO] [stderr]   In file included from /opt/rustwide/cargo-home/registry/src/github.com-1ecc6299db9ec823/hdf5-src-0.7.1/ext/hdf5/src/H5FDmpio.c:25:
[INFO] [stderr]   /opt/rustwide/cargo-home/registry/src/github.com-1ecc6299db9ec823/hdf5-src-0.7.1/ext/hdf5/src/H5FDdrvr_module.h:27:25: warning: 'H5FD__init_package' declared 'static' but never defined [-Wunused-function]
[INFO] [stderr]      27 | #define H5_MY_PKG       H5FD
[INFO] [stderr]         |                         ^~~~
[INFO] [stderr]   /opt/rustwide/cargo-home/registry/src/github.com-1ecc6299db9ec823/hdf5-src-0.7.1/ext/hdf5/src/H5private.h:1572:28: note: in definition of macro 'H5_GLUE'
[INFO] [stderr]    1572 | #define H5_GLUE(x,y)       x##y
[INFO] [stderr]         |                            ^
[INFO] [stderr]   /opt/rustwide/cargo-home/registry/src/github.com-1ecc6299db9ec823/hdf5-src-0.7.1/ext/hdf5/src/H5private.h:2375:52: note: in expansion of macro 'H5_PACKAGE_INIT_FUNC'
[INFO] [stderr]    2375 | #define H5_PKG_DECLARE_YES_FUNC(pkg) static herr_t H5_PACKAGE_INIT_FUNC(pkg)(void);
[INFO] [stderr]         |                                                    ^~~~~~~~~~~~~~~~~~~~
[INFO] [stderr]   /opt/rustwide/cargo-home/registry/src/github.com-1ecc6299db9ec823/hdf5-src-0.7.1/ext/hdf5/src/H5private.h:1573:28: note: in expansion of macro 'H5_PKG_DECLARE_YES_FUNC'
[INFO] [stderr]    1573 | #define H5_GLUE3(x,y,z)    x##y##z
[INFO] [stderr]         |                            ^
[INFO] [stderr]   /opt/rustwide/cargo-home/registry/src/github.com-1ecc6299db9ec823/hdf5-src-0.7.1/ext/hdf5/src/H5private.h:2390:1: note: in expansion of macro 'H5_PKG_DECLARE_FUNC'
[INFO] [stderr]    2390 | H5_PKG_DECLARE_FUNC(H5_MY_PKG_INIT, H5_MY_PKG)
[INFO] [stderr]         | ^~~~~~~~~~~~~~~~~~~
[INFO] [stderr]   /opt/rustwide/cargo-home/registry/src/github.com-1ecc6299db9ec823/hdf5-src-0.7.1/ext/hdf5/src/H5private.h:2390:37: note: in expansion of macro 'H5_MY_PKG'
[INFO] [stderr]    2390 | H5_PKG_DECLARE_FUNC(H5_MY_PKG_INIT, H5_MY_PKG)
[INFO] [stderr]         |                                     ^~~~~~~~~
[INFO] [stderr]   cc: fatal error: Killed signal terminated program cc1
[INFO] [stderr]   compilation terminated.
[INFO] [stderr]   cc: fatal error: Killed signal terminated program cc1
[INFO] [stderr]   compilation terminated.
[INFO] [stderr]   cc: fatal error: Killed signal terminated program cc1
[INFO] [stderr]   compilation terminated.
[INFO] [stderr]   make[2]: *** [src/CMakeFiles/hdf5-static.dir/build.make:638: src/CMakeFiles/hdf5-static.dir/H5Dbtree.c.o] Error 1
[INFO] [stderr]   cc: fatal error: Killed signal terminated program cc1
[INFO] [stderr]   compilation terminated.
[INFO] [stderr]   make[2]: *** [src/CMakeFiles/hdf5-static.dir/build.make:495: src/CMakeFiles/hdf5-static.dir/H5Clog.c.o] Error 1
[INFO] [stderr]   make[2]: *** [src/CMakeFiles/hdf5-static.dir/build.make:911: src/CMakeFiles/hdf5-static.dir/H5Dvirtual.c.o] Error 1
[INFO] [stderr]   make[2]: *** [src/CMakeFiles/hdf5-static.dir/build.make:209: src/CMakeFiles/hdf5-static.dir/H5Aint.c.o] Error 1
[INFO] [stderr]   cc: fatal error: Killed signal terminated program cc1
[INFO] [stderr]   compilation terminated.
[INFO] [stderr]   make[2]: *** [src/CMakeFiles/hdf5-static.dir/build.make:625: src/CMakeFiles/hdf5-static.dir/H5D.c.o] Error 1
[INFO] [stderr]   cc: fatal error: Killed signal terminated program cc1
[INFO] [stderr]   compilation terminated.
[INFO] [stderr]   make[2]: *** [src/CMakeFiles/hdf5-static.dir/build.make:755: src/CMakeFiles/hdf5-static.dir/H5Dfarray.c.o] Error 1
[INFO] [stderr]   /opt/rustwide/cargo-home/registry/src/github.com-1ecc6299db9ec823/hdf5-src-0.7.1/ext/hdf5/src/H5Dchunk.c: In function 'H5D__chunk_allocate':
[INFO] [stderr]   /opt/rustwide/cargo-home/registry/src/github.com-1ecc6299db9ec823/hdf5-src-0.7.1/ext/hdf5/src/H5Dchunk.c:4139:32: warning: cast between incompatible function types from 'void * (*)(void *, const H5O_pline_t *)' {aka 'void * (*)(void *, const struct H5O_pline_t *)'} to 'void (*)(void *, void *)' [-Wcast-function-type]
[INFO] [stderr]    4139 |                 (void *)pline, (H5MM_free_t)H5D__chunk_mem_xfree, (void *)pline,
[INFO] [stderr]         |                                ^
[INFO] [stderr]   cc: fatal error: Killed signal terminated program cc1
[INFO] [stderr]   compilation terminated.
[INFO] [stderr]   make[2]: *** [src/CMakeFiles/hdf5-static.dir/build.make:781: src/CMakeFiles/hdf5-static.dir/H5Dint.c.o] Error 1
[INFO] [stderr]   cc: fatal error: Killed signal terminated program cc1
[INFO] [stderr]   compilation terminated.
[INFO] [stderr]   make[2]: *** [src/CMakeFiles/hdf5-static.dir/build.make:378: src/CMakeFiles/hdf5-static.dir/H5B2int.c.o] Error 1
[INFO] [stderr]   /opt/rustwide/cargo-home/registry/src/github.com-1ecc6299db9ec823/hdf5-src-0.7.1/ext/hdf5/src/H5Dchunk.c: In function 'H5D__chunk_copy_cb':
[INFO] [stderr]   /opt/rustwide/cargo-home/registry/src/github.com-1ecc6299db9ec823/hdf5-src-0.7.1/ext/hdf5/src/H5Dchunk.c:5830:111: warning: passing argument 5 of 'H5D__chunk_file_alloc' discards 'const' qualifier from pointer target type [-Wdiscarded-qualifiers]
[INFO] [stderr]    5830 |     if(H5D__chunk_file_alloc(udata->idx_info_dst, NULL, &udata_dst.chunk_block, &need_insert, udata_dst.common.scaled) < 0)
[INFO] [stderr]         |                                                                                               ~~~~~~~~~~~~~~~~^~~~~~~
[INFO] [stderr]   In file included from /opt/rustwide/cargo-home/registry/src/github.com-1ecc6299db9ec823/hdf5-src-0.7.1/ext/hdf5/src/H5Dchunk.c:56:
[INFO] [stderr]   /opt/rustwide/cargo-home/registry/src/github.com-1ecc6299db9ec823/hdf5-src-0.7.1/ext/hdf5/src/H5Dpkg.h:656:59: note: expected 'hsize_t *' {aka 'long long unsigned int *'} but argument is of type 'const hsize_t *' {aka 'const long long unsigned int *'}
[INFO] [stderr]     656 |     H5F_block_t *new_chunk, hbool_t *need_insert, hsize_t scaled[]);
[INFO] [stderr]         |                                                   ~~~~~~~~^~~~~~~~
[INFO] [stderr]   /opt/rustwide/cargo-home/registry/src/github.com-1ecc6299db9ec823/hdf5-src-0.7.1/ext/hdf5/src/H5Dchunk.c: In function 'H5D__chunk_copy':
[INFO] [stderr]   /opt/rustwide/cargo-home/registry/src/github.com-1ecc6299db9ec823/hdf5-src-0.7.1/ext/hdf5/src/H5Dchunk.c:5967:39: warning: passing argument 1 of 'H5T_copy' discards 'const' qualifier from pointer target type [-Wdiscarded-qualifiers]
[INFO] [stderr]    5967 |         if(NULL == (dt_mem = H5T_copy(dt_src, H5T_COPY_TRANSIENT)))
[INFO] [stderr]         |                                       ^~~~~~
[INFO] [stderr]   In file included from /opt/rustwide/cargo-home/registry/src/github.com-1ecc6299db9ec823/hdf5-src-0.7.1/ext/hdf5/src/H5Zprivate.h:28,
[INFO] [stderr]                    from /opt/rustwide/cargo-home/registry/src/github.com-1ecc6299db9ec823/hdf5-src-0.7.1/ext/hdf5/src/H5CXprivate.h:30,
[INFO] [stderr]                    from /opt/rustwide/cargo-home/registry/src/github.com-1ecc6299db9ec823/hdf5-src-0.7.1/ext/hdf5/src/H5Dchunk.c:55:
[INFO] [stderr]   /opt/rustwide/cargo-home/registry/src/github.com-1ecc6299db9ec823/hdf5-src-0.7.1/ext/hdf5/src/H5Tprivate.h:108:15: note: expected 'H5T_t *' {aka 'struct H5T_t *'} but argument is of type 'const H5T_t *' {aka 'const struct H5T_t *'}
[INFO] [stderr]     108 | H5_DLL H5T_t *H5T_copy(H5T_t *old_dt, H5T_copy_t method);
[INFO] [stderr]         |               ^~~~~~~~
[INFO] [stderr]   /opt/rustwide/cargo-home/registry/src/github.com-1ecc6299db9ec823/hdf5-src-0.7.1/ext/hdf5/src/H5Dchunk.c:5975:39: warning: passing argument 1 of 'H5T_copy' discards 'const' qualifier from pointer target type [-Wdiscarded-qualifiers]
[INFO] [stderr]    5975 |         if(NULL == (dt_dst = H5T_copy(dt_src, H5T_COPY_TRANSIENT)))
[INFO] [stderr]         |                                       ^~~~~~
[INFO] [stderr]   In file included from /opt/rustwide/cargo-home/registry/src/github.com-1ecc6299db9ec823/hdf5-src-0.7.1/ext/hdf5/src/H5Zprivate.h:28,
[INFO] [stderr]                    from /opt/rustwide/cargo-home/registry/src/github.com-1ecc6299db9ec823/hdf5-src-0.7.1/ext/hdf5/src/H5CXprivate.h:30,
[INFO] [stderr]                    from /opt/rustwide/cargo-home/registry/src/github.com-1ecc6299db9ec823/hdf5-src-0.7.1/ext/hdf5/src/H5Dchunk.c:55:
[INFO] [stderr]   /opt/rustwide/cargo-home/registry/src/github.com-1ecc6299db9ec823/hdf5-src-0.7.1/ext/hdf5/src/H5Tprivate.h:108:15: note: expected 'H5T_t *' {aka 'struct H5T_t *'} but argument is of type 'const H5T_t *' {aka 'const struct H5T_t *'}
[INFO] [stderr]     108 | H5_DLL H5T_t *H5T_copy(H5T_t *old_dt, H5T_copy_t method);
[INFO] [stderr]         |               ^~~~~~~~
[INFO] [stderr]   In file included from /opt/rustwide/cargo-home/registry/src/github.com-1ecc6299db9ec823/hdf5-src-0.7.1/ext/hdf5/src/H5CX.c:34:
[INFO] [stderr]   /opt/rustwide/cargo-home/registry/src/github.com-1ecc6299db9ec823/hdf5-src-0.7.1/ext/hdf5/src/H5CX.c: In function 'H5CX__pop_common':
[INFO] [stderr]   /opt/rustwide/cargo-home/registry/src/github.com-1ecc6299db9ec823/hdf5-src-0.7.1/ext/hdf5/src/H5private.h:2032:13: warning: unused variable 'err_occurred' [-Wunused-variable]
[INFO] [stderr]    2032 |     hbool_t err_occurred = FALSE;                                             \
[INFO] [stderr]         |             ^~~~~~~~~~~~
[INFO] [stderr]   /opt/rustwide/cargo-home/registry/src/github.com-1ecc6299db9ec823/hdf5-src-0.7.1/ext/hdf5/src/H5private.h:2237:5: note: in expansion of macro 'FUNC_ENTER_COMMON'
[INFO] [stderr]    2237 |     FUNC_ENTER_COMMON(H5_IS_PKG(FUNC));                                       \
[INFO] [stderr]         |     ^~~~~~~~~~~~~~~~~
[INFO] [stderr]   /opt/rustwide/cargo-home/registry/src/github.com-1ecc6299db9ec823/hdf5-src-0.7.1/ext/hdf5/src/H5CX.c:3119:5: note: in expansion of macro 'FUNC_ENTER_STATIC'
[INFO] [stderr]    3119 |     FUNC_ENTER_STATIC
[INFO] [stderr]         |     ^~~~~~~~~~~~~~~~~
[INFO] [stderr]   /opt/rustwide/cargo-home/registry/src/github.com-1ecc6299db9ec823/hdf5-src-0.7.1/ext/hdf5/src/H5CX.c:3145:1: warning: label 'done' defined but not used [-Wunused-label]
[INFO] [stderr]    3145 | done:
[INFO] [stderr]         | ^~~~
[INFO] [stderr]   cc: fatal error: Killed signal terminated program cc1
[INFO] [stderr]   compilation terminated.
[INFO] [stderr]   make[2]: *** [src/CMakeFiles/hdf5-static.dir/build.make:1249: src/CMakeFiles/hdf5-static.dir/H5Fquery.c.o] Error 1
[INFO] [stderr]   cc: fatal error: Killed signal terminated program cc1
[INFO] [stderr]   compilation terminated.
[INFO] [stderr]   make[2]: *** [src/CMakeFiles/hdf5-static.dir/build.make:794: src/CMakeFiles/hdf5-static.dir/H5Dio.c.o] Error 1
[INFO] [stderr]   cc: fatal error: Killed signal terminated program cc1
[INFO] [stderr]   compilation terminated.
[INFO] [stderr]   make[2]: *** [src/CMakeFiles/hdf5-static.dir/build.make:729: src/CMakeFiles/hdf5-static.dir/H5Dearray.c.o] Error 1
[INFO] [stderr]   /opt/rustwide/cargo-home/registry/src/github.com-1ecc6299db9ec823/hdf5-src-0.7.1/ext/hdf5/src/H5Fsuper.c: In function 'H5F__super_init':
[INFO] [stderr]   /opt/rustwide/cargo-home/registry/src/github.com-1ecc6299db9ec823/hdf5-src-0.7.1/ext/hdf5/src/H5Fsuper.c:1397:16: warning: implicit declaration of function 'H5O__fsinfo_set_version'; did you mean 'H5O_pline_set_version'? [-Wimplicit-function-declaration]
[INFO] [stderr]    1397 |             if(H5O__fsinfo_set_version(f, &fsinfo) < 0)
[INFO] [stderr]         |                ^~~~~~~~~~~~~~~~~~~~~~~
[INFO] [stderr]         |                H5O_pline_set_version
[INFO] [stderr]   In file included from /opt/rustwide/cargo-home/registry/src/github.com-1ecc6299db9ec823/hdf5-src-0.7.1/ext/hdf5/src/H5FDros3.c:28:
[INFO] [stderr]   /opt/rustwide/cargo-home/registry/src/github.com-1ecc6299db9ec823/hdf5-src-0.7.1/ext/hdf5/src/H5FDdrvr_module.h:27:25: warning: 'H5FD__init_package' declared 'static' but never defined [-Wunused-function]
[INFO] [stderr]      27 | #define H5_MY_PKG       H5FD
[INFO] [stderr]         |                         ^~~~
[INFO] [stderr]   /opt/rustwide/cargo-home/registry/src/github.com-1ecc6299db9ec823/hdf5-src-0.7.1/ext/hdf5/src/H5private.h:1572:28: note: in definition of macro 'H5_GLUE'
[INFO] [stderr]    1572 | #define H5_GLUE(x,y)       x##y
[INFO] [stderr]         |                            ^
[INFO] [stderr]   /opt/rustwide/cargo-home/registry/src/github.com-1ecc6299db9ec823/hdf5-src-0.7.1/ext/hdf5/src/H5private.h:2375:52: note: in expansion of macro 'H5_PACKAGE_INIT_FUNC'
[INFO] [stderr]    2375 | #define H5_PKG_DECLARE_YES_FUNC(pkg) static herr_t H5_PACKAGE_INIT_FUNC(pkg)(void);
[INFO] [stderr]         |                                                    ^~~~~~~~~~~~~~~~~~~~
[INFO] [stderr]   /opt/rustwide/cargo-home/registry/src/github.com-1ecc6299db9ec823/hdf5-src-0.7.1/ext/hdf5/src/H5private.h:1573:28: note: in expansion of macro 'H5_PKG_DECLARE_YES_FUNC'
[INFO] [stderr]    1573 | #define H5_GLUE3(x,y,z)    x##y##z
[INFO] [stderr]         |                            ^
[INFO] [stderr]   /opt/rustwide/cargo-home/registry/src/github.com-1ecc6299db9ec823/hdf5-src-0.7.1/ext/hdf5/src/H5private.h:2390:1: note: in expansion of macro 'H5_PKG_DECLARE_FUNC'
[INFO] [stderr]    2390 | H5_PKG_DECLARE_FUNC(H5_MY_PKG_INIT, H5_MY_PKG)
[INFO] [stderr]         | ^~~~~~~~~~~~~~~~~~~
[INFO] [stderr]   /opt/rustwide/cargo-home/registry/src/github.com-1ecc6299db9ec823/hdf5-src-0.7.1/ext/hdf5/src/H5private.h:2390:37: note: in expansion of macro 'H5_MY_PKG'
[INFO] [stderr]    2390 | H5_PKG_DECLARE_FUNC(H5_MY_PKG_INIT, H5_MY_PKG)
[INFO] [stderr]         |                                     ^~~~~~~~~
[INFO] [stderr]   /opt/rustwide/cargo-home/registry/src/github.com-1ecc6299db9ec823/hdf5-src-0.7.1/ext/hdf5/src/H5FDdrvr_module.h:27:25: warning: 'H5FD_init_g' defined but not used [-Wunused-variable]
[INFO] [stderr]      27 | #define H5_MY_PKG       H5FD
[INFO] [stderr]         |                         ^~~~
[INFO] [stderr]   /opt/rustwide/cargo-home/registry/src/github.com-1ecc6299db9ec823/hdf5-src-0.7.1/ext/hdf5/src/H5private.h:1572:28: note: in definition of macro 'H5_GLUE'
[INFO] [stderr]    1572 | #define H5_GLUE(x,y)       x##y
[INFO] [stderr]         |                            ^
[INFO] [stderr]   /opt/rustwide/cargo-home/registry/src/github.com-1ecc6299db9ec823/hdf5-src-0.7.1/ext/hdf5/src/H5private.h:2383:56: note: in expansion of macro 'H5_PACKAGE_INIT_VAR'
[INFO] [stderr]    2383 | #define H5_PKG_DECLARE_VAR(pkg)         static hbool_t H5_PACKAGE_INIT_VAR(pkg);
[INFO] [stderr]         |                                                        ^~~~~~~~~~~~~~~~~~~
[INFO] [stderr]   /opt/rustwide/cargo-home/registry/src/github.com-1ecc6299db9ec823/hdf5-src-0.7.1/ext/hdf5/src/H5private.h:2389:1: note: in expansion of macro 'H5_PKG_DECLARE_VAR'
[INFO] [stderr]    2389 | H5_PKG_DECLARE_VAR(H5_MY_PKG)
[INFO] [stderr]         | ^~~~~~~~~~~~~~~~~~
[INFO] [stderr]   /opt/rustwide/cargo-home/registry/src/github.com-1ecc6299db9ec823/hdf5-src-0.7.1/ext/hdf5/src/H5private.h:2389:20: note: in expansion of macro 'H5_MY_PKG'
[INFO] [stderr]    2389 | H5_PKG_DECLARE_VAR(H5_MY_PKG)
[INFO] [stderr]         |                    ^~~~~~~~~
[INFO] [stderr]   make[1]: *** [CMakeFiles/Makefile2:130: src/CMakeFiles/hdf5-static.dir/all] Error 2
[INFO] [stderr]   make: *** [Makefile:130: all] Error 2
[INFO] [stderr]   thread 'main' panicked at '
[INFO] [stderr]   command did not execute successfully, got: exit status: 2
[INFO] [stderr] 
[INFO] [stderr]   build script failed, must exit now', /opt/rustwide/cargo-home/registry/src/github.com-1ecc6299db9ec823/cmake-0.1.45/src/lib.rs:894:5
[INFO] [stderr]   stack backtrace:
[INFO] [stderr]      0:     0x559608498000 - std::backtrace_rs::backtrace::libunwind::trace::h34055254b57d8e79
[INFO] [stderr]                                  at /rustc/a178d0322ce20e33eac124758e837cbd80a6f633/library/std/src/../../backtrace/src/backtrace/libunwind.rs:90:5
[INFO] [stderr]      1:     0x559608498000 - std::backtrace_rs::backtrace::trace_unsynchronized::h8f1e3fbd9afff6ec
[INFO] [stderr]                                  at /rustc/a178d0322ce20e33eac124758e837cbd80a6f633/library/std/src/../../backtrace/src/backtrace/mod.rs:66:5
[INFO] [stderr]      2:     0x559608498000 - std::sys_common::backtrace::_print_fmt::h3a99a796b770c360
[INFO] [stderr]                                  at /rustc/a178d0322ce20e33eac124758e837cbd80a6f633/library/std/src/sys_common/backtrace.rs:67:5
[INFO] [stderr]      3:     0x559608498000 - <std::sys_common::backtrace::_print::DisplayBacktrace as core::fmt::Display>::fmt::h32d1f94a80615d18
[INFO] [stderr]                                  at /rustc/a178d0322ce20e33eac124758e837cbd80a6f633/library/std/src/sys_common/backtrace.rs:46:22
[INFO] [stderr]      4:     0x5596084b7f0c - core::fmt::write::h306731c068f7162c
[INFO] [stderr]                                  at /rustc/a178d0322ce20e33eac124758e837cbd80a6f633/library/core/src/fmt/mod.rs:1110:17
[INFO] [stderr]      5:     0x559608494d25 - std::io::Write::write_fmt::hd2fa90334eee2a21
[INFO] [stderr]                                  at /rustc/a178d0322ce20e33eac124758e837cbd80a6f633/library/std/src/io/mod.rs:1588:15
[INFO] [stderr]      6:     0x55960849a64b - std::sys_common::backtrace::_print::h5abaa2601a852287
[INFO] [stderr]                                  at /rustc/a178d0322ce20e33eac124758e837cbd80a6f633/library/std/src/sys_common/backtrace.rs:49:5
[INFO] [stderr]      7:     0x55960849a64b - std::sys_common::backtrace::print::h8d81445442bb638f
[INFO] [stderr]                                  at /rustc/a178d0322ce20e33eac124758e837cbd80a6f633/library/std/src/sys_common/backtrace.rs:36:9
[INFO] [stderr]      8:     0x55960849a64b - std::panicking::default_hook::{{closure}}::hcfe804496a9fa747
[INFO] [stderr]                                  at /rustc/a178d0322ce20e33eac124758e837cbd80a6f633/library/std/src/panicking.rs:208:50
[INFO] [stderr]      9:     0x55960849a121 - std::panicking::default_hook::hbea8e3ccf2ba8901
[INFO] [stderr]                                  at /rustc/a178d0322ce20e33eac124758e837cbd80a6f633/library/std/src/panicking.rs:225:9
[INFO] [stderr]     10:     0x55960849ad14 - std::panicking::rust_panic_with_hook::h7ee9e1a2d0f8975a
[INFO] [stderr]                                  at /rustc/a178d0322ce20e33eac124758e837cbd80a6f633/library/std/src/panicking.rs:622:17
[INFO] [stderr]     11:     0x55960849a7f7 - std::panicking::begin_panic_handler::{{closure}}::h8ab3b4491718b2c7
[INFO] [stderr]                                  at /rustc/a178d0322ce20e33eac124758e837cbd80a6f633/library/std/src/panicking.rs:519:13
[INFO] [stderr]     12:     0x5596084984fc - std::sys_common::backtrace::__rust_end_short_backtrace::hd489062ffa586a9f
[INFO] [stderr]                                  at /rustc/a178d0322ce20e33eac124758e837cbd80a6f633/library/std/src/sys_common/backtrace.rs:141:18
[INFO] [stderr]     13:     0x55960849a759 - rust_begin_unwind
[INFO] [stderr]                                  at /rustc/a178d0322ce20e33eac124758e837cbd80a6f633/library/std/src/panicking.rs:515:5
[INFO] [stderr]     14:     0x559608415beb - std::panicking::begin_panic_fmt::h5479575e112541f8
[INFO] [stderr]                                  at /rustc/a178d0322ce20e33eac124758e837cbd80a6f633/library/std/src/panicking.rs:457:5
[INFO] [stderr]     15:     0x5596084211f3 - cmake::fail::hadbc2df76e0b7c6e
[INFO] [stderr]                                  at /opt/rustwide/cargo-home/registry/src/github.com-1ecc6299db9ec823/cmake-0.1.45/src/lib.rs:894:5
[INFO] [stderr]     16:     0x559608420c01 - cmake::run::h0dbf65c281f76b90
[INFO] [stderr]                                  at /opt/rustwide/cargo-home/registry/src/github.com-1ecc6299db9ec823/cmake-0.1.45/src/lib.rs:872:9
[INFO] [stderr]     17:     0x55960841e631 - cmake::Config::build::h29411f019e42e2ef
[INFO] [stderr]                                  at /opt/rustwide/cargo-home/registry/src/github.com-1ecc6299db9ec823/cmake-0.1.45/src/lib.rs:778:9
[INFO] [stderr]     18:     0x5596084178bb - build_script_build::main::h531322b94af70d78
[INFO] [stderr]                                  at /opt/rustwide/cargo-home/registry/src/github.com-1ecc6299db9ec823/hdf5-src-0.7.1/build.rs:82:15
[INFO] [stderr]     19:     0x5596084183ab - core::ops::function::FnOnce::call_once::hdab2082c9d8f60a8
[INFO] [stderr]                                  at /rustc/a178d0322ce20e33eac124758e837cbd80a6f633/library/core/src/ops/function.rs:227:5
[INFO] [stderr]     20:     0x55960841821e - std::sys_common::backtrace::__rust_begin_short_backtrace::he65c3d1600560b23
[INFO] [stderr]                                  at /rustc/a178d0322ce20e33eac124758e837cbd80a6f633/library/std/src/sys_common/backtrace.rs:125:18
[INFO] [stderr]     21:     0x5596084196f1 - std::rt::lang_start::{{closure}}::hdc3deedd711689c0
[INFO] [stderr]                                  at /rustc/a178d0322ce20e33eac124758e837cbd80a6f633/library/std/src/rt.rs:49:18
[INFO] [stderr]     22:     0x55960849b219 - core::ops::function::impls::<impl core::ops::function::FnOnce<A> for &F>::call_once::h2aabc384aab89b7b
[INFO] [stderr]                                  at /rustc/a178d0322ce20e33eac124758e837cbd80a6f633/library/core/src/ops/function.rs:259:13
[INFO] [stderr]     23:     0x55960849b219 - std::panicking::try::do_call::hc5fcacb7a85fc7b1
[INFO] [stderr]                                  at /rustc/a178d0322ce20e33eac124758e837cbd80a6f633/library/std/src/panicking.rs:401:40
[INFO] [stderr]     24:     0x55960849b219 - std::panicking::try::hb5d9603af3abbe3a
[INFO] [stderr]                                  at /rustc/a178d0322ce20e33eac124758e837cbd80a6f633/library/std/src/panicking.rs:365:19
[INFO] [stderr]     25:     0x55960849b219 - std::panic::catch_unwind::h98fe6ac3925e64b4
[INFO] [stderr]                                  at /rustc/a178d0322ce20e33eac124758e837cbd80a6f633/library/std/src/panic.rs:434:14
[INFO] [stderr]     26:     0x55960849b219 - std::rt::lang_start_internal::h22ac7383c516f93e
[INFO] [stderr]                                  at /rustc/a178d0322ce20e33eac124758e837cbd80a6f633/library/std/src/rt.rs:34:21
[INFO] [stderr]     27:     0x5596084196d0 - std::rt::lang_start::h37302ff0c30160ac
[INFO] [stderr]                                  at /rustc/a178d0322ce20e33eac124758e837cbd80a6f633/library/std/src/rt.rs:48:5
[INFO] [stderr]     28:     0x559608417e7c - main
[INFO] [stderr]     29:     0x7f37924680b3 - __libc_start_main
[INFO] [stderr]     30:     0x559608416a8e - _start
[INFO] [stderr]     31:                0x0 - <unknown>
[INFO] running `Command { std: "docker" "inspect" "8e3f0e6cd40a652f91ef42cbddd502f67b4f17fc6763776daadec3d2390bdd0a", kill_on_drop: false }`
[INFO] running `Command { std: "docker" "rm" "-f" "8e3f0e6cd40a652f91ef42cbddd502f67b4f17fc6763776daadec3d2390bdd0a", kill_on_drop: false }`
[INFO] [stdout] 8e3f0e6cd40a652f91ef42cbddd502f67b4f17fc6763776daadec3d2390bdd0a
