[INFO] fetching crate crdt 0.5.0...
[INFO] testing crdt-0.5.0 against beta-2021-08-01 for beta-1.55-1
[INFO] extracting crate crdt 0.5.0 into /workspace/builds/worker-95/source
[INFO] validating manifest of crates.io crate crdt 0.5.0 on toolchain beta-2021-08-01
[INFO] running `Command { std: "/workspace/cargo-home/bin/cargo" "+beta-2021-08-01" "metadata" "--manifest-path" "Cargo.toml" "--no-deps", kill_on_drop: false }`
[INFO] started tweaking crates.io crate crdt 0.5.0
[INFO] finished tweaking crates.io crate crdt 0.5.0
[INFO] tweaked toml for crates.io crate crdt 0.5.0 written to /workspace/builds/worker-95/source/Cargo.toml
[INFO] running `Command { std: "/workspace/cargo-home/bin/cargo" "+beta-2021-08-01" "generate-lockfile" "--manifest-path" "Cargo.toml" "-Zno-index-update", kill_on_drop: false }`
[INFO] [stderr]     Blocking waiting for file lock on package cache
[INFO] running `Command { std: "/workspace/cargo-home/bin/cargo" "+beta-2021-08-01" "fetch" "--manifest-path" "Cargo.toml", kill_on_drop: false }`
[INFO] [stderr]     Blocking waiting for file lock on package cache
[INFO] [stderr]     Blocking waiting for file lock on package cache
[INFO] running `Command { std: "docker" "create" "-v" "/var/lib/crater-agent-workspace/builds/worker-95/target:/opt/rustwide/target:rw,Z" "-v" "/var/lib/crater-agent-workspace/builds/worker-95/source:/opt/rustwide/workdir:ro,Z" "-v" "/var/lib/crater-agent-workspace/cargo-home:/opt/rustwide/cargo-home:ro,Z" "-v" "/var/lib/crater-agent-workspace/rustup-home:/opt/rustwide/rustup-home:ro,Z" "-e" "SOURCE_DIR=/opt/rustwide/workdir" "-e" "CARGO_TARGET_DIR=/opt/rustwide/target" "-e" "CARGO_HOME=/opt/rustwide/cargo-home" "-e" "RUSTUP_HOME=/opt/rustwide/rustup-home" "-w" "/opt/rustwide/workdir" "-m" "1610612736" "--user" "0:0" "--network" "none" "ghcr.io/rust-lang/crates-build-env/linux@sha256:34b6a614d2c27851fe6cbf88fbd1137609cefab8b10d0615aaeb6fd47975d74e" "/opt/rustwide/cargo-home/bin/cargo" "+beta-2021-08-01" "metadata" "--no-deps" "--format-version=1", kill_on_drop: false }`
[INFO] [stdout] de6d0b6088439dca0d3d7c97d2c5f095d751def059141cb3709e2b24d35f7dcc
[INFO] running `Command { std: "docker" "start" "-a" "de6d0b6088439dca0d3d7c97d2c5f095d751def059141cb3709e2b24d35f7dcc", kill_on_drop: false }`
[INFO] running `Command { std: "docker" "inspect" "de6d0b6088439dca0d3d7c97d2c5f095d751def059141cb3709e2b24d35f7dcc", kill_on_drop: false }`
[INFO] running `Command { std: "docker" "rm" "-f" "de6d0b6088439dca0d3d7c97d2c5f095d751def059141cb3709e2b24d35f7dcc", kill_on_drop: false }`
[INFO] [stdout] de6d0b6088439dca0d3d7c97d2c5f095d751def059141cb3709e2b24d35f7dcc
[INFO] running `Command { std: "docker" "create" "-v" "/var/lib/crater-agent-workspace/builds/worker-95/target:/opt/rustwide/target:rw,Z" "-v" "/var/lib/crater-agent-workspace/builds/worker-95/source:/opt/rustwide/workdir:ro,Z" "-v" "/var/lib/crater-agent-workspace/cargo-home:/opt/rustwide/cargo-home:ro,Z" "-v" "/var/lib/crater-agent-workspace/rustup-home:/opt/rustwide/rustup-home:ro,Z" "-e" "SOURCE_DIR=/opt/rustwide/workdir" "-e" "CARGO_TARGET_DIR=/opt/rustwide/target" "-e" "CARGO_INCREMENTAL=0" "-e" "RUST_BACKTRACE=full" "-e" "RUSTFLAGS=--cap-lints=warn" "-e" "CARGO_HOME=/opt/rustwide/cargo-home" "-e" "RUSTUP_HOME=/opt/rustwide/rustup-home" "-w" "/opt/rustwide/workdir" "-m" "1610612736" "--user" "0:0" "--network" "none" "ghcr.io/rust-lang/crates-build-env/linux@sha256:34b6a614d2c27851fe6cbf88fbd1137609cefab8b10d0615aaeb6fd47975d74e" "/opt/rustwide/cargo-home/bin/cargo" "+beta-2021-08-01" "build" "--frozen" "--message-format=json", kill_on_drop: false }`
[INFO] [stdout] 373fd2d3eae79fc853e2a19bcb661d6ec036c2a4870a232a0d297ad922963d2e
[INFO] running `Command { std: "docker" "start" "-a" "373fd2d3eae79fc853e2a19bcb661d6ec036c2a4870a232a0d297ad922963d2e", kill_on_drop: false }`
[INFO] [stderr]    Compiling crdt v0.5.0 (/opt/rustwide/workdir)
[INFO] [stdout] error[E0557]: feature has been removed
[INFO] [stdout]  --> src/lib.rs:8:18
[INFO] [stdout]   |
[INFO] [stdout] 8 | #![feature(core, custom_attribute, plugin, std_misc)]
[INFO] [stdout]   |                  ^^^^^^^^^^^^^^^^ feature has been removed
[INFO] [stdout]   |
[INFO] [stdout]   = note: removed in favor of `#![register_tool]` and `#![register_attr]`
[INFO] [stdout] 
[INFO] [stdout] 
[INFO] [stdout] error[E0432]: unresolved import `std::iter::AdditiveIterator`
[INFO] [stdout]  --> src/counter/gcounter.rs:4:5
[INFO] [stdout]   |
[INFO] [stdout] 4 | use std::iter::AdditiveIterator;
[INFO] [stdout]   |     ^^^^^^^^^^^^^^^^^^^^^^^^^^^ no `AdditiveIterator` in `iter`
[INFO] [stdout] 
[INFO] [stdout] 
[INFO] [stdout] error[E0432]: unresolved import `std::iter::AdditiveIterator`
[INFO] [stdout]  --> src/counter/pncounter.rs:6:5
[INFO] [stdout]   |
[INFO] [stdout] 6 | use std::iter::AdditiveIterator;
[INFO] [stdout]   |     ^^^^^^^^^^^^^^^^^^^^^^^^^^^ no `AdditiveIterator` in `iter`
[INFO] [stdout] 
[INFO] [stdout] 
[INFO] [stdout] error[E0432]: unresolved import `std::num::SignedInt`
[INFO] [stdout]  --> src/counter/pncounter.rs:7:5
[INFO] [stdout]   |
[INFO] [stdout] 7 | use std::num::SignedInt;
[INFO] [stdout]   |     ^^^^^^^^^^^^^^^^^^^ no `SignedInt` in `num`
[INFO] [stdout] 
[INFO] [stdout] 
[INFO] [stdout] error[E0554]: `#![feature]` may not be used on the beta release channel
[INFO] [stdout]  --> src/lib.rs:8:1
[INFO] [stdout]   |
[INFO] [stdout] 8 | #![feature(core, custom_attribute, plugin, std_misc)]
[INFO] [stdout]   | ^^^^^^^^^^^^^^^^^^^^^^^^^^^^^^^^^^^^^^^^^^^^^^^^^^^^^
[INFO] [stdout] 
[INFO] [stdout] 
[INFO] [stdout] warning: use of deprecated macro `try`: use the `?` operator instead
[INFO] [stdout]    --> src/set/tpset.rs:231:10
[INFO] [stdout]     |
[INFO] [stdout] 231 |          try!(write!(f, "{{present: {{"));
[INFO] [stdout]     |          ^^^
[INFO] [stdout]     |
[INFO] [stdout]     = note: `#[warn(deprecated)]` on by default
[INFO] [stdout] 
[INFO] [stdout] 
[INFO] [stdout] warning: use of deprecated macro `try`: use the `?` operator instead
[INFO] [stdout]    --> src/set/tpset.rs:240:10
[INFO] [stdout]     |
[INFO] [stdout] 240 |          try!(write!(f, "}}, removed: {{"));
[INFO] [stdout]     |          ^^^
[INFO] [stdout] 
[INFO] [stdout] 
[INFO] [stdout] warning: use of deprecated macro `try`: use the `?` operator instead
[INFO] [stdout]    --> src/set/tpset.rs:238:14
[INFO] [stdout]     |
[INFO] [stdout] 238 |              try!(write!(f, "{:?}", *x))
[INFO] [stdout]     |              ^^^
[INFO] [stdout] 
[INFO] [stdout] 
[INFO] [stdout] warning: use of deprecated macro `try`: use the `?` operator instead
[INFO] [stdout]    --> src/set/tpset.rs:237:26
[INFO] [stdout]     |
[INFO] [stdout] 237 |              if i != 0 { try!(write!(f, ", ")); }
[INFO] [stdout]     |                          ^^^
[INFO] [stdout] 
[INFO] [stdout] 
[INFO] [stdout] warning: use of deprecated macro `try`: use the `?` operator instead
[INFO] [stdout]    --> src/set/tpset.rs:247:14
[INFO] [stdout]     |
[INFO] [stdout] 247 |              try!(write!(f, "{:?}", *x))
[INFO] [stdout]     |              ^^^
[INFO] [stdout] 
[INFO] [stdout] 
[INFO] [stdout] warning: use of deprecated macro `try`: use the `?` operator instead
[INFO] [stdout]    --> src/set/tpset.rs:246:26
[INFO] [stdout]     |
[INFO] [stdout] 246 |              if i != 0 { try!(write!(f, ", ")); }
[INFO] [stdout]     |                          ^^^
[INFO] [stdout] 
[INFO] [stdout] 
[INFO] [stdout] warning: use of deprecated macro `try`: use the `?` operator instead
[INFO] [stdout]    --> src/set/lwwset.rs:235:10
[INFO] [stdout]     |
[INFO] [stdout] 235 |          try!(write!(f, "{{present: {{"));
[INFO] [stdout]     |          ^^^
[INFO] [stdout] 
[INFO] [stdout] 
[INFO] [stdout] warning: use of deprecated macro `try`: use the `?` operator instead
[INFO] [stdout]    --> src/set/lwwset.rs:244:10
[INFO] [stdout]     |
[INFO] [stdout] 244 |          try!(write!(f, "}}, removed: {{"));
[INFO] [stdout]     |          ^^^
[INFO] [stdout] 
[INFO] [stdout] 
[INFO] [stdout] warning: use of deprecated macro `try`: use the `?` operator instead
[INFO] [stdout]    --> src/set/lwwset.rs:242:14
[INFO] [stdout]     |
[INFO] [stdout] 242 |              try!(write!(f, "{:?}", x))
[INFO] [stdout]     |              ^^^
[INFO] [stdout] 
[INFO] [stdout] 
[INFO] [stdout] warning: use of deprecated macro `try`: use the `?` operator instead
[INFO] [stdout]    --> src/set/lwwset.rs:241:26
[INFO] [stdout]     |
[INFO] [stdout] 241 |              if i != 0 { try!(write!(f, ", ")); }
[INFO] [stdout]     |                          ^^^
[INFO] [stdout] 
[INFO] [stdout] 
[INFO] [stdout] warning: use of deprecated macro `try`: use the `?` operator instead
[INFO] [stdout]    --> src/set/lwwset.rs:251:14
[INFO] [stdout]     |
[INFO] [stdout] 251 |              try!(write!(f, "{:?}", x))
[INFO] [stdout]     |              ^^^
[INFO] [stdout] 
[INFO] [stdout] 
[INFO] [stdout] warning: use of deprecated macro `try`: use the `?` operator instead
[INFO] [stdout]    --> src/set/lwwset.rs:250:26
[INFO] [stdout]     |
[INFO] [stdout] 250 |              if i != 0 { try!(write!(f, ", ")); }
[INFO] [stdout]     |                          ^^^
[INFO] [stdout] 
[INFO] [stdout] 
[INFO] [stdout] warning: use of deprecated constant `std::sync::atomic::ATOMIC_USIZE_INIT`: the `new` function is now preferred
[INFO] [stdout]  --> src/test.rs:4:38
[INFO] [stdout]   |
[INFO] [stdout] 4 | use std::sync::atomic::{AtomicUsize, ATOMIC_USIZE_INIT};
[INFO] [stdout]   |                                      ^^^^^^^^^^^^^^^^^
[INFO] [stdout] 
[INFO] [stdout] 
[INFO] [stdout] warning: use of deprecated constant `std::sync::atomic::ATOMIC_USIZE_INIT`: the `new` function is now preferred
[INFO] [stdout]  --> src/test.rs:6:41
[INFO] [stdout]   |
[INFO] [stdout] 6 | static mut REPLICA_COUNT: AtomicUsize = ATOMIC_USIZE_INIT;
[INFO] [stdout]   |                                         ^^^^^^^^^^^^^^^^^ help: replace the use of the deprecated constant: `AtomicUsize::new(0)`
[INFO] [stdout] 
[INFO] [stdout] 
[INFO] [stdout] error: aborting due to 5 previous errors; 14 warnings emitted
[INFO] [stdout] 
[INFO] [stdout] 
[INFO] [stdout] Some errors have detailed explanations: E0432, E0554, E0557.
[INFO] [stdout] 
[INFO] [stdout] For more information about an error, try `rustc --explain E0432`.
[INFO] [stdout] 
[INFO] [stderr] error: could not compile `crdt` due to 6 previous errors; 14 warnings emitted
[INFO] running `Command { std: "docker" "inspect" "373fd2d3eae79fc853e2a19bcb661d6ec036c2a4870a232a0d297ad922963d2e", kill_on_drop: false }`
[INFO] running `Command { std: "docker" "rm" "-f" "373fd2d3eae79fc853e2a19bcb661d6ec036c2a4870a232a0d297ad922963d2e", kill_on_drop: false }`
[INFO] [stdout] 373fd2d3eae79fc853e2a19bcb661d6ec036c2a4870a232a0d297ad922963d2e
