[INFO] fetching crate couchbase-sys 1.0.0-alpha.4...
[INFO] testing couchbase-sys-1.0.0-alpha.4 against beta-2021-08-01 for beta-1.55-1
[INFO] extracting crate couchbase-sys 1.0.0-alpha.4 into /workspace/builds/worker-96/source
[INFO] validating manifest of crates.io crate couchbase-sys 1.0.0-alpha.4 on toolchain beta-2021-08-01
[INFO] running `Command { std: "/workspace/cargo-home/bin/cargo" "+beta-2021-08-01" "metadata" "--manifest-path" "Cargo.toml" "--no-deps", kill_on_drop: false }`
[INFO] started tweaking crates.io crate couchbase-sys 1.0.0-alpha.4
[INFO] finished tweaking crates.io crate couchbase-sys 1.0.0-alpha.4
[INFO] tweaked toml for crates.io crate couchbase-sys 1.0.0-alpha.4 written to /workspace/builds/worker-96/source/Cargo.toml
[INFO] running `Command { std: "/workspace/cargo-home/bin/cargo" "+beta-2021-08-01" "generate-lockfile" "--manifest-path" "Cargo.toml" "-Zno-index-update", kill_on_drop: false }`
[INFO] running `Command { std: "/workspace/cargo-home/bin/cargo" "+beta-2021-08-01" "fetch" "--manifest-path" "Cargo.toml", kill_on_drop: false }`
[INFO] [stderr]     Blocking waiting for file lock on package cache
[INFO] running `Command { std: "docker" "create" "-v" "/var/lib/crater-agent-workspace/builds/worker-96/target:/opt/rustwide/target:rw,Z" "-v" "/var/lib/crater-agent-workspace/builds/worker-96/source:/opt/rustwide/workdir:ro,Z" "-v" "/var/lib/crater-agent-workspace/cargo-home:/opt/rustwide/cargo-home:ro,Z" "-v" "/var/lib/crater-agent-workspace/rustup-home:/opt/rustwide/rustup-home:ro,Z" "-e" "SOURCE_DIR=/opt/rustwide/workdir" "-e" "CARGO_TARGET_DIR=/opt/rustwide/target" "-e" "CARGO_HOME=/opt/rustwide/cargo-home" "-e" "RUSTUP_HOME=/opt/rustwide/rustup-home" "-w" "/opt/rustwide/workdir" "-m" "1610612736" "--user" "0:0" "--network" "none" "ghcr.io/rust-lang/crates-build-env/linux@sha256:34b6a614d2c27851fe6cbf88fbd1137609cefab8b10d0615aaeb6fd47975d74e" "/opt/rustwide/cargo-home/bin/cargo" "+beta-2021-08-01" "metadata" "--no-deps" "--format-version=1", kill_on_drop: false }`
[INFO] [stdout] 022e05341503f39dfce7c87591c26f40c4ac554b1eecc3b459ff6eaf6c18bbfd
[INFO] running `Command { std: "docker" "start" "-a" "022e05341503f39dfce7c87591c26f40c4ac554b1eecc3b459ff6eaf6c18bbfd", kill_on_drop: false }`
[INFO] running `Command { std: "docker" "inspect" "022e05341503f39dfce7c87591c26f40c4ac554b1eecc3b459ff6eaf6c18bbfd", kill_on_drop: false }`
[INFO] running `Command { std: "docker" "rm" "-f" "022e05341503f39dfce7c87591c26f40c4ac554b1eecc3b459ff6eaf6c18bbfd", kill_on_drop: false }`
[INFO] [stdout] 022e05341503f39dfce7c87591c26f40c4ac554b1eecc3b459ff6eaf6c18bbfd
[INFO] running `Command { std: "docker" "create" "-v" "/var/lib/crater-agent-workspace/builds/worker-96/target:/opt/rustwide/target:rw,Z" "-v" "/var/lib/crater-agent-workspace/builds/worker-96/source:/opt/rustwide/workdir:ro,Z" "-v" "/var/lib/crater-agent-workspace/cargo-home:/opt/rustwide/cargo-home:ro,Z" "-v" "/var/lib/crater-agent-workspace/rustup-home:/opt/rustwide/rustup-home:ro,Z" "-e" "SOURCE_DIR=/opt/rustwide/workdir" "-e" "CARGO_TARGET_DIR=/opt/rustwide/target" "-e" "CARGO_INCREMENTAL=0" "-e" "RUST_BACKTRACE=full" "-e" "RUSTFLAGS=--cap-lints=warn" "-e" "CARGO_HOME=/opt/rustwide/cargo-home" "-e" "RUSTUP_HOME=/opt/rustwide/rustup-home" "-w" "/opt/rustwide/workdir" "-m" "1610612736" "--user" "0:0" "--network" "none" "ghcr.io/rust-lang/crates-build-env/linux@sha256:34b6a614d2c27851fe6cbf88fbd1137609cefab8b10d0615aaeb6fd47975d74e" "/opt/rustwide/cargo-home/bin/cargo" "+beta-2021-08-01" "build" "--frozen" "--message-format=json", kill_on_drop: false }`
[INFO] [stdout] 06ab7f81e231d9d07739d08edfb4710cc5834782e9a6b8abd2ec2addd241db51
[INFO] running `Command { std: "docker" "start" "-a" "06ab7f81e231d9d07739d08edfb4710cc5834782e9a6b8abd2ec2addd241db51", kill_on_drop: false }`
[INFO] [stderr]     Blocking waiting for file lock on package cache
[INFO] [stderr]    Compiling proc-macro2 v1.0.28
[INFO] [stderr]    Compiling bindgen v0.54.0
[INFO] [stderr]    Compiling lazycell v1.3.0
[INFO] [stderr]    Compiling rustc-hash v1.1.0
[INFO] [stderr]    Compiling clang-sys v0.29.3
[INFO] [stderr]    Compiling nom v5.1.2
[INFO] [stderr]    Compiling which v3.1.1
[INFO] [stderr]    Compiling env_logger v0.7.1
[INFO] [stderr]    Compiling quote v1.0.9
[INFO] [stderr]    Compiling cexpr v0.4.0
[INFO] [stderr]    Compiling couchbase-sys v1.0.0-alpha.4 (/opt/rustwide/workdir)
[INFO] [stdout] warning: panic message is not a string literal
[INFO] [stdout]    --> build/cmake.rs:584:32
[INFO] [stdout]     |
[INFO] [stdout] 584 |             Err(msg) => panic!(msg),
[INFO] [stdout]     |                                ^^^
[INFO] [stdout]     |
[INFO] [stdout]     = note: `#[warn(non_fmt_panics)]` on by default
[INFO] [stdout]     = note: this usage of panic!() is deprecated; it will be a hard error in Rust 2021
[INFO] [stdout]     = note: for more information, see <https://doc.rust-lang.org/nightly/edition-guide/rust-2021/panic-macro-consistency.html>
[INFO] [stdout] help: add a "{}" format string to Display the message
[INFO] [stdout]     |
[INFO] [stdout] 584 |             Err(msg) => panic!("{}", msg),
[INFO] [stdout]     |                                ^^^^^
[INFO] [stdout] help: or use std::panic::panic_any instead
[INFO] [stdout]     |
[INFO] [stdout] 584 |             Err(msg) => std::panic::panic_any(msg),
[INFO] [stdout]     |                         ^^^^^^^^^^^^^^^^^^^^^
[INFO] [stdout] 
[INFO] [stdout] 
[INFO] [stdout] warning: 1 warning emitted
[INFO] [stdout] 
[INFO] [stdout] 
[INFO] [stderr] error: failed to run custom build command for `couchbase-sys v1.0.0-alpha.4 (/opt/rustwide/workdir)`
[INFO] [stderr] 
[INFO] [stderr] Caused by:
[INFO] [stderr]   process didn't exit successfully: `/opt/rustwide/target/debug/build/couchbase-sys-e819ff4583698154/build-script-main` (exit status: 101)
[INFO] [stderr]   --- stdout
[INFO] [stderr]   running: "cmake" "/opt/rustwide/workdir/libcouchbase" "-DCMAKE_BUILD_TYPE=DEBUG" "-DLCB_NO_TESTS=ON" "-DLCB_NO_TOOLS=ON" "-DLCB_NO_MOCK=ON" "-DLCB_BUILD_LIBEV=OFF" "-DLCB_BUILD_LIBUV=OFF" "-DCMAKE_INSTALL_PREFIX=/opt/rustwide/target/debug/build/couchbase-sys-4ca2c0dfd26967a7/out" "-DCMAKE_C_FLAGS= -ffunction-sections -fdata-sections -fPIC -m64" "-DCMAKE_C_COMPILER=/usr/bin/cc" "-DCMAKE_CXX_FLAGS= -ffunction-sections -fdata-sections -fPIC -m64" "-DCMAKE_CXX_COMPILER=/usr/bin/c++" "-DCMAKE_ASM_FLAGS= -ffunction-sections -fdata-sections -fPIC -m64" "-DCMAKE_ASM_COMPILER=/usr/bin/cc"
[INFO] [stderr]   -- The C compiler identification is GNU 9.3.0
[INFO] [stderr]   -- The CXX compiler identification is GNU 9.3.0
[INFO] [stderr]   -- Check for working C compiler: /usr/bin/cc
[INFO] [stderr]   -- Check for working C compiler: /usr/bin/cc -- works
[INFO] [stderr]   -- Detecting C compiler ABI info
[INFO] [stderr]   -- Detecting C compiler ABI info - done
[INFO] [stderr]   -- Detecting C compile features
[INFO] [stderr]   -- Detecting C compile features - done
[INFO] [stderr]   -- Check for working CXX compiler: /usr/bin/c++
[INFO] [stderr]   -- Check for working CXX compiler: /usr/bin/c++ -- works
[INFO] [stderr]   -- Detecting CXX compiler ABI info
[INFO] [stderr]   -- Detecting CXX compiler ABI info - done
[INFO] [stderr]   -- Detecting CXX compile features
[INFO] [stderr]   -- Detecting CXX compile features - done
[INFO] [stderr]   -- Found libevent in /usr/include : /usr/lib/x86_64-linux-gnu/libevent_core.so
[INFO] [stderr]   -- Looking for event_new
[INFO] [stderr]   -- Looking for event_new - found
[INFO] [stderr]   -- Sanitized VERSION=
[INFO] [stderr]   -- libcouchbase 3,0,3
[INFO] [stderr]   -- Building libcouchbase 3.0.3/0xdeadbeef
[INFO] [stderr]   -- Found OpenSSL: /usr/lib/x86_64-linux-gnu/libcrypto.so (found version "1.1.1f")  
[INFO] [stderr]   -- SSL Found: 1.1.1f (/usr/lib/x86_64-linux-gnu/libssl.so;/usr/lib/x86_64-linux-gnu/libcrypto.so)
[INFO] [stderr]   -- Performing Test HAVE_PKCS5_PBKDF2_HMAC
[INFO] [stderr]   -- Performing Test HAVE_PKCS5_PBKDF2_HMAC - Success
[INFO] [stderr]   -- Looking for gethrtime
[INFO] [stderr]   -- Looking for gethrtime - not found
[INFO] [stderr]   -- Looking for gettimeofday
[INFO] [stderr]   -- Looking for gettimeofday - found
[INFO] [stderr]   -- Looking for clock_gettime
[INFO] [stderr]   -- Looking for clock_gettime - found
[INFO] [stderr]   -- Looking for setitimer
[INFO] [stderr]   -- Looking for setitimer - found
[INFO] [stderr]   -- Looking for htonll
[INFO] [stderr]   -- Looking for htonll - not found
[INFO] [stderr]   -- Looking for res_search
[INFO] [stderr]   -- Looking for res_search - found
[INFO] [stderr]   -- Looking for include file dlfcn.h
[INFO] [stderr]   -- Looking for include file dlfcn.h - found
[INFO] [stderr]   -- Looking for include file netdb.h
[INFO] [stderr]   -- Looking for include file netdb.h - found
[INFO] [stderr]   -- Looking for include file stdint.h
[INFO] [stderr]   -- Looking for include file stdint.h - found
[INFO] [stderr]   -- Looking for include file stddef.h
[INFO] [stderr]   -- Looking for include file stddef.h - found
[INFO] [stderr]   -- Looking for include file strings.h
[INFO] [stderr]   -- Looking for include file strings.h - found
[INFO] [stderr]   -- Looking for include file sys/socket.h
[INFO] [stderr]   -- Looking for include file sys/socket.h - found
[INFO] [stderr]   -- Looking for include file sys/stat.h
[INFO] [stderr]   -- Looking for include file sys/stat.h - found
[INFO] [stderr]   -- Looking for include file sys/types.h
[INFO] [stderr]   -- Looking for include file sys/types.h - found
[INFO] [stderr]   -- Looking for include file unistd.h
[INFO] [stderr]   -- Looking for include file unistd.h - found
[INFO] [stderr]   -- Looking for include file sys/uio.h
[INFO] [stderr]   -- Looking for include file sys/uio.h - found
[INFO] [stderr]   -- Looking for include file fcntl.h
[INFO] [stderr]   -- Looking for include file fcntl.h - found
[INFO] [stderr]   -- Looking for include file sys/time.h
[INFO] [stderr]   -- Looking for include file sys/time.h - found
[INFO] [stderr]   -- Looking for include file arpa/inet.h
[INFO] [stderr]   -- Looking for include file arpa/inet.h - found
[INFO] [stderr]   -- Looking for include file inttypes.h
[INFO] [stderr]   -- Looking for include file inttypes.h - found
[INFO] [stderr]   -- Looking for include file arpa/nameser.h
[INFO] [stderr]   -- Looking for include file arpa/nameser.h - found
[INFO] [stderr]   -- Configuring done
[INFO] [stderr]   -- Generating done
[INFO] [stderr]   -- Build files have been written to: /opt/rustwide/target/debug/build/couchbase-sys-4ca2c0dfd26967a7/out/build
[INFO] [stderr]   running: "cmake" "--build" "." "--target" "install" "--config" "Debug" "--"
[INFO] [stderr]   Scanning dependencies of target netbuf
[INFO] [stderr]   Scanning dependencies of target lcbht
[INFO] [stderr]   Scanning dependencies of target lcb_jsparse
[INFO] [stderr]   Scanning dependencies of target rdb
[INFO] [stderr]   Scanning dependencies of target couchbase_select
[INFO] [stderr]   Scanning dependencies of target mcreq-cxx
[INFO] [stderr]   Scanning dependencies of target mcreq
[INFO] [stderr]   Scanning dependencies of target vbucket-lcb
[INFO] [stderr]   Scanning dependencies of target lcbio
[INFO] [stderr]   Scanning dependencies of target lcb_snappy
[INFO] [stderr]   Scanning dependencies of target netbuf-malloc
[INFO] [stderr]   Scanning dependencies of target lcb_jsoncpp
[INFO] [stderr]   Scanning dependencies of target cbsasl-lcb
[INFO] [stderr]   Scanning dependencies of target lcbio-cxx
[INFO] [stderr]   Scanning dependencies of target cliopts
[INFO] [stderr]   Scanning dependencies of target couchbase_libevent
[INFO] [stderr]   Scanning dependencies of target couchbase_utils
[INFO] [stderr]   Scanning dependencies of target lcbssl
[INFO] [stderr]   Scanning dependencies of target lcbcore
[INFO] [stderr]   [  1%] Building C object CMakeFiles/lcbht.dir/contrib/http_parser/http_parser.c.o
[INFO] [stderr]   [  2%] Building C object CMakeFiles/netbuf.dir/src/netbuf/netbuf.c.o
[INFO] [stderr]   [  3%] Building CXX object CMakeFiles/lcb_jsparse.dir/src/jsparse/parser.cc.o
[INFO] [stderr]   [  4%] Building CXX object CMakeFiles/mcreq-cxx.dir/src/mc/compress.cc.o
[INFO] [stderr]   [  6%] Building C object CMakeFiles/mcreq.dir/src/mc/forward.c.o
[INFO] [stderr]   [  7%] Building C object CMakeFiles/rdb.dir/src/rdb/libcalloc.c.o
[INFO] [stderr]   [  8%] Building C object src/vbucket/CMakeFiles/vbucket-lcb.dir/vbucket.c.o
[INFO] [stderr]   [ 10%] Building C object contrib/cbsasl/CMakeFiles/cbsasl-lcb.dir/src/common.c.o
[INFO] [stderr]   [ 10%] Building C object CMakeFiles/lcbio.dir/src/lcbio/ctx.c.o
[INFO] [stderr]   [ 12%] Building C object plugins/io/select/CMakeFiles/couchbase_select.dir/plugin-select.c.o
[INFO] [stderr]   [ 12%] Building C object CMakeFiles/mcreq.dir/src/mc/mcreq.c.o
[INFO] [stderr]   [ 13%] Building C object contrib/cbsasl/CMakeFiles/cbsasl-lcb.dir/src/cram-md5/hmac.c.o
[INFO] [stderr]   [ 15%] Building C object CMakeFiles/netbuf-malloc.dir/src/netbuf/netbuf.c.o
[INFO] [stderr]   [ 15%] Building CXX object contrib/lcb-jsoncpp/CMakeFiles/lcb_jsoncpp.dir/lcb-jsoncpp.cpp.o
[INFO] [stderr]   [ 16%] Building C object CMakeFiles/couchbase_utils.dir/src/gethrtime.c.o
[INFO] [stderr]   [ 17%] Building C object contrib/cbsasl/CMakeFiles/cbsasl-lcb.dir/src/cram-md5/md5.c.o
[INFO] [stderr]   [ 18%] Building C object contrib/cliopts/CMakeFiles/cliopts.dir/cliopts.c.o
[INFO] [stderr]   [ 19%] Building C object src/ssl/CMakeFiles/lcbssl.dir/ssl_e.c.o
[INFO] [stderr]   [ 19%] Building C object CMakeFiles/couchbase_utils.dir/src/hashtable.c.o
[INFO] [stderr]   [ 21%] Building C object CMakeFiles/rdb.dir/src/rdb/bigalloc.c.o
[INFO] [stderr]   [ 21%] Building C object src/ssl/CMakeFiles/lcbssl.dir/ssl_c.c.o
[INFO] [stderr]   [ 21%] Building C object contrib/cbsasl/CMakeFiles/cbsasl-lcb.dir/src/client.c.o
[INFO] [stderr]   [ 21%] Building C object CMakeFiles/rdb.dir/src/rdb/rope.c.o
[INFO] [stderr]   [ 24%] Building C object CMakeFiles/rdb.dir/src/rdb/chunkalloc.c.o
[INFO] [stderr]   [ 24%] Building C object src/vbucket/CMakeFiles/vbucket-lcb.dir/ketama.c.o
[INFO] [stderr]   [ 24%] Building C object CMakeFiles/lcbio.dir/src/lcbio/timer.c.o
[INFO] [stderr]   [ 27%] Building C object CMakeFiles/lcbio.dir/src/lcbio/iotable.c.o
[INFO] [stderr]   [ 27%] Building CXX object CMakeFiles/lcbio-cxx.dir/src/lcbio/connect.cc.o
[INFO] [stderr]   [ 28%] Building C object src/ssl/CMakeFiles/lcbssl.dir/ssl_common.c.o
[INFO] [stderr]   [ 27%] Building CXX object contrib/snappy/CMakeFiles/lcb_snappy.dir/snappy-c.cc.o
[INFO] [stderr]   [ 29%] Building CXX object CMakeFiles/lcbio-cxx.dir/src/lcbio/ioutils.cc.o
[INFO] [stderr]   [ 32%] Building C object CMakeFiles/lcbcore.dir/src/callbacks.c.o
[INFO] [stderr]   [ 32%] Building C object plugins/io/libevent/CMakeFiles/couchbase_libevent.dir/plugin-libevent.c.o
[INFO] [stderr]   [ 34%] Building CXX object contrib/snappy/CMakeFiles/lcb_snappy.dir/snappy-sinksource.cc.o
[INFO] [stderr]   [ 34%] Building C object contrib/cbsasl/CMakeFiles/cbsasl-lcb.dir/src/hash.c.o
[INFO] [stderr]   [ 37%] Building C object CMakeFiles/couchbase_utils.dir/src/list.c.o
[INFO] [stderr]   [ 38%] Building C object CMakeFiles/couchbase_utils.dir/src/strcodecs/base64.c.o
[INFO] [stderr]   [ 39%] Building C object CMakeFiles/couchbase_utils.dir/src/logging.c.o
[INFO] [stderr]   [ 39%] Building C object CMakeFiles/lcbio.dir/src/lcbio/protoctx.c.o
[INFO] [stderr]   [ 39%] Building C object CMakeFiles/couchbase_utils.dir/contrib/genhash/genhash.c.o
[INFO] [stderr]   [ 40%] Building CXX object contrib/snappy/CMakeFiles/lcb_snappy.dir/snappy.cc.o
[INFO] [stderr]   [ 41%] Building C object CMakeFiles/lcbcore.dir/src/iofactory.c.o
[INFO] [stderr]   [ 39%] Building CXX object CMakeFiles/lcbio-cxx.dir/src/lcbio/manager.cc.o
[INFO] [stderr]   [ 39%] Building C object src/vbucket/CMakeFiles/vbucket-lcb.dir/__/__/contrib/cJSON/cJSON.c.o
[INFO] [stderr]   [ 42%] Building C object CMakeFiles/lcbcore.dir/src/utilities.c.o
[INFO] [stderr]   [ 44%] Building C object CMakeFiles/lcbcore.dir/src/settings.c.o
[INFO] [stderr]   [ 46%] Building C object CMakeFiles/couchbase_utils.dir/src/ringbuffer.c.o
[INFO] [stderr]   [ 46%] Building C object CMakeFiles/lcbcore.dir/src/timings.c.o
[INFO] [stderr]   [ 46%] Building C object contrib/cbsasl/CMakeFiles/cbsasl-lcb.dir/src/scram-sha/scram_utils.c.o
[INFO] [stderr]   [ 47%] Building CXX object contrib/snappy/CMakeFiles/lcb_snappy.dir/snappy-stubs-internal.cc.o
[INFO] [stderr]   [ 47%] Built target netbuf
[INFO] [stderr]   [ 47%] Built target lcbht
[INFO] [stderr]   Scanning dependencies of target lcbcore-cxx
[INFO] [stderr]   [ 47%] Built target netbuf-malloc
[INFO] [stderr]   [ 48%] Building CXX object CMakeFiles/lcbcore-cxx.dir/src/analytics/analytics.cc.o
[INFO] [stderr]   [ 49%] Building CXX object CMakeFiles/lcbcore-cxx.dir/src/auth.cc.o
[INFO] [stderr]   [ 50%] Building CXX object CMakeFiles/lcbcore-cxx.dir/src/bucketconfig/bc_static.cc.o
[INFO] [stderr]   [ 52%] Building CXX object CMakeFiles/lcbcore-cxx.dir/src/bucketconfig/bc_http.cc.o
[INFO] [stderr]   [ 52%] Building CXX object CMakeFiles/lcbcore-cxx.dir/src/bucketconfig/bc_cccp.cc.o
[INFO] [stderr]   [ 54%] Building CXX object CMakeFiles/lcbcore-cxx.dir/src/bootstrap.cc.o
[INFO] [stderr]   [ 55%] Building CXX object CMakeFiles/lcbcore-cxx.dir/src/bucketconfig/confmon.cc.o
[INFO] [stderr]   [ 55%] Building CXX object CMakeFiles/lcbcore-cxx.dir/src/bucketconfig/bc_file.cc.o
[INFO] [stderr]   [ 55%] Building CXX object CMakeFiles/lcbcore-cxx.dir/src/instance.cc.o
[INFO] [stderr]   [ 56%] Building CXX object CMakeFiles/lcbcore-cxx.dir/src/collections.cc.o
[INFO] [stderr]   [ 56%] Built target rdb
[INFO] [stderr]   [ 57%] Building CXX object CMakeFiles/lcbcore-cxx.dir/src/connspec.cc.o
[INFO] [stderr]   [ 58%] Building CXX object CMakeFiles/lcbcore-cxx.dir/src/dns-srv.cc.o
[INFO] [stderr]   [ 59%] Building CXX object CMakeFiles/lcbcore-cxx.dir/src/dump.cc.o
[INFO] [stderr]   [ 60%] Building CXX object CMakeFiles/lcbcore-cxx.dir/src/errmap.cc.o
[INFO] [stderr]   [ 60%] Building CXX object CMakeFiles/lcbcore-cxx.dir/src/getconfig.cc.o
[INFO] [stderr]   [ 61%] Building CXX object CMakeFiles/lcbcore-cxx.dir/src/crypto.cc.o
[INFO] [stderr]   [ 62%] Building CXX object CMakeFiles/lcbcore-cxx.dir/src/nodeinfo.cc.o
[INFO] [stderr]   [ 62%] Built target mcreq
[INFO] [stderr]   [ 63%] Building CXX object CMakeFiles/lcbcore-cxx.dir/src/handler.cc.o
[INFO] [stderr]   [ 63%] Built target couchbase_select
[INFO] [stderr]   [ 64%] Building CXX object CMakeFiles/lcbcore-cxx.dir/src/hostlist.cc.o
[INFO] [stderr]   [ 64%] Built target cliopts
[INFO] [stderr]   [ 64%] Built target vbucket-lcb
[INFO] [stderr]   [ 66%] Building CXX object CMakeFiles/lcbcore-cxx.dir/src/newconfig.cc.o
[INFO] [stderr]   [ 65%] Building CXX object CMakeFiles/lcbcore-cxx.dir/src/http/http.cc.o
[INFO] [stderr]   [ 68%] Building CXX object CMakeFiles/lcbcore-cxx.dir/src/http/http_io.cc.o
[INFO] [stderr]   [ 68%] Building CXX object CMakeFiles/lcbcore-cxx.dir/src/lcbht/lcbht.cc.o
[INFO] [stderr]   [ 70%] Linking C shared library ../../../lib/libcouchbase_libevent.so
[INFO] [stderr]   [ 70%] Building CXX object CMakeFiles/lcbcore-cxx.dir/src/n1ql/ixmgmt.cc.o
[INFO] [stderr]   [ 71%] Building CXX object CMakeFiles/lcbcore-cxx.dir/src/cbft.cc.o
[INFO] [stderr]   [ 72%] Building CXX object CMakeFiles/lcbcore-cxx.dir/src/operations/cbflush.cc.o
[INFO] [stderr]   [ 72%] Built target lcbio
[INFO] [stderr]   [ 72%] Built target couchbase_utils
[INFO] [stderr]   [ 73%] Building CXX object CMakeFiles/lcbcore-cxx.dir/src/operations/durability-seqno.cc.o
[INFO] [stderr]   [ 74%] Building CXX object CMakeFiles/lcbcore-cxx.dir/src/n1ql/n1ql.cc.o
[INFO] [stderr]   [ 75%] Building CXX object CMakeFiles/lcbcore-cxx.dir/src/operations/durability.cc.o
[INFO] [stderr]   [ 76%] Building CXX object CMakeFiles/lcbcore-cxx.dir/src/operations/counter.cc.o
[INFO] [stderr]   [ 76%] Built target lcbcore
[INFO] [stderr]   [ 76%] Built target cbsasl-lcb
[INFO] [stderr]   [ 77%] Building CXX object CMakeFiles/lcbcore-cxx.dir/src/operations/get.cc.o
[INFO] [stderr]   [ 78%] Building CXX object CMakeFiles/lcbcore-cxx.dir/src/operations/observe.cc.o
[INFO] [stderr]   [ 78%] Building CXX object CMakeFiles/lcbcore-cxx.dir/src/operations/observe-seqno.cc.o
[INFO] [stderr]   [ 80%] Building CXX object CMakeFiles/lcbcore-cxx.dir/src/operations/pktfwd.cc.o
[INFO] [stderr]   [ 82%] Building CXX object CMakeFiles/lcbcore-cxx.dir/src/operations/remove.cc.o
[INFO] [stderr]   [ 82%] Building CXX object CMakeFiles/lcbcore-cxx.dir/src/operations/subdoc.cc.o
[INFO] [stderr]   [ 82%] Building CXX object CMakeFiles/lcbcore-cxx.dir/src/operations/stats.cc.o
[INFO] [stderr]   [ 86%] Building CXX object CMakeFiles/lcbcore-cxx.dir/src/operations/touch.cc.o
[INFO] [stderr]   [ 86%] Building CXX object CMakeFiles/lcbcore-cxx.dir/src/operations/store.cc.o
[INFO] [stderr]   [ 86%] Built target lcbssl
[INFO] [stderr]   [ 86%] Building CXX object CMakeFiles/lcbcore-cxx.dir/src/operations/ping.cc.o
[INFO] [stderr]   [ 86%] Building CXX object CMakeFiles/lcbcore-cxx.dir/src/operations/exists.cc.o
[INFO] [stderr]   [ 88%] Building CXX object CMakeFiles/lcbcore-cxx.dir/src/mcserver/negotiate.cc.o
[INFO] [stderr]   [ 88%] Building CXX object CMakeFiles/lcbcore-cxx.dir/src/mcserver/mcserver.cc.o
[INFO] [stderr]   [ 89%] Building CXX object CMakeFiles/lcbcore-cxx.dir/src/metrics.cc.o
[INFO] [stderr]   [ 90%] Building CXX object CMakeFiles/lcbcore-cxx.dir/src/retrychk.cc.o
[INFO] [stderr]   [ 91%] Built target couchbase_libevent
[INFO] [stderr]   [ 91%] Building CXX object CMakeFiles/lcbcore-cxx.dir/src/retryq.cc.o
[INFO] [stderr]   [ 91%] Building CXX object CMakeFiles/lcbcore-cxx.dir/src/rnd.cc.o
[INFO] [stderr]   [ 92%] Building CXX object CMakeFiles/lcbcore-cxx.dir/src/wait.cc.o
[INFO] [stderr]   [ 93%] Building CXX object CMakeFiles/lcbcore-cxx.dir/src/docreq/docreq.cc.o
[INFO] [stderr]   [ 94%] Building CXX object CMakeFiles/lcbcore-cxx.dir/src/views/viewreq.cc.o
[INFO] [stderr]   [ 95%] Building CXX object CMakeFiles/lcbcore-cxx.dir/src/cntl.cc.o
[INFO] [stderr]   [ 97%] Building CXX object CMakeFiles/lcbcore-cxx.dir/src/tracing/span.cc.o
[INFO] [stderr]   [ 97%] Building CXX object CMakeFiles/lcbcore-cxx.dir/src/tracing/threshold_logging_tracer.cc.o
[INFO] [stderr]   [ 98%] Building CXX object CMakeFiles/lcbcore-cxx.dir/src/tracing/tracer.cc.o
[INFO] [stderr]   [ 98%] Built target lcb_jsparse
[INFO] [stderr]   [ 98%] Built target lcb_snappy
[INFO] [stderr]   [ 98%] Built target mcreq-cxx
[INFO] [stderr] 
[INFO] [stderr]   --- stderr
[INFO] [stderr]   fatal: not a git repository (or any parent up to mount point /opt/rustwide)
[INFO] [stderr]   Stopping at filesystem boundary (GIT_DISCOVERY_ACROSS_FILESYSTEM not set).
[INFO] [stderr]   fatal: not a git repository (or any parent up to mount point /opt/rustwide)
[INFO] [stderr]   Stopping at filesystem boundary (GIT_DISCOVERY_ACROSS_FILESYSTEM not set).
[INFO] [stderr]   fatal: not a git repository (or any parent up to mount point /opt/rustwide)
[INFO] [stderr]   Stopping at filesystem boundary (GIT_DISCOVERY_ACROSS_FILESYSTEM not set).
[INFO] [stderr]   CMake Warning:
[INFO] [stderr]     Manually-specified variables were not used by the project:
[INFO] [stderr] 
[INFO] [stderr]       CMAKE_ASM_COMPILER
[INFO] [stderr]       CMAKE_ASM_FLAGS
[INFO] [stderr] 
[INFO] [stderr] 
[INFO] [stderr]   /opt/rustwide/workdir/libcouchbase/src/ssl/ssl_common.c:492:13: warning: 'ossl_lockfn' defined but not used [-Wunused-function]
[INFO] [stderr]     492 | static void ossl_lockfn(int mode, int lkid, const char *f, int line)
[INFO] [stderr]         |             ^~~~~~~~~~~
[INFO] [stderr]   c++: fatal error: Killed signal terminated program cc1plus
[INFO] [stderr]   compilation terminated.
[INFO] [stderr]   make[2]: *** [contrib/lcb-jsoncpp/CMakeFiles/lcb_jsoncpp.dir/build.make:63: contrib/lcb-jsoncpp/CMakeFiles/lcb_jsoncpp.dir/lcb-jsoncpp.cpp.o] Error 1
[INFO] [stderr]   make[1]: *** [CMakeFiles/Makefile2:913: contrib/lcb-jsoncpp/CMakeFiles/lcb_jsoncpp.dir/all] Error 2
[INFO] [stderr]   make[1]: *** Waiting for unfinished jobs....
[INFO] [stderr]   c++: fatal error: Killed signal terminated program cc1plus
[INFO] [stderr]   compilation terminated.
[INFO] [stderr]   make[2]: *** [CMakeFiles/lcbcore-cxx.dir/build.make:128: CMakeFiles/lcbcore-cxx.dir/src/bucketconfig/bc_http.cc.o] Error 1
[INFO] [stderr]   c++: fatal error: Killed signal terminated program cc1plus
[INFO] [stderr]   compilation terminated.
[INFO] [stderr]   make[2]: *** Waiting for unfinished jobs....
[INFO] [stderr]   make[2]: *** [CMakeFiles/lcbio-cxx.dir/build.make:89: CMakeFiles/lcbio-cxx.dir/src/lcbio/manager.cc.o] Error 1
[INFO] [stderr]   make[1]: *** [CMakeFiles/Makefile2:724: CMakeFiles/lcbio-cxx.dir/all] Error 2
[INFO] [stderr]   c++: fatal error: Killed signal terminated program cc1plus
[INFO] [stderr]   compilation terminated.
[INFO] [stderr]   make[2]: *** [CMakeFiles/lcbcore-cxx.dir/build.make:193: CMakeFiles/lcbcore-cxx.dir/src/connspec.cc.o] Error 1
[INFO] [stderr]   c++: fatal error: Killed signal terminated program cc1plus
[INFO] [stderr]   compilation terminated.
[INFO] [stderr]   make[2]: *** [CMakeFiles/lcbcore-cxx.dir/build.make:76: CMakeFiles/lcbcore-cxx.dir/src/analytics/analytics.cc.o] Error 1
[INFO] [stderr]   c++: fatal error: Killed signal terminated program cc1plus
[INFO] [stderr]   compilation terminated.
[INFO] [stderr]   c++: fatal error: Killed signal terminated program cc1plus
[INFO] [stderr]   compilation terminated.
[INFO] [stderr]   make[2]: *** [CMakeFiles/lcbcore-cxx.dir/build.make:141: CMakeFiles/lcbcore-cxx.dir/src/bucketconfig/bc_file.cc.o] Error 1
[INFO] [stderr]   make[2]: *** [CMakeFiles/lcbcore-cxx.dir/build.make:63: CMakeFiles/lcbcore-cxx.dir/src/instance.cc.o] Error 1
[INFO] [stderr]   c++: fatal error: Killed signal terminated program cc1plus
[INFO] [stderr]   compilation terminated.
[INFO] [stderr]   c++: fatal error: Killed signal terminated program cc1plus
[INFO] [stderr]   compilation terminated.
[INFO] [stderr]   make[2]: *** [CMakeFiles/lcbcore-cxx.dir/build.make:180: CMakeFiles/lcbcore-cxx.dir/src/collections.cc.o] Error 1
[INFO] [stderr]   make[2]: *** [CMakeFiles/lcbcore-cxx.dir/build.make:115: CMakeFiles/lcbcore-cxx.dir/src/bucketconfig/bc_cccp.cc.o] Error 1
[INFO] [stderr]   c++: fatal error: Killed signal terminated program cc1plus
[INFO] [stderr]   compilation terminated.
[INFO] [stderr]   make[2]: *** [CMakeFiles/lcbcore-cxx.dir/build.make:219: CMakeFiles/lcbcore-cxx.dir/src/dns-srv.cc.o] Error 1
[INFO] [stderr]   c++: fatal error: Killed signal terminated program cc1plus
[INFO] [stderr]   compilation terminated.
[INFO] [stderr]   make[2]: *** [CMakeFiles/lcbcore-cxx.dir/build.make:232: CMakeFiles/lcbcore-cxx.dir/src/dump.cc.o] Error 1
[INFO] [stderr]   c++: fatal error: Killed signal terminated program cc1plus
[INFO] [stderr]   compilation terminated.
[INFO] [stderr]   make[2]: *** [CMakeFiles/lcbcore-cxx.dir/build.make:258: CMakeFiles/lcbcore-cxx.dir/src/getconfig.cc.o] Error 1
[INFO] [stderr]   c++: fatal error: Killed signal terminated program cc1plus
[INFO] [stderr]   compilation terminated.
[INFO] [stderr]   make[2]: *** [CMakeFiles/lcbcore-cxx.dir/build.make:102: CMakeFiles/lcbcore-cxx.dir/src/bootstrap.cc.o] Error 1
[INFO] [stderr]   c++: fatal error: Killed signal terminated program cc1plus
[INFO] [stderr]   compilation terminated.
[INFO] [stderr]   make[2]: *** [CMakeFiles/lcbcore-cxx.dir/build.make:167: CMakeFiles/lcbcore-cxx.dir/src/bucketconfig/confmon.cc.o] Error 1
[INFO] [stderr]   c++: fatal error: Killed signal terminated program cc1plus
[INFO] [stderr]   compilation terminated.
[INFO] [stderr]   make[2]: *** [CMakeFiles/lcbcore-cxx.dir/build.make:245: CMakeFiles/lcbcore-cxx.dir/src/errmap.cc.o] Error 1
[INFO] [stderr]   c++: fatal error: Killed signal terminated program cc1plus
[INFO] [stderr]   compilation terminated.
[INFO] [stderr]   make[2]: *** [CMakeFiles/lcbcore-cxx.dir/build.make:154: CMakeFiles/lcbcore-cxx.dir/src/bucketconfig/bc_static.cc.o] Error 1
[INFO] [stderr]   c++: fatal error: Killed signal terminated program cc1plus
[INFO] [stderr]   compilation terminated.
[INFO] [stderr]   make[2]: *** [CMakeFiles/lcbcore-cxx.dir/build.make:284: CMakeFiles/lcbcore-cxx.dir/src/handler.cc.o] Error 1
[INFO] [stderr]   c++: fatal error: Killed signal terminated program cc1plus
[INFO] [stderr]   compilation terminated.
[INFO] [stderr]   c++: fatal error: Killed signal terminated program cc1plus
[INFO] [stderr]   compilation terminated.
[INFO] [stderr]   c++: fatal error: Killed signal terminated program cc1plus
[INFO] [stderr]   compilation terminated.
[INFO] [stderr]   c++: fatal error: Killed signal terminated program cc1plus
[INFO] [stderr]   compilation terminated.
[INFO] [stderr]   make[2]: *** [CMakeFiles/lcbcore-cxx.dir/build.make:297: CMakeFiles/lcbcore-cxx.dir/src/hostlist.cc.o] Error 1
[INFO] [stderr]   make[2]: *** [CMakeFiles/lcbcore-cxx.dir/build.make:440: CMakeFiles/lcbcore-cxx.dir/src/operations/durability-seqno.cc.o] Error 1
[INFO] [stderr]   make[2]: *** [CMakeFiles/lcbcore-cxx.dir/build.make:466: CMakeFiles/lcbcore-cxx.dir/src/operations/observe.cc.o] Error 1
[INFO] [stderr]   c++: fatal error: Killed signal terminated program cc1plus
[INFO] [stderr]   compilation terminated.
[INFO] [stderr]   make[2]: *** [CMakeFiles/lcbcore-cxx.dir/build.make:336: CMakeFiles/lcbcore-cxx.dir/src/lcbht/lcbht.cc.o] Error 1
[INFO] [stderr]   c++: fatal error: Killed signal terminated program cc1plus
[INFO] [stderr]   compilation terminated.
[INFO] [stderr]   make[2]: *** [CMakeFiles/lcbcore-cxx.dir/build.make:453: CMakeFiles/lcbcore-cxx.dir/src/operations/get.cc.o] Error 1
[INFO] [stderr]   c++: fatal error: Killed signal terminated program cc1plus
[INFO] [stderr]   compilation terminated.
[INFO] [stderr]   c++: fatal error: Killed signal terminated program cc1plus
[INFO] [stderr]   compilation terminated.
[INFO] [stderr]   make[2]: *** [CMakeFiles/lcbcore-cxx.dir/build.make:206: CMakeFiles/lcbcore-cxx.dir/src/crypto.cc.o] Error 1
[INFO] [stderr]   make[2]: *** [CMakeFiles/lcbcore-cxx.dir/build.make:310: CMakeFiles/lcbcore-cxx.dir/src/http/http.cc.o] Error 1
[INFO] [stderr]   c++: fatal error: Killed signal terminated program cc1plus
[INFO] [stderr]   c++: fatal error: Killed signal terminated program cc1plus
[INFO] [stderr]   compilation terminated.
[INFO] [stderr]   compilation terminated.
[INFO] [stderr]   make[2]: *** [CMakeFiles/lcbcore-cxx.dir/build.make:492: CMakeFiles/lcbcore-cxx.dir/src/operations/pktfwd.cc.o] Error 1
[INFO] [stderr]   make[2]: *** [CMakeFiles/lcbcore-cxx.dir/build.make:570: CMakeFiles/lcbcore-cxx.dir/src/operations/ping.cc.o] Error 1
[INFO] [stderr]   c++: fatal error: Killed signal terminated program cc1plus
[INFO] [stderr]   compilation terminated.
[INFO] [stderr]   c++: fatal error: Killed signal terminated program cc1plus
[INFO] [stderr]   compilation terminated.
[INFO] [stderr]   make[2]: *** [CMakeFiles/lcbcore-cxx.dir/build.make:388: CMakeFiles/lcbcore-cxx.dir/src/cbft.cc.o] Error 1
[INFO] [stderr]   make[2]: *** [CMakeFiles/lcbcore-cxx.dir/build.make:518: CMakeFiles/lcbcore-cxx.dir/src/operations/stats.cc.o] Error 1
[INFO] [stderr]   c++: fatal error: Killed signal terminated program cc1plus
[INFO] [stderr]   compilation terminated.
[INFO] [stderr]   make[2]: *** [CMakeFiles/lcbcore-cxx.dir/build.make:557: CMakeFiles/lcbcore-cxx.dir/src/operations/touch.cc.o] Error 1
[INFO] [stderr]   make[2]: *** [CMakeFiles/lcbcore-cxx.dir/build.make:739: CMakeFiles/lcbcore-cxx.dir/src/tracing/threshold_logging_tracer.cc.o] Error 1
[INFO] [stderr]   c++: fatal error: Killed signal terminated program cc1plus
[INFO] [stderr]   compilation terminated.
[INFO] [stderr]   make[2]: *** [CMakeFiles/lcbcore-cxx.dir/build.make:362: CMakeFiles/lcbcore-cxx.dir/src/n1ql/n1ql.cc.o] Error 1
[INFO] [stderr]   c++: fatal error: Killed signal terminated program cc1plus
[INFO] [stderr]   compilation terminated.
[INFO] [stderr]   make[2]: *** [CMakeFiles/lcbcore-cxx.dir/build.make:674: CMakeFiles/lcbcore-cxx.dir/src/docreq/docreq.cc.o] Error 1
[INFO] [stderr]   c++: fatal error: Killed signal terminated program cc1plus
[INFO] [stderr]   compilation terminated.
[INFO] [stderr]   make[2]: *** [CMakeFiles/lcbcore-cxx.dir/build.make:401: CMakeFiles/lcbcore-cxx.dir/src/operations/cbflush.cc.o] Error 1
[INFO] [stderr]   c++: fatal error: Killed signal terminated program cc1plus
[INFO] [stderr]   compilation terminated.
[INFO] [stderr]   make[2]: *** [CMakeFiles/lcbcore-cxx.dir/build.make:349: CMakeFiles/lcbcore-cxx.dir/src/newconfig.cc.o] Error 1
[INFO] [stderr]   c++: fatal error: Killed signal terminated program cc1plus
[INFO] [stderr]   compilation terminated.
[INFO] [stderr]   c++: fatal error: Killed signal terminated program cc1plus
[INFO] [stderr]   compilation terminated.
[INFO] [stderr]   make[2]: *** [CMakeFiles/lcbcore-cxx.dir/build.make:323: CMakeFiles/lcbcore-cxx.dir/src/http/http_io.cc.o] Error 1
[INFO] [stderr]   make[2]: *** [CMakeFiles/lcbcore-cxx.dir/build.make:544: CMakeFiles/lcbcore-cxx.dir/src/operations/subdoc.cc.o] Error 1
[INFO] [stderr]   c++: fatal error: Killed signal terminated program cc1plus
[INFO] [stderr]   compilation terminated.
[INFO] [stderr]   make[2]: *** [CMakeFiles/lcbcore-cxx.dir/build.make:622: CMakeFiles/lcbcore-cxx.dir/src/metrics.cc.o] Error 1
[INFO] [stderr]   c++: fatal error: Killed signal terminated program cc1plus
[INFO] [stderr]   compilation terminated.
[INFO] [stderr]   c++: fatal error: Killed signal terminated program cc1plus
[INFO] [stderr]   compilation terminated.
[INFO] [stderr]   c++: fatal error: Killed signal terminated program cc1plus
[INFO] [stderr]   compilation terminated.
[INFO] [stderr]   make[2]: *** [CMakeFiles/lcbcore-cxx.dir/build.make:687: CMakeFiles/lcbcore-cxx.dir/src/views/viewreq.cc.o] Error 1
[INFO] [stderr]   make[2]: *** [CMakeFiles/lcbcore-cxx.dir/build.make:414: CMakeFiles/lcbcore-cxx.dir/src/operations/counter.cc.o] Error 1
[INFO] [stderr]   make[2]: *** [CMakeFiles/lcbcore-cxx.dir/build.make:375: CMakeFiles/lcbcore-cxx.dir/src/n1ql/ixmgmt.cc.o] Error 1
[INFO] [stderr]   c++: fatal error: Killed signal terminated program cc1plus
[INFO] [stderr]   compilation terminated.
[INFO] [stderr]   make[2]: *** [CMakeFiles/lcbcore-cxx.dir/build.make:609: CMakeFiles/lcbcore-cxx.dir/src/mcserver/negotiate.cc.o] Error 1
[INFO] [stderr]   make[1]: *** [CMakeFiles/Makefile2:546: CMakeFiles/lcbcore-cxx.dir/all] Error 2
[INFO] [stderr]   make: *** [Makefile:163: all] Error 2
[INFO] [stderr]   thread 'main' panicked at '
[INFO] [stderr]   command did not execute successfully, got: exit status: 2
[INFO] [stderr] 
[INFO] [stderr]   build script failed, must exit now', build/cmake.rs:681:5
[INFO] [stderr]   stack backtrace:
[INFO] [stderr]      0:     0x55eb21f60da0 - std::backtrace_rs::backtrace::libunwind::trace::hff4d1766e93f64f1
[INFO] [stderr]                                  at /rustc/53fd98ca776cb875bc9e5514f56b52eb74f9e7a9/library/std/src/../../backtrace/src/backtrace/libunwind.rs:90:5
[INFO] [stderr]      1:     0x55eb21f60da0 - std::backtrace_rs::backtrace::trace_unsynchronized::h56bbc8eb78770bcb
[INFO] [stderr]                                  at /rustc/53fd98ca776cb875bc9e5514f56b52eb74f9e7a9/library/std/src/../../backtrace/src/backtrace/mod.rs:66:5
[INFO] [stderr]      2:     0x55eb21f60da0 - std::sys_common::backtrace::_print_fmt::h5c8e75464faca780
[INFO] [stderr]                                  at /rustc/53fd98ca776cb875bc9e5514f56b52eb74f9e7a9/library/std/src/sys_common/backtrace.rs:67:5
[INFO] [stderr]      3:     0x55eb21f60da0 - <std::sys_common::backtrace::_print::DisplayBacktrace as core::fmt::Display>::fmt::h48b88277def8b362
[INFO] [stderr]                                  at /rustc/53fd98ca776cb875bc9e5514f56b52eb74f9e7a9/library/std/src/sys_common/backtrace.rs:46:22
[INFO] [stderr]      4:     0x55eb21f866cc - core::fmt::write::h3381b3176fe2b3d3
[INFO] [stderr]                                  at /rustc/53fd98ca776cb875bc9e5514f56b52eb74f9e7a9/library/core/src/fmt/mod.rs:1115:17
[INFO] [stderr]      5:     0x55eb21f5d885 - std::io::Write::write_fmt::hd42607e5d8e44db0
[INFO] [stderr]                                  at /rustc/53fd98ca776cb875bc9e5514f56b52eb74f9e7a9/library/std/src/io/mod.rs:1665:15
[INFO] [stderr]      6:     0x55eb21f634fb - std::sys_common::backtrace::_print::ha537687d6c17dd0d
[INFO] [stderr]                                  at /rustc/53fd98ca776cb875bc9e5514f56b52eb74f9e7a9/library/std/src/sys_common/backtrace.rs:49:5
[INFO] [stderr]      7:     0x55eb21f634fb - std::sys_common::backtrace::print::h61376ae57d131d72
[INFO] [stderr]                                  at /rustc/53fd98ca776cb875bc9e5514f56b52eb74f9e7a9/library/std/src/sys_common/backtrace.rs:36:9
[INFO] [stderr]      8:     0x55eb21f634fb - std::panicking::default_hook::{{closure}}::h0f7208c0b9644a54
[INFO] [stderr]                                  at /rustc/53fd98ca776cb875bc9e5514f56b52eb74f9e7a9/library/std/src/panicking.rs:208:50
[INFO] [stderr]      9:     0x55eb21f62fd1 - std::panicking::default_hook::hdac7fc06578c14ce
[INFO] [stderr]                                  at /rustc/53fd98ca776cb875bc9e5514f56b52eb74f9e7a9/library/std/src/panicking.rs:225:9
[INFO] [stderr]     10:     0x55eb21f63bc4 - std::panicking::rust_panic_with_hook::h72b21c283da3d1ef
[INFO] [stderr]                                  at /rustc/53fd98ca776cb875bc9e5514f56b52eb74f9e7a9/library/std/src/panicking.rs:622:17
[INFO] [stderr]     11:     0x55eb21f636a7 - std::panicking::begin_panic_handler::{{closure}}::he5778f1729cff84a
[INFO] [stderr]                                  at /rustc/53fd98ca776cb875bc9e5514f56b52eb74f9e7a9/library/std/src/panicking.rs:519:13
[INFO] [stderr]     12:     0x55eb21f6127c - std::sys_common::backtrace::__rust_end_short_backtrace::h2d11ca8b453b4b1d
[INFO] [stderr]                                  at /rustc/53fd98ca776cb875bc9e5514f56b52eb74f9e7a9/library/std/src/sys_common/backtrace.rs:141:18
[INFO] [stderr]     13:     0x55eb21f63609 - rust_begin_unwind
[INFO] [stderr]                                  at /rustc/53fd98ca776cb875bc9e5514f56b52eb74f9e7a9/library/std/src/panicking.rs:515:5
[INFO] [stderr]     14:     0x55eb21a20bcb - std::panicking::begin_panic_fmt::h746518bde832d259
[INFO] [stderr]                                  at /rustc/53fd98ca776cb875bc9e5514f56b52eb74f9e7a9/library/std/src/panicking.rs:457:5
[INFO] [stderr]     15:     0x55eb21a2a113 - build_script_main::cmake::fail::h9749b323f129ead3
[INFO] [stderr]                                  at /opt/rustwide/workdir/build/cmake.rs:681:5
[INFO] [stderr]     16:     0x55eb21a29b3d - build_script_main::cmake::run::h47938ee11c8aa1a0
[INFO] [stderr]                                  at /opt/rustwide/workdir/build/cmake.rs:659:9
[INFO] [stderr]     17:     0x55eb21a26d6b - build_script_main::cmake::Config::build::hf3a1ef165cedb6c0
[INFO] [stderr]                                  at /opt/rustwide/workdir/build/cmake.rs:565:9
[INFO] [stderr]     18:     0x55eb21a2c669 - build_script_main::main::heb7f9a80aea28647
[INFO] [stderr]                                  at /opt/rustwide/workdir/build/main.rs:59:21
[INFO] [stderr]     19:     0x55eb21a317eb - core::ops::function::FnOnce::call_once::h25ce721293842dd6
[INFO] [stderr]                                  at /rustc/53fd98ca776cb875bc9e5514f56b52eb74f9e7a9/library/core/src/ops/function.rs:227:5
[INFO] [stderr]     20:     0x55eb21a340ae - std::sys_common::backtrace::__rust_begin_short_backtrace::habaa170f2ab36edc
[INFO] [stderr]                                  at /rustc/53fd98ca776cb875bc9e5514f56b52eb74f9e7a9/library/std/src/sys_common/backtrace.rs:125:18
[INFO] [stderr]     21:     0x55eb21a31121 - std::rt::lang_start::{{closure}}::hb03327db44a2a2f0
[INFO] [stderr]                                  at /rustc/53fd98ca776cb875bc9e5514f56b52eb74f9e7a9/library/std/src/rt.rs:63:18
[INFO] [stderr]     22:     0x55eb21f640ca - core::ops::function::impls::<impl core::ops::function::FnOnce<A> for &F>::call_once::ha88a7d1a4d24e549
[INFO] [stderr]                                  at /rustc/53fd98ca776cb875bc9e5514f56b52eb74f9e7a9/library/core/src/ops/function.rs:259:13
[INFO] [stderr]     23:     0x55eb21f640ca - std::panicking::try::do_call::hd3b1d7740607ccc7
[INFO] [stderr]                                  at /rustc/53fd98ca776cb875bc9e5514f56b52eb74f9e7a9/library/std/src/panicking.rs:401:40
[INFO] [stderr]     24:     0x55eb21f640ca - std::panicking::try::h0ee8c65ac7461507
[INFO] [stderr]                                  at /rustc/53fd98ca776cb875bc9e5514f56b52eb74f9e7a9/library/std/src/panicking.rs:365:19
[INFO] [stderr]     25:     0x55eb21f640ca - std::panic::catch_unwind::head47f0de4ccd838
[INFO] [stderr]                                  at /rustc/53fd98ca776cb875bc9e5514f56b52eb74f9e7a9/library/std/src/panic.rs:434:14
[INFO] [stderr]     26:     0x55eb21f640ca - std::rt::lang_start_internal::{{closure}}::hbc7de8ec820ac085
[INFO] [stderr]                                  at /rustc/53fd98ca776cb875bc9e5514f56b52eb74f9e7a9/library/std/src/rt.rs:45:48
[INFO] [stderr]     27:     0x55eb21f640ca - std::panicking::try::do_call::h2609e52e8bad4a7b
[INFO] [stderr]                                  at /rustc/53fd98ca776cb875bc9e5514f56b52eb74f9e7a9/library/std/src/panicking.rs:401:40
[INFO] [stderr]     28:     0x55eb21f640ca - std::panicking::try::hd0929f0b603e0389
[INFO] [stderr]                                  at /rustc/53fd98ca776cb875bc9e5514f56b52eb74f9e7a9/library/std/src/panicking.rs:365:19
[INFO] [stderr]     29:     0x55eb21f640ca - std::panic::catch_unwind::h27902b81c3e47571
[INFO] [stderr]                                  at /rustc/53fd98ca776cb875bc9e5514f56b52eb74f9e7a9/library/std/src/panic.rs:434:14
[INFO] [stderr]     30:     0x55eb21f640ca - std::rt::lang_start_internal::h3fb2d794dd391e3e
[INFO] [stderr]                                  at /rustc/53fd98ca776cb875bc9e5514f56b52eb74f9e7a9/library/std/src/rt.rs:45:20
[INFO] [stderr]     31:     0x55eb21a310f0 - std::rt::lang_start::hfc5d8b12c7b4c139
[INFO] [stderr]                                  at /rustc/53fd98ca776cb875bc9e5514f56b52eb74f9e7a9/library/std/src/rt.rs:62:5
[INFO] [stderr]     32:     0x55eb21a2ce2c - main
[INFO] [stderr]     33:     0x7f6c22ae20b3 - __libc_start_main
[INFO] [stderr]     34:     0x55eb21a2207e - _start
[INFO] [stderr]     35:                0x0 - <unknown>
[INFO] running `Command { std: "docker" "inspect" "06ab7f81e231d9d07739d08edfb4710cc5834782e9a6b8abd2ec2addd241db51", kill_on_drop: false }`
[INFO] running `Command { std: "docker" "rm" "-f" "06ab7f81e231d9d07739d08edfb4710cc5834782e9a6b8abd2ec2addd241db51", kill_on_drop: false }`
[INFO] [stdout] 06ab7f81e231d9d07739d08edfb4710cc5834782e9a6b8abd2ec2addd241db51
