[INFO] fetching crate cortex-m-rtic 0.6.0-alpha.5...
[INFO] testing cortex-m-rtic-0.6.0-alpha.5 against beta-2021-08-01 for beta-1.55-1
[INFO] extracting crate cortex-m-rtic 0.6.0-alpha.5 into /workspace/builds/worker-107/source
[INFO] validating manifest of crates.io crate cortex-m-rtic 0.6.0-alpha.5 on toolchain beta-2021-08-01
[INFO] running `Command { std: "/workspace/cargo-home/bin/cargo" "+beta-2021-08-01" "metadata" "--manifest-path" "Cargo.toml" "--no-deps", kill_on_drop: false }`
[INFO] removed /workspace/builds/worker-107/source/.cargo/config
[INFO] started tweaking crates.io crate cortex-m-rtic 0.6.0-alpha.5
[INFO] removed 0 missing examples
[INFO] finished tweaking crates.io crate cortex-m-rtic 0.6.0-alpha.5
[INFO] tweaked toml for crates.io crate cortex-m-rtic 0.6.0-alpha.5 written to /workspace/builds/worker-107/source/Cargo.toml
[INFO] crate crates.io crate cortex-m-rtic 0.6.0-alpha.5 already has a lockfile, it will not be regenerated
[INFO] running `Command { std: "/workspace/cargo-home/bin/cargo" "+beta-2021-08-01" "fetch" "--manifest-path" "Cargo.toml", kill_on_drop: false }`
[INFO] [stderr]     Blocking waiting for file lock on package cache
[INFO] [stderr]     Blocking waiting for file lock on package cache
[INFO] [stderr]  Downloading crates ...
[INFO] [stderr]   Downloaded cortex-m-rt v0.6.14
[INFO] [stderr]   Downloaded bare-metal v1.0.0
[INFO] [stderr]   Downloaded cortex-m-rtic-macros v0.6.0-alpha.5
[INFO] [stderr]   Downloaded panic-semihosting v0.5.6
[INFO] [stderr]   Downloaded dwt-systick-monotonic v0.1.0-alpha.3
[INFO] [stderr]   Downloaded lm3s6965 v0.1.3
[INFO] [stderr]   Downloaded rtic-syntax v0.5.0-alpha.4
[INFO] [stderr]   Downloaded rtic-core v0.3.1
[INFO] [stderr]   Downloaded rtic-monotonic v0.1.0-alpha.2
[INFO] [stderr]   Downloaded embedded-time v0.12.0
[INFO] running `Command { std: "docker" "create" "-v" "/var/lib/crater-agent-workspace/builds/worker-107/target:/opt/rustwide/target:rw,Z" "-v" "/var/lib/crater-agent-workspace/builds/worker-107/source:/opt/rustwide/workdir:ro,Z" "-v" "/var/lib/crater-agent-workspace/cargo-home:/opt/rustwide/cargo-home:ro,Z" "-v" "/var/lib/crater-agent-workspace/rustup-home:/opt/rustwide/rustup-home:ro,Z" "-e" "SOURCE_DIR=/opt/rustwide/workdir" "-e" "CARGO_TARGET_DIR=/opt/rustwide/target" "-e" "CARGO_HOME=/opt/rustwide/cargo-home" "-e" "RUSTUP_HOME=/opt/rustwide/rustup-home" "-w" "/opt/rustwide/workdir" "-m" "1610612736" "--user" "0:0" "--network" "none" "ghcr.io/rust-lang/crates-build-env/linux@sha256:34b6a614d2c27851fe6cbf88fbd1137609cefab8b10d0615aaeb6fd47975d74e" "/opt/rustwide/cargo-home/bin/cargo" "+beta-2021-08-01" "metadata" "--no-deps" "--format-version=1", kill_on_drop: false }`
[INFO] [stdout] 223aa8f9bd718196eee6fb78e6bd8aa067dc55f65ec773ba436fb160bc1a5d24
[INFO] running `Command { std: "docker" "start" "-a" "223aa8f9bd718196eee6fb78e6bd8aa067dc55f65ec773ba436fb160bc1a5d24", kill_on_drop: false }`
[INFO] running `Command { std: "docker" "inspect" "223aa8f9bd718196eee6fb78e6bd8aa067dc55f65ec773ba436fb160bc1a5d24", kill_on_drop: false }`
[INFO] running `Command { std: "docker" "rm" "-f" "223aa8f9bd718196eee6fb78e6bd8aa067dc55f65ec773ba436fb160bc1a5d24", kill_on_drop: false }`
[INFO] [stdout] 223aa8f9bd718196eee6fb78e6bd8aa067dc55f65ec773ba436fb160bc1a5d24
[INFO] running `Command { std: "docker" "create" "-v" "/var/lib/crater-agent-workspace/builds/worker-107/target:/opt/rustwide/target:rw,Z" "-v" "/var/lib/crater-agent-workspace/builds/worker-107/source:/opt/rustwide/workdir:ro,Z" "-v" "/var/lib/crater-agent-workspace/cargo-home:/opt/rustwide/cargo-home:ro,Z" "-v" "/var/lib/crater-agent-workspace/rustup-home:/opt/rustwide/rustup-home:ro,Z" "-e" "SOURCE_DIR=/opt/rustwide/workdir" "-e" "CARGO_TARGET_DIR=/opt/rustwide/target" "-e" "CARGO_INCREMENTAL=0" "-e" "RUST_BACKTRACE=full" "-e" "RUSTFLAGS=--cap-lints=warn" "-e" "CARGO_HOME=/opt/rustwide/cargo-home" "-e" "RUSTUP_HOME=/opt/rustwide/rustup-home" "-w" "/opt/rustwide/workdir" "-m" "1610612736" "--user" "0:0" "--network" "none" "ghcr.io/rust-lang/crates-build-env/linux@sha256:34b6a614d2c27851fe6cbf88fbd1137609cefab8b10d0615aaeb6fd47975d74e" "/opt/rustwide/cargo-home/bin/cargo" "+beta-2021-08-01" "build" "--frozen" "--message-format=json", kill_on_drop: false }`
[INFO] [stdout] e05c2c9b84cc9aae90a293c87cb01da94bc9741c8375704ff5d8a7d9d10cbdf3
[INFO] running `Command { std: "docker" "start" "-a" "e05c2c9b84cc9aae90a293c87cb01da94bc9741c8375704ff5d8a7d9d10cbdf3", kill_on_drop: false }`
[INFO] [stderr]     Blocking waiting for file lock on package cache
[INFO] [stderr]    Compiling autocfg v1.0.1
[INFO] [stderr]    Compiling version_check v0.9.3
[INFO] [stderr]    Compiling proc-macro2 v1.0.27
[INFO] [stderr]    Compiling typenum v1.13.0
[INFO] [stderr]    Compiling unicode-xid v0.2.2
[INFO] [stderr]    Compiling semver-parser v0.7.0
[INFO] [stderr]    Compiling syn v1.0.73
[INFO] [stderr]    Compiling nb v1.0.0
[INFO] [stderr]    Compiling hashbrown v0.11.2
[INFO] [stderr]    Compiling cortex-m v0.7.3
[INFO] [stderr]    Compiling void v1.0.2
[INFO] [stderr]    Compiling vcell v0.1.3
[INFO] [stderr]    Compiling heapless v0.6.1
[INFO] [stderr]    Compiling stable_deref_trait v1.2.0
[INFO] [stderr]    Compiling bitfield v0.13.2
[INFO] [stderr]    Compiling rtic-core v0.3.1
[INFO] [stderr]    Compiling bare-metal v1.0.0
[INFO] [stderr]    Compiling hash32 v0.1.1
[INFO] [stderr]    Compiling volatile-register v0.2.0
[INFO] [stderr]    Compiling semver v0.9.0
[INFO] [stderr]    Compiling nb v0.1.3
[INFO] [stderr]    Compiling embedded-hal v0.2.5
[INFO] [stderr]    Compiling num-traits v0.2.14
[INFO] [stderr]    Compiling num-integer v0.1.44
[INFO] [stderr]    Compiling num-iter v0.1.42
[INFO] [stderr]    Compiling num-rational v0.3.2
[INFO] [stderr]    Compiling indexmap v1.7.0
[INFO] [stderr]    Compiling generic-array v0.14.4
[INFO] [stderr]    Compiling proc-macro-error-attr v1.0.4
[INFO] [stderr]    Compiling proc-macro-error v1.0.4
[INFO] [stderr]    Compiling cortex-m-rtic v0.6.0-alpha.5 (/opt/rustwide/workdir)
[INFO] [stderr]    Compiling rustc_version v0.2.3
[INFO] [stderr]    Compiling bare-metal v0.2.5
[INFO] [stderr]    Compiling quote v1.0.9
[INFO] [stderr]    Compiling generic-array v0.13.3
[INFO] [stderr]    Compiling generic-array v0.12.4
[INFO] [stderr]    Compiling as-slice v0.1.5
[INFO] [stderr]    Compiling num-complex v0.3.1
[INFO] [stderr]    Compiling num v0.3.1
[INFO] [stderr]    Compiling embedded-time v0.12.0
[INFO] [stderr]    Compiling rtic-monotonic v0.1.0-alpha.2
[INFO] [stderr]    Compiling rtic-syntax v0.5.0-alpha.4
[INFO] [stderr]    Compiling cortex-m-rtic-macros v0.6.0-alpha.5
[INFO] [stderr]     Finished dev [unoptimized + debuginfo] target(s) in 18.22s
[INFO] running `Command { std: "docker" "inspect" "e05c2c9b84cc9aae90a293c87cb01da94bc9741c8375704ff5d8a7d9d10cbdf3", kill_on_drop: false }`
[INFO] running `Command { std: "docker" "rm" "-f" "e05c2c9b84cc9aae90a293c87cb01da94bc9741c8375704ff5d8a7d9d10cbdf3", kill_on_drop: false }`
[INFO] [stdout] e05c2c9b84cc9aae90a293c87cb01da94bc9741c8375704ff5d8a7d9d10cbdf3
[INFO] running `Command { std: "docker" "create" "-v" "/var/lib/crater-agent-workspace/builds/worker-107/target:/opt/rustwide/target:rw,Z" "-v" "/var/lib/crater-agent-workspace/builds/worker-107/source:/opt/rustwide/workdir:ro,Z" "-v" "/var/lib/crater-agent-workspace/cargo-home:/opt/rustwide/cargo-home:ro,Z" "-v" "/var/lib/crater-agent-workspace/rustup-home:/opt/rustwide/rustup-home:ro,Z" "-e" "SOURCE_DIR=/opt/rustwide/workdir" "-e" "CARGO_TARGET_DIR=/opt/rustwide/target" "-e" "CARGO_INCREMENTAL=0" "-e" "RUST_BACKTRACE=full" "-e" "RUSTFLAGS=--cap-lints=warn" "-e" "CARGO_HOME=/opt/rustwide/cargo-home" "-e" "RUSTUP_HOME=/opt/rustwide/rustup-home" "-w" "/opt/rustwide/workdir" "-m" "1610612736" "--user" "0:0" "--network" "none" "ghcr.io/rust-lang/crates-build-env/linux@sha256:34b6a614d2c27851fe6cbf88fbd1137609cefab8b10d0615aaeb6fd47975d74e" "/opt/rustwide/cargo-home/bin/cargo" "+beta-2021-08-01" "test" "--frozen" "--no-run" "--message-format=json", kill_on_drop: false }`
[INFO] [stdout] 46284e93ded73fedacef23b4ca206dc65b7152e397519c9db6a94447b2cde023
[INFO] running `Command { std: "docker" "start" "-a" "46284e93ded73fedacef23b4ca206dc65b7152e397519c9db6a94447b2cde023", kill_on_drop: false }`
[INFO] [stderr]     Blocking waiting for file lock on package cache
[INFO] [stderr]    Compiling serde_derive v1.0.126
[INFO] [stderr]    Compiling serde v1.0.126
[INFO] [stderr]    Compiling ryu v1.0.5
[INFO] [stderr]    Compiling cortex-m-rt v0.6.14
[INFO] [stderr]    Compiling serde_json v1.0.64
[INFO] [stderr]    Compiling cortex-m-semihosting v0.3.7
[INFO] [stderr]    Compiling trybuild v1.0.42
[INFO] [stderr]    Compiling r0 v0.2.2
[INFO] [stderr]    Compiling lm3s6965 v0.1.3
[INFO] [stderr]    Compiling itoa v0.4.7
[INFO] [stderr]    Compiling termcolor v1.1.2
[INFO] [stderr]    Compiling cortex-m-rt-macros v0.1.8
[INFO] [stderr]    Compiling panic-semihosting v0.5.6
[INFO] [stderr]    Compiling toml v0.5.8
[INFO] [stderr]    Compiling cortex-m-rtic v0.6.0-alpha.5 (/opt/rustwide/workdir)
[INFO] [stdout] error[E0277]: the trait bound `Interrupt: core::marker::Copy` is not satisfied
[INFO] [stdout]   --> examples/multilock.rs:29:20
[INFO] [stdout]    |
[INFO] [stdout] 29 |         rtic::pend(Interrupt::GPIOA);
[INFO] [stdout]    |                    ^^^^^^^^^^^^^^^^ the trait `core::marker::Copy` is not implemented for `Interrupt`
[INFO] [stdout]    | 
[INFO] [stdout]   ::: /opt/rustwide/workdir/src/lib.rs:56:8
[INFO] [stdout]    |
[INFO] [stdout] 56 |     I: InterruptNumber,
[INFO] [stdout]    |        --------------- required by this bound in `pend`
[INFO] [stdout]    |
[INFO] [stdout]    = note: required because of the requirements on the impl of `InterruptNumber` for `Interrupt`
[INFO] [stdout] 
[INFO] [stdout] 
[INFO] [stdout] error[E0277]: the trait bound `Interrupt: core::marker::Copy` is not satisfied
[INFO] [stdout]   --> examples/big-struct-opt.rs:23:1
[INFO] [stdout]    |
[INFO] [stdout] 23 | #[rtic::app(device = lm3s6965)]
[INFO] [stdout]    | ^^^^^^^^^^^^^^^^^^^^^^^^^^^^^^^ the trait `core::marker::Copy` is not implemented for `Interrupt`
[INFO] [stdout]    |
[INFO] [stdout]    = note: required because of the requirements on the impl of `InterruptNumber` for `Interrupt`
[INFO] [stdout]    = note: this error originates in the attribute macro `rtic::app` (in Nightly builds, run with -Z macro-backtrace for more info)
[INFO] [stdout] 
[INFO] [stdout] 
[INFO] [stdout] error: aborting due to previous error
[INFO] [stdout] 
[INFO] [stdout] 
[INFO] [stdout] For more information about this error, try `rustc --explain E0277`.
[INFO] [stdout] 
[INFO] [stdout] error[E0277]: the trait bound `Interrupt: core::marker::Copy` is not satisfied
[INFO] [stdout]   --> examples/multilock.rs:12:1
[INFO] [stdout]    |
[INFO] [stdout] 12 | #[rtic::app(device = lm3s6965)]
[INFO] [stdout]    | ^^^^^^^^^^^^^^^^^^^^^^^^^^^^^^^ the trait `core::marker::Copy` is not implemented for `Interrupt`
[INFO] [stdout]    |
[INFO] [stdout]    = note: required because of the requirements on the impl of `InterruptNumber` for `Interrupt`
[INFO] [stdout]    = note: this error originates in the attribute macro `rtic::app` (in Nightly builds, run with -Z macro-backtrace for more info)
[INFO] [stdout] 
[INFO] [stdout] 
[INFO] [stdout] error: aborting due to 2 previous errors
[INFO] [stdout] 
[INFO] [stdout] 
[INFO] [stderr] error: could not compile `cortex-m-rtic` due to 2 previous errors
[INFO] [stderr] warning: build failed, waiting for other jobs to finish...
[INFO] [stdout] For more information about this error, try `rustc --explain E0277`.
[INFO] [stdout] 
[INFO] [stdout] error[E0277]: the trait bound `lm3s6965::Interrupt: core::marker::Copy` is not satisfied
[INFO] [stdout]   --> examples/resource.rs:25:20
[INFO] [stdout]    |
[INFO] [stdout] 25 |         rtic::pend(Interrupt::UART0);
[INFO] [stdout]    |                    ^^^^^^^^^^^^^^^^ the trait `core::marker::Copy` is not implemented for `lm3s6965::Interrupt`
[INFO] [stdout]    | 
[INFO] [stdout]   ::: /opt/rustwide/workdir/src/lib.rs:56:8
[INFO] [stdout]    |
[INFO] [stdout] 56 |     I: InterruptNumber,
[INFO] [stdout]    |        --------------- required by this bound in `pend`
[INFO] [stdout]    |
[INFO] [stdout]    = note: required because of the requirements on the impl of `InterruptNumber` for `lm3s6965::Interrupt`
[INFO] [stdout] 
[INFO] [stdout] 
[INFO] [stdout] error[E0277]: the trait bound `lm3s6965::Interrupt: core::marker::Copy` is not satisfied
[INFO] [stdout]   --> examples/resource.rs:26:20
[INFO] [stdout]    |
[INFO] [stdout] 26 |         rtic::pend(Interrupt::UART1);
[INFO] [stdout]    |                    ^^^^^^^^^^^^^^^^ the trait `core::marker::Copy` is not implemented for `lm3s6965::Interrupt`
[INFO] [stdout]    | 
[INFO] [stdout]   ::: /opt/rustwide/workdir/src/lib.rs:56:8
[INFO] [stdout]    |
[INFO] [stdout] 56 |     I: InterruptNumber,
[INFO] [stdout]    |        --------------- required by this bound in `pend`
[INFO] [stdout]    |
[INFO] [stdout]    = note: required because of the requirements on the impl of `InterruptNumber` for `lm3s6965::Interrupt`
[INFO] [stdout] 
[INFO] [stdout] 
[INFO] [stdout] error[E0277]: the trait bound `lm3s6965::Interrupt: core::marker::Copy` is not satisfied
[INFO] [stdout]   --> examples/cfg-whole-task.rs:10:22
[INFO] [stdout]    |
[INFO] [stdout] 10 | #[rtic::app(device = lm3s6965,  dispatchers = [SSI0, QEI0])]
[INFO] [stdout]    |                      ^^^^^^^^^^^^^^^^^^^^^^^^^^^^^^ the trait `core::marker::Copy` is not implemented for `lm3s6965::Interrupt`
[INFO] [stdout]    | 
[INFO] [stdout]   ::: /opt/rustwide/workdir/src/lib.rs:56:8
[INFO] [stdout]    |
[INFO] [stdout] 56 |     I: InterruptNumber,
[INFO] [stdout]    |        --------------- required by this bound in `pend`
[INFO] [stdout]    |
[INFO] [stdout]    = note: required because of the requirements on the impl of `InterruptNumber` for `lm3s6965::Interrupt`
[INFO] [stdout] 
[INFO] [stdout] 
[INFO] [stdout] error[E0277]: the trait bound `Interrupt: core::marker::Copy` is not satisfied
[INFO] [stdout]   --> examples/lock.rs:25:20
[INFO] [stdout]    |
[INFO] [stdout] 25 |         rtic::pend(Interrupt::GPIOA);
[INFO] [stdout]    |                    ^^^^^^^^^^^^^^^^ the trait `core::marker::Copy` is not implemented for `Interrupt`
[INFO] [stdout]    | 
[INFO] [stdout]   ::: /opt/rustwide/workdir/src/lib.rs:56:8
[INFO] [stdout]    |
[INFO] [stdout] 56 |     I: InterruptNumber,
[INFO] [stdout]    |        --------------- required by this bound in `pend`
[INFO] [stdout]    |
[INFO] [stdout]    = note: required because of the requirements on the impl of `InterruptNumber` for `Interrupt`
[INFO] [stdout] 
[INFO] [stdout] 
[INFO] [stdout] error[E0277]: the trait bound `Interrupt: core::marker::Copy` is not satisfied
[INFO] [stdout]   --> examples/shared.rs:45:28
[INFO] [stdout]    |
[INFO] [stdout] 45 |                 rtic::pend(Interrupt::UART0);
[INFO] [stdout]    |                            ^^^^^^^^^^^^^^^^ the trait `core::marker::Copy` is not implemented for `Interrupt`
[INFO] [stdout]    | 
[INFO] [stdout]   ::: /opt/rustwide/workdir/src/lib.rs:56:8
[INFO] [stdout]    |
[INFO] [stdout] 56 |     I: InterruptNumber,
[INFO] [stdout]    |        --------------- required by this bound in `pend`
[INFO] [stdout]    |
[INFO] [stdout]    = note: required because of the requirements on the impl of `InterruptNumber` for `Interrupt`
[INFO] [stdout] 
[INFO] [stdout] 
[INFO] [stdout] error[E0277]: the trait bound `Interrupt: core::marker::Copy` is not satisfied
[INFO] [stdout]   --> examples/lock.rs:41:24
[INFO] [stdout]    |
[INFO] [stdout] 41 |             rtic::pend(Interrupt::GPIOB);
[INFO] [stdout]    |                        ^^^^^^^^^^^^^^^^ the trait `core::marker::Copy` is not implemented for `Interrupt`
[INFO] [stdout]    | 
[INFO] [stdout]   ::: /opt/rustwide/workdir/src/lib.rs:56:8
[INFO] [stdout]    |
[INFO] [stdout] 56 |     I: InterruptNumber,
[INFO] [stdout]    |        --------------- required by this bound in `pend`
[INFO] [stdout]    |
[INFO] [stdout]    = note: required because of the requirements on the impl of `InterruptNumber` for `Interrupt`
[INFO] [stdout] 
[INFO] [stdout] 
[INFO] [stdout] error[E0277]: the trait bound `Interrupt: core::marker::Copy` is not satisfied
[INFO] [stdout]   --> examples/task.rs:10:22
[INFO] [stdout]    |
[INFO] [stdout] 10 | #[rtic::app(device = lm3s6965, dispatchers = [SSI0, QEI0])]
[INFO] [stdout]    |                      ^^^^^^^^^^^^^^^^^^^^^^^^^^^^^^^^^^^ the trait `core::marker::Copy` is not implemented for `Interrupt`
[INFO] [stdout]    | 
[INFO] [stdout]   ::: /opt/rustwide/workdir/src/lib.rs:56:8
[INFO] [stdout]    |
[INFO] [stdout] 56 |     I: InterruptNumber,
[INFO] [stdout]    |        --------------- required by this bound in `pend`
[INFO] [stdout]    |
[INFO] [stdout]    = note: required because of the requirements on the impl of `InterruptNumber` for `Interrupt`
[INFO] [stdout] 
[INFO] [stdout] 
[INFO] [stdout] error[E0277]: the trait bound `Interrupt: core::marker::Copy` is not satisfied
[INFO] [stdout]   --> examples/lock.rs:46:24
[INFO] [stdout]    |
[INFO] [stdout] 46 |             rtic::pend(Interrupt::GPIOC);
[INFO] [stdout]    |                        ^^^^^^^^^^^^^^^^ the trait `core::marker::Copy` is not implemented for `Interrupt`
[INFO] [stdout]    | 
[INFO] [stdout]   ::: /opt/rustwide/workdir/src/lib.rs:56:8
[INFO] [stdout]    |
[INFO] [stdout] 56 |     I: InterruptNumber,
[INFO] [stdout]    |        --------------- required by this bound in `pend`
[INFO] [stdout]    |
[INFO] [stdout]    = note: required because of the requirements on the impl of `InterruptNumber` for `Interrupt`
[INFO] [stdout] 
[INFO] [stdout] 
[INFO] [stdout] error[E0277]: the trait bound `lm3s6965::Interrupt: core::marker::Copy` is not satisfied
[INFO] [stdout]   --> examples/hardware.rs:25:20
[INFO] [stdout]    |
[INFO] [stdout] 25 |         rtic::pend(Interrupt::UART0); // equivalent to NVIC::pend
[INFO] [stdout]    |                    ^^^^^^^^^^^^^^^^ the trait `core::marker::Copy` is not implemented for `lm3s6965::Interrupt`
[INFO] [stdout]    | 
[INFO] [stdout]   ::: /opt/rustwide/workdir/src/lib.rs:56:8
[INFO] [stdout]    |
[INFO] [stdout] 56 |     I: InterruptNumber,
[INFO] [stdout]    |        --------------- required by this bound in `pend`
[INFO] [stdout]    |
[INFO] [stdout]    = note: required because of the requirements on the impl of `InterruptNumber` for `lm3s6965::Interrupt`
[INFO] [stdout] 
[INFO] [stdout] 
[INFO] [stdout] error[E0277]: the trait bound `Interrupt: core::marker::Copy` is not satisfied
[INFO] [stdout]   --> examples/task.rs:10:22
[INFO] [stdout]    |
[INFO] [stdout] 10 | #[rtic::app(device = lm3s6965, dispatchers = [SSI0, QEI0])]
[INFO] [stdout]    |                      ^^^^^^^^^^^^^^^^^^^^^^^^^^^^^ the trait `core::marker::Copy` is not implemented for `Interrupt`
[INFO] [stdout]    | 
[INFO] [stdout]   ::: /opt/rustwide/workdir/src/lib.rs:56:8
[INFO] [stdout]    |
[INFO] [stdout] 56 |     I: InterruptNumber,
[INFO] [stdout]    |        --------------- required by this bound in `pend`
[INFO] [stdout]    |
[INFO] [stdout]    = note: required because of the requirements on the impl of `InterruptNumber` for `Interrupt`
[INFO] [stdout] 
[INFO] [stdout] 
[INFO] [stdout] error[E0277]: the trait bound `lm3s6965::Interrupt: core::marker::Copy` is not satisfied
[INFO] [stdout]   --> examples/hardware.rs:38:20
[INFO] [stdout]    |
[INFO] [stdout] 38 |         rtic::pend(Interrupt::UART0);
[INFO] [stdout]    |                    ^^^^^^^^^^^^^^^^ the trait `core::marker::Copy` is not implemented for `lm3s6965::Interrupt`
[INFO] [stdout]    | 
[INFO] [stdout]   ::: /opt/rustwide/workdir/src/lib.rs:56:8
[INFO] [stdout]    |
[INFO] [stdout] 56 |     I: InterruptNumber,
[INFO] [stdout]    |        --------------- required by this bound in `pend`
[INFO] [stdout]    |
[INFO] [stdout]    = note: required because of the requirements on the impl of `InterruptNumber` for `lm3s6965::Interrupt`
[INFO] [stdout] 
[INFO] [stdout] 
[INFO] [stdout] error[E0277]: the trait bound `lm3s6965::Interrupt: core::marker::Copy` is not satisfied
[INFO] [stdout]   --> examples/resource.rs:10:1
[INFO] [stdout]    |
[INFO] [stdout] 10 | #[rtic::app(device = lm3s6965)]
[INFO] [stdout]    | ^^^^^^^^^^^^^^^^^^^^^^^^^^^^^^^ the trait `core::marker::Copy` is not implemented for `lm3s6965::Interrupt`
[INFO] [stdout]    |
[INFO] [stdout]    = note: required because of the requirements on the impl of `InterruptNumber` for `lm3s6965::Interrupt`
[INFO] [stdout]    = note: this error originates in the attribute macro `rtic::app` (in Nightly builds, run with -Z macro-backtrace for more info)
[INFO] [stdout] 
[INFO] [stdout] 
[INFO] [stdout] error[E0277]: the trait bound `Interrupt: core::marker::Copy` is not satisfied
[INFO] [stdout]   --> examples/not-sync.rs:17:22
[INFO] [stdout]    |
[INFO] [stdout] 17 | #[rtic::app(device = lm3s6965, dispatchers = [SSI0])]
[INFO] [stdout]    |                      ^^^^^^^^^^^^^^^^^^^^^^^^^^^^^ the trait `core::marker::Copy` is not implemented for `Interrupt`
[INFO] [stdout]    | 
[INFO] [stdout]   ::: /opt/rustwide/workdir/src/lib.rs:56:8
[INFO] [stdout]    |
[INFO] [stdout] 56 |     I: InterruptNumber,
[INFO] [stdout]    |        --------------- required by this bound in `pend`
[INFO] [stdout]    |
[INFO] [stdout]    = note: required because of the requirements on the impl of `InterruptNumber` for `Interrupt`
[INFO] [stdout] 
[INFO] [stdout] 
[INFO] [stdout] error[E0277]: the trait bound `lm3s6965::Interrupt: core::marker::Copy` is not satisfied
[INFO] [stdout]   --> examples/extern_binds.rs:30:20
[INFO] [stdout]    |
[INFO] [stdout] 30 |         rtic::pend(Interrupt::UART0);
[INFO] [stdout]    |                    ^^^^^^^^^^^^^^^^ the trait `core::marker::Copy` is not implemented for `lm3s6965::Interrupt`
[INFO] [stdout]    | 
[INFO] [stdout]   ::: /opt/rustwide/workdir/src/lib.rs:56:8
[INFO] [stdout]    |
[INFO] [stdout] 56 |     I: InterruptNumber,
[INFO] [stdout]    |        --------------- required by this bound in `pend`
[INFO] [stdout]    |
[INFO] [stdout]    = note: required because of the requirements on the impl of `InterruptNumber` for `lm3s6965::Interrupt`
[INFO] [stdout] 
[INFO] [stdout] 
[INFO] [stdout] error[E0277]: the trait bound `Interrupt: core::marker::Copy` is not satisfied
[INFO] [stdout]   --> examples/static.rs:45:28
[INFO] [stdout]    |
[INFO] [stdout] 45 |                 rtic::pend(Interrupt::UART0);
[INFO] [stdout]    |                            ^^^^^^^^^^^^^^^^ the trait `core::marker::Copy` is not implemented for `Interrupt`
[INFO] [stdout]    | 
[INFO] [stdout]   ::: /opt/rustwide/workdir/src/lib.rs:56:8
[INFO] [stdout]    |
[INFO] [stdout] 56 |     I: InterruptNumber,
[INFO] [stdout]    |        --------------- required by this bound in `pend`
[INFO] [stdout]    |
[INFO] [stdout]    = note: required because of the requirements on the impl of `InterruptNumber` for `Interrupt`
[INFO] [stdout] 
[INFO] [stdout] 
[INFO] [stdout] error[E0277]: the trait bound `lm3s6965::Interrupt: core::marker::Copy` is not satisfied
[INFO] [stdout]   --> examples/extern_binds.rs:41:20
[INFO] [stdout]    |
[INFO] [stdout] 41 |         rtic::pend(Interrupt::UART0);
[INFO] [stdout]    |                    ^^^^^^^^^^^^^^^^ the trait `core::marker::Copy` is not implemented for `lm3s6965::Interrupt`
[INFO] [stdout]    | 
[INFO] [stdout]   ::: /opt/rustwide/workdir/src/lib.rs:56:8
[INFO] [stdout]    |
[INFO] [stdout] 56 |     I: InterruptNumber,
[INFO] [stdout]    |        --------------- required by this bound in `pend`
[INFO] [stdout]    |
[INFO] [stdout]    = note: required because of the requirements on the impl of `InterruptNumber` for `lm3s6965::Interrupt`
[INFO] [stdout] 
[INFO] [stdout] 
[INFO] [stdout] error[E0277]: the trait bound `lm3s6965::Interrupt: core::marker::Copy` is not satisfied
[INFO] [stdout]   --> examples/cfg-whole-task.rs:10:1
[INFO] [stdout]    |
[INFO] [stdout] 10 | #[rtic::app(device = lm3s6965,  dispatchers = [SSI0, QEI0])]
[INFO] [stdout]    | ^^^^^^^^^^^^^^^^^^^^^^^^^^^^^^^^^^^^^^^^^^^^^^^^^^^^^^^^^^^^ the trait `core::marker::Copy` is not implemented for `lm3s6965::Interrupt`
[INFO] [stdout]    |
[INFO] [stdout]    = note: required because of the requirements on the impl of `InterruptNumber` for `lm3s6965::Interrupt`
[INFO] [stdout]    = note: this error originates in the attribute macro `rtic::app` (in Nightly builds, run with -Z macro-backtrace for more info)
[INFO] [stdout] 
[INFO] [stdout] 
[INFO] [stdout] error[E0277]: the trait bound `Interrupt: core::marker::Copy` is not satisfied
[INFO] [stdout]   --> examples/shared.rs:10:1
[INFO] [stdout]    |
[INFO] [stdout] 10 | #[rtic::app(device = lm3s6965)]
[INFO] [stdout]    | ^^^^^^^^^^^^^^^^^^^^^^^^^^^^^^^ the trait `core::marker::Copy` is not implemented for `Interrupt`
[INFO] [stdout]    |
[INFO] [stdout]    = note: required because of the requirements on the impl of `InterruptNumber` for `Interrupt`
[INFO] [stdout]    = note: this error originates in the attribute macro `rtic::app` (in Nightly builds, run with -Z macro-backtrace for more info)
[INFO] [stdout] 
[INFO] [stdout] 
[INFO] [stdout] error: aborting due to 3 previous errors
[INFO] [stdout] 
[INFO] [stdout] 
[INFO] [stdout] For more information about this error, try `rustc --explain E0277`.
[INFO] [stdout] 
[INFO] [stdout] error[E0277]: the trait bound `Interrupt: core::marker::Copy` is not satisfied
[INFO] [stdout]   --> examples/only-shared-access.rs:25:20
[INFO] [stdout]    |
[INFO] [stdout] 25 |         rtic::pend(Interrupt::UART0);
[INFO] [stdout]    |                    ^^^^^^^^^^^^^^^^ the trait `core::marker::Copy` is not implemented for `Interrupt`
[INFO] [stdout]    | 
[INFO] [stdout]   ::: /opt/rustwide/workdir/src/lib.rs:56:8
[INFO] [stdout]    |
[INFO] [stdout] 56 |     I: InterruptNumber,
[INFO] [stdout]    |        --------------- required by this bound in `pend`
[INFO] [stdout]    |
[INFO] [stdout]    = note: required because of the requirements on the impl of `InterruptNumber` for `Interrupt`
[INFO] [stdout] 
[INFO] [stdout] 
[INFO] [stdout] error[E0277]: the trait bound `Interrupt: core::marker::Copy` is not satisfied
[INFO] [stdout]   --> examples/lock.rs:10:1
[INFO] [stdout]    |
[INFO] [stdout] 10 | #[rtic::app(device = lm3s6965)]
[INFO] [stdout]    | ^^^^^^^^^^^^^^^^^^^^^^^^^^^^^^^ the trait `core::marker::Copy` is not implemented for `Interrupt`
[INFO] [stdout]    |
[INFO] [stdout]    = note: required because of the requirements on the impl of `InterruptNumber` for `Interrupt`
[INFO] [stdout]    = note: this error originates in the attribute macro `rtic::app` (in Nightly builds, run with -Z macro-backtrace for more info)
[INFO] [stdout] 
[INFO] [stdout] 
[INFO] [stdout] error[E0277]: the trait bound `Interrupt: core::marker::Copy` is not satisfied
[INFO] [stdout]   --> examples/only-shared-access.rs:26:20
[INFO] [stdout]    |
[INFO] [stdout] 26 |         rtic::pend(Interrupt::UART1);
[INFO] [stdout]    |                    ^^^^^^^^^^^^^^^^ the trait `core::marker::Copy` is not implemented for `Interrupt`
[INFO] [stdout]    | 
[INFO] [stdout]   ::: /opt/rustwide/workdir/src/lib.rs:56:8
[INFO] [stdout]    |
[INFO] [stdout] 56 |     I: InterruptNumber,
[INFO] [stdout]    |        --------------- required by this bound in `pend`
[INFO] [stdout]    |
[INFO] [stdout]    = note: required because of the requirements on the impl of `InterruptNumber` for `Interrupt`
[INFO] [stdout] 
[INFO] [stdout] 
[INFO] [stdout] error: aborting due to 2 previous errors
[INFO] [stdout] 
[INFO] [stdout] 
[INFO] [stdout] error[E0277]: the trait bound `Interrupt: core::marker::Copy` is not satisfied
[INFO] [stdout]   --> examples/task.rs:10:1
[INFO] [stdout]    |
[INFO] [stdout] 10 | #[rtic::app(device = lm3s6965, dispatchers = [SSI0, QEI0])]
[INFO] [stdout]    | ^^^^^^^^^^^^^^^^^^^^^^^^^^^^^^^^^^^^^^^^^^^^^^^^^^^^^^^^^^^ the trait `core::marker::Copy` is not implemented for `Interrupt`
[INFO] [stdout]    |
[INFO] [stdout]    = note: required because of the requirements on the impl of `InterruptNumber` for `Interrupt`
[INFO] [stdout]    = note: this error originates in the attribute macro `rtic::app` (in Nightly builds, run with -Z macro-backtrace for more info)
[INFO] [stdout] 
[INFO] [stdout] 
[INFO] [stdout] For more information about this error, try `rustc --explain E0277`.
[INFO] [stdout] 
[INFO] [stdout] error: aborting due to 2 previous errors
[INFO] [stdout] 
[INFO] [stdout] 
[INFO] [stdout] For more information about this error, try `rustc --explain E0277`.
[INFO] [stdout] 
[INFO] [stdout] error[E0277]: the trait bound `lm3s6965::Interrupt: core::marker::Copy` is not satisfied
[INFO] [stdout]   --> examples/hardware.rs:10:1
[INFO] [stdout]    |
[INFO] [stdout] 10 | #[rtic::app(device = lm3s6965)]
[INFO] [stdout]    | ^^^^^^^^^^^^^^^^^^^^^^^^^^^^^^^ the trait `core::marker::Copy` is not implemented for `lm3s6965::Interrupt`
[INFO] [stdout]    |
[INFO] [stdout]    = note: required because of the requirements on the impl of `InterruptNumber` for `lm3s6965::Interrupt`
[INFO] [stdout]    = note: this error originates in the attribute macro `rtic::app` (in Nightly builds, run with -Z macro-backtrace for more info)
[INFO] [stdout] 
[INFO] [stdout] 
[INFO] [stdout] error: aborting due to 4 previous errors
[INFO] [stdout] 
[INFO] [stdout] 
[INFO] [stdout] For more information about this error, try `rustc --explain E0277`.
[INFO] [stdout] 
[INFO] [stdout] error[E0277]: the trait bound `lm3s6965::Interrupt: core::marker::Copy` is not satisfied
[INFO] [stdout]   --> examples/extern_binds.rs:16:1
[INFO] [stdout]    |
[INFO] [stdout] 16 | #[rtic::app(device = lm3s6965)]
[INFO] [stdout]    | ^^^^^^^^^^^^^^^^^^^^^^^^^^^^^^^ the trait `core::marker::Copy` is not implemented for `lm3s6965::Interrupt`
[INFO] [stdout]    |
[INFO] [stdout]    = note: required because of the requirements on the impl of `InterruptNumber` for `lm3s6965::Interrupt`
[INFO] [stdout]    = note: this error originates in the attribute macro `rtic::app` (in Nightly builds, run with -Z macro-backtrace for more info)
[INFO] [stdout] 
[INFO] [stdout] 
[INFO] [stdout] error: aborting due to 3 previous errors
[INFO] [stdout] 
[INFO] [stdout] 
[INFO] [stdout] For more information about this error, try `rustc --explain E0277`.
[INFO] [stdout] 
[INFO] [stdout] error[E0277]: the trait bound `Interrupt: core::marker::Copy` is not satisfied
[INFO] [stdout]   --> examples/not-sync.rs:17:1
[INFO] [stdout]    |
[INFO] [stdout] 17 | #[rtic::app(device = lm3s6965, dispatchers = [SSI0])]
[INFO] [stdout]    | ^^^^^^^^^^^^^^^^^^^^^^^^^^^^^^^^^^^^^^^^^^^^^^^^^^^^^ the trait `core::marker::Copy` is not implemented for `Interrupt`
[INFO] [stdout]    |
[INFO] [stdout]    = note: required because of the requirements on the impl of `InterruptNumber` for `Interrupt`
[INFO] [stdout]    = note: this error originates in the attribute macro `rtic::app` (in Nightly builds, run with -Z macro-backtrace for more info)
[INFO] [stdout] 
[INFO] [stdout] 
[INFO] [stdout] error[E0277]: the trait bound `Interrupt: core::marker::Copy` is not satisfied
[INFO] [stdout]   --> examples/static.rs:10:1
[INFO] [stdout]    |
[INFO] [stdout] 10 | #[rtic::app(device = lm3s6965)]
[INFO] [stdout]    | ^^^^^^^^^^^^^^^^^^^^^^^^^^^^^^^ the trait `core::marker::Copy` is not implemented for `Interrupt`
[INFO] [stdout]    |
[INFO] [stdout]    = note: required because of the requirements on the impl of `InterruptNumber` for `Interrupt`
[INFO] [stdout]    = note: this error originates in the attribute macro `rtic::app` (in Nightly builds, run with -Z macro-backtrace for more info)
[INFO] [stdout] 
[INFO] [stdout] 
[INFO] [stdout] error[E0277]: the trait bound `Interrupt: core::marker::Copy` is not satisfied
[INFO] [stdout]   --> examples/t-htask-main.rs:20:20
[INFO] [stdout]    |
[INFO] [stdout] 20 |         rtic::pend(lm3s6965::Interrupt::UART0);
[INFO] [stdout]    |                    ^^^^^^^^^^^^^^^^^^^^^^^^^^ the trait `core::marker::Copy` is not implemented for `Interrupt`
[INFO] [stdout]    | 
[INFO] [stdout]   ::: /opt/rustwide/workdir/src/lib.rs:56:8
[INFO] [stdout]    |
[INFO] [stdout] 56 |     I: InterruptNumber,
[INFO] [stdout]    |        --------------- required by this bound in `pend`
[INFO] [stdout]    |
[INFO] [stdout]    = note: required because of the requirements on the impl of `InterruptNumber` for `Interrupt`
[INFO] [stdout] 
[INFO] [stdout] 
[INFO] [stdout] error[E0277]: the trait bound `Interrupt: core::marker::Copy` is not satisfied
[INFO] [stdout]   --> examples/t-binds.rs:10:1
[INFO] [stdout]    |
[INFO] [stdout] 10 | #[rtic::app(device = lm3s6965)]
[INFO] [stdout]    | ^^^^^^^^^^^^^^^^^^^^^^^^^^^^^^^ the trait `core::marker::Copy` is not implemented for `Interrupt`
[INFO] [stdout]    |
[INFO] [stdout]    = note: required because of the requirements on the impl of `InterruptNumber` for `Interrupt`
[INFO] [stdout]    = note: this error originates in the attribute macro `rtic::app` (in Nightly builds, run with -Z macro-backtrace for more info)
[INFO] [stdout] 
[INFO] [stdout] 
[INFO] [stdout] error: aborting due to 3 previous errors
[INFO] [stdout] 
[INFO] [stdout] 
[INFO] [stdout] For more information about this error, try `rustc --explain E0277`.
[INFO] [stdout] 
[INFO] [stdout] error: aborting due to 3 previous errors
[INFO] [stdout] 
[INFO] [stdout] 
[INFO] [stdout] For more information about this error, try `rustc --explain E0277`.
[INFO] [stdout] 
[INFO] [stdout] error[E0277]: the trait bound `Interrupt: core::marker::Copy` is not satisfied
[INFO] [stdout]   --> examples/only-shared-access.rs:10:1
[INFO] [stdout]    |
[INFO] [stdout] 10 | #[rtic::app(device = lm3s6965)]
[INFO] [stdout]    | ^^^^^^^^^^^^^^^^^^^^^^^^^^^^^^^ the trait `core::marker::Copy` is not implemented for `Interrupt`
[INFO] [stdout]    |
[INFO] [stdout]    = note: required because of the requirements on the impl of `InterruptNumber` for `Interrupt`
[INFO] [stdout]    = note: this error originates in the attribute macro `rtic::app` (in Nightly builds, run with -Z macro-backtrace for more info)
[INFO] [stdout] 
[INFO] [stdout] 
[INFO] [stdout] error: aborting due to 2 previous errors
[INFO] [stdout] 
[INFO] [stdout] 
[INFO] [stdout] For more information about this error, try `rustc --explain E0277`.
[INFO] [stdout] 
[INFO] [stdout] error: aborting due to 2 previous errors
[INFO] [stdout] 
[INFO] [stdout] 
[INFO] [stdout] For more information about this error, try `rustc --explain E0277`.
[INFO] [stdout] 
[INFO] [stdout] error: aborting due to previous error
[INFO] [stdout] 
[INFO] [stdout] 
[INFO] [stdout] For more information about this error, try `rustc --explain E0277`.
[INFO] [stdout] 
[INFO] [stdout] error[E0277]: the trait bound `Interrupt: core::marker::Copy` is not satisfied
[INFO] [stdout]   --> examples/ramfunc.rs:11:14
[INFO] [stdout]    |
[INFO] [stdout] 11 |       device = lm3s6965,
[INFO] [stdout]    |  ______________^
[INFO] [stdout] 12 | |     dispatchers = [
[INFO] [stdout] 13 | |         UART0,
[INFO] [stdout] 14 | |         #[link_section = ".data.UART1"]
[INFO] [stdout] 15 | |         UART1
[INFO] [stdout]    | |_____________^ the trait `core::marker::Copy` is not implemented for `Interrupt`
[INFO] [stdout]    | 
[INFO] [stdout]   ::: /opt/rustwide/workdir/src/lib.rs:56:8
[INFO] [stdout]    |
[INFO] [stdout] 56 |       I: InterruptNumber,
[INFO] [stdout]    |          --------------- required by this bound in `pend`
[INFO] [stdout]    |
[INFO] [stdout]    = note: required because of the requirements on the impl of `InterruptNumber` for `Interrupt`
[INFO] [stdout] 
[INFO] [stdout] 
[INFO] [stdout] error[E0277]: the trait bound `Interrupt: core::marker::Copy` is not satisfied
[INFO] [stdout]  --> examples/t-htask-main.rs:8:1
[INFO] [stdout]   |
[INFO] [stdout] 8 | #[rtic::app(device = lm3s6965)]
[INFO] [stdout]   | ^^^^^^^^^^^^^^^^^^^^^^^^^^^^^^^ the trait `core::marker::Copy` is not implemented for `Interrupt`
[INFO] [stdout]   |
[INFO] [stdout]   = note: required because of the requirements on the impl of `InterruptNumber` for `Interrupt`
[INFO] [stdout]   = note: this error originates in the attribute macro `rtic::app` (in Nightly builds, run with -Z macro-backtrace for more info)
[INFO] [stdout] 
[INFO] [stdout] 
[INFO] [stdout] error: aborting due to 3 previous errors
[INFO] [stdout] 
[INFO] [stdout] 
[INFO] [stdout] For more information about this error, try `rustc --explain E0277`.
[INFO] [stdout] 
[INFO] [stdout] error[E0277]: the trait bound `Interrupt: core::marker::Copy` is not satisfied
[INFO] [stdout]   --> examples/spawn.rs:10:22
[INFO] [stdout]    |
[INFO] [stdout] 10 | #[rtic::app(device = lm3s6965, dispatchers = [SSI0])]
[INFO] [stdout]    |                      ^^^^^^^^^^^^^^^^^^^^^^^^^^^^^ the trait `core::marker::Copy` is not implemented for `Interrupt`
[INFO] [stdout]    | 
[INFO] [stdout]   ::: /opt/rustwide/workdir/src/lib.rs:56:8
[INFO] [stdout]    |
[INFO] [stdout] 56 |     I: InterruptNumber,
[INFO] [stdout]    |        --------------- required by this bound in `pend`
[INFO] [stdout]    |
[INFO] [stdout]    = note: required because of the requirements on the impl of `InterruptNumber` for `Interrupt`
[INFO] [stdout] 
[INFO] [stdout] 
[INFO] [stdout] error[E0277]: the trait bound `Interrupt: core::marker::Copy` is not satisfied
[INFO] [stdout]   --> examples/ramfunc.rs:11:14
[INFO] [stdout]    |
[INFO] [stdout] 11 |       device = lm3s6965,
[INFO] [stdout]    |  ______________^
[INFO] [stdout] 12 | |     dispatchers = [
[INFO] [stdout] 13 | |         UART0,
[INFO] [stdout]    | |_____________^ the trait `core::marker::Copy` is not implemented for `Interrupt`
[INFO] [stdout]    | 
[INFO] [stdout]   ::: /opt/rustwide/workdir/src/lib.rs:56:8
[INFO] [stdout]    |
[INFO] [stdout] 56 |       I: InterruptNumber,
[INFO] [stdout]    |          --------------- required by this bound in `pend`
[INFO] [stdout]    |
[INFO] [stdout]    = note: required because of the requirements on the impl of `InterruptNumber` for `Interrupt`
[INFO] [stdout] 
[INFO] [stdout] 
[INFO] [stdout] error: aborting due to 2 previous errors
[INFO] [stdout] 
[INFO] [stdout] 
[INFO] [stdout] For more information about this error, try `rustc --explain E0277`.
[INFO] [stdout] 
[INFO] [stdout] error[E0277]: the trait bound `lm3s6965::Interrupt: core::marker::Copy` is not satisfied
[INFO] [stdout]   --> examples/t-spawn.rs:10:22
[INFO] [stdout]    |
[INFO] [stdout] 10 | #[rtic::app(device = lm3s6965, dispatchers = [SSI0])]
[INFO] [stdout]    |                      ^^^^^^^^^^^^^^^^^^^^^^^^^^^^^ the trait `core::marker::Copy` is not implemented for `lm3s6965::Interrupt`
[INFO] [stdout]    | 
[INFO] [stdout]   ::: /opt/rustwide/workdir/src/lib.rs:56:8
[INFO] [stdout]    |
[INFO] [stdout] 56 |     I: InterruptNumber,
[INFO] [stdout]    |        --------------- required by this bound in `pend`
[INFO] [stdout]    |
[INFO] [stdout]    = note: required because of the requirements on the impl of `InterruptNumber` for `lm3s6965::Interrupt`
[INFO] [stdout] 
[INFO] [stdout] 
[INFO] [stdout] error[E0277]: the trait bound `Interrupt: core::marker::Copy` is not satisfied
[INFO] [stdout]   --> examples/spawn.rs:10:1
[INFO] [stdout]    |
[INFO] [stdout] 10 | #[rtic::app(device = lm3s6965, dispatchers = [SSI0])]
[INFO] [stdout]    | ^^^^^^^^^^^^^^^^^^^^^^^^^^^^^^^^^^^^^^^^^^^^^^^^^^^^^ the trait `core::marker::Copy` is not implemented for `Interrupt`
[INFO] [stdout]    |
[INFO] [stdout]    = note: required because of the requirements on the impl of `InterruptNumber` for `Interrupt`
[INFO] [stdout]    = note: this error originates in the attribute macro `rtic::app` (in Nightly builds, run with -Z macro-backtrace for more info)
[INFO] [stdout] 
[INFO] [stdout] 
[INFO] [stdout] error[E0277]: the trait bound `Interrupt: core::marker::Copy` is not satisfied
[INFO] [stdout]   --> examples/ramfunc.rs:10:1
[INFO] [stdout]    |
[INFO] [stdout] 10 | / #[rtic::app(
[INFO] [stdout] 11 | |     device = lm3s6965,
[INFO] [stdout] 12 | |     dispatchers = [
[INFO] [stdout] 13 | |         UART0,
[INFO] [stdout] ...  |
[INFO] [stdout] 16 | |     ])
[INFO] [stdout] 17 | | ]
[INFO] [stdout]    | |_^ the trait `core::marker::Copy` is not implemented for `Interrupt`
[INFO] [stdout]    |
[INFO] [stdout]    = note: required because of the requirements on the impl of `InterruptNumber` for `Interrupt`
[INFO] [stdout]    = note: this error originates in the attribute macro `rtic::app` (in Nightly builds, run with -Z macro-backtrace for more info)
[INFO] [stdout] 
[INFO] [stdout] 
[INFO] [stdout] error[E0277]: the trait bound `Interrupt: core::marker::Copy` is not satisfied
[INFO] [stdout]   --> examples/extern_spawn.rs:20:22
[INFO] [stdout]    |
[INFO] [stdout] 20 | #[rtic::app(device = lm3s6965, dispatchers = [SSI0])]
[INFO] [stdout]    |                      ^^^^^^^^^^^^^^^^^^^^^^^^^^^^^ the trait `core::marker::Copy` is not implemented for `Interrupt`
[INFO] [stdout]    | 
[INFO] [stdout]   ::: /opt/rustwide/workdir/src/lib.rs:56:8
[INFO] [stdout]    |
[INFO] [stdout] 56 |     I: InterruptNumber,
[INFO] [stdout]    |        --------------- required by this bound in `pend`
[INFO] [stdout]    |
[INFO] [stdout]    = note: required because of the requirements on the impl of `InterruptNumber` for `Interrupt`
[INFO] [stdout] 
[INFO] [stdout] 
[INFO] [stdout] error[E0277]: the trait bound `Interrupt: core::marker::Copy` is not satisfied
[INFO] [stdout]   --> examples/destructure.rs:28:20
[INFO] [stdout]    |
[INFO] [stdout] 28 |         rtic::pend(Interrupt::UART0);
[INFO] [stdout]    |                    ^^^^^^^^^^^^^^^^ the trait `core::marker::Copy` is not implemented for `Interrupt`
[INFO] [stdout]    | 
[INFO] [stdout]   ::: /opt/rustwide/workdir/src/lib.rs:56:8
[INFO] [stdout]    |
[INFO] [stdout] 56 |     I: InterruptNumber,
[INFO] [stdout]    |        --------------- required by this bound in `pend`
[INFO] [stdout]    |
[INFO] [stdout]    = note: required because of the requirements on the impl of `InterruptNumber` for `Interrupt`
[INFO] [stdout] 
[INFO] [stdout] 
[INFO] [stdout] error: aborting due to 3 previous errors
[INFO] [stdout] 
[INFO] [stdout] 
[INFO] [stdout] For more information about this error, try `rustc --explain E0277`.
[INFO] [stdout] 
[INFO] [stdout] error: aborting due to 2 previous errors
[INFO] [stdout] 
[INFO] [stdout] 
[INFO] [stdout] For more information about this error, try `rustc --explain E0277`.
[INFO] [stdout] 
[INFO] [stdout] error[E0277]: the trait bound `Interrupt: core::marker::Copy` is not satisfied
[INFO] [stdout]   --> examples/destructure.rs:29:20
[INFO] [stdout]    |
[INFO] [stdout] 29 |         rtic::pend(Interrupt::UART1);
[INFO] [stdout]    |                    ^^^^^^^^^^^^^^^^ the trait `core::marker::Copy` is not implemented for `Interrupt`
[INFO] [stdout]    | 
[INFO] [stdout]   ::: /opt/rustwide/workdir/src/lib.rs:56:8
[INFO] [stdout]    |
[INFO] [stdout] 56 |     I: InterruptNumber,
[INFO] [stdout]    |        --------------- required by this bound in `pend`
[INFO] [stdout]    |
[INFO] [stdout]    = note: required because of the requirements on the impl of `InterruptNumber` for `Interrupt`
[INFO] [stdout] 
[INFO] [stdout] 
[INFO] [stdout] error[E0277]: the trait bound `Interrupt: core::marker::Copy` is not satisfied
[INFO] [stdout]   --> examples/extern_spawn.rs:20:1
[INFO] [stdout]    |
[INFO] [stdout] 20 | #[rtic::app(device = lm3s6965, dispatchers = [SSI0])]
[INFO] [stdout]    | ^^^^^^^^^^^^^^^^^^^^^^^^^^^^^^^^^^^^^^^^^^^^^^^^^^^^^ the trait `core::marker::Copy` is not implemented for `Interrupt`
[INFO] [stdout]    |
[INFO] [stdout]    = note: required because of the requirements on the impl of `InterruptNumber` for `Interrupt`
[INFO] [stdout]    = note: this error originates in the attribute macro `rtic::app` (in Nightly builds, run with -Z macro-backtrace for more info)
[INFO] [stdout] 
[INFO] [stdout] 
[INFO] [stdout] error[E0277]: the trait bound `Interrupt: core::marker::Copy` is not satisfied
[INFO] [stdout]   --> examples/message.rs:10:22
[INFO] [stdout]    |
[INFO] [stdout] 10 | #[rtic::app(device = lm3s6965, dispatchers = [SSI0])]
[INFO] [stdout]    |                      ^^^^^^^^^^^^^^^^^^^^^^^^^^^^^ the trait `core::marker::Copy` is not implemented for `Interrupt`
[INFO] [stdout]    | 
[INFO] [stdout]   ::: /opt/rustwide/workdir/src/lib.rs:56:8
[INFO] [stdout]    |
[INFO] [stdout] 56 |     I: InterruptNumber,
[INFO] [stdout]    |        --------------- required by this bound in `pend`
[INFO] [stdout]    |
[INFO] [stdout]    = note: required because of the requirements on the impl of `InterruptNumber` for `Interrupt`
[INFO] [stdout] 
[INFO] [stdout] 
[INFO] [stdout] error[E0277]: the trait bound `lm3s6965::Interrupt: core::marker::Copy` is not satisfied
[INFO] [stdout]   --> examples/t-spawn.rs:10:1
[INFO] [stdout]    |
[INFO] [stdout] 10 | #[rtic::app(device = lm3s6965, dispatchers = [SSI0])]
[INFO] [stdout]    | ^^^^^^^^^^^^^^^^^^^^^^^^^^^^^^^^^^^^^^^^^^^^^^^^^^^^^ the trait `core::marker::Copy` is not implemented for `lm3s6965::Interrupt`
[INFO] [stdout]    |
[INFO] [stdout]    = note: required because of the requirements on the impl of `InterruptNumber` for `lm3s6965::Interrupt`
[INFO] [stdout]    = note: this error originates in the attribute macro `rtic::app` (in Nightly builds, run with -Z macro-backtrace for more info)
[INFO] [stdout] 
[INFO] [stdout] 
[INFO] [stdout] error[E0277]: the trait bound `Interrupt: core::marker::Copy` is not satisfied
[INFO] [stdout]   --> examples/preempt.rs:22:20
[INFO] [stdout]    |
[INFO] [stdout] 22 |         rtic::pend(Interrupt::GPIOA);
[INFO] [stdout]    |                    ^^^^^^^^^^^^^^^^ the trait `core::marker::Copy` is not implemented for `Interrupt`
[INFO] [stdout]    | 
[INFO] [stdout]   ::: /opt/rustwide/workdir/src/lib.rs:56:8
[INFO] [stdout]    |
[INFO] [stdout] 56 |     I: InterruptNumber,
[INFO] [stdout]    |        --------------- required by this bound in `pend`
[INFO] [stdout]    |
[INFO] [stdout]    = note: required because of the requirements on the impl of `InterruptNumber` for `Interrupt`
[INFO] [stdout] 
[INFO] [stdout] 
[INFO] [stdout] error[E0277]: the trait bound `lm3s6965::Interrupt: core::marker::Copy` is not satisfied
[INFO] [stdout]   --> examples/binds.rs:24:20
[INFO] [stdout]    |
[INFO] [stdout] 24 |         rtic::pend(Interrupt::UART0);
[INFO] [stdout]    |                    ^^^^^^^^^^^^^^^^ the trait `core::marker::Copy` is not implemented for `lm3s6965::Interrupt`
[INFO] [stdout]    | 
[INFO] [stdout]   ::: /opt/rustwide/workdir/src/lib.rs:56:8
[INFO] [stdout]    |
[INFO] [stdout] 56 |     I: InterruptNumber,
[INFO] [stdout]    |        --------------- required by this bound in `pend`
[INFO] [stdout]    |
[INFO] [stdout]    = note: required because of the requirements on the impl of `InterruptNumber` for `lm3s6965::Interrupt`
[INFO] [stdout] 
[INFO] [stdout] 
[INFO] [stdout] error: aborting due to 2 previous errors
[INFO] [stdout] 
[INFO] [stdout] 
[INFO] [stdout] For more information about this error, try `rustc --explain E0277`.
[INFO] [stdout] 
[INFO] [stdout] error: aborting due to 2 previous errors
[INFO] [stdout] 
[INFO] [stdout] 
[INFO] [stdout] For more information about this error, try `rustc --explain E0277`.
[INFO] [stdout] 
[INFO] [stdout] error[E0277]: the trait bound `lm3s6965::Interrupt: core::marker::Copy` is not satisfied
[INFO] [stdout]   --> examples/binds.rs:35:20
[INFO] [stdout]    |
[INFO] [stdout] 35 |         rtic::pend(Interrupt::UART0);
[INFO] [stdout]    |                    ^^^^^^^^^^^^^^^^ the trait `core::marker::Copy` is not implemented for `lm3s6965::Interrupt`
[INFO] [stdout]    | 
[INFO] [stdout]   ::: /opt/rustwide/workdir/src/lib.rs:56:8
[INFO] [stdout]    |
[INFO] [stdout] 56 |     I: InterruptNumber,
[INFO] [stdout]    |        --------------- required by this bound in `pend`
[INFO] [stdout]    |
[INFO] [stdout]    = note: required because of the requirements on the impl of `InterruptNumber` for `lm3s6965::Interrupt`
[INFO] [stdout] 
[INFO] [stdout] 
[INFO] [stdout] error[E0277]: the trait bound `Interrupt: core::marker::Copy` is not satisfied
[INFO] [stdout]   --> examples/destructure.rs:10:1
[INFO] [stdout]    |
[INFO] [stdout] 10 | #[rtic::app(device = lm3s6965)]
[INFO] [stdout]    | ^^^^^^^^^^^^^^^^^^^^^^^^^^^^^^^ the trait `core::marker::Copy` is not implemented for `Interrupt`
[INFO] [stdout]    |
[INFO] [stdout]    = note: required because of the requirements on the impl of `InterruptNumber` for `Interrupt`
[INFO] [stdout]    = note: this error originates in the attribute macro `rtic::app` (in Nightly builds, run with -Z macro-backtrace for more info)
[INFO] [stdout] 
[INFO] [stdout] 
[INFO] [stdout] error[E0277]: the trait bound `Interrupt: core::marker::Copy` is not satisfied
[INFO] [stdout]   --> examples/preempt.rs:30:20
[INFO] [stdout]    |
[INFO] [stdout] 30 |         rtic::pend(Interrupt::GPIOC);
[INFO] [stdout]    |                    ^^^^^^^^^^^^^^^^ the trait `core::marker::Copy` is not implemented for `Interrupt`
[INFO] [stdout]    | 
[INFO] [stdout]   ::: /opt/rustwide/workdir/src/lib.rs:56:8
[INFO] [stdout]    |
[INFO] [stdout] 56 |     I: InterruptNumber,
[INFO] [stdout]    |        --------------- required by this bound in `pend`
[INFO] [stdout]    |
[INFO] [stdout]    = note: required because of the requirements on the impl of `InterruptNumber` for `Interrupt`
[INFO] [stdout] 
[INFO] [stdout] 
[INFO] [stdout] error[E0277]: the trait bound `Interrupt: core::marker::Copy` is not satisfied
[INFO] [stdout]   --> examples/preempt.rs:43:20
[INFO] [stdout]    |
[INFO] [stdout] 43 |         rtic::pend(Interrupt::GPIOB);
[INFO] [stdout]    |                    ^^^^^^^^^^^^^^^^ the trait `core::marker::Copy` is not implemented for `Interrupt`
[INFO] [stdout]    | 
[INFO] [stdout]   ::: /opt/rustwide/workdir/src/lib.rs:56:8
[INFO] [stdout]    |
[INFO] [stdout] 56 |     I: InterruptNumber,
[INFO] [stdout]    |        --------------- required by this bound in `pend`
[INFO] [stdout]    |
[INFO] [stdout]    = note: required because of the requirements on the impl of `InterruptNumber` for `Interrupt`
[INFO] [stdout] 
[INFO] [stdout] 
[INFO] [stdout] error[E0277]: the trait bound `Interrupt: core::marker::Copy` is not satisfied
[INFO] [stdout]   --> examples/spawn2.rs:10:22
[INFO] [stdout]    |
[INFO] [stdout] 10 | #[rtic::app(device = lm3s6965, dispatchers = [SSI0])]
[INFO] [stdout]    |                      ^^^^^^^^^^^^^^^^^^^^^^^^^^^^^ the trait `core::marker::Copy` is not implemented for `Interrupt`
[INFO] [stdout]    | 
[INFO] [stdout]   ::: /opt/rustwide/workdir/src/lib.rs:56:8
[INFO] [stdout]    |
[INFO] [stdout] 56 |     I: InterruptNumber,
[INFO] [stdout]    |        --------------- required by this bound in `pend`
[INFO] [stdout]    |
[INFO] [stdout]    = note: required because of the requirements on the impl of `InterruptNumber` for `Interrupt`
[INFO] [stdout] 
[INFO] [stdout] 
[INFO] [stdout] error[E0277]: the trait bound `lm3s6965::Interrupt: core::marker::Copy` is not satisfied
[INFO] [stdout]   --> examples/binds.rs:11:1
[INFO] [stdout]    |
[INFO] [stdout] 11 | #[rtic::app(device = lm3s6965)]
[INFO] [stdout]    | ^^^^^^^^^^^^^^^^^^^^^^^^^^^^^^^ the trait `core::marker::Copy` is not implemented for `lm3s6965::Interrupt`
[INFO] [stdout]    |
[INFO] [stdout]    = note: required because of the requirements on the impl of `InterruptNumber` for `lm3s6965::Interrupt`
[INFO] [stdout]    = note: this error originates in the attribute macro `rtic::app` (in Nightly builds, run with -Z macro-backtrace for more info)
[INFO] [stdout] 
[INFO] [stdout] 
[INFO] [stdout] error[E0277]: the trait bound `Interrupt: core::marker::Copy` is not satisfied
[INFO] [stdout]  --> examples/preempt.rs:9:1
[INFO] [stdout]   |
[INFO] [stdout] 9 | #[app(device = lm3s6965)]
[INFO] [stdout]   | ^^^^^^^^^^^^^^^^^^^^^^^^^ the trait `core::marker::Copy` is not implemented for `Interrupt`
[INFO] [stdout]   |
[INFO] [stdout]   = note: required because of the requirements on the impl of `InterruptNumber` for `Interrupt`
[INFO] [stdout]   = note: this error originates in the attribute macro `app` (in Nightly builds, run with -Z macro-backtrace for more info)
[INFO] [stdout] 
[INFO] [stdout] 
[INFO] [stdout] error[E0277]: the trait bound `Interrupt: core::marker::Copy` is not satisfied
[INFO] [stdout]   --> examples/message.rs:10:1
[INFO] [stdout]    |
[INFO] [stdout] 10 | #[rtic::app(device = lm3s6965, dispatchers = [SSI0])]
[INFO] [stdout]    | ^^^^^^^^^^^^^^^^^^^^^^^^^^^^^^^^^^^^^^^^^^^^^^^^^^^^^ the trait `core::marker::Copy` is not implemented for `Interrupt`
[INFO] [stdout]    |
[INFO] [stdout]    = note: required because of the requirements on the impl of `InterruptNumber` for `Interrupt`
[INFO] [stdout]    = note: this error originates in the attribute macro `rtic::app` (in Nightly builds, run with -Z macro-backtrace for more info)
[INFO] [stdout] 
[INFO] [stdout] 
[INFO] [stdout] error: aborting due to 3 previous errors
[INFO] [stdout] 
[INFO] [stdout] 
[INFO] [stdout] For more information about this error, try `rustc --explain E0277`.
[INFO] [stdout] 
[INFO] [stdout] error: aborting due to 3 previous errors
[INFO] [stdout] 
[INFO] [stdout] 
[INFO] [stdout] For more information about this error, try `rustc --explain E0277`.
[INFO] [stdout] 
[INFO] [stdout] error: aborting due to 4 previous errors
[INFO] [stdout] 
[INFO] [stdout] 
[INFO] [stdout] For more information about this error, try `rustc --explain E0277`.
[INFO] [stdout] 
[INFO] [stdout] error[E0277]: the trait bound `Interrupt: core::marker::Copy` is not satisfied
[INFO] [stdout]   --> examples/generics.rs:27:20
[INFO] [stdout]    |
[INFO] [stdout] 27 |         rtic::pend(Interrupt::UART0);
[INFO] [stdout]    |                    ^^^^^^^^^^^^^^^^ the trait `core::marker::Copy` is not implemented for `Interrupt`
[INFO] [stdout]    | 
[INFO] [stdout]   ::: /opt/rustwide/workdir/src/lib.rs:56:8
[INFO] [stdout]    |
[INFO] [stdout] 56 |     I: InterruptNumber,
[INFO] [stdout]    |        --------------- required by this bound in `pend`
[INFO] [stdout]    |
[INFO] [stdout]    = note: required because of the requirements on the impl of `InterruptNumber` for `Interrupt`
[INFO] [stdout] 
[INFO] [stdout] 
[INFO] [stdout] error: aborting due to 2 previous errors
[INFO] [stdout] 
[INFO] [stdout] 
[INFO] [stdout] For more information about this error, try `rustc --explain E0277`.
[INFO] [stdout] 
[INFO] [stdout] error[E0277]: the trait bound `Interrupt: core::marker::Copy` is not satisfied
[INFO] [stdout]   --> examples/generics.rs:28:20
[INFO] [stdout]    |
[INFO] [stdout] 28 |         rtic::pend(Interrupt::UART1);
[INFO] [stdout]    |                    ^^^^^^^^^^^^^^^^ the trait `core::marker::Copy` is not implemented for `Interrupt`
[INFO] [stdout]    | 
[INFO] [stdout]   ::: /opt/rustwide/workdir/src/lib.rs:56:8
[INFO] [stdout]    |
[INFO] [stdout] 56 |     I: InterruptNumber,
[INFO] [stdout]    |        --------------- required by this bound in `pend`
[INFO] [stdout]    |
[INFO] [stdout]    = note: required because of the requirements on the impl of `InterruptNumber` for `Interrupt`
[INFO] [stdout] 
[INFO] [stdout] 
[INFO] [stdout] error[E0277]: the trait bound `Interrupt: core::marker::Copy` is not satisfied
[INFO] [stdout]   --> examples/resource-user-struct.rs:33:20
[INFO] [stdout]    |
[INFO] [stdout] 33 |         rtic::pend(Interrupt::UART0);
[INFO] [stdout]    |                    ^^^^^^^^^^^^^^^^ the trait `core::marker::Copy` is not implemented for `Interrupt`
[INFO] [stdout]    | 
[INFO] [stdout]   ::: /opt/rustwide/workdir/src/lib.rs:56:8
[INFO] [stdout]    |
[INFO] [stdout] 56 |     I: InterruptNumber,
[INFO] [stdout]    |        --------------- required by this bound in `pend`
[INFO] [stdout]    |
[INFO] [stdout]    = note: required because of the requirements on the impl of `InterruptNumber` for `Interrupt`
[INFO] [stdout] 
[INFO] [stdout] 
[INFO] [stdout] error[E0277]: the trait bound `Interrupt: core::marker::Copy` is not satisfied
[INFO] [stdout]   --> examples/spawn2.rs:10:1
[INFO] [stdout]    |
[INFO] [stdout] 10 | #[rtic::app(device = lm3s6965, dispatchers = [SSI0])]
[INFO] [stdout]    | ^^^^^^^^^^^^^^^^^^^^^^^^^^^^^^^^^^^^^^^^^^^^^^^^^^^^^ the trait `core::marker::Copy` is not implemented for `Interrupt`
[INFO] [stdout]    |
[INFO] [stdout]    = note: required because of the requirements on the impl of `InterruptNumber` for `Interrupt`
[INFO] [stdout]    = note: this error originates in the attribute macro `rtic::app` (in Nightly builds, run with -Z macro-backtrace for more info)
[INFO] [stdout] 
[INFO] [stdout] 
[INFO] [stdout] error[E0277]: the trait bound `Interrupt: core::marker::Copy` is not satisfied
[INFO] [stdout]   --> examples/generics.rs:40:20
[INFO] [stdout]    |
[INFO] [stdout] 40 |         rtic::pend(Interrupt::UART1);
[INFO] [stdout]    |                    ^^^^^^^^^^^^^^^^ the trait `core::marker::Copy` is not implemented for `Interrupt`
[INFO] [stdout]    | 
[INFO] [stdout]   ::: /opt/rustwide/workdir/src/lib.rs:56:8
[INFO] [stdout]    |
[INFO] [stdout] 56 |     I: InterruptNumber,
[INFO] [stdout]    |        --------------- required by this bound in `pend`
[INFO] [stdout]    |
[INFO] [stdout]    = note: required because of the requirements on the impl of `InterruptNumber` for `Interrupt`
[INFO] [stdout] 
[INFO] [stdout] 
[INFO] [stdout] error[E0277]: the trait bound `Interrupt: core::marker::Copy` is not satisfied
[INFO] [stdout]   --> examples/capacity.rs:23:20
[INFO] [stdout]    |
[INFO] [stdout] 23 |         rtic::pend(Interrupt::UART0);
[INFO] [stdout]    |                    ^^^^^^^^^^^^^^^^ the trait `core::marker::Copy` is not implemented for `Interrupt`
[INFO] [stdout]    | 
[INFO] [stdout]   ::: /opt/rustwide/workdir/src/lib.rs:56:8
[INFO] [stdout]    |
[INFO] [stdout] 56 |     I: InterruptNumber,
[INFO] [stdout]    |        --------------- required by this bound in `pend`
[INFO] [stdout]    |
[INFO] [stdout]    = note: required because of the requirements on the impl of `InterruptNumber` for `Interrupt`
[INFO] [stdout] 
[INFO] [stdout] 
[INFO] [stdout] error: linking with `cc` failed: exit status: 1
[INFO] [stdout]   |
[INFO] [stdout]   = note: "cc" "-m64" "/opt/rustwide/target/debug/examples/t_idle_main-fb7f2763b2f8176f.t_idle_main.09bbccdc-cgu.0.rcgu.o" "/opt/rustwide/target/debug/examples/t_idle_main-fb7f2763b2f8176f.t_idle_main.09bbccdc-cgu.1.rcgu.o" "/opt/rustwide/target/debug/examples/t_idle_main-fb7f2763b2f8176f.t_idle_main.09bbccdc-cgu.2.rcgu.o" "/opt/rustwide/target/debug/examples/t_idle_main-fb7f2763b2f8176f.t_idle_main.09bbccdc-cgu.3.rcgu.o" "/opt/rustwide/target/debug/examples/t_idle_main-fb7f2763b2f8176f.t_idle_main.09bbccdc-cgu.4.rcgu.o" "/opt/rustwide/target/debug/examples/t_idle_main-fb7f2763b2f8176f.t_idle_main.09bbccdc-cgu.5.rcgu.o" "/opt/rustwide/target/debug/examples/t_idle_main-fb7f2763b2f8176f.t_idle_main.09bbccdc-cgu.6.rcgu.o" "/opt/rustwide/target/debug/examples/t_idle_main-fb7f2763b2f8176f.4ul2j1u5r2tlhv85.rcgu.o" "-Wl,--as-needed" "-L" "/opt/rustwide/target/debug/deps" "-L" "/opt/rustwide/target/debug/build/lm3s6965-d66bd66fb7a2ccbb/out" "-L" "/opt/rustwide/target/debug/build/cortex-m-rt-c395636643a0e541/out" "-L" "/opt/rustwide/rustup-home/toolchains/beta-2021-08-01-x86_64-unknown-linux-gnu/lib/rustlib/x86_64-unknown-linux-gnu/lib" "-Wl,-Bstatic" "/opt/rustwide/target/debug/deps/libcortex_m_semihosting-15e927a3bc7dbba6.rlib" "/opt/rustwide/target/debug/deps/liblm3s6965-e4852b11f6609c2f.rlib" "/opt/rustwide/target/debug/deps/libcortex_m_rt-d53817470879ff08.rlib" "/opt/rustwide/target/debug/deps/libr0-ba394936cc4e2a3b.rlib" "/opt/rustwide/target/debug/deps/librtic-9105a3a8cbe0e194.rlib" "/opt/rustwide/target/debug/deps/libheapless-0704287c10d309e5.rlib" "/opt/rustwide/target/debug/deps/libas_slice-a375448f29126f03.rlib" "/opt/rustwide/target/debug/deps/libstable_deref_trait-067c643b9101b1bb.rlib" "/opt/rustwide/target/debug/deps/libgeneric_array-17df48bc9d085bd4.rlib" "/opt/rustwide/target/debug/deps/libgeneric_array-ceda17e003369acc.rlib" "/opt/rustwide/target/debug/deps/libhash32-1b036e6b8e3c838b.rlib" "/opt/rustwide/target/debug/deps/libbyteorder-84627d465861af9b.rlib" "/opt/rustwide/target/debug/deps/libgeneric_array-d0056580537cec95.rlib" "/opt/rustwide/target/debug/deps/libtypenum-8d34d400f8c19065.rlib" "/opt/rustwide/target/debug/deps/libbare_metal-b7a3359ed85f8d62.rlib" "/opt/rustwide/target/debug/deps/librtic_monotonic-6628662ba95c1a8d.rlib" "/opt/rustwide/target/debug/deps/libembedded_time-54585621d412db17.rlib" "/opt/rustwide/target/debug/deps/libnum-de7bb57b992ff215.rlib" "/opt/rustwide/target/debug/deps/libnum_iter-acc5499f5cd0fa8e.rlib" "/opt/rustwide/target/debug/deps/libnum_rational-351b73995c087574.rlib" "/opt/rustwide/target/debug/deps/libnum_integer-4924a9008a222935.rlib" "/opt/rustwide/target/debug/deps/libnum_complex-e6709aa2cd72cf45.rlib" "/opt/rustwide/target/debug/deps/libnum_traits-f5d272728f70d45e.rlib" "/opt/rustwide/target/debug/deps/librtic_core-55af6900e9b77592.rlib" "/opt/rustwide/target/debug/deps/libcortex_m-10cfb254eed8f6fb.rlib" "/opt/rustwide/target/debug/deps/libembedded_hal-963b3c289d2ef869.rlib" "/opt/rustwide/target/debug/deps/libvoid-a8f0b9c91ed5e34c.rlib" "/opt/rustwide/target/debug/deps/libnb-5ba7363180d12fbe.rlib" "/opt/rustwide/target/debug/deps/libnb-118f76f327f8f88a.rlib" "/opt/rustwide/target/debug/deps/libvolatile_register-32de51c06af19547.rlib" "/opt/rustwide/target/debug/deps/libvcell-5887eab011832827.rlib" "/opt/rustwide/target/debug/deps/libbare_metal-2b8f7098314ef885.rlib" "/opt/rustwide/target/debug/deps/libpanic_semihosting-ad943936531f690f.rlib" "-Wl,--start-group" "/opt/rustwide/rustup-home/toolchains/beta-2021-08-01-x86_64-unknown-linux-gnu/lib/rustlib/x86_64-unknown-linux-gnu/lib/libstd-197d933f09d9a590.rlib" "/opt/rustwide/rustup-home/toolchains/beta-2021-08-01-x86_64-unknown-linux-gnu/lib/rustlib/x86_64-unknown-linux-gnu/lib/libpanic_unwind-46a006cddfd334f0.rlib" "/opt/rustwide/rustup-home/toolchains/beta-2021-08-01-x86_64-unknown-linux-gnu/lib/rustlib/x86_64-unknown-linux-gnu/lib/libminiz_oxide-5b9870310e470b38.rlib" "/opt/rustwide/rustup-home/toolchains/beta-2021-08-01-x86_64-unknown-linux-gnu/lib/rustlib/x86_64-unknown-linux-gnu/lib/libadler-260022ba8f1ab4ee.rlib" "/opt/rustwide/rustup-home/toolchains/beta-2021-08-01-x86_64-unknown-linux-gnu/lib/rustlib/x86_64-unknown-linux-gnu/lib/libobject-71377435a799394f.rlib" "/opt/rustwide/rustup-home/toolchains/beta-2021-08-01-x86_64-unknown-linux-gnu/lib/rustlib/x86_64-unknown-linux-gnu/lib/libaddr2line-658ee5924fde57cd.rlib" "/opt/rustwide/rustup-home/toolchains/beta-2021-08-01-x86_64-unknown-linux-gnu/lib/rustlib/x86_64-unknown-linux-gnu/lib/libgimli-9e8627da6bd1b94a.rlib" "/opt/rustwide/rustup-home/toolchains/beta-2021-08-01-x86_64-unknown-linux-gnu/lib/rustlib/x86_64-unknown-linux-gnu/lib/libstd_detect-19fdaac49f59be84.rlib" "/opt/rustwide/rustup-home/toolchains/beta-2021-08-01-x86_64-unknown-linux-gnu/lib/rustlib/x86_64-unknown-linux-gnu/lib/librustc_demangle-cb00e2691ea45905.rlib" "/opt/rustwide/rustup-home/toolchains/beta-2021-08-01-x86_64-unknown-linux-gnu/lib/rustlib/x86_64-unknown-linux-gnu/lib/libhashbrown-50f6726defae5ae1.rlib" "/opt/rustwide/rustup-home/toolchains/beta-2021-08-01-x86_64-unknown-linux-gnu/lib/rustlib/x86_64-unknown-linux-gnu/lib/librustc_std_workspace_alloc-2afc16311deea26e.rlib" "/opt/rustwide/rustup-home/toolchains/beta-2021-08-01-x86_64-unknown-linux-gnu/lib/rustlib/x86_64-unknown-linux-gnu/lib/libunwind-bb5cb0fe086ee8cf.rlib" "/opt/rustwide/rustup-home/toolchains/beta-2021-08-01-x86_64-unknown-linux-gnu/lib/rustlib/x86_64-unknown-linux-gnu/lib/libcfg_if-896053247b5dfd0b.rlib" "/opt/rustwide/rustup-home/toolchains/beta-2021-08-01-x86_64-unknown-linux-gnu/lib/rustlib/x86_64-unknown-linux-gnu/lib/liblibc-735e1f2ac3cf23be.rlib" "/opt/rustwide/rustup-home/toolchains/beta-2021-08-01-x86_64-unknown-linux-gnu/lib/rustlib/x86_64-unknown-linux-gnu/lib/liballoc-9dfb6622644c732c.rlib" "/opt/rustwide/rustup-home/toolchains/beta-2021-08-01-x86_64-unknown-linux-gnu/lib/rustlib/x86_64-unknown-linux-gnu/lib/librustc_std_workspace_core-beea7d9617fe25c5.rlib" "/opt/rustwide/rustup-home/toolchains/beta-2021-08-01-x86_64-unknown-linux-gnu/lib/rustlib/x86_64-unknown-linux-gnu/lib/libcore-8ef7dd43fc671f88.rlib" "-Wl,--end-group" "/opt/rustwide/rustup-home/toolchains/beta-2021-08-01-x86_64-unknown-linux-gnu/lib/rustlib/x86_64-unknown-linux-gnu/lib/libcompiler_builtins-a9a3b2ad67977f47.rlib" "-Wl,-Bdynamic" "-lgcc_s" "-lutil" "-lrt" "-lpthread" "-lm" "-ldl" "-lc" "-Wl,--eh-frame-hdr" "-Wl,-znoexecstack" "-L" "/opt/rustwide/rustup-home/toolchains/beta-2021-08-01-x86_64-unknown-linux-gnu/lib/rustlib/x86_64-unknown-linux-gnu/lib" "-o" "/opt/rustwide/target/debug/examples/t_idle_main-fb7f2763b2f8176f" "-Wl,--gc-sections" "-pie" "-Wl,-zrelro" "-Wl,-znow" "-nodefaultlibs"
[INFO] [stdout]   = note: /usr/bin/ld: /opt/rustwide/target/debug/examples/t_idle_main-fb7f2763b2f8176f.t_idle_main.09bbccdc-cgu.1.rcgu.o: in function `cortex_m::asm::nop':
[INFO] [stdout]           /opt/rustwide/cargo-home/registry/src/github.com-1ecc6299db9ec823/cortex-m-0.7.3/src/asm.rs:35: undefined reference to `__nop'
[INFO] [stdout]           /usr/bin/ld: /opt/rustwide/target/debug/examples/t_idle_main-fb7f2763b2f8176f.t_idle_main.09bbccdc-cgu.2.rcgu.o: in function `cortex_m::interrupt::enable':
[INFO] [stdout]           /opt/rustwide/cargo-home/registry/src/github.com-1ecc6299db9ec823/cortex-m-0.7.3/src/interrupt.rs:48: undefined reference to `__cpsie'
[INFO] [stdout]           /usr/bin/ld: /opt/rustwide/target/debug/examples/t_idle_main-fb7f2763b2f8176f.t_idle_main.09bbccdc-cgu.2.rcgu.o: in function `cortex_m::interrupt::disable':
[INFO] [stdout]           /opt/rustwide/cargo-home/registry/src/github.com-1ecc6299db9ec823/cortex-m-0.7.3/src/interrupt.rs:38: undefined reference to `__cpsid'
[INFO] [stdout]           collect2: error: ld returned 1 exit status
[INFO] [stdout]           
[INFO] [stdout]   = help: some `extern` functions couldn't be found; some native libraries may need to be installed or have their path specified
[INFO] [stdout]   = note: use the `-l` flag to specify native libraries to link
[INFO] [stdout]   = note: use the `cargo:rustc-link-lib` directive to specify the native libraries to link with Cargo (see https://doc.rust-lang.org/cargo/reference/build-scripts.html#cargorustc-link-libkindname)
[INFO] [stdout] 
[INFO] [stdout] 
[INFO] [stdout] error: aborting due to previous error
[INFO] [stdout] 
[INFO] [stdout] 
[INFO] [stdout] error[E0277]: the trait bound `Interrupt: core::marker::Copy` is not satisfied
[INFO] [stdout]   --> examples/resource-user-struct.rs:34:20
[INFO] [stdout]    |
[INFO] [stdout] 34 |         rtic::pend(Interrupt::UART1);
[INFO] [stdout]    |                    ^^^^^^^^^^^^^^^^ the trait `core::marker::Copy` is not implemented for `Interrupt`
[INFO] [stdout]    | 
[INFO] [stdout]   ::: /opt/rustwide/workdir/src/lib.rs:56:8
[INFO] [stdout]    |
[INFO] [stdout] 56 |     I: InterruptNumber,
[INFO] [stdout]    |        --------------- required by this bound in `pend`
[INFO] [stdout]    |
[INFO] [stdout]    = note: required because of the requirements on the impl of `InterruptNumber` for `Interrupt`
[INFO] [stdout] 
[INFO] [stdout] 
[INFO] [stdout] error[E0277]: the trait bound `Interrupt: core::marker::Copy` is not satisfied
[INFO] [stdout]   --> examples/capacity.rs:10:22
[INFO] [stdout]    |
[INFO] [stdout] 10 | #[rtic::app(device = lm3s6965, dispatchers = [SSI0])]
[INFO] [stdout]    |                      ^^^^^^^^^^^^^^^^^^^^^^^^^^^^^ the trait `core::marker::Copy` is not implemented for `Interrupt`
[INFO] [stdout]    | 
[INFO] [stdout]   ::: /opt/rustwide/workdir/src/lib.rs:56:8
[INFO] [stdout]    |
[INFO] [stdout] 56 |     I: InterruptNumber,
[INFO] [stdout]    |        --------------- required by this bound in `pend`
[INFO] [stdout]    |
[INFO] [stdout]    = note: required because of the requirements on the impl of `InterruptNumber` for `Interrupt`
[INFO] [stdout] 
[INFO] [stdout] 
[INFO] [stdout] error: aborting due to 2 previous errors
[INFO] [stdout] 
[INFO] [stdout] 
[INFO] [stdout] For more information about this error, try `rustc --explain E0277`.
[INFO] [stdout] 
[INFO] [stdout] error[E0277]: the trait bound `Interrupt: core::marker::Copy` is not satisfied
[INFO] [stdout]   --> examples/generics.rs:12:1
[INFO] [stdout]    |
[INFO] [stdout] 12 | #[rtic::app(device = lm3s6965)]
[INFO] [stdout]    | ^^^^^^^^^^^^^^^^^^^^^^^^^^^^^^^ the trait `core::marker::Copy` is not implemented for `Interrupt`
[INFO] [stdout]    |
[INFO] [stdout]    = note: required because of the requirements on the impl of `InterruptNumber` for `Interrupt`
[INFO] [stdout]    = note: this error originates in the attribute macro `rtic::app` (in Nightly builds, run with -Z macro-backtrace for more info)
[INFO] [stdout] 
[INFO] [stdout] 
[INFO] [stdout] error[E0277]: the trait bound `Interrupt: core::marker::Copy` is not satisfied
[INFO] [stdout]   --> examples/resource-user-struct.rs:10:1
[INFO] [stdout]    |
[INFO] [stdout] 10 | #[rtic::app(device = lm3s6965)]
[INFO] [stdout]    | ^^^^^^^^^^^^^^^^^^^^^^^^^^^^^^^ the trait `core::marker::Copy` is not implemented for `Interrupt`
[INFO] [stdout]    |
[INFO] [stdout]    = note: required because of the requirements on the impl of `InterruptNumber` for `Interrupt`
[INFO] [stdout]    = note: this error originates in the attribute macro `rtic::app` (in Nightly builds, run with -Z macro-backtrace for more info)
[INFO] [stdout] 
[INFO] [stdout] 
[INFO] [stdout] error: aborting due to 3 previous errors
[INFO] [stdout] 
[INFO] [stdout] 
[INFO] [stdout] error: aborting due to 4 previous errors
[INFO] [stdout] 
[INFO] [stdout] 
[INFO] [stdout] For more information about this error, try `rustc --explain E0277`.
[INFO] [stdout] 
[INFO] [stdout] For more information about this error, try `rustc --explain E0277`.
[INFO] [stdout] 
[INFO] [stdout] error[E0277]: the trait bound `Interrupt: core::marker::Copy` is not satisfied
[INFO] [stdout]   --> examples/capacity.rs:10:1
[INFO] [stdout]    |
[INFO] [stdout] 10 | #[rtic::app(device = lm3s6965, dispatchers = [SSI0])]
[INFO] [stdout]    | ^^^^^^^^^^^^^^^^^^^^^^^^^^^^^^^^^^^^^^^^^^^^^^^^^^^^^ the trait `core::marker::Copy` is not implemented for `Interrupt`
[INFO] [stdout]    |
[INFO] [stdout]    = note: required because of the requirements on the impl of `InterruptNumber` for `Interrupt`
[INFO] [stdout]    = note: this error originates in the attribute macro `rtic::app` (in Nightly builds, run with -Z macro-backtrace for more info)
[INFO] [stdout] 
[INFO] [stdout] 
[INFO] [stdout] error: linking with `cc` failed: exit status: 1
[INFO] [stdout]   |
[INFO] [stdout]   = note: "cc" "-m64" "/opt/rustwide/target/debug/examples/idle-72d56e8e1cb609d4.idle.54b93354-cgu.0.rcgu.o" "/opt/rustwide/target/debug/examples/idle-72d56e8e1cb609d4.idle.54b93354-cgu.1.rcgu.o" "/opt/rustwide/target/debug/examples/idle-72d56e8e1cb609d4.idle.54b93354-cgu.2.rcgu.o" "/opt/rustwide/target/debug/examples/idle-72d56e8e1cb609d4.idle.54b93354-cgu.3.rcgu.o" "/opt/rustwide/target/debug/examples/idle-72d56e8e1cb609d4.idle.54b93354-cgu.4.rcgu.o" "/opt/rustwide/target/debug/examples/idle-72d56e8e1cb609d4.idle.54b93354-cgu.5.rcgu.o" "/opt/rustwide/target/debug/examples/idle-72d56e8e1cb609d4.idle.54b93354-cgu.6.rcgu.o" "/opt/rustwide/target/debug/examples/idle-72d56e8e1cb609d4.idle.54b93354-cgu.7.rcgu.o" "/opt/rustwide/target/debug/examples/idle-72d56e8e1cb609d4.idle.54b93354-cgu.8.rcgu.o" "/opt/rustwide/target/debug/examples/idle-72d56e8e1cb609d4.idle.54b93354-cgu.9.rcgu.o" "/opt/rustwide/target/debug/examples/idle-72d56e8e1cb609d4.4gc8uix8oso038bc.rcgu.o" "-Wl,--as-needed" "-L" "/opt/rustwide/target/debug/deps" "-L" "/opt/rustwide/target/debug/build/lm3s6965-d66bd66fb7a2ccbb/out" "-L" "/opt/rustwide/target/debug/build/cortex-m-rt-c395636643a0e541/out" "-L" "/opt/rustwide/rustup-home/toolchains/beta-2021-08-01-x86_64-unknown-linux-gnu/lib/rustlib/x86_64-unknown-linux-gnu/lib" "-Wl,-Bstatic" "/opt/rustwide/target/debug/deps/libcortex_m_semihosting-15e927a3bc7dbba6.rlib" "/opt/rustwide/target/debug/deps/liblm3s6965-e4852b11f6609c2f.rlib" "/opt/rustwide/target/debug/deps/libcortex_m_rt-d53817470879ff08.rlib" "/opt/rustwide/target/debug/deps/libr0-ba394936cc4e2a3b.rlib" "/opt/rustwide/target/debug/deps/librtic-9105a3a8cbe0e194.rlib" "/opt/rustwide/target/debug/deps/libheapless-0704287c10d309e5.rlib" "/opt/rustwide/target/debug/deps/libas_slice-a375448f29126f03.rlib" "/opt/rustwide/target/debug/deps/libstable_deref_trait-067c643b9101b1bb.rlib" "/opt/rustwide/target/debug/deps/libgeneric_array-17df48bc9d085bd4.rlib" "/opt/rustwide/target/debug/deps/libgeneric_array-ceda17e003369acc.rlib" "/opt/rustwide/target/debug/deps/libhash32-1b036e6b8e3c838b.rlib" "/opt/rustwide/target/debug/deps/libbyteorder-84627d465861af9b.rlib" "/opt/rustwide/target/debug/deps/libgeneric_array-d0056580537cec95.rlib" "/opt/rustwide/target/debug/deps/libtypenum-8d34d400f8c19065.rlib" "/opt/rustwide/target/debug/deps/libbare_metal-b7a3359ed85f8d62.rlib" "/opt/rustwide/target/debug/deps/librtic_monotonic-6628662ba95c1a8d.rlib" "/opt/rustwide/target/debug/deps/libembedded_time-54585621d412db17.rlib" "/opt/rustwide/target/debug/deps/libnum-de7bb57b992ff215.rlib" "/opt/rustwide/target/debug/deps/libnum_iter-acc5499f5cd0fa8e.rlib" "/opt/rustwide/target/debug/deps/libnum_rational-351b73995c087574.rlib" "/opt/rustwide/target/debug/deps/libnum_integer-4924a9008a222935.rlib" "/opt/rustwide/target/debug/deps/libnum_complex-e6709aa2cd72cf45.rlib" "/opt/rustwide/target/debug/deps/libnum_traits-f5d272728f70d45e.rlib" "/opt/rustwide/target/debug/deps/librtic_core-55af6900e9b77592.rlib" "/opt/rustwide/target/debug/deps/libcortex_m-10cfb254eed8f6fb.rlib" "/opt/rustwide/target/debug/deps/libembedded_hal-963b3c289d2ef869.rlib" "/opt/rustwide/target/debug/deps/libvoid-a8f0b9c91ed5e34c.rlib" "/opt/rustwide/target/debug/deps/libnb-5ba7363180d12fbe.rlib" "/opt/rustwide/target/debug/deps/libnb-118f76f327f8f88a.rlib" "/opt/rustwide/target/debug/deps/libvolatile_register-32de51c06af19547.rlib" "/opt/rustwide/target/debug/deps/libvcell-5887eab011832827.rlib" "/opt/rustwide/target/debug/deps/libbare_metal-2b8f7098314ef885.rlib" "/opt/rustwide/target/debug/deps/libpanic_semihosting-ad943936531f690f.rlib" "-Wl,--start-group" "/opt/rustwide/rustup-home/toolchains/beta-2021-08-01-x86_64-unknown-linux-gnu/lib/rustlib/x86_64-unknown-linux-gnu/lib/libstd-197d933f09d9a590.rlib" "/opt/rustwide/rustup-home/toolchains/beta-2021-08-01-x86_64-unknown-linux-gnu/lib/rustlib/x86_64-unknown-linux-gnu/lib/libpanic_unwind-46a006cddfd334f0.rlib" "/opt/rustwide/rustup-home/toolchains/beta-2021-08-01-x86_64-unknown-linux-gnu/lib/rustlib/x86_64-unknown-linux-gnu/lib/libminiz_oxide-5b9870310e470b38.rlib" "/opt/rustwide/rustup-home/toolchains/beta-2021-08-01-x86_64-unknown-linux-gnu/lib/rustlib/x86_64-unknown-linux-gnu/lib/libadler-260022ba8f1ab4ee.rlib" "/opt/rustwide/rustup-home/toolchains/beta-2021-08-01-x86_64-unknown-linux-gnu/lib/rustlib/x86_64-unknown-linux-gnu/lib/libobject-71377435a799394f.rlib" "/opt/rustwide/rustup-home/toolchains/beta-2021-08-01-x86_64-unknown-linux-gnu/lib/rustlib/x86_64-unknown-linux-gnu/lib/libaddr2line-658ee5924fde57cd.rlib" "/opt/rustwide/rustup-home/toolchains/beta-2021-08-01-x86_64-unknown-linux-gnu/lib/rustlib/x86_64-unknown-linux-gnu/lib/libgimli-9e8627da6bd1b94a.rlib" "/opt/rustwide/rustup-home/toolchains/beta-2021-08-01-x86_64-unknown-linux-gnu/lib/rustlib/x86_64-unknown-linux-gnu/lib/libstd_detect-19fdaac49f59be84.rlib" "/opt/rustwide/rustup-home/toolchains/beta-2021-08-01-x86_64-unknown-linux-gnu/lib/rustlib/x86_64-unknown-linux-gnu/lib/librustc_demangle-cb00e2691ea45905.rlib" "/opt/rustwide/rustup-home/toolchains/beta-2021-08-01-x86_64-unknown-linux-gnu/lib/rustlib/x86_64-unknown-linux-gnu/lib/libhashbrown-50f6726defae5ae1.rlib" "/opt/rustwide/rustup-home/toolchains/beta-2021-08-01-x86_64-unknown-linux-gnu/lib/rustlib/x86_64-unknown-linux-gnu/lib/librustc_std_workspace_alloc-2afc16311deea26e.rlib" "/opt/rustwide/rustup-home/toolchains/beta-2021-08-01-x86_64-unknown-linux-gnu/lib/rustlib/x86_64-unknown-linux-gnu/lib/libunwind-bb5cb0fe086ee8cf.rlib" "/opt/rustwide/rustup-home/toolchains/beta-2021-08-01-x86_64-unknown-linux-gnu/lib/rustlib/x86_64-unknown-linux-gnu/lib/libcfg_if-896053247b5dfd0b.rlib" "/opt/rustwide/rustup-home/toolchains/beta-2021-08-01-x86_64-unknown-linux-gnu/lib/rustlib/x86_64-unknown-linux-gnu/lib/liblibc-735e1f2ac3cf23be.rlib" "/opt/rustwide/rustup-home/toolchains/beta-2021-08-01-x86_64-unknown-linux-gnu/lib/rustlib/x86_64-unknown-linux-gnu/lib/liballoc-9dfb6622644c732c.rlib" "/opt/rustwide/rustup-home/toolchains/beta-2021-08-01-x86_64-unknown-linux-gnu/lib/rustlib/x86_64-unknown-linux-gnu/lib/librustc_std_workspace_core-beea7d9617fe25c5.rlib" "/opt/rustwide/rustup-home/toolchains/beta-2021-08-01-x86_64-unknown-linux-gnu/lib/rustlib/x86_64-unknown-linux-gnu/lib/libcore-8ef7dd43fc671f88.rlib" "-Wl,--end-group" "/opt/rustwide/rustup-home/toolchains/beta-2021-08-01-x86_64-unknown-linux-gnu/lib/rustlib/x86_64-unknown-linux-gnu/lib/libcompiler_builtins-a9a3b2ad67977f47.rlib" "-Wl,-Bdynamic" "-lgcc_s" "-lutil" "-lrt" "-lpthread" "-lm" "-ldl" "-lc" "-Wl,--eh-frame-hdr" "-Wl,-znoexecstack" "-L" "/opt/rustwide/rustup-home/toolchains/beta-2021-08-01-x86_64-unknown-linux-gnu/lib/rustlib/x86_64-unknown-linux-gnu/lib" "-o" "/opt/rustwide/target/debug/examples/idle-72d56e8e1cb609d4" "-Wl,--gc-sections" "-pie" "-Wl,-zrelro" "-Wl,-znow" "-nodefaultlibs"
[INFO] [stdout]   = note: /usr/bin/ld: /opt/rustwide/target/debug/examples/idle-72d56e8e1cb609d4.idle.54b93354-cgu.4.rcgu.o: in function `cortex_m::interrupt::enable':
[INFO] [stdout]           /opt/rustwide/cargo-home/registry/src/github.com-1ecc6299db9ec823/cortex-m-0.7.3/src/interrupt.rs:48: undefined reference to `__cpsie'
[INFO] [stdout]           /usr/bin/ld: /opt/rustwide/target/debug/examples/idle-72d56e8e1cb609d4.idle.54b93354-cgu.4.rcgu.o: in function `cortex_m::interrupt::disable':
[INFO] [stdout]           /opt/rustwide/cargo-home/registry/src/github.com-1ecc6299db9ec823/cortex-m-0.7.3/src/interrupt.rs:38: undefined reference to `__cpsid'
[INFO] [stdout]           /usr/bin/ld: /opt/rustwide/target/debug/examples/idle-72d56e8e1cb609d4.idle.54b93354-cgu.6.rcgu.o: in function `cortex_m::asm::nop':
[INFO] [stdout]           /opt/rustwide/cargo-home/registry/src/github.com-1ecc6299db9ec823/cortex-m-0.7.3/src/asm.rs:35: undefined reference to `__nop'
[INFO] [stdout]           /usr/bin/ld: /opt/rustwide/target/debug/deps/libcortex_m_semihosting-15e927a3bc7dbba6.rlib(cortex_m_semihosting-15e927a3bc7dbba6.cortex_m_semihosting.65504939-cgu.4.rcgu.o): in function `cortex_m::interrupt::enable':
[INFO] [stdout]           /opt/rustwide/cargo-home/registry/src/github.com-1ecc6299db9ec823/cortex-m-0.7.3/src/interrupt.rs:48: undefined reference to `__cpsie'
[INFO] [stdout]           /usr/bin/ld: /opt/rustwide/target/debug/deps/libcortex_m_semihosting-15e927a3bc7dbba6.rlib(cortex_m_semihosting-15e927a3bc7dbba6.cortex_m_semihosting.65504939-cgu.4.rcgu.o): in function `cortex_m::interrupt::disable':
[INFO] [stdout]           /opt/rustwide/cargo-home/registry/src/github.com-1ecc6299db9ec823/cortex-m-0.7.3/src/interrupt.rs:38: undefined reference to `__cpsid'
[INFO] [stdout]           /usr/bin/ld: /opt/rustwide/target/debug/deps/libcortex_m_semihosting-15e927a3bc7dbba6.rlib(cortex_m_semihosting-15e927a3bc7dbba6.cortex_m_semihosting.65504939-cgu.8.rcgu.o): in function `cortex_m::register::primask::read':
[INFO] [stdout]           /opt/rustwide/cargo-home/registry/src/github.com-1ecc6299db9ec823/cortex-m-0.7.3/src/register/primask.rs:29: undefined reference to `__primask_r'
[INFO] [stdout]           collect2: error: ld returned 1 exit status
[INFO] [stdout]           
[INFO] [stdout]   = help: some `extern` functions couldn't be found; some native libraries may need to be installed or have their path specified
[INFO] [stdout]   = note: use the `-l` flag to specify native libraries to link
[INFO] [stdout]   = note: use the `cargo:rustc-link-lib` directive to specify the native libraries to link with Cargo (see https://doc.rust-lang.org/cargo/reference/build-scripts.html#cargorustc-link-libkindname)
[INFO] [stdout] 
[INFO] [stdout] 
[INFO] [stdout] error: aborting due to previous error
[INFO] [stdout] 
[INFO] [stdout] 
[INFO] [stdout] error: aborting due to 3 previous errors
[INFO] [stdout] 
[INFO] [stdout] 
[INFO] [stdout] For more information about this error, try `rustc --explain E0277`.
[INFO] [stdout] 
[INFO] [stdout] error: linking with `cc` failed: exit status: 1
[INFO] [stdout]   |
[INFO] [stdout]   = note: "cc" "-m64" "/opt/rustwide/target/debug/examples/t_late_not_send-10397e5814e4e1c0.t_late_not_send.b3c95b52-cgu.0.rcgu.o" "/opt/rustwide/target/debug/examples/t_late_not_send-10397e5814e4e1c0.t_late_not_send.b3c95b52-cgu.1.rcgu.o" "/opt/rustwide/target/debug/examples/t_late_not_send-10397e5814e4e1c0.t_late_not_send.b3c95b52-cgu.2.rcgu.o" "/opt/rustwide/target/debug/examples/t_late_not_send-10397e5814e4e1c0.t_late_not_send.b3c95b52-cgu.3.rcgu.o" "/opt/rustwide/target/debug/examples/t_late_not_send-10397e5814e4e1c0.t_late_not_send.b3c95b52-cgu.4.rcgu.o" "/opt/rustwide/target/debug/examples/t_late_not_send-10397e5814e4e1c0.t_late_not_send.b3c95b52-cgu.5.rcgu.o" "/opt/rustwide/target/debug/examples/t_late_not_send-10397e5814e4e1c0.t_late_not_send.b3c95b52-cgu.6.rcgu.o" "/opt/rustwide/target/debug/examples/t_late_not_send-10397e5814e4e1c0.t_late_not_send.b3c95b52-cgu.7.rcgu.o" "/opt/rustwide/target/debug/examples/t_late_not_send-10397e5814e4e1c0.23hhx9sp0ktxpl6x.rcgu.o" "-Wl,--as-needed" "-L" "/opt/rustwide/target/debug/deps" "-L" "/opt/rustwide/target/debug/build/lm3s6965-d66bd66fb7a2ccbb/out" "-L" "/opt/rustwide/target/debug/build/cortex-m-rt-c395636643a0e541/out" "-L" "/opt/rustwide/rustup-home/toolchains/beta-2021-08-01-x86_64-unknown-linux-gnu/lib/rustlib/x86_64-unknown-linux-gnu/lib" "-Wl,-Bstatic" "/opt/rustwide/target/debug/deps/liblm3s6965-e4852b11f6609c2f.rlib" "/opt/rustwide/target/debug/deps/libcortex_m_rt-d53817470879ff08.rlib" "/opt/rustwide/target/debug/deps/libr0-ba394936cc4e2a3b.rlib" "/opt/rustwide/target/debug/deps/librtic-9105a3a8cbe0e194.rlib" "/opt/rustwide/target/debug/deps/libheapless-0704287c10d309e5.rlib" "/opt/rustwide/target/debug/deps/libas_slice-a375448f29126f03.rlib" "/opt/rustwide/target/debug/deps/libstable_deref_trait-067c643b9101b1bb.rlib" "/opt/rustwide/target/debug/deps/libgeneric_array-17df48bc9d085bd4.rlib" "/opt/rustwide/target/debug/deps/libgeneric_array-ceda17e003369acc.rlib" "/opt/rustwide/target/debug/deps/libhash32-1b036e6b8e3c838b.rlib" "/opt/rustwide/target/debug/deps/libbyteorder-84627d465861af9b.rlib" "/opt/rustwide/target/debug/deps/libgeneric_array-d0056580537cec95.rlib" "/opt/rustwide/target/debug/deps/libtypenum-8d34d400f8c19065.rlib" "/opt/rustwide/target/debug/deps/libbare_metal-b7a3359ed85f8d62.rlib" "/opt/rustwide/target/debug/deps/librtic_monotonic-6628662ba95c1a8d.rlib" "/opt/rustwide/target/debug/deps/libembedded_time-54585621d412db17.rlib" "/opt/rustwide/target/debug/deps/libnum-de7bb57b992ff215.rlib" "/opt/rustwide/target/debug/deps/libnum_iter-acc5499f5cd0fa8e.rlib" "/opt/rustwide/target/debug/deps/libnum_rational-351b73995c087574.rlib" "/opt/rustwide/target/debug/deps/libnum_integer-4924a9008a222935.rlib" "/opt/rustwide/target/debug/deps/libnum_complex-e6709aa2cd72cf45.rlib" "/opt/rustwide/target/debug/deps/libnum_traits-f5d272728f70d45e.rlib" "/opt/rustwide/target/debug/deps/librtic_core-55af6900e9b77592.rlib" "/opt/rustwide/target/debug/deps/libcortex_m-10cfb254eed8f6fb.rlib" "/opt/rustwide/target/debug/deps/libembedded_hal-963b3c289d2ef869.rlib" "/opt/rustwide/target/debug/deps/libvoid-a8f0b9c91ed5e34c.rlib" "/opt/rustwide/target/debug/deps/libnb-5ba7363180d12fbe.rlib" "/opt/rustwide/target/debug/deps/libnb-118f76f327f8f88a.rlib" "/opt/rustwide/target/debug/deps/libvolatile_register-32de51c06af19547.rlib" "/opt/rustwide/target/debug/deps/libvcell-5887eab011832827.rlib" "/opt/rustwide/target/debug/deps/libbare_metal-2b8f7098314ef885.rlib" "/opt/rustwide/target/debug/deps/libpanic_semihosting-ad943936531f690f.rlib" "-Wl,--start-group" "/opt/rustwide/rustup-home/toolchains/beta-2021-08-01-x86_64-unknown-linux-gnu/lib/rustlib/x86_64-unknown-linux-gnu/lib/libstd-197d933f09d9a590.rlib" "/opt/rustwide/rustup-home/toolchains/beta-2021-08-01-x86_64-unknown-linux-gnu/lib/rustlib/x86_64-unknown-linux-gnu/lib/libpanic_unwind-46a006cddfd334f0.rlib" "/opt/rustwide/rustup-home/toolchains/beta-2021-08-01-x86_64-unknown-linux-gnu/lib/rustlib/x86_64-unknown-linux-gnu/lib/libminiz_oxide-5b9870310e470b38.rlib" "/opt/rustwide/rustup-home/toolchains/beta-2021-08-01-x86_64-unknown-linux-gnu/lib/rustlib/x86_64-unknown-linux-gnu/lib/libadler-260022ba8f1ab4ee.rlib" "/opt/rustwide/rustup-home/toolchains/beta-2021-08-01-x86_64-unknown-linux-gnu/lib/rustlib/x86_64-unknown-linux-gnu/lib/libobject-71377435a799394f.rlib" "/opt/rustwide/rustup-home/toolchains/beta-2021-08-01-x86_64-unknown-linux-gnu/lib/rustlib/x86_64-unknown-linux-gnu/lib/libaddr2line-658ee5924fde57cd.rlib" "/opt/rustwide/rustup-home/toolchains/beta-2021-08-01-x86_64-unknown-linux-gnu/lib/rustlib/x86_64-unknown-linux-gnu/lib/libgimli-9e8627da6bd1b94a.rlib" "/opt/rustwide/rustup-home/toolchains/beta-2021-08-01-x86_64-unknown-linux-gnu/lib/rustlib/x86_64-unknown-linux-gnu/lib/libstd_detect-19fdaac49f59be84.rlib" "/opt/rustwide/rustup-home/toolchains/beta-2021-08-01-x86_64-unknown-linux-gnu/lib/rustlib/x86_64-unknown-linux-gnu/lib/librustc_demangle-cb00e2691ea45905.rlib" "/opt/rustwide/rustup-home/toolchains/beta-2021-08-01-x86_64-unknown-linux-gnu/lib/rustlib/x86_64-unknown-linux-gnu/lib/libhashbrown-50f6726defae5ae1.rlib" "/opt/rustwide/rustup-home/toolchains/beta-2021-08-01-x86_64-unknown-linux-gnu/lib/rustlib/x86_64-unknown-linux-gnu/lib/librustc_std_workspace_alloc-2afc16311deea26e.rlib" "/opt/rustwide/rustup-home/toolchains/beta-2021-08-01-x86_64-unknown-linux-gnu/lib/rustlib/x86_64-unknown-linux-gnu/lib/libunwind-bb5cb0fe086ee8cf.rlib" "/opt/rustwide/rustup-home/toolchains/beta-2021-08-01-x86_64-unknown-linux-gnu/lib/rustlib/x86_64-unknown-linux-gnu/lib/libcfg_if-896053247b5dfd0b.rlib" "/opt/rustwide/rustup-home/toolchains/beta-2021-08-01-x86_64-unknown-linux-gnu/lib/rustlib/x86_64-unknown-linux-gnu/lib/liblibc-735e1f2ac3cf23be.rlib" "/opt/rustwide/rustup-home/toolchains/beta-2021-08-01-x86_64-unknown-linux-gnu/lib/rustlib/x86_64-unknown-linux-gnu/lib/liballoc-9dfb6622644c732c.rlib" "/opt/rustwide/rustup-home/toolchains/beta-2021-08-01-x86_64-unknown-linux-gnu/lib/rustlib/x86_64-unknown-linux-gnu/lib/librustc_std_workspace_core-beea7d9617fe25c5.rlib" "/opt/rustwide/rustup-home/toolchains/beta-2021-08-01-x86_64-unknown-linux-gnu/lib/rustlib/x86_64-unknown-linux-gnu/lib/libcore-8ef7dd43fc671f88.rlib" "-Wl,--end-group" "/opt/rustwide/rustup-home/toolchains/beta-2021-08-01-x86_64-unknown-linux-gnu/lib/rustlib/x86_64-unknown-linux-gnu/lib/libcompiler_builtins-a9a3b2ad67977f47.rlib" "-Wl,-Bdynamic" "-lgcc_s" "-lutil" "-lrt" "-lpthread" "-lm" "-ldl" "-lc" "-Wl,--eh-frame-hdr" "-Wl,-znoexecstack" "-L" "/opt/rustwide/rustup-home/toolchains/beta-2021-08-01-x86_64-unknown-linux-gnu/lib/rustlib/x86_64-unknown-linux-gnu/lib" "-o" "/opt/rustwide/target/debug/examples/t_late_not_send-10397e5814e4e1c0" "-Wl,--gc-sections" "-pie" "-Wl,-zrelro" "-Wl,-znow" "-nodefaultlibs"
[INFO] [stdout]   = note: /usr/bin/ld: /opt/rustwide/target/debug/examples/t_late_not_send-10397e5814e4e1c0.t_late_not_send.b3c95b52-cgu.4.rcgu.o: in function `cortex_m::asm::nop':
[INFO] [stdout]           /opt/rustwide/cargo-home/registry/src/github.com-1ecc6299db9ec823/cortex-m-0.7.3/src/asm.rs:35: undefined reference to `__nop'
[INFO] [stdout]           /usr/bin/ld: /opt/rustwide/target/debug/examples/t_late_not_send-10397e5814e4e1c0.t_late_not_send.b3c95b52-cgu.7.rcgu.o: in function `cortex_m::interrupt::enable':
[INFO] [stdout]           /opt/rustwide/cargo-home/registry/src/github.com-1ecc6299db9ec823/cortex-m-0.7.3/src/interrupt.rs:48: undefined reference to `__cpsie'
[INFO] [stdout]           /usr/bin/ld: /opt/rustwide/target/debug/examples/t_late_not_send-10397e5814e4e1c0.t_late_not_send.b3c95b52-cgu.7.rcgu.o: in function `cortex_m::interrupt::disable':
[INFO] [stdout]           /opt/rustwide/cargo-home/registry/src/github.com-1ecc6299db9ec823/cortex-m-0.7.3/src/interrupt.rs:38: undefined reference to `__cpsid'
[INFO] [stdout]           collect2: error: ld returned 1 exit status
[INFO] [stdout]           
[INFO] [stdout]   = help: some `extern` functions couldn't be found; some native libraries may need to be installed or have their path specified
[INFO] [stdout]   = note: use the `-l` flag to specify native libraries to link
[INFO] [stdout]   = note: use the `cargo:rustc-link-lib` directive to specify the native libraries to link with Cargo (see https://doc.rust-lang.org/cargo/reference/build-scripts.html#cargorustc-link-libkindname)
[INFO] [stdout] 
[INFO] [stdout] 
[INFO] [stdout] error: linking with `cc` failed: exit status: 1
[INFO] [stdout]   |
[INFO] [stdout]   = note: "cc" "-m64" "/opt/rustwide/target/debug/examples/peripherals_taken-c4c576954c5b3e19.peripherals_taken.77f26ef9-cgu.0.rcgu.o" "/opt/rustwide/target/debug/examples/peripherals_taken-c4c576954c5b3e19.peripherals_taken.77f26ef9-cgu.1.rcgu.o" "/opt/rustwide/target/debug/examples/peripherals_taken-c4c576954c5b3e19.peripherals_taken.77f26ef9-cgu.2.rcgu.o" "/opt/rustwide/target/debug/examples/peripherals_taken-c4c576954c5b3e19.peripherals_taken.77f26ef9-cgu.3.rcgu.o" "/opt/rustwide/target/debug/examples/peripherals_taken-c4c576954c5b3e19.peripherals_taken.77f26ef9-cgu.4.rcgu.o" "/opt/rustwide/target/debug/examples/peripherals_taken-c4c576954c5b3e19.peripherals_taken.77f26ef9-cgu.5.rcgu.o" "/opt/rustwide/target/debug/examples/peripherals_taken-c4c576954c5b3e19.peripherals_taken.77f26ef9-cgu.6.rcgu.o" "/opt/rustwide/target/debug/examples/peripherals_taken-c4c576954c5b3e19.peripherals_taken.77f26ef9-cgu.7.rcgu.o" "/opt/rustwide/target/debug/examples/peripherals_taken-c4c576954c5b3e19.2olrmu00f0z8xn75.rcgu.o" "-Wl,--as-needed" "-L" "/opt/rustwide/target/debug/deps" "-L" "/opt/rustwide/target/debug/build/lm3s6965-d66bd66fb7a2ccbb/out" "-L" "/opt/rustwide/target/debug/build/cortex-m-rt-c395636643a0e541/out" "-L" "/opt/rustwide/rustup-home/toolchains/beta-2021-08-01-x86_64-unknown-linux-gnu/lib/rustlib/x86_64-unknown-linux-gnu/lib" "-Wl,-Bstatic" "/opt/rustwide/target/debug/deps/libcortex_m_semihosting-15e927a3bc7dbba6.rlib" "/opt/rustwide/target/debug/deps/liblm3s6965-e4852b11f6609c2f.rlib" "/opt/rustwide/target/debug/deps/libcortex_m_rt-d53817470879ff08.rlib" "/opt/rustwide/target/debug/deps/libr0-ba394936cc4e2a3b.rlib" "/opt/rustwide/target/debug/deps/librtic-9105a3a8cbe0e194.rlib" "/opt/rustwide/target/debug/deps/libheapless-0704287c10d309e5.rlib" "/opt/rustwide/target/debug/deps/libas_slice-a375448f29126f03.rlib" "/opt/rustwide/target/debug/deps/libstable_deref_trait-067c643b9101b1bb.rlib" "/opt/rustwide/target/debug/deps/libgeneric_array-17df48bc9d085bd4.rlib" "/opt/rustwide/target/debug/deps/libgeneric_array-ceda17e003369acc.rlib" "/opt/rustwide/target/debug/deps/libhash32-1b036e6b8e3c838b.rlib" "/opt/rustwide/target/debug/deps/libbyteorder-84627d465861af9b.rlib" "/opt/rustwide/target/debug/deps/libgeneric_array-d0056580537cec95.rlib" "/opt/rustwide/target/debug/deps/libtypenum-8d34d400f8c19065.rlib" "/opt/rustwide/target/debug/deps/libbare_metal-b7a3359ed85f8d62.rlib" "/opt/rustwide/target/debug/deps/librtic_monotonic-6628662ba95c1a8d.rlib" "/opt/rustwide/target/debug/deps/libembedded_time-54585621d412db17.rlib" "/opt/rustwide/target/debug/deps/libnum-de7bb57b992ff215.rlib" "/opt/rustwide/target/debug/deps/libnum_iter-acc5499f5cd0fa8e.rlib" "/opt/rustwide/target/debug/deps/libnum_rational-351b73995c087574.rlib" "/opt/rustwide/target/debug/deps/libnum_integer-4924a9008a222935.rlib" "/opt/rustwide/target/debug/deps/libnum_complex-e6709aa2cd72cf45.rlib" "/opt/rustwide/target/debug/deps/libnum_traits-f5d272728f70d45e.rlib" "/opt/rustwide/target/debug/deps/librtic_core-55af6900e9b77592.rlib" "/opt/rustwide/target/debug/deps/libcortex_m-10cfb254eed8f6fb.rlib" "/opt/rustwide/target/debug/deps/libembedded_hal-963b3c289d2ef869.rlib" "/opt/rustwide/target/debug/deps/libvoid-a8f0b9c91ed5e34c.rlib" "/opt/rustwide/target/debug/deps/libnb-5ba7363180d12fbe.rlib" "/opt/rustwide/target/debug/deps/libnb-118f76f327f8f88a.rlib" "/opt/rustwide/target/debug/deps/libvolatile_register-32de51c06af19547.rlib" "/opt/rustwide/target/debug/deps/libvcell-5887eab011832827.rlib" "/opt/rustwide/target/debug/deps/libbare_metal-2b8f7098314ef885.rlib" "/opt/rustwide/target/debug/deps/libpanic_semihosting-ad943936531f690f.rlib" "-Wl,--start-group" "/opt/rustwide/rustup-home/toolchains/beta-2021-08-01-x86_64-unknown-linux-gnu/lib/rustlib/x86_64-unknown-linux-gnu/lib/libstd-197d933f09d9a590.rlib" "/opt/rustwide/rustup-home/toolchains/beta-2021-08-01-x86_64-unknown-linux-gnu/lib/rustlib/x86_64-unknown-linux-gnu/lib/libpanic_unwind-46a006cddfd334f0.rlib" "/opt/rustwide/rustup-home/toolchains/beta-2021-08-01-x86_64-unknown-linux-gnu/lib/rustlib/x86_64-unknown-linux-gnu/lib/libminiz_oxide-5b9870310e470b38.rlib" "/opt/rustwide/rustup-home/toolchains/beta-2021-08-01-x86_64-unknown-linux-gnu/lib/rustlib/x86_64-unknown-linux-gnu/lib/libadler-260022ba8f1ab4ee.rlib" "/opt/rustwide/rustup-home/toolchains/beta-2021-08-01-x86_64-unknown-linux-gnu/lib/rustlib/x86_64-unknown-linux-gnu/lib/libobject-71377435a799394f.rlib" "/opt/rustwide/rustup-home/toolchains/beta-2021-08-01-x86_64-unknown-linux-gnu/lib/rustlib/x86_64-unknown-linux-gnu/lib/libaddr2line-658ee5924fde57cd.rlib" "/opt/rustwide/rustup-home/toolchains/beta-2021-08-01-x86_64-unknown-linux-gnu/lib/rustlib/x86_64-unknown-linux-gnu/lib/libgimli-9e8627da6bd1b94a.rlib" "/opt/rustwide/rustup-home/toolchains/beta-2021-08-01-x86_64-unknown-linux-gnu/lib/rustlib/x86_64-unknown-linux-gnu/lib/libstd_detect-19fdaac49f59be84.rlib" "/opt/rustwide/rustup-home/toolchains/beta-2021-08-01-x86_64-unknown-linux-gnu/lib/rustlib/x86_64-unknown-linux-gnu/lib/librustc_demangle-cb00e2691ea45905.rlib" "/opt/rustwide/rustup-home/toolchains/beta-2021-08-01-x86_64-unknown-linux-gnu/lib/rustlib/x86_64-unknown-linux-gnu/lib/libhashbrown-50f6726defae5ae1.rlib" "/opt/rustwide/rustup-home/toolchains/beta-2021-08-01-x86_64-unknown-linux-gnu/lib/rustlib/x86_64-unknown-linux-gnu/lib/librustc_std_workspace_alloc-2afc16311deea26e.rlib" "/opt/rustwide/rustup-home/toolchains/beta-2021-08-01-x86_64-unknown-linux-gnu/lib/rustlib/x86_64-unknown-linux-gnu/lib/libunwind-bb5cb0fe086ee8cf.rlib" "/opt/rustwide/rustup-home/toolchains/beta-2021-08-01-x86_64-unknown-linux-gnu/lib/rustlib/x86_64-unknown-linux-gnu/lib/libcfg_if-896053247b5dfd0b.rlib" "/opt/rustwide/rustup-home/toolchains/beta-2021-08-01-x86_64-unknown-linux-gnu/lib/rustlib/x86_64-unknown-linux-gnu/lib/liblibc-735e1f2ac3cf23be.rlib" "/opt/rustwide/rustup-home/toolchains/beta-2021-08-01-x86_64-unknown-linux-gnu/lib/rustlib/x86_64-unknown-linux-gnu/lib/liballoc-9dfb6622644c732c.rlib" "/opt/rustwide/rustup-home/toolchains/beta-2021-08-01-x86_64-unknown-linux-gnu/lib/rustlib/x86_64-unknown-linux-gnu/lib/librustc_std_workspace_core-beea7d9617fe25c5.rlib" "/opt/rustwide/rustup-home/toolchains/beta-2021-08-01-x86_64-unknown-linux-gnu/lib/rustlib/x86_64-unknown-linux-gnu/lib/libcore-8ef7dd43fc671f88.rlib" "-Wl,--end-group" "/opt/rustwide/rustup-home/toolchains/beta-2021-08-01-x86_64-unknown-linux-gnu/lib/rustlib/x86_64-unknown-linux-gnu/lib/libcompiler_builtins-a9a3b2ad67977f47.rlib" "-Wl,-Bdynamic" "-lgcc_s" "-lutil" "-lrt" "-lpthread" "-lm" "-ldl" "-lc" "-Wl,--eh-frame-hdr" "-Wl,-znoexecstack" "-L" "/opt/rustwide/rustup-home/toolchains/beta-2021-08-01-x86_64-unknown-linux-gnu/lib/rustlib/x86_64-unknown-linux-gnu/lib" "-o" "/opt/rustwide/target/debug/examples/peripherals_taken-c4c576954c5b3e19" "-Wl,--gc-sections" "-pie" "-Wl,-zrelro" "-Wl,-znow" "-nodefaultlibs"
[INFO] [stdout]   = note: /usr/bin/ld: /opt/rustwide/target/debug/examples/peripherals_taken-c4c576954c5b3e19.peripherals_taken.77f26ef9-cgu.3.rcgu.o: in function `cortex_m::register::primask::read':
[INFO] [stdout]           /opt/rustwide/cargo-home/registry/src/github.com-1ecc6299db9ec823/cortex-m-0.7.3/src/register/primask.rs:29: undefined reference to `__primask_r'
[INFO] [stdout]           /usr/bin/ld: /opt/rustwide/target/debug/examples/peripherals_taken-c4c576954c5b3e19.peripherals_taken.77f26ef9-cgu.4.rcgu.o: in function `cortex_m::asm::wfi':
[INFO] [stdout]           /opt/rustwide/cargo-home/registry/src/github.com-1ecc6299db9ec823/cortex-m-0.7.3/src/asm.rs:55: undefined reference to `__wfi'
[INFO] [stdout]           /usr/bin/ld: /opt/rustwide/target/debug/examples/peripherals_taken-c4c576954c5b3e19.peripherals_taken.77f26ef9-cgu.7.rcgu.o: in function `cortex_m::interrupt::enable':
[INFO] [stdout]           /opt/rustwide/cargo-home/registry/src/github.com-1ecc6299db9ec823/cortex-m-0.7.3/src/interrupt.rs:48: undefined reference to `__cpsie'
[INFO] [stdout]           /usr/bin/ld: /opt/rustwide/target/debug/examples/peripherals_taken-c4c576954c5b3e19.peripherals_taken.77f26ef9-cgu.7.rcgu.o: in function `cortex_m::interrupt::disable':
[INFO] [stdout]           /opt/rustwide/cargo-home/registry/src/github.com-1ecc6299db9ec823/cortex-m-0.7.3/src/interrupt.rs:38: undefined reference to `__cpsid'
[INFO] [stdout]           collect2: error: ld returned 1 exit status
[INFO] [stdout]           
[INFO] [stdout]   = help: some `extern` functions couldn't be found; some native libraries may need to be installed or have their path specified
[INFO] [stdout]   = note: use the `-l` flag to specify native libraries to link
[INFO] [stdout]   = note: use the `cargo:rustc-link-lib` directive to specify the native libraries to link with Cargo (see https://doc.rust-lang.org/cargo/reference/build-scripts.html#cargorustc-link-libkindname)
[INFO] [stdout] 
[INFO] [stdout] 
[INFO] [stdout] error: aborting due to previous error
[INFO] [stdout] 
[INFO] [stdout] 
[INFO] [stdout] error: aborting due to previous error
[INFO] [stdout] 
[INFO] [stdout] 
[INFO] [stdout] error: linking with `cc` failed: exit status: 1
[INFO] [stdout]   |
[INFO] [stdout]   = note: "cc" "-m64" "/opt/rustwide/target/debug/examples/t_cfg_resources-45986cff159936b9.t_cfg_resources.8512aeee-cgu.0.rcgu.o" "/opt/rustwide/target/debug/examples/t_cfg_resources-45986cff159936b9.t_cfg_resources.8512aeee-cgu.1.rcgu.o" "/opt/rustwide/target/debug/examples/t_cfg_resources-45986cff159936b9.t_cfg_resources.8512aeee-cgu.2.rcgu.o" "/opt/rustwide/target/debug/examples/t_cfg_resources-45986cff159936b9.t_cfg_resources.8512aeee-cgu.3.rcgu.o" "/opt/rustwide/target/debug/examples/t_cfg_resources-45986cff159936b9.t_cfg_resources.8512aeee-cgu.4.rcgu.o" "/opt/rustwide/target/debug/examples/t_cfg_resources-45986cff159936b9.t_cfg_resources.8512aeee-cgu.5.rcgu.o" "/opt/rustwide/target/debug/examples/t_cfg_resources-45986cff159936b9.t_cfg_resources.8512aeee-cgu.6.rcgu.o" "/opt/rustwide/target/debug/examples/t_cfg_resources-45986cff159936b9.d12iwg88ftv1986.rcgu.o" "-Wl,--as-needed" "-L" "/opt/rustwide/target/debug/deps" "-L" "/opt/rustwide/target/debug/build/lm3s6965-d66bd66fb7a2ccbb/out" "-L" "/opt/rustwide/target/debug/build/cortex-m-rt-c395636643a0e541/out" "-L" "/opt/rustwide/rustup-home/toolchains/beta-2021-08-01-x86_64-unknown-linux-gnu/lib/rustlib/x86_64-unknown-linux-gnu/lib" "-Wl,-Bstatic" "/opt/rustwide/target/debug/deps/liblm3s6965-e4852b11f6609c2f.rlib" "/opt/rustwide/target/debug/deps/libcortex_m_rt-d53817470879ff08.rlib" "/opt/rustwide/target/debug/deps/libr0-ba394936cc4e2a3b.rlib" "/opt/rustwide/target/debug/deps/librtic-9105a3a8cbe0e194.rlib" "/opt/rustwide/target/debug/deps/libheapless-0704287c10d309e5.rlib" "/opt/rustwide/target/debug/deps/libas_slice-a375448f29126f03.rlib" "/opt/rustwide/target/debug/deps/libstable_deref_trait-067c643b9101b1bb.rlib" "/opt/rustwide/target/debug/deps/libgeneric_array-17df48bc9d085bd4.rlib" "/opt/rustwide/target/debug/deps/libgeneric_array-ceda17e003369acc.rlib" "/opt/rustwide/target/debug/deps/libhash32-1b036e6b8e3c838b.rlib" "/opt/rustwide/target/debug/deps/libbyteorder-84627d465861af9b.rlib" "/opt/rustwide/target/debug/deps/libgeneric_array-d0056580537cec95.rlib" "/opt/rustwide/target/debug/deps/libtypenum-8d34d400f8c19065.rlib" "/opt/rustwide/target/debug/deps/libbare_metal-b7a3359ed85f8d62.rlib" "/opt/rustwide/target/debug/deps/librtic_monotonic-6628662ba95c1a8d.rlib" "/opt/rustwide/target/debug/deps/libembedded_time-54585621d412db17.rlib" "/opt/rustwide/target/debug/deps/libnum-de7bb57b992ff215.rlib" "/opt/rustwide/target/debug/deps/libnum_iter-acc5499f5cd0fa8e.rlib" "/opt/rustwide/target/debug/deps/libnum_rational-351b73995c087574.rlib" "/opt/rustwide/target/debug/deps/libnum_integer-4924a9008a222935.rlib" "/opt/rustwide/target/debug/deps/libnum_complex-e6709aa2cd72cf45.rlib" "/opt/rustwide/target/debug/deps/libnum_traits-f5d272728f70d45e.rlib" "/opt/rustwide/target/debug/deps/librtic_core-55af6900e9b77592.rlib" "/opt/rustwide/target/debug/deps/libcortex_m-10cfb254eed8f6fb.rlib" "/opt/rustwide/target/debug/deps/libembedded_hal-963b3c289d2ef869.rlib" "/opt/rustwide/target/debug/deps/libvoid-a8f0b9c91ed5e34c.rlib" "/opt/rustwide/target/debug/deps/libnb-5ba7363180d12fbe.rlib" "/opt/rustwide/target/debug/deps/libnb-118f76f327f8f88a.rlib" "/opt/rustwide/target/debug/deps/libvolatile_register-32de51c06af19547.rlib" "/opt/rustwide/target/debug/deps/libvcell-5887eab011832827.rlib" "/opt/rustwide/target/debug/deps/libbare_metal-2b8f7098314ef885.rlib" "/opt/rustwide/target/debug/deps/libpanic_semihosting-ad943936531f690f.rlib" "-Wl,--start-group" "/opt/rustwide/rustup-home/toolchains/beta-2021-08-01-x86_64-unknown-linux-gnu/lib/rustlib/x86_64-unknown-linux-gnu/lib/libstd-197d933f09d9a590.rlib" "/opt/rustwide/rustup-home/toolchains/beta-2021-08-01-x86_64-unknown-linux-gnu/lib/rustlib/x86_64-unknown-linux-gnu/lib/libpanic_unwind-46a006cddfd334f0.rlib" "/opt/rustwide/rustup-home/toolchains/beta-2021-08-01-x86_64-unknown-linux-gnu/lib/rustlib/x86_64-unknown-linux-gnu/lib/libminiz_oxide-5b9870310e470b38.rlib" "/opt/rustwide/rustup-home/toolchains/beta-2021-08-01-x86_64-unknown-linux-gnu/lib/rustlib/x86_64-unknown-linux-gnu/lib/libadler-260022ba8f1ab4ee.rlib" "/opt/rustwide/rustup-home/toolchains/beta-2021-08-01-x86_64-unknown-linux-gnu/lib/rustlib/x86_64-unknown-linux-gnu/lib/libobject-71377435a799394f.rlib" "/opt/rustwide/rustup-home/toolchains/beta-2021-08-01-x86_64-unknown-linux-gnu/lib/rustlib/x86_64-unknown-linux-gnu/lib/libaddr2line-658ee5924fde57cd.rlib" "/opt/rustwide/rustup-home/toolchains/beta-2021-08-01-x86_64-unknown-linux-gnu/lib/rustlib/x86_64-unknown-linux-gnu/lib/libgimli-9e8627da6bd1b94a.rlib" "/opt/rustwide/rustup-home/toolchains/beta-2021-08-01-x86_64-unknown-linux-gnu/lib/rustlib/x86_64-unknown-linux-gnu/lib/libstd_detect-19fdaac49f59be84.rlib" "/opt/rustwide/rustup-home/toolchains/beta-2021-08-01-x86_64-unknown-linux-gnu/lib/rustlib/x86_64-unknown-linux-gnu/lib/librustc_demangle-cb00e2691ea45905.rlib" "/opt/rustwide/rustup-home/toolchains/beta-2021-08-01-x86_64-unknown-linux-gnu/lib/rustlib/x86_64-unknown-linux-gnu/lib/libhashbrown-50f6726defae5ae1.rlib" "/opt/rustwide/rustup-home/toolchains/beta-2021-08-01-x86_64-unknown-linux-gnu/lib/rustlib/x86_64-unknown-linux-gnu/lib/librustc_std_workspace_alloc-2afc16311deea26e.rlib" "/opt/rustwide/rustup-home/toolchains/beta-2021-08-01-x86_64-unknown-linux-gnu/lib/rustlib/x86_64-unknown-linux-gnu/lib/libunwind-bb5cb0fe086ee8cf.rlib" "/opt/rustwide/rustup-home/toolchains/beta-2021-08-01-x86_64-unknown-linux-gnu/lib/rustlib/x86_64-unknown-linux-gnu/lib/libcfg_if-896053247b5dfd0b.rlib" "/opt/rustwide/rustup-home/toolchains/beta-2021-08-01-x86_64-unknown-linux-gnu/lib/rustlib/x86_64-unknown-linux-gnu/lib/liblibc-735e1f2ac3cf23be.rlib" "/opt/rustwide/rustup-home/toolchains/beta-2021-08-01-x86_64-unknown-linux-gnu/lib/rustlib/x86_64-unknown-linux-gnu/lib/liballoc-9dfb6622644c732c.rlib" "/opt/rustwide/rustup-home/toolchains/beta-2021-08-01-x86_64-unknown-linux-gnu/lib/rustlib/x86_64-unknown-linux-gnu/lib/librustc_std_workspace_core-beea7d9617fe25c5.rlib" "/opt/rustwide/rustup-home/toolchains/beta-2021-08-01-x86_64-unknown-linux-gnu/lib/rustlib/x86_64-unknown-linux-gnu/lib/libcore-8ef7dd43fc671f88.rlib" "-Wl,--end-group" "/opt/rustwide/rustup-home/toolchains/beta-2021-08-01-x86_64-unknown-linux-gnu/lib/rustlib/x86_64-unknown-linux-gnu/lib/libcompiler_builtins-a9a3b2ad67977f47.rlib" "-Wl,-Bdynamic" "-lgcc_s" "-lutil" "-lrt" "-lpthread" "-lm" "-ldl" "-lc" "-Wl,--eh-frame-hdr" "-Wl,-znoexecstack" "-L" "/opt/rustwide/rustup-home/toolchains/beta-2021-08-01-x86_64-unknown-linux-gnu/lib/rustlib/x86_64-unknown-linux-gnu/lib" "-o" "/opt/rustwide/target/debug/examples/t_cfg_resources-45986cff159936b9" "-Wl,--gc-sections" "-pie" "-Wl,-zrelro" "-Wl,-znow" "-nodefaultlibs"
[INFO] [stdout]   = note: /usr/bin/ld: /opt/rustwide/target/debug/examples/t_cfg_resources-45986cff159936b9.t_cfg_resources.8512aeee-cgu.1.rcgu.o: in function `cortex_m::interrupt::enable':
[INFO] [stdout]           /opt/rustwide/cargo-home/registry/src/github.com-1ecc6299db9ec823/cortex-m-0.7.3/src/interrupt.rs:48: undefined reference to `__cpsie'
[INFO] [stdout]           /usr/bin/ld: /opt/rustwide/target/debug/examples/t_cfg_resources-45986cff159936b9.t_cfg_resources.8512aeee-cgu.1.rcgu.o: in function `cortex_m::interrupt::disable':
[INFO] [stdout]           /opt/rustwide/cargo-home/registry/src/github.com-1ecc6299db9ec823/cortex-m-0.7.3/src/interrupt.rs:38: undefined reference to `__cpsid'
[INFO] [stdout]           /usr/bin/ld: /opt/rustwide/target/debug/examples/t_cfg_resources-45986cff159936b9.t_cfg_resources.8512aeee-cgu.6.rcgu.o: in function `cortex_m::asm::nop':
[INFO] [stdout]           /opt/rustwide/cargo-home/registry/src/github.com-1ecc6299db9ec823/cortex-m-0.7.3/src/asm.rs:35: undefined reference to `__nop'
[INFO] [stdout]           collect2: error: ld returned 1 exit status
[INFO] [stdout]           
[INFO] [stdout]   = help: some `extern` functions couldn't be found; some native libraries may need to be installed or have their path specified
[INFO] [stdout]   = note: use the `-l` flag to specify native libraries to link
[INFO] [stdout]   = note: use the `cargo:rustc-link-lib` directive to specify the native libraries to link with Cargo (see https://doc.rust-lang.org/cargo/reference/build-scripts.html#cargorustc-link-libkindname)
[INFO] [stdout] 
[INFO] [stdout] 
[INFO] [stdout] error: aborting due to previous error
[INFO] [stdout] 
[INFO] [stdout] 
[INFO] [stdout] error: linking with `cc` failed: exit status: 1
[INFO] [stdout]   |
[INFO] [stdout]   = note: "cc" "-m64" "/opt/rustwide/target/debug/examples/smallest-284a33d250e343b9.smallest.01cbe90d-cgu.0.rcgu.o" "/opt/rustwide/target/debug/examples/smallest-284a33d250e343b9.smallest.01cbe90d-cgu.1.rcgu.o" "/opt/rustwide/target/debug/examples/smallest-284a33d250e343b9.smallest.01cbe90d-cgu.2.rcgu.o" "/opt/rustwide/target/debug/examples/smallest-284a33d250e343b9.smallest.01cbe90d-cgu.3.rcgu.o" "/opt/rustwide/target/debug/examples/smallest-284a33d250e343b9.smallest.01cbe90d-cgu.4.rcgu.o" "/opt/rustwide/target/debug/examples/smallest-284a33d250e343b9.smallest.01cbe90d-cgu.5.rcgu.o" "/opt/rustwide/target/debug/examples/smallest-284a33d250e343b9.53znfollbt8hktr8.rcgu.o" "-Wl,--as-needed" "-L" "/opt/rustwide/target/debug/deps" "-L" "/opt/rustwide/target/debug/build/lm3s6965-d66bd66fb7a2ccbb/out" "-L" "/opt/rustwide/target/debug/build/cortex-m-rt-c395636643a0e541/out" "-L" "/opt/rustwide/rustup-home/toolchains/beta-2021-08-01-x86_64-unknown-linux-gnu/lib/rustlib/x86_64-unknown-linux-gnu/lib" "-Wl,-Bstatic" "/opt/rustwide/target/debug/deps/liblm3s6965-e4852b11f6609c2f.rlib" "/opt/rustwide/target/debug/deps/libcortex_m_rt-d53817470879ff08.rlib" "/opt/rustwide/target/debug/deps/libr0-ba394936cc4e2a3b.rlib" "/opt/rustwide/target/debug/deps/librtic-9105a3a8cbe0e194.rlib" "/opt/rustwide/target/debug/deps/libheapless-0704287c10d309e5.rlib" "/opt/rustwide/target/debug/deps/libas_slice-a375448f29126f03.rlib" "/opt/rustwide/target/debug/deps/libstable_deref_trait-067c643b9101b1bb.rlib" "/opt/rustwide/target/debug/deps/libgeneric_array-17df48bc9d085bd4.rlib" "/opt/rustwide/target/debug/deps/libgeneric_array-ceda17e003369acc.rlib" "/opt/rustwide/target/debug/deps/libhash32-1b036e6b8e3c838b.rlib" "/opt/rustwide/target/debug/deps/libbyteorder-84627d465861af9b.rlib" "/opt/rustwide/target/debug/deps/libgeneric_array-d0056580537cec95.rlib" "/opt/rustwide/target/debug/deps/libtypenum-8d34d400f8c19065.rlib" "/opt/rustwide/target/debug/deps/libbare_metal-b7a3359ed85f8d62.rlib" "/opt/rustwide/target/debug/deps/librtic_monotonic-6628662ba95c1a8d.rlib" "/opt/rustwide/target/debug/deps/libembedded_time-54585621d412db17.rlib" "/opt/rustwide/target/debug/deps/libnum-de7bb57b992ff215.rlib" "/opt/rustwide/target/debug/deps/libnum_iter-acc5499f5cd0fa8e.rlib" "/opt/rustwide/target/debug/deps/libnum_rational-351b73995c087574.rlib" "/opt/rustwide/target/debug/deps/libnum_integer-4924a9008a222935.rlib" "/opt/rustwide/target/debug/deps/libnum_complex-e6709aa2cd72cf45.rlib" "/opt/rustwide/target/debug/deps/libnum_traits-f5d272728f70d45e.rlib" "/opt/rustwide/target/debug/deps/librtic_core-55af6900e9b77592.rlib" "/opt/rustwide/target/debug/deps/libcortex_m-10cfb254eed8f6fb.rlib" "/opt/rustwide/target/debug/deps/libembedded_hal-963b3c289d2ef869.rlib" "/opt/rustwide/target/debug/deps/libvoid-a8f0b9c91ed5e34c.rlib" "/opt/rustwide/target/debug/deps/libnb-5ba7363180d12fbe.rlib" "/opt/rustwide/target/debug/deps/libnb-118f76f327f8f88a.rlib" "/opt/rustwide/target/debug/deps/libvolatile_register-32de51c06af19547.rlib" "/opt/rustwide/target/debug/deps/libvcell-5887eab011832827.rlib" "/opt/rustwide/target/debug/deps/libbare_metal-2b8f7098314ef885.rlib" "/opt/rustwide/target/debug/deps/libpanic_semihosting-ad943936531f690f.rlib" "-Wl,--start-group" "/opt/rustwide/rustup-home/toolchains/beta-2021-08-01-x86_64-unknown-linux-gnu/lib/rustlib/x86_64-unknown-linux-gnu/lib/libstd-197d933f09d9a590.rlib" "/opt/rustwide/rustup-home/toolchains/beta-2021-08-01-x86_64-unknown-linux-gnu/lib/rustlib/x86_64-unknown-linux-gnu/lib/libpanic_unwind-46a006cddfd334f0.rlib" "/opt/rustwide/rustup-home/toolchains/beta-2021-08-01-x86_64-unknown-linux-gnu/lib/rustlib/x86_64-unknown-linux-gnu/lib/libminiz_oxide-5b9870310e470b38.rlib" "/opt/rustwide/rustup-home/toolchains/beta-2021-08-01-x86_64-unknown-linux-gnu/lib/rustlib/x86_64-unknown-linux-gnu/lib/libadler-260022ba8f1ab4ee.rlib" "/opt/rustwide/rustup-home/toolchains/beta-2021-08-01-x86_64-unknown-linux-gnu/lib/rustlib/x86_64-unknown-linux-gnu/lib/libobject-71377435a799394f.rlib" "/opt/rustwide/rustup-home/toolchains/beta-2021-08-01-x86_64-unknown-linux-gnu/lib/rustlib/x86_64-unknown-linux-gnu/lib/libaddr2line-658ee5924fde57cd.rlib" "/opt/rustwide/rustup-home/toolchains/beta-2021-08-01-x86_64-unknown-linux-gnu/lib/rustlib/x86_64-unknown-linux-gnu/lib/libgimli-9e8627da6bd1b94a.rlib" "/opt/rustwide/rustup-home/toolchains/beta-2021-08-01-x86_64-unknown-linux-gnu/lib/rustlib/x86_64-unknown-linux-gnu/lib/libstd_detect-19fdaac49f59be84.rlib" "/opt/rustwide/rustup-home/toolchains/beta-2021-08-01-x86_64-unknown-linux-gnu/lib/rustlib/x86_64-unknown-linux-gnu/lib/librustc_demangle-cb00e2691ea45905.rlib" "/opt/rustwide/rustup-home/toolchains/beta-2021-08-01-x86_64-unknown-linux-gnu/lib/rustlib/x86_64-unknown-linux-gnu/lib/libhashbrown-50f6726defae5ae1.rlib" "/opt/rustwide/rustup-home/toolchains/beta-2021-08-01-x86_64-unknown-linux-gnu/lib/rustlib/x86_64-unknown-linux-gnu/lib/librustc_std_workspace_alloc-2afc16311deea26e.rlib" "/opt/rustwide/rustup-home/toolchains/beta-2021-08-01-x86_64-unknown-linux-gnu/lib/rustlib/x86_64-unknown-linux-gnu/lib/libunwind-bb5cb0fe086ee8cf.rlib" "/opt/rustwide/rustup-home/toolchains/beta-2021-08-01-x86_64-unknown-linux-gnu/lib/rustlib/x86_64-unknown-linux-gnu/lib/libcfg_if-896053247b5dfd0b.rlib" "/opt/rustwide/rustup-home/toolchains/beta-2021-08-01-x86_64-unknown-linux-gnu/lib/rustlib/x86_64-unknown-linux-gnu/lib/liblibc-735e1f2ac3cf23be.rlib" "/opt/rustwide/rustup-home/toolchains/beta-2021-08-01-x86_64-unknown-linux-gnu/lib/rustlib/x86_64-unknown-linux-gnu/lib/liballoc-9dfb6622644c732c.rlib" "/opt/rustwide/rustup-home/toolchains/beta-2021-08-01-x86_64-unknown-linux-gnu/lib/rustlib/x86_64-unknown-linux-gnu/lib/librustc_std_workspace_core-beea7d9617fe25c5.rlib" "/opt/rustwide/rustup-home/toolchains/beta-2021-08-01-x86_64-unknown-linux-gnu/lib/rustlib/x86_64-unknown-linux-gnu/lib/libcore-8ef7dd43fc671f88.rlib" "-Wl,--end-group" "/opt/rustwide/rustup-home/toolchains/beta-2021-08-01-x86_64-unknown-linux-gnu/lib/rustlib/x86_64-unknown-linux-gnu/lib/libcompiler_builtins-a9a3b2ad67977f47.rlib" "-Wl,-Bdynamic" "-lgcc_s" "-lutil" "-lrt" "-lpthread" "-lm" "-ldl" "-lc" "-Wl,--eh-frame-hdr" "-Wl,-znoexecstack" "-L" "/opt/rustwide/rustup-home/toolchains/beta-2021-08-01-x86_64-unknown-linux-gnu/lib/rustlib/x86_64-unknown-linux-gnu/lib" "-o" "/opt/rustwide/target/debug/examples/smallest-284a33d250e343b9" "-Wl,--gc-sections" "-pie" "-Wl,-zrelro" "-Wl,-znow" "-nodefaultlibs"
[INFO] [stdout]   = note: /usr/bin/ld: /opt/rustwide/target/debug/examples/smallest-284a33d250e343b9.smallest.01cbe90d-cgu.1.rcgu.o: in function `cortex_m::asm::wfi':
[INFO] [stdout]           /opt/rustwide/cargo-home/registry/src/github.com-1ecc6299db9ec823/cortex-m-0.7.3/src/asm.rs:55: undefined reference to `__wfi'
[INFO] [stdout]           /usr/bin/ld: /opt/rustwide/target/debug/examples/smallest-284a33d250e343b9.smallest.01cbe90d-cgu.3.rcgu.o: in function `cortex_m::interrupt::enable':
[INFO] [stdout]           /opt/rustwide/cargo-home/registry/src/github.com-1ecc6299db9ec823/cortex-m-0.7.3/src/interrupt.rs:48: undefined reference to `__cpsie'
[INFO] [stdout]           /usr/bin/ld: /opt/rustwide/target/debug/examples/smallest-284a33d250e343b9.smallest.01cbe90d-cgu.3.rcgu.o: in function `cortex_m::interrupt::disable':
[INFO] [stdout]           /opt/rustwide/cargo-home/registry/src/github.com-1ecc6299db9ec823/cortex-m-0.7.3/src/interrupt.rs:38: undefined reference to `__cpsid'
[INFO] [stdout]           collect2: error: ld returned 1 exit status
[INFO] [stdout]           
[INFO] [stdout]   = help: some `extern` functions couldn't be found; some native libraries may need to be installed or have their path specified
[INFO] [stdout]   = note: use the `-l` flag to specify native libraries to link
[INFO] [stdout]   = note: use the `cargo:rustc-link-lib` directive to specify the native libraries to link with Cargo (see https://doc.rust-lang.org/cargo/reference/build-scripts.html#cargorustc-link-libkindname)
[INFO] [stdout] 
[INFO] [stdout] 
[INFO] [stdout] error: aborting due to previous error
[INFO] [stdout] 
[INFO] [stdout] 
[INFO] [stdout] error: linking with `cc` failed: exit status: 1
[INFO] [stdout]   |
[INFO] [stdout]   = note: "cc" "-m64" "/opt/rustwide/target/debug/examples/init-e5b43cdc39af54d1.init.a0774d56-cgu.0.rcgu.o" "/opt/rustwide/target/debug/examples/init-e5b43cdc39af54d1.init.a0774d56-cgu.1.rcgu.o" "/opt/rustwide/target/debug/examples/init-e5b43cdc39af54d1.init.a0774d56-cgu.2.rcgu.o" "/opt/rustwide/target/debug/examples/init-e5b43cdc39af54d1.init.a0774d56-cgu.3.rcgu.o" "/opt/rustwide/target/debug/examples/init-e5b43cdc39af54d1.init.a0774d56-cgu.4.rcgu.o" "/opt/rustwide/target/debug/examples/init-e5b43cdc39af54d1.init.a0774d56-cgu.5.rcgu.o" "/opt/rustwide/target/debug/examples/init-e5b43cdc39af54d1.init.a0774d56-cgu.6.rcgu.o" "/opt/rustwide/target/debug/examples/init-e5b43cdc39af54d1.init.a0774d56-cgu.7.rcgu.o" "/opt/rustwide/target/debug/examples/init-e5b43cdc39af54d1.init.a0774d56-cgu.8.rcgu.o" "/opt/rustwide/target/debug/examples/init-e5b43cdc39af54d1.16ilsus2zaz7e0qo.rcgu.o" "-Wl,--as-needed" "-L" "/opt/rustwide/target/debug/deps" "-L" "/opt/rustwide/target/debug/build/lm3s6965-d66bd66fb7a2ccbb/out" "-L" "/opt/rustwide/target/debug/build/cortex-m-rt-c395636643a0e541/out" "-L" "/opt/rustwide/rustup-home/toolchains/beta-2021-08-01-x86_64-unknown-linux-gnu/lib/rustlib/x86_64-unknown-linux-gnu/lib" "-Wl,-Bstatic" "/opt/rustwide/target/debug/deps/libcortex_m_semihosting-15e927a3bc7dbba6.rlib" "/opt/rustwide/target/debug/deps/liblm3s6965-e4852b11f6609c2f.rlib" "/opt/rustwide/target/debug/deps/libcortex_m_rt-d53817470879ff08.rlib" "/opt/rustwide/target/debug/deps/libr0-ba394936cc4e2a3b.rlib" "/opt/rustwide/target/debug/deps/librtic-9105a3a8cbe0e194.rlib" "/opt/rustwide/target/debug/deps/libheapless-0704287c10d309e5.rlib" "/opt/rustwide/target/debug/deps/libas_slice-a375448f29126f03.rlib" "/opt/rustwide/target/debug/deps/libstable_deref_trait-067c643b9101b1bb.rlib" "/opt/rustwide/target/debug/deps/libgeneric_array-17df48bc9d085bd4.rlib" "/opt/rustwide/target/debug/deps/libgeneric_array-ceda17e003369acc.rlib" "/opt/rustwide/target/debug/deps/libhash32-1b036e6b8e3c838b.rlib" "/opt/rustwide/target/debug/deps/libbyteorder-84627d465861af9b.rlib" "/opt/rustwide/target/debug/deps/libgeneric_array-d0056580537cec95.rlib" "/opt/rustwide/target/debug/deps/libtypenum-8d34d400f8c19065.rlib" "/opt/rustwide/target/debug/deps/libbare_metal-b7a3359ed85f8d62.rlib" "/opt/rustwide/target/debug/deps/librtic_monotonic-6628662ba95c1a8d.rlib" "/opt/rustwide/target/debug/deps/libembedded_time-54585621d412db17.rlib" "/opt/rustwide/target/debug/deps/libnum-de7bb57b992ff215.rlib" "/opt/rustwide/target/debug/deps/libnum_iter-acc5499f5cd0fa8e.rlib" "/opt/rustwide/target/debug/deps/libnum_rational-351b73995c087574.rlib" "/opt/rustwide/target/debug/deps/libnum_integer-4924a9008a222935.rlib" "/opt/rustwide/target/debug/deps/libnum_complex-e6709aa2cd72cf45.rlib" "/opt/rustwide/target/debug/deps/libnum_traits-f5d272728f70d45e.rlib" "/opt/rustwide/target/debug/deps/librtic_core-55af6900e9b77592.rlib" "/opt/rustwide/target/debug/deps/libcortex_m-10cfb254eed8f6fb.rlib" "/opt/rustwide/target/debug/deps/libembedded_hal-963b3c289d2ef869.rlib" "/opt/rustwide/target/debug/deps/libvoid-a8f0b9c91ed5e34c.rlib" "/opt/rustwide/target/debug/deps/libnb-5ba7363180d12fbe.rlib" "/opt/rustwide/target/debug/deps/libnb-118f76f327f8f88a.rlib" "/opt/rustwide/target/debug/deps/libvolatile_register-32de51c06af19547.rlib" "/opt/rustwide/target/debug/deps/libvcell-5887eab011832827.rlib" "/opt/rustwide/target/debug/deps/libbare_metal-2b8f7098314ef885.rlib" "/opt/rustwide/target/debug/deps/libpanic_semihosting-ad943936531f690f.rlib" "-Wl,--start-group" "/opt/rustwide/rustup-home/toolchains/beta-2021-08-01-x86_64-unknown-linux-gnu/lib/rustlib/x86_64-unknown-linux-gnu/lib/libstd-197d933f09d9a590.rlib" "/opt/rustwide/rustup-home/toolchains/beta-2021-08-01-x86_64-unknown-linux-gnu/lib/rustlib/x86_64-unknown-linux-gnu/lib/libpanic_unwind-46a006cddfd334f0.rlib" "/opt/rustwide/rustup-home/toolchains/beta-2021-08-01-x86_64-unknown-linux-gnu/lib/rustlib/x86_64-unknown-linux-gnu/lib/libminiz_oxide-5b9870310e470b38.rlib" "/opt/rustwide/rustup-home/toolchains/beta-2021-08-01-x86_64-unknown-linux-gnu/lib/rustlib/x86_64-unknown-linux-gnu/lib/libadler-260022ba8f1ab4ee.rlib" "/opt/rustwide/rustup-home/toolchains/beta-2021-08-01-x86_64-unknown-linux-gnu/lib/rustlib/x86_64-unknown-linux-gnu/lib/libobject-71377435a799394f.rlib" "/opt/rustwide/rustup-home/toolchains/beta-2021-08-01-x86_64-unknown-linux-gnu/lib/rustlib/x86_64-unknown-linux-gnu/lib/libaddr2line-658ee5924fde57cd.rlib" "/opt/rustwide/rustup-home/toolchains/beta-2021-08-01-x86_64-unknown-linux-gnu/lib/rustlib/x86_64-unknown-linux-gnu/lib/libgimli-9e8627da6bd1b94a.rlib" "/opt/rustwide/rustup-home/toolchains/beta-2021-08-01-x86_64-unknown-linux-gnu/lib/rustlib/x86_64-unknown-linux-gnu/lib/libstd_detect-19fdaac49f59be84.rlib" "/opt/rustwide/rustup-home/toolchains/beta-2021-08-01-x86_64-unknown-linux-gnu/lib/rustlib/x86_64-unknown-linux-gnu/lib/librustc_demangle-cb00e2691ea45905.rlib" "/opt/rustwide/rustup-home/toolchains/beta-2021-08-01-x86_64-unknown-linux-gnu/lib/rustlib/x86_64-unknown-linux-gnu/lib/libhashbrown-50f6726defae5ae1.rlib" "/opt/rustwide/rustup-home/toolchains/beta-2021-08-01-x86_64-unknown-linux-gnu/lib/rustlib/x86_64-unknown-linux-gnu/lib/librustc_std_workspace_alloc-2afc16311deea26e.rlib" "/opt/rustwide/rustup-home/toolchains/beta-2021-08-01-x86_64-unknown-linux-gnu/lib/rustlib/x86_64-unknown-linux-gnu/lib/libunwind-bb5cb0fe086ee8cf.rlib" "/opt/rustwide/rustup-home/toolchains/beta-2021-08-01-x86_64-unknown-linux-gnu/lib/rustlib/x86_64-unknown-linux-gnu/lib/libcfg_if-896053247b5dfd0b.rlib" "/opt/rustwide/rustup-home/toolchains/beta-2021-08-01-x86_64-unknown-linux-gnu/lib/rustlib/x86_64-unknown-linux-gnu/lib/liblibc-735e1f2ac3cf23be.rlib" "/opt/rustwide/rustup-home/toolchains/beta-2021-08-01-x86_64-unknown-linux-gnu/lib/rustlib/x86_64-unknown-linux-gnu/lib/liballoc-9dfb6622644c732c.rlib" "/opt/rustwide/rustup-home/toolchains/beta-2021-08-01-x86_64-unknown-linux-gnu/lib/rustlib/x86_64-unknown-linux-gnu/lib/librustc_std_workspace_core-beea7d9617fe25c5.rlib" "/opt/rustwide/rustup-home/toolchains/beta-2021-08-01-x86_64-unknown-linux-gnu/lib/rustlib/x86_64-unknown-linux-gnu/lib/libcore-8ef7dd43fc671f88.rlib" "-Wl,--end-group" "/opt/rustwide/rustup-home/toolchains/beta-2021-08-01-x86_64-unknown-linux-gnu/lib/rustlib/x86_64-unknown-linux-gnu/lib/libcompiler_builtins-a9a3b2ad67977f47.rlib" "-Wl,-Bdynamic" "-lgcc_s" "-lutil" "-lrt" "-lpthread" "-lm" "-ldl" "-lc" "-Wl,--eh-frame-hdr" "-Wl,-znoexecstack" "-L" "/opt/rustwide/rustup-home/toolchains/beta-2021-08-01-x86_64-unknown-linux-gnu/lib/rustlib/x86_64-unknown-linux-gnu/lib" "-o" "/opt/rustwide/target/debug/examples/init-e5b43cdc39af54d1" "-Wl,--gc-sections" "-pie" "-Wl,-zrelro" "-Wl,-znow" "-nodefaultlibs"
[INFO] [stdout]   = note: /usr/bin/ld: /opt/rustwide/target/debug/examples/init-e5b43cdc39af54d1.init.a0774d56-cgu.3.rcgu.o: in function `cortex_m::interrupt::enable':
[INFO] [stdout]           /opt/rustwide/cargo-home/registry/src/github.com-1ecc6299db9ec823/cortex-m-0.7.3/src/interrupt.rs:48: undefined reference to `__cpsie'
[INFO] [stdout]           /usr/bin/ld: /opt/rustwide/target/debug/examples/init-e5b43cdc39af54d1.init.a0774d56-cgu.3.rcgu.o: in function `cortex_m::interrupt::disable':
[INFO] [stdout]           /opt/rustwide/cargo-home/registry/src/github.com-1ecc6299db9ec823/cortex-m-0.7.3/src/interrupt.rs:38: undefined reference to `__cpsid'
[INFO] [stdout]           /usr/bin/ld: /opt/rustwide/target/debug/examples/init-e5b43cdc39af54d1.init.a0774d56-cgu.4.rcgu.o: in function `cortex_m::asm::wfi':
[INFO] [stdout]           /opt/rustwide/cargo-home/registry/src/github.com-1ecc6299db9ec823/cortex-m-0.7.3/src/asm.rs:55: undefined reference to `__wfi'
[INFO] [stdout]           /usr/bin/ld: /opt/rustwide/target/debug/deps/libcortex_m_semihosting-15e927a3bc7dbba6.rlib(cortex_m_semihosting-15e927a3bc7dbba6.cortex_m_semihosting.65504939-cgu.4.rcgu.o): in function `cortex_m::interrupt::enable':
[INFO] [stdout]           /opt/rustwide/cargo-home/registry/src/github.com-1ecc6299db9ec823/cortex-m-0.7.3/src/interrupt.rs:48: undefined reference to `__cpsie'
[INFO] [stdout]           /usr/bin/ld: /opt/rustwide/target/debug/deps/libcortex_m_semihosting-15e927a3bc7dbba6.rlib(cortex_m_semihosting-15e927a3bc7dbba6.cortex_m_semihosting.65504939-cgu.4.rcgu.o): in function `cortex_m::interrupt::disable':
[INFO] [stdout]           /opt/rustwide/cargo-home/registry/src/github.com-1ecc6299db9ec823/cortex-m-0.7.3/src/interrupt.rs:38: undefined reference to `__cpsid'
[INFO] [stdout]           /usr/bin/ld: /opt/rustwide/target/debug/deps/libcortex_m_semihosting-15e927a3bc7dbba6.rlib(cortex_m_semihosting-15e927a3bc7dbba6.cortex_m_semihosting.65504939-cgu.8.rcgu.o): in function `cortex_m::register::primask::read':
[INFO] [stdout]           /opt/rustwide/cargo-home/registry/src/github.com-1ecc6299db9ec823/cortex-m-0.7.3/src/register/primask.rs:29: undefined reference to `__primask_r'
[INFO] [stdout]           collect2: error: ld returned 1 exit status
[INFO] [stdout]           
[INFO] [stdout]   = help: some `extern` functions couldn't be found; some native libraries may need to be installed or have their path specified
[INFO] [stdout]   = note: use the `-l` flag to specify native libraries to link
[INFO] [stdout]   = note: use the `cargo:rustc-link-lib` directive to specify the native libraries to link with Cargo (see https://doc.rust-lang.org/cargo/reference/build-scripts.html#cargorustc-link-libkindname)
[INFO] [stdout] 
[INFO] [stdout] 
[INFO] [stdout] error: aborting due to previous error
[INFO] [stdout] 
[INFO] [stdout] 
[INFO] [stderr] error: build failed
[INFO] running `Command { std: "docker" "inspect" "46284e93ded73fedacef23b4ca206dc65b7152e397519c9db6a94447b2cde023", kill_on_drop: false }`
[INFO] running `Command { std: "docker" "rm" "-f" "46284e93ded73fedacef23b4ca206dc65b7152e397519c9db6a94447b2cde023", kill_on_drop: false }`
[INFO] [stdout] 46284e93ded73fedacef23b4ca206dc65b7152e397519c9db6a94447b2cde023
