[INFO] fetching crate colerr 1.0.0...
[INFO] testing colerr-1.0.0 against beta-2021-08-01 for beta-1.55-1
[INFO] extracting crate colerr 1.0.0 into /workspace/builds/worker-3/source
[INFO] validating manifest of crates.io crate colerr 1.0.0 on toolchain beta-2021-08-01
[INFO] running `Command { std: "/workspace/cargo-home/bin/cargo" "+beta-2021-08-01" "metadata" "--manifest-path" "Cargo.toml" "--no-deps", kill_on_drop: false }`
[INFO] removed /workspace/builds/worker-3/source/.cargo/config
[INFO] started tweaking crates.io crate colerr 1.0.0
[INFO] finished tweaking crates.io crate colerr 1.0.0
[INFO] tweaked toml for crates.io crate colerr 1.0.0 written to /workspace/builds/worker-3/source/Cargo.toml
[INFO] running `Command { std: "/workspace/cargo-home/bin/cargo" "+beta-2021-08-01" "generate-lockfile" "--manifest-path" "Cargo.toml" "-Zno-index-update", kill_on_drop: false }`
[INFO] running `Command { std: "/workspace/cargo-home/bin/cargo" "+beta-2021-08-01" "fetch" "--manifest-path" "Cargo.toml", kill_on_drop: false }`
[INFO] [stderr]  Downloading crates ...
[INFO] [stderr]   Downloaded owning_ref v0.1.4
[INFO] [stderr]   Downloaded mioco v0.7.0
[INFO] running `Command { std: "docker" "create" "-v" "/var/lib/crater-agent-workspace/builds/worker-3/target:/opt/rustwide/target:rw,Z" "-v" "/var/lib/crater-agent-workspace/builds/worker-3/source:/opt/rustwide/workdir:ro,Z" "-v" "/var/lib/crater-agent-workspace/cargo-home:/opt/rustwide/cargo-home:ro,Z" "-v" "/var/lib/crater-agent-workspace/rustup-home:/opt/rustwide/rustup-home:ro,Z" "-e" "SOURCE_DIR=/opt/rustwide/workdir" "-e" "CARGO_TARGET_DIR=/opt/rustwide/target" "-e" "CARGO_HOME=/opt/rustwide/cargo-home" "-e" "RUSTUP_HOME=/opt/rustwide/rustup-home" "-w" "/opt/rustwide/workdir" "-m" "1610612736" "--user" "0:0" "--network" "none" "ghcr.io/rust-lang/crates-build-env/linux@sha256:34b6a614d2c27851fe6cbf88fbd1137609cefab8b10d0615aaeb6fd47975d74e" "/opt/rustwide/cargo-home/bin/cargo" "+beta-2021-08-01" "metadata" "--no-deps" "--format-version=1", kill_on_drop: false }`
[INFO] [stderr] WARNING: Your kernel does not support swap limit capabilities or the cgroup is not mounted. Memory limited without swap.
[INFO] [stdout] 771ed7db2c25edf499feb5349601ddedcf870d5b998cf2faa1676f97c6892668
[INFO] running `Command { std: "docker" "start" "-a" "771ed7db2c25edf499feb5349601ddedcf870d5b998cf2faa1676f97c6892668", kill_on_drop: false }`
[INFO] running `Command { std: "docker" "inspect" "771ed7db2c25edf499feb5349601ddedcf870d5b998cf2faa1676f97c6892668", kill_on_drop: false }`
[INFO] running `Command { std: "docker" "rm" "-f" "771ed7db2c25edf499feb5349601ddedcf870d5b998cf2faa1676f97c6892668", kill_on_drop: false }`
[INFO] [stdout] 771ed7db2c25edf499feb5349601ddedcf870d5b998cf2faa1676f97c6892668
[INFO] running `Command { std: "docker" "create" "-v" "/var/lib/crater-agent-workspace/builds/worker-3/target:/opt/rustwide/target:rw,Z" "-v" "/var/lib/crater-agent-workspace/builds/worker-3/source:/opt/rustwide/workdir:ro,Z" "-v" "/var/lib/crater-agent-workspace/cargo-home:/opt/rustwide/cargo-home:ro,Z" "-v" "/var/lib/crater-agent-workspace/rustup-home:/opt/rustwide/rustup-home:ro,Z" "-e" "SOURCE_DIR=/opt/rustwide/workdir" "-e" "CARGO_TARGET_DIR=/opt/rustwide/target" "-e" "CARGO_INCREMENTAL=0" "-e" "RUST_BACKTRACE=full" "-e" "RUSTFLAGS=--cap-lints=warn" "-e" "CARGO_HOME=/opt/rustwide/cargo-home" "-e" "RUSTUP_HOME=/opt/rustwide/rustup-home" "-w" "/opt/rustwide/workdir" "-m" "1610612736" "--user" "0:0" "--network" "none" "ghcr.io/rust-lang/crates-build-env/linux@sha256:34b6a614d2c27851fe6cbf88fbd1137609cefab8b10d0615aaeb6fd47975d74e" "/opt/rustwide/cargo-home/bin/cargo" "+beta-2021-08-01" "build" "--frozen" "--message-format=json", kill_on_drop: false }`
[INFO] [stdout] e5d644f7281fd102e4cec8d9027a2065016975a2f64fa2ce1b5328121616a797
[INFO] [stderr] WARNING: Your kernel does not support swap limit capabilities or the cgroup is not mounted. Memory limited without swap.
[INFO] running `Command { std: "docker" "start" "-a" "e5d644f7281fd102e4cec8d9027a2065016975a2f64fa2ce1b5328121616a797", kill_on_drop: false }`
[INFO] [stderr]     Blocking waiting for file lock on package cache
[INFO] [stderr]    Compiling winapi-build v0.1.1
[INFO] [stderr]    Compiling regex-syntax v0.3.9
[INFO] [stderr]    Compiling utf8-ranges v0.1.3
[INFO] [stderr]    Compiling bytes v0.3.0
[INFO] [stderr]    Compiling slab v0.1.3
[INFO] [stderr]    Compiling slab v0.2.0
[INFO] [stderr]    Compiling spin v0.4.10
[INFO] [stderr]    Compiling thread-scoped v1.0.2
[INFO] [stderr]    Compiling owning_ref v0.1.4
[INFO] [stderr]    Compiling strsim v0.5.2
[INFO] [stderr]    Compiling context v1.0.1
[INFO] [stderr]    Compiling nix v0.6.0
[INFO] [stderr]    Compiling memchr v0.1.11
[INFO] [stderr]    Compiling net2 v0.2.37
[INFO] [stderr]    Compiling num_cpus v0.2.13
[INFO] [stdout] error[E0207]: the lifetime parameter `'a` is not constrained by the impl trait, self type, or predicates
[INFO] [stdout]    --> /opt/rustwide/cargo-home/registry/src/github.com-1ecc6299db9ec823/owning_ref-0.1.4/src/lib.rs:445:13
[INFO] [stdout]     |
[INFO] [stdout] 445 | unsafe impl<'a, T: 'a> IntoErased for Box<T> {
[INFO] [stdout]     |             ^^ unconstrained lifetime parameter
[INFO] [stdout] 
[INFO] [stdout] 
[INFO] [stdout] error[E0207]: the lifetime parameter `'a` is not constrained by the impl trait, self type, or predicates
[INFO] [stdout]    --> /opt/rustwide/cargo-home/registry/src/github.com-1ecc6299db9ec823/owning_ref-0.1.4/src/lib.rs:449:13
[INFO] [stdout]     |
[INFO] [stdout] 449 | unsafe impl<'a, T: 'a> IntoErased for Rc<T> {
[INFO] [stdout]     |             ^^ unconstrained lifetime parameter
[INFO] [stdout] 
[INFO] [stdout] 
[INFO] [stdout] error[E0207]: the lifetime parameter `'a` is not constrained by the impl trait, self type, or predicates
[INFO] [stdout]    --> /opt/rustwide/cargo-home/registry/src/github.com-1ecc6299db9ec823/owning_ref-0.1.4/src/lib.rs:453:13
[INFO] [stdout]     |
[INFO] [stdout] 453 | unsafe impl<'a, T: 'a> IntoErased for Arc<T> {
[INFO] [stdout]     |             ^^ unconstrained lifetime parameter
[INFO] [stdout] 
[INFO] [stdout] 
[INFO] [stdout] error: aborting due to 3 previous errors
[INFO] [stdout] 
[INFO] [stdout] 
[INFO] [stdout] For more information about this error, try `rustc --explain E0207`.
[INFO] [stdout] 
[INFO] [stderr] error: could not compile `owning_ref` due to 4 previous errors
[INFO] [stderr] warning: build failed, waiting for other jobs to finish...
[INFO] [stderr] error: build failed
[INFO] running `Command { std: "docker" "inspect" "e5d644f7281fd102e4cec8d9027a2065016975a2f64fa2ce1b5328121616a797", kill_on_drop: false }`
[INFO] running `Command { std: "docker" "rm" "-f" "e5d644f7281fd102e4cec8d9027a2065016975a2f64fa2ce1b5328121616a797", kill_on_drop: false }`
[INFO] [stdout] e5d644f7281fd102e4cec8d9027a2065016975a2f64fa2ce1b5328121616a797
