[INFO] fetching crate clippy-mini-macro-test 0.2.0...
[INFO] testing clippy-mini-macro-test-0.2.0 against 1.54.0 for beta-1.55-1
[INFO] extracting crate clippy-mini-macro-test 0.2.0 into /workspace/builds/worker-1/source
[INFO] validating manifest of crates.io crate clippy-mini-macro-test 0.2.0 on toolchain 1.54.0
[INFO] running `Command { std: "/workspace/cargo-home/bin/cargo" "+1.54.0" "metadata" "--manifest-path" "Cargo.toml" "--no-deps", kill_on_drop: false }`
[INFO] started tweaking crates.io crate clippy-mini-macro-test 0.2.0
[INFO] finished tweaking crates.io crate clippy-mini-macro-test 0.2.0
[INFO] tweaked toml for crates.io crate clippy-mini-macro-test 0.2.0 written to /workspace/builds/worker-1/source/Cargo.toml
[INFO] running `Command { std: "/workspace/cargo-home/bin/cargo" "+1.54.0" "generate-lockfile" "--manifest-path" "Cargo.toml" "-Zno-index-update", kill_on_drop: false }`
[INFO] running `Command { std: "/workspace/cargo-home/bin/cargo" "+1.54.0" "fetch" "--manifest-path" "Cargo.toml", kill_on_drop: false }`
[INFO] running `Command { std: "docker" "create" "-v" "/var/lib/crater-agent-workspace/builds/worker-1/target:/opt/rustwide/target:rw,Z" "-v" "/var/lib/crater-agent-workspace/builds/worker-1/source:/opt/rustwide/workdir:ro,Z" "-v" "/var/lib/crater-agent-workspace/cargo-home:/opt/rustwide/cargo-home:ro,Z" "-v" "/var/lib/crater-agent-workspace/rustup-home:/opt/rustwide/rustup-home:ro,Z" "-e" "SOURCE_DIR=/opt/rustwide/workdir" "-e" "CARGO_TARGET_DIR=/opt/rustwide/target" "-e" "CARGO_HOME=/opt/rustwide/cargo-home" "-e" "RUSTUP_HOME=/opt/rustwide/rustup-home" "-w" "/opt/rustwide/workdir" "-m" "1610612736" "--user" "0:0" "--network" "none" "ghcr.io/rust-lang/crates-build-env/linux@sha256:34b6a614d2c27851fe6cbf88fbd1137609cefab8b10d0615aaeb6fd47975d74e" "/opt/rustwide/cargo-home/bin/cargo" "+1.54.0" "metadata" "--no-deps" "--format-version=1", kill_on_drop: false }`
[INFO] [stdout] 65fb7eb92de2c06c2117fe4b91a162d976bf5e7c977d45f8c00ef8ad88682486
[INFO] [stderr] WARNING: Your kernel does not support swap limit capabilities or the cgroup is not mounted. Memory limited without swap.
[INFO] running `Command { std: "docker" "start" "-a" "65fb7eb92de2c06c2117fe4b91a162d976bf5e7c977d45f8c00ef8ad88682486", kill_on_drop: false }`
[INFO] running `Command { std: "docker" "inspect" "65fb7eb92de2c06c2117fe4b91a162d976bf5e7c977d45f8c00ef8ad88682486", kill_on_drop: false }`
[INFO] running `Command { std: "docker" "rm" "-f" "65fb7eb92de2c06c2117fe4b91a162d976bf5e7c977d45f8c00ef8ad88682486", kill_on_drop: false }`
[INFO] [stdout] 65fb7eb92de2c06c2117fe4b91a162d976bf5e7c977d45f8c00ef8ad88682486
[INFO] running `Command { std: "docker" "create" "-v" "/var/lib/crater-agent-workspace/builds/worker-1/target:/opt/rustwide/target:rw,Z" "-v" "/var/lib/crater-agent-workspace/builds/worker-1/source:/opt/rustwide/workdir:ro,Z" "-v" "/var/lib/crater-agent-workspace/cargo-home:/opt/rustwide/cargo-home:ro,Z" "-v" "/var/lib/crater-agent-workspace/rustup-home:/opt/rustwide/rustup-home:ro,Z" "-e" "SOURCE_DIR=/opt/rustwide/workdir" "-e" "CARGO_TARGET_DIR=/opt/rustwide/target" "-e" "CARGO_INCREMENTAL=0" "-e" "RUST_BACKTRACE=full" "-e" "RUSTFLAGS=--cap-lints=warn" "-e" "CARGO_HOME=/opt/rustwide/cargo-home" "-e" "RUSTUP_HOME=/opt/rustwide/rustup-home" "-w" "/opt/rustwide/workdir" "-m" "1610612736" "--user" "0:0" "--network" "none" "ghcr.io/rust-lang/crates-build-env/linux@sha256:34b6a614d2c27851fe6cbf88fbd1137609cefab8b10d0615aaeb6fd47975d74e" "/opt/rustwide/cargo-home/bin/cargo" "+1.54.0" "build" "--frozen" "--message-format=json", kill_on_drop: false }`
[INFO] [stdout] 63fc3b1e7e737e6c68b128dd79a000a8ea536056968f0e21ccb462795a1706ac
[INFO] [stderr] WARNING: Your kernel does not support swap limit capabilities or the cgroup is not mounted. Memory limited without swap.
[INFO] running `Command { std: "docker" "start" "-a" "63fc3b1e7e737e6c68b128dd79a000a8ea536056968f0e21ccb462795a1706ac", kill_on_drop: false }`
[INFO] [stderr]    Compiling clippy-mini-macro-test v0.2.0 (/opt/rustwide/workdir)
[INFO] [stdout] error[E0658]: use of unstable library feature 'proc_macro_quote'
[INFO] [stdout]  --> src/lib.rs:8:5
[INFO] [stdout]   |
[INFO] [stdout] 8 |     quote!(
[INFO] [stdout]   |     ^^^^^
[INFO] [stdout]   |
[INFO] [stdout]   = note: see issue #54722 <https://github.com/rust-lang/rust/issues/54722> for more information
[INFO] [stdout] 
[INFO] [stdout] 
[INFO] [stdout] error[E0554]: `#![feature]` may not be used on the stable release channel
[INFO] [stdout]  --> src/lib.rs:1:1
[INFO] [stdout]   |
[INFO] [stdout] 1 | #![feature(proc_macro)]
[INFO] [stdout]   | ^^^^^^^^^^^^^^^^^^^^^^^ help: remove the attribute
[INFO] [stdout]   |
[INFO] [stdout]   = help: the feature `proc_macro` has been stable since 1.29.0 and no longer requires an attribute to enable
[INFO] [stdout] 
[INFO] [stdout] 
[INFO] [stdout] error[E0658]: use of unstable library feature 'proc_macro_quote'
[INFO] [stdout]  --> src/lib.rs:4:31
[INFO] [stdout]   |
[INFO] [stdout] 4 | use proc_macro::{TokenStream, quote};
[INFO] [stdout]   |                               ^^^^^
[INFO] [stdout]   |
[INFO] [stdout]   = note: see issue #54722 <https://github.com/rust-lang/rust/issues/54722> for more information
[INFO] [stdout] 
[INFO] [stdout] 
[INFO] [stdout] error: aborting due to 3 previous errors
[INFO] [stdout] 
[INFO] [stdout] 
[INFO] [stdout] Some errors have detailed explanations: E0554, E0658.
[INFO] [stdout] 
[INFO] [stdout] For more information about an error, try `rustc --explain E0554`.
[INFO] [stdout] 
[INFO] [stderr] error: could not compile `clippy-mini-macro-test`
[INFO] [stderr] 
[INFO] [stderr] To learn more, run the command again with --verbose.
[INFO] running `Command { std: "docker" "inspect" "63fc3b1e7e737e6c68b128dd79a000a8ea536056968f0e21ccb462795a1706ac", kill_on_drop: false }`
[INFO] running `Command { std: "docker" "rm" "-f" "63fc3b1e7e737e6c68b128dd79a000a8ea536056968f0e21ccb462795a1706ac", kill_on_drop: false }`
[INFO] [stdout] 63fc3b1e7e737e6c68b128dd79a000a8ea536056968f0e21ccb462795a1706ac
