[INFO] fetching crate clingo-sys 0.6.0...
[INFO] testing clingo-sys-0.6.0 against 1.54.0 for beta-1.55-1
[INFO] extracting crate clingo-sys 0.6.0 into /workspace/builds/worker-0/source
[INFO] validating manifest of crates.io crate clingo-sys 0.6.0 on toolchain 1.54.0
[INFO] running `Command { std: "/workspace/cargo-home/bin/cargo" "+1.54.0" "metadata" "--manifest-path" "Cargo.toml" "--no-deps", kill_on_drop: false }`
[INFO] started tweaking crates.io crate clingo-sys 0.6.0
[INFO] finished tweaking crates.io crate clingo-sys 0.6.0
[INFO] tweaked toml for crates.io crate clingo-sys 0.6.0 written to /workspace/builds/worker-0/source/Cargo.toml
[INFO] running `Command { std: "/workspace/cargo-home/bin/cargo" "+1.54.0" "generate-lockfile" "--manifest-path" "Cargo.toml" "-Zno-index-update", kill_on_drop: false }`
[INFO] running `Command { std: "/workspace/cargo-home/bin/cargo" "+1.54.0" "fetch" "--manifest-path" "Cargo.toml", kill_on_drop: false }`
[INFO] running `Command { std: "docker" "create" "-v" "/var/lib/crater-agent-workspace/builds/worker-0/target:/opt/rustwide/target:rw,Z" "-v" "/var/lib/crater-agent-workspace/builds/worker-0/source:/opt/rustwide/workdir:ro,Z" "-v" "/var/lib/crater-agent-workspace/cargo-home:/opt/rustwide/cargo-home:ro,Z" "-v" "/var/lib/crater-agent-workspace/rustup-home:/opt/rustwide/rustup-home:ro,Z" "-e" "SOURCE_DIR=/opt/rustwide/workdir" "-e" "CARGO_TARGET_DIR=/opt/rustwide/target" "-e" "CARGO_HOME=/opt/rustwide/cargo-home" "-e" "RUSTUP_HOME=/opt/rustwide/rustup-home" "-w" "/opt/rustwide/workdir" "-m" "1610612736" "--user" "0:0" "--network" "none" "ghcr.io/rust-lang/crates-build-env/linux@sha256:34b6a614d2c27851fe6cbf88fbd1137609cefab8b10d0615aaeb6fd47975d74e" "/opt/rustwide/cargo-home/bin/cargo" "+1.54.0" "metadata" "--no-deps" "--format-version=1", kill_on_drop: false }`
[INFO] [stdout] 17eaf335688c6fbb7c2a77a492118c9d83f8bfc2726e740a9470ad4715a6539a
[INFO] [stderr] WARNING: Your kernel does not support swap limit capabilities or the cgroup is not mounted. Memory limited without swap.
[INFO] running `Command { std: "docker" "start" "-a" "17eaf335688c6fbb7c2a77a492118c9d83f8bfc2726e740a9470ad4715a6539a", kill_on_drop: false }`
[INFO] running `Command { std: "docker" "inspect" "17eaf335688c6fbb7c2a77a492118c9d83f8bfc2726e740a9470ad4715a6539a", kill_on_drop: false }`
[INFO] running `Command { std: "docker" "rm" "-f" "17eaf335688c6fbb7c2a77a492118c9d83f8bfc2726e740a9470ad4715a6539a", kill_on_drop: false }`
[INFO] [stdout] 17eaf335688c6fbb7c2a77a492118c9d83f8bfc2726e740a9470ad4715a6539a
[INFO] running `Command { std: "docker" "create" "-v" "/var/lib/crater-agent-workspace/builds/worker-0/target:/opt/rustwide/target:rw,Z" "-v" "/var/lib/crater-agent-workspace/builds/worker-0/source:/opt/rustwide/workdir:ro,Z" "-v" "/var/lib/crater-agent-workspace/cargo-home:/opt/rustwide/cargo-home:ro,Z" "-v" "/var/lib/crater-agent-workspace/rustup-home:/opt/rustwide/rustup-home:ro,Z" "-e" "SOURCE_DIR=/opt/rustwide/workdir" "-e" "CARGO_TARGET_DIR=/opt/rustwide/target" "-e" "CARGO_INCREMENTAL=0" "-e" "RUST_BACKTRACE=full" "-e" "RUSTFLAGS=--cap-lints=warn" "-e" "CARGO_HOME=/opt/rustwide/cargo-home" "-e" "RUSTUP_HOME=/opt/rustwide/rustup-home" "-w" "/opt/rustwide/workdir" "-m" "1610612736" "--user" "0:0" "--network" "none" "ghcr.io/rust-lang/crates-build-env/linux@sha256:34b6a614d2c27851fe6cbf88fbd1137609cefab8b10d0615aaeb6fd47975d74e" "/opt/rustwide/cargo-home/bin/cargo" "+1.54.0" "build" "--frozen" "--message-format=json", kill_on_drop: false }`
[INFO] [stdout] 14d49377bf49739dafeb53af3d077450283f68136115058cc5b11b08df8534b1
[INFO] [stderr] WARNING: Your kernel does not support swap limit capabilities or the cgroup is not mounted. Memory limited without swap.
[INFO] running `Command { std: "docker" "start" "-a" "14d49377bf49739dafeb53af3d077450283f68136115058cc5b11b08df8534b1", kill_on_drop: false }`
[INFO] [stderr]    Compiling proc-macro2 v1.0.28
[INFO] [stderr]    Compiling bindgen v0.54.0
[INFO] [stderr]    Compiling lazycell v1.3.0
[INFO] [stderr]    Compiling peeking_take_while v0.1.2
[INFO] [stderr]    Compiling clang-sys v0.29.3
[INFO] [stderr]    Compiling libloading v0.5.2
[INFO] [stderr]    Compiling nom v5.1.2
[INFO] [stderr]    Compiling cmake v0.1.45
[INFO] [stderr]    Compiling which v3.1.1
[INFO] [stderr]    Compiling env_logger v0.7.1
[INFO] [stderr]    Compiling quote v1.0.9
[INFO] [stderr]    Compiling cexpr v0.4.0
[INFO] [stderr]    Compiling clingo-sys v0.6.0 (/opt/rustwide/workdir)
[INFO] [stdout] warning: panic message is not a string literal
[INFO] [stdout]   --> build.rs:14:24
[INFO] [stdout]    |
[INFO] [stdout] 14 |                 panic!(e);
[INFO] [stdout]    |                        ^
[INFO] [stdout]    |
[INFO] [stdout]    = note: `#[warn(non_fmt_panic)]` on by default
[INFO] [stdout]    = note: this is no longer accepted in Rust 2021
[INFO] [stdout] help: add a "{}" format string to Display the message
[INFO] [stdout]    |
[INFO] [stdout] 14 |                 panic!("{}", e);
[INFO] [stdout]    |                        ^^^^^
[INFO] [stdout] help: or use std::panic::panic_any instead
[INFO] [stdout]    |
[INFO] [stdout] 14 |                 std::panic::panic_any(e);
[INFO] [stdout]    |                 ^^^^^^^^^^^^^^^^^^^^^
[INFO] [stdout] 
[INFO] [stdout] 
[INFO] [stdout] warning: 1 warning emitted
[INFO] [stdout] 
[INFO] [stdout] 
[INFO] [stderr] error: failed to run custom build command for `clingo-sys v0.6.0 (/opt/rustwide/workdir)`
[INFO] [stderr] 
[INFO] [stderr] Caused by:
[INFO] [stderr]   process didn't exit successfully: `/opt/rustwide/target/debug/build/clingo-sys-831b7ab07f41c3bc/build-script-build` (exit status: 101)
[INFO] [stderr]   --- stdout
[INFO] [stderr]   running: "cmake" "/opt/rustwide/workdir/clingo" "-DCLINGO_BUILD_LIBRARY=ON" "-DCLINGO_NO_VISIBILITY=ON" "-DCLINGO_BUILD_APPS=OFF" "-DCLINGO_BUILD_STATIC=ON" "-DCMAKE_INSTALL_LIBDIR=lib" "-DCMAKE_INSTALL_PREFIX=/opt/rustwide/target/debug/build/clingo-sys-300d90ca5b3e51a1/out" "-DCMAKE_C_FLAGS= -ffunction-sections -fdata-sections -fPIC -m64" "-DCMAKE_C_COMPILER=/usr/bin/cc" "-DCMAKE_CXX_FLAGS= -ffunction-sections -fdata-sections -fPIC -m64" "-DCMAKE_CXX_COMPILER=/usr/bin/c++" "-DCMAKE_ASM_FLAGS= -ffunction-sections -fdata-sections -fPIC -m64" "-DCMAKE_ASM_COMPILER=/usr/bin/cc" "-DCMAKE_BUILD_TYPE=release"
[INFO] [stderr]   -- The C compiler identification is GNU 9.3.0
[INFO] [stderr]   -- The CXX compiler identification is GNU 9.3.0
[INFO] [stderr]   -- Check for working C compiler: /usr/bin/cc
[INFO] [stderr]   -- Check for working C compiler: /usr/bin/cc -- works
[INFO] [stderr]   -- Detecting C compiler ABI info
[INFO] [stderr]   -- Detecting C compiler ABI info - done
[INFO] [stderr]   -- Detecting C compile features
[INFO] [stderr]   -- Detecting C compile features - done
[INFO] [stderr]   -- Check for working CXX compiler: /usr/bin/c++
[INFO] [stderr]   -- Check for working CXX compiler: /usr/bin/c++ -- works
[INFO] [stderr]   -- Detecting CXX compiler ABI info
[INFO] [stderr]   -- Detecting CXX compiler ABI info - done
[INFO] [stderr]   -- Detecting CXX compile features
[INFO] [stderr]   -- Detecting CXX compile features - done
[INFO] [stderr]   -- Found Python: /usr/bin/python3.8 (found version "3.8.10") found components: Interpreter Development 
[INFO] [stderr]   -- Found Lua: /usr/lib/x86_64-linux-gnu/liblua5.3.so;/usr/lib/x86_64-linux-gnu/libm.so (found version "5.3.3") 
[INFO] [stderr]   -- Found BISON: /usr/bin/bison (found suitable version "3.5.1", minimum required is "2.5") 
[INFO] [stderr]   -- Found RE2C: /usr/bin/re2c (found suitable version "0.103.0", minimum required is "0.13") 
[INFO] [stderr]   -- Looking for pthread.h
[INFO] [stderr]   -- Looking for pthread.h - found
[INFO] [stderr]   -- Performing Test CMAKE_HAVE_LIBC_PTHREAD
[INFO] [stderr]   -- Performing Test CMAKE_HAVE_LIBC_PTHREAD - Failed
[INFO] [stderr]   -- Looking for pthread_create in pthreads
[INFO] [stderr]   -- Looking for pthread_create in pthreads - not found
[INFO] [stderr]   -- Looking for pthread_create in pthread
[INFO] [stderr]   -- Looking for pthread_create in pthread - found
[INFO] [stderr]   -- Found Threads: TRUE  
[INFO] [stderr]   -- Potassco is not installed - using local copy
[INFO] [stderr]   -- Could NOT find Doxygen (missing: DOXYGEN_EXECUTABLE) 
[INFO] [stderr]   -- Could NOT find Doxygen (missing: DOXYGEN_EXECUTABLE) 
[INFO] [stderr]   -- Configuring done
[INFO] [stderr]   -- Generating done
[INFO] [stderr]   -- Build files have been written to: /opt/rustwide/target/debug/build/clingo-sys-300d90ca5b3e51a1/out/build
[INFO] [stderr]   running: "cmake" "--build" "." "--target" "libclingo" "--config" "release" "--"
[INFO] [stderr]   Scanning dependencies of target libpotassco
[INFO] [stderr]   [  1%] Building CXX object clasp/libpotassco/src/CMakeFiles/libpotassco.dir/aspif.cpp.o
[INFO] [stderr]   [  2%] Building CXX object clasp/libpotassco/src/CMakeFiles/libpotassco.dir/application.cpp.o
[INFO] [stderr]   [  3%] Building CXX object clasp/libpotassco/src/CMakeFiles/libpotassco.dir/convert.cpp.o
[INFO] [stderr]   [  4%] Building CXX object clasp/libpotassco/src/CMakeFiles/libpotassco.dir/clingo.cpp.o
[INFO] [stderr]   [  5%] Building CXX object clasp/libpotassco/src/CMakeFiles/libpotassco.dir/aspif_text.cpp.o
[INFO] [stderr]   [  8%] Building CXX object clasp/libpotassco/src/CMakeFiles/libpotassco.dir/program_options.cpp.o
[INFO] [stderr]   [  6%] Building CXX object clasp/libpotassco/src/CMakeFiles/libpotassco.dir/match_basic_types.cpp.o
[INFO] [stderr]   [  9%] Building CXX object clasp/libpotassco/src/CMakeFiles/libpotassco.dir/theory_data.cpp.o
[INFO] [stderr]   [ 10%] Building CXX object clasp/libpotassco/src/CMakeFiles/libpotassco.dir/string_convert.cpp.o
[INFO] [stderr]   [ 11%] Building CXX object clasp/libpotassco/src/CMakeFiles/libpotassco.dir/smodels.cpp.o
[INFO] [stderr]   [ 12%] Building CXX object clasp/libpotassco/src/CMakeFiles/libpotassco.dir/value_store.cpp.o
[INFO] [stderr]   [ 13%] Building CXX object clasp/libpotassco/src/CMakeFiles/libpotassco.dir/rule_utils.cpp.o
[INFO] [stderr]   [ 15%] Linking CXX static library ../../../lib/libpotassco.a
[INFO] [stderr]   [ 15%] Built target libpotassco
[INFO] [stderr]   Scanning dependencies of target libreify
[INFO] [stderr]   [ 16%] Building CXX object libreify/CMakeFiles/libreify.dir/src/program.cc.o
[INFO] [stderr]   Scanning dependencies of target libclasp
[INFO] [stderr]   [ 17%] Building CXX object clasp/src/CMakeFiles/libclasp.dir/asp_preprocessor.cpp.o
[INFO] [stderr]   [ 18%] Building CXX object clasp/src/CMakeFiles/libclasp.dir/cb_enumerator.cpp.o
[INFO] [stderr]   [ 19%] Building CXX object clasp/src/CMakeFiles/libclasp.dir/clasp_facade.cpp.o
[INFO] [stderr]   [ 20%] Building CXX object clasp/src/CMakeFiles/libclasp.dir/clasp_options.cpp.o
[INFO] [stderr]   [ 22%] Building CXX object clasp/src/CMakeFiles/libclasp.dir/clause.cpp.o
[INFO] [stderr]   [ 23%] Building CXX object clasp/src/CMakeFiles/libclasp.dir/clasp_output.cpp.o
[INFO] [stderr]   [ 24%] Building CXX object clasp/src/CMakeFiles/libclasp.dir/constraint.cpp.o
[INFO] [stderr]   [ 25%] Building CXX object clasp/src/CMakeFiles/libclasp.dir/clingo.cpp.o
[INFO] [stderr]   [ 26%] Building CXX object clasp/src/CMakeFiles/libclasp.dir/enumerator.cpp.o
[INFO] [stderr]   [ 27%] Building CXX object clasp/src/CMakeFiles/libclasp.dir/dependency_graph.cpp.o
[INFO] [stderr]   [ 29%] Building CXX object clasp/src/CMakeFiles/libclasp.dir/logic_program.cpp.o
[INFO] [stderr]   [ 30%] Building CXX object clasp/src/CMakeFiles/libclasp.dir/heuristics.cpp.o
[INFO] [stderr]   [ 31%] Building CXX object clasp/src/CMakeFiles/libclasp.dir/logic_program_types.cpp.o
[INFO] [stderr]   [ 32%] Building CXX object clasp/src/CMakeFiles/libclasp.dir/lookahead.cpp.o
[INFO] [stderr]   [ 33%] Building CXX object clasp/src/CMakeFiles/libclasp.dir/minimize_constraint.cpp.o
[INFO] [stderr]   [ 34%] Building CXX object clasp/src/CMakeFiles/libclasp.dir/model_enumerators.cpp.o
[INFO] [stderr] 
[INFO] [stderr]   --- stderr
[INFO] [stderr]   CMake Warning:
[INFO] [stderr]     Manually-specified variables were not used by the project:
[INFO] [stderr] 
[INFO] [stderr]       CLINGO_BUILD_LIBRARY
[INFO] [stderr]       CLINGO_NO_VISIBILITY
[INFO] [stderr]       CMAKE_ASM_COMPILER
[INFO] [stderr]       CMAKE_ASM_FLAGS
[INFO] [stderr] 
[INFO] [stderr] 
[INFO] [stderr]   c++: fatal error: Killed signal terminated program cc1plus
[INFO] [stderr]   compilation terminated.
[INFO] [stderr]   make[3]: *** [clasp/src/CMakeFiles/libclasp.dir/build.make:167: clasp/src/CMakeFiles/libclasp.dir/dependency_graph.cpp.o] Error 1
[INFO] [stderr]   c++: fatal error: Killed signal terminated program cc1plus
[INFO] [stderr]   compilation terminated.
[INFO] [stderr]   make[3]: *** Waiting for unfinished jobs....
[INFO] [stderr]   make[3]: *** [clasp/src/CMakeFiles/libclasp.dir/build.make:219: clasp/src/CMakeFiles/libclasp.dir/logic_program_types.cpp.o] Error 1
[INFO] [stderr]   c++: fatal error: Killed signal terminated program cc1plus
[INFO] [stderr]   compilation terminated.
[INFO] [stderr]   make[3]: *** [libreify/CMakeFiles/libreify.dir/build.make:63: libreify/CMakeFiles/libreify.dir/src/program.cc.o] Error 1
[INFO] [stderr]   make[2]: *** [CMakeFiles/Makefile2:312: libreify/CMakeFiles/libreify.dir/all] Error 2
[INFO] [stderr]   make[2]: *** Waiting for unfinished jobs....
[INFO] [stderr]   c++: fatal error: Killed signal terminated program cc1plus
[INFO] [stderr]   compilation terminated.
[INFO] [stderr]   make[3]: *** [clasp/src/CMakeFiles/libclasp.dir/build.make:206: clasp/src/CMakeFiles/libclasp.dir/logic_program.cpp.o] Error 1
[INFO] [stderr]   c++: fatal error: Killed signal terminated program cc1plus
[INFO] [stderr]   compilation terminated.
[INFO] [stderr]   make[3]: *** [clasp/src/CMakeFiles/libclasp.dir/build.make:141: clasp/src/CMakeFiles/libclasp.dir/clingo.cpp.o] Error 1
[INFO] [stderr]   make[2]: *** [CMakeFiles/Makefile2:285: clasp/src/CMakeFiles/libclasp.dir/all] Error 2
[INFO] [stderr]   make[1]: *** [CMakeFiles/Makefile2:377: libclingo/CMakeFiles/libclingo.dir/rule] Error 2
[INFO] [stderr]   make: *** [Makefile:181: libclingo] Error 2
[INFO] [stderr]   thread 'main' panicked at '
[INFO] [stderr]   command did not execute successfully, got: exit status: 2
[INFO] [stderr] 
[INFO] [stderr]   build script failed, must exit now', /opt/rustwide/cargo-home/registry/src/github.com-1ecc6299db9ec823/cmake-0.1.45/src/lib.rs:894:5
[INFO] [stderr]   stack backtrace:
[INFO] [stderr]      0:     0x564b4a8d3db0 - std::backtrace_rs::backtrace::libunwind::trace::h34055254b57d8e79
[INFO] [stderr]                                  at /rustc/a178d0322ce20e33eac124758e837cbd80a6f633/library/std/src/../../backtrace/src/backtrace/libunwind.rs:90:5
[INFO] [stderr]      1:     0x564b4a8d3db0 - std::backtrace_rs::backtrace::trace_unsynchronized::h8f1e3fbd9afff6ec
[INFO] [stderr]                                  at /rustc/a178d0322ce20e33eac124758e837cbd80a6f633/library/std/src/../../backtrace/src/backtrace/mod.rs:66:5
[INFO] [stderr]      2:     0x564b4a8d3db0 - std::sys_common::backtrace::_print_fmt::h3a99a796b770c360
[INFO] [stderr]                                  at /rustc/a178d0322ce20e33eac124758e837cbd80a6f633/library/std/src/sys_common/backtrace.rs:67:5
[INFO] [stderr]      3:     0x564b4a8d3db0 - <std::sys_common::backtrace::_print::DisplayBacktrace as core::fmt::Display>::fmt::h32d1f94a80615d18
[INFO] [stderr]                                  at /rustc/a178d0322ce20e33eac124758e837cbd80a6f633/library/std/src/sys_common/backtrace.rs:46:22
[INFO] [stderr]      4:     0x564b4a8f3c3c - core::fmt::write::h306731c068f7162c
[INFO] [stderr]                                  at /rustc/a178d0322ce20e33eac124758e837cbd80a6f633/library/core/src/fmt/mod.rs:1110:17
[INFO] [stderr]      5:     0x564b4a8d0ba5 - std::io::Write::write_fmt::hd2fa90334eee2a21
[INFO] [stderr]                                  at /rustc/a178d0322ce20e33eac124758e837cbd80a6f633/library/std/src/io/mod.rs:1588:15
[INFO] [stderr]      6:     0x564b4a8d63fb - std::sys_common::backtrace::_print::h5abaa2601a852287
[INFO] [stderr]                                  at /rustc/a178d0322ce20e33eac124758e837cbd80a6f633/library/std/src/sys_common/backtrace.rs:49:5
[INFO] [stderr]      7:     0x564b4a8d63fb - std::sys_common::backtrace::print::h8d81445442bb638f
[INFO] [stderr]                                  at /rustc/a178d0322ce20e33eac124758e837cbd80a6f633/library/std/src/sys_common/backtrace.rs:36:9
[INFO] [stderr]      8:     0x564b4a8d63fb - std::panicking::default_hook::{{closure}}::hcfe804496a9fa747
[INFO] [stderr]                                  at /rustc/a178d0322ce20e33eac124758e837cbd80a6f633/library/std/src/panicking.rs:208:50
[INFO] [stderr]      9:     0x564b4a8d5ed1 - std::panicking::default_hook::hbea8e3ccf2ba8901
[INFO] [stderr]                                  at /rustc/a178d0322ce20e33eac124758e837cbd80a6f633/library/std/src/panicking.rs:225:9
[INFO] [stderr]     10:     0x564b4a8d6ac4 - std::panicking::rust_panic_with_hook::h7ee9e1a2d0f8975a
[INFO] [stderr]                                  at /rustc/a178d0322ce20e33eac124758e837cbd80a6f633/library/std/src/panicking.rs:622:17
[INFO] [stderr]     11:     0x564b4a8d65a7 - std::panicking::begin_panic_handler::{{closure}}::h8ab3b4491718b2c7
[INFO] [stderr]                                  at /rustc/a178d0322ce20e33eac124758e837cbd80a6f633/library/std/src/panicking.rs:519:13
[INFO] [stderr]     12:     0x564b4a8d42ac - std::sys_common::backtrace::__rust_end_short_backtrace::hd489062ffa586a9f
[INFO] [stderr]                                  at /rustc/a178d0322ce20e33eac124758e837cbd80a6f633/library/std/src/sys_common/backtrace.rs:141:18
[INFO] [stderr]     13:     0x564b4a8d6509 - rust_begin_unwind
[INFO] [stderr]                                  at /rustc/a178d0322ce20e33eac124758e837cbd80a6f633/library/std/src/panicking.rs:515:5
[INFO] [stderr]     14:     0x564b4a854beb - std::panicking::begin_panic_fmt::h5479575e112541f8
[INFO] [stderr]                                  at /rustc/a178d0322ce20e33eac124758e837cbd80a6f633/library/std/src/panicking.rs:457:5
[INFO] [stderr]     15:     0x564b4a85e8b3 - cmake::fail::ha1cc8d11909fbc7e
[INFO] [stderr]                                  at /opt/rustwide/cargo-home/registry/src/github.com-1ecc6299db9ec823/cmake-0.1.45/src/lib.rs:894:5
[INFO] [stderr]     16:     0x564b4a85e2c1 - cmake::run::hdc59bf284b822c8e
[INFO] [stderr]                                  at /opt/rustwide/cargo-home/registry/src/github.com-1ecc6299db9ec823/cmake-0.1.45/src/lib.rs:872:9
[INFO] [stderr]     17:     0x564b4a85bcf1 - cmake::Config::build::hf6738867fda55e0d
[INFO] [stderr]                                  at /opt/rustwide/cargo-home/registry/src/github.com-1ecc6299db9ec823/cmake-0.1.45/src/lib.rs:778:9
[INFO] [stderr]     18:     0x564b4a85639a - build_script_build::main::hd80e95c738a9f4a2
[INFO] [stderr]                                  at /opt/rustwide/workdir/build.rs:55:19
[INFO] [stderr]     19:     0x564b4a856a4b - core::ops::function::FnOnce::call_once::h02dd4f37da785183
[INFO] [stderr]                                  at /rustc/a178d0322ce20e33eac124758e837cbd80a6f633/library/core/src/ops/function.rs:227:5
[INFO] [stderr]     20:     0x564b4a85677e - std::sys_common::backtrace::__rust_begin_short_backtrace::h6370646bd8448dc5
[INFO] [stderr]                                  at /rustc/a178d0322ce20e33eac124758e837cbd80a6f633/library/std/src/sys_common/backtrace.rs:125:18
[INFO] [stderr]     21:     0x564b4a8568e1 - std::rt::lang_start::{{closure}}::h7ac14632be4a1bd1
[INFO] [stderr]                                  at /rustc/a178d0322ce20e33eac124758e837cbd80a6f633/library/std/src/rt.rs:49:18
[INFO] [stderr]     22:     0x564b4a8d6fc9 - core::ops::function::impls::<impl core::ops::function::FnOnce<A> for &F>::call_once::h2aabc384aab89b7b
[INFO] [stderr]                                  at /rustc/a178d0322ce20e33eac124758e837cbd80a6f633/library/core/src/ops/function.rs:259:13
[INFO] [stderr]     23:     0x564b4a8d6fc9 - std::panicking::try::do_call::hc5fcacb7a85fc7b1
[INFO] [stderr]                                  at /rustc/a178d0322ce20e33eac124758e837cbd80a6f633/library/std/src/panicking.rs:401:40
[INFO] [stderr]     24:     0x564b4a8d6fc9 - std::panicking::try::hb5d9603af3abbe3a
[INFO] [stderr]                                  at /rustc/a178d0322ce20e33eac124758e837cbd80a6f633/library/std/src/panicking.rs:365:19
[INFO] [stderr]     25:     0x564b4a8d6fc9 - std::panic::catch_unwind::h98fe6ac3925e64b4
[INFO] [stderr]                                  at /rustc/a178d0322ce20e33eac124758e837cbd80a6f633/library/std/src/panic.rs:434:14
[INFO] [stderr]     26:     0x564b4a8d6fc9 - std::rt::lang_start_internal::h22ac7383c516f93e
[INFO] [stderr]                                  at /rustc/a178d0322ce20e33eac124758e837cbd80a6f633/library/std/src/rt.rs:34:21
[INFO] [stderr]     27:     0x564b4a8568c0 - std::rt::lang_start::h5fadba68747c7803
[INFO] [stderr]                                  at /rustc/a178d0322ce20e33eac124758e837cbd80a6f633/library/std/src/rt.rs:48:5
[INFO] [stderr]     28:     0x564b4a8566ec - main
[INFO] [stderr]     29:     0x7fac29e7d0b3 - __libc_start_main
[INFO] [stderr]     30:     0x564b4a855a8e - _start
[INFO] [stderr]     31:                0x0 - <unknown>
[INFO] running `Command { std: "docker" "inspect" "14d49377bf49739dafeb53af3d077450283f68136115058cc5b11b08df8534b1", kill_on_drop: false }`
[INFO] running `Command { std: "docker" "rm" "-f" "14d49377bf49739dafeb53af3d077450283f68136115058cc5b11b08df8534b1", kill_on_drop: false }`
[INFO] [stdout] 14d49377bf49739dafeb53af3d077450283f68136115058cc5b11b08df8534b1
