[INFO] fetching crate ckb-tx-pool 0.100.0-rc2...
[INFO] testing ckb-tx-pool-0.100.0-rc2 against 1.54.0 for beta-1.55-1
[INFO] extracting crate ckb-tx-pool 0.100.0-rc2 into /workspace/builds/worker-1/source
[INFO] validating manifest of crates.io crate ckb-tx-pool 0.100.0-rc2 on toolchain 1.54.0
[INFO] running `Command { std: "/workspace/cargo-home/bin/cargo" "+1.54.0" "metadata" "--manifest-path" "Cargo.toml" "--no-deps", kill_on_drop: false }`
[INFO] started tweaking crates.io crate ckb-tx-pool 0.100.0-rc2
[INFO] finished tweaking crates.io crate ckb-tx-pool 0.100.0-rc2
[INFO] tweaked toml for crates.io crate ckb-tx-pool 0.100.0-rc2 written to /workspace/builds/worker-1/source/Cargo.toml
[INFO] running `Command { std: "/workspace/cargo-home/bin/cargo" "+1.54.0" "generate-lockfile" "--manifest-path" "Cargo.toml" "-Zno-index-update", kill_on_drop: false }`
[INFO] running `Command { std: "/workspace/cargo-home/bin/cargo" "+1.54.0" "fetch" "--manifest-path" "Cargo.toml", kill_on_drop: false }`
[INFO] [stderr]     Blocking waiting for file lock on package cache
[INFO] running `Command { std: "docker" "create" "-v" "/var/lib/crater-agent-workspace/builds/worker-1/target:/opt/rustwide/target:rw,Z" "-v" "/var/lib/crater-agent-workspace/builds/worker-1/source:/opt/rustwide/workdir:ro,Z" "-v" "/var/lib/crater-agent-workspace/cargo-home:/opt/rustwide/cargo-home:ro,Z" "-v" "/var/lib/crater-agent-workspace/rustup-home:/opt/rustwide/rustup-home:ro,Z" "-e" "SOURCE_DIR=/opt/rustwide/workdir" "-e" "CARGO_TARGET_DIR=/opt/rustwide/target" "-e" "CARGO_HOME=/opt/rustwide/cargo-home" "-e" "RUSTUP_HOME=/opt/rustwide/rustup-home" "-w" "/opt/rustwide/workdir" "-m" "1610612736" "--user" "0:0" "--network" "none" "ghcr.io/rust-lang/crates-build-env/linux@sha256:34b6a614d2c27851fe6cbf88fbd1137609cefab8b10d0615aaeb6fd47975d74e" "/opt/rustwide/cargo-home/bin/cargo" "+1.54.0" "metadata" "--no-deps" "--format-version=1", kill_on_drop: false }`
[INFO] [stdout] a908546e426915903ed14cbcb790abf624208d72169646db4b7ece1fbf567cb4
[INFO] [stderr] WARNING: Your kernel does not support swap limit capabilities or the cgroup is not mounted. Memory limited without swap.
[INFO] running `Command { std: "docker" "start" "-a" "a908546e426915903ed14cbcb790abf624208d72169646db4b7ece1fbf567cb4", kill_on_drop: false }`
[INFO] running `Command { std: "docker" "inspect" "a908546e426915903ed14cbcb790abf624208d72169646db4b7ece1fbf567cb4", kill_on_drop: false }`
[INFO] running `Command { std: "docker" "rm" "-f" "a908546e426915903ed14cbcb790abf624208d72169646db4b7ece1fbf567cb4", kill_on_drop: false }`
[INFO] [stdout] a908546e426915903ed14cbcb790abf624208d72169646db4b7ece1fbf567cb4
[INFO] running `Command { std: "docker" "create" "-v" "/var/lib/crater-agent-workspace/builds/worker-1/target:/opt/rustwide/target:rw,Z" "-v" "/var/lib/crater-agent-workspace/builds/worker-1/source:/opt/rustwide/workdir:ro,Z" "-v" "/var/lib/crater-agent-workspace/cargo-home:/opt/rustwide/cargo-home:ro,Z" "-v" "/var/lib/crater-agent-workspace/rustup-home:/opt/rustwide/rustup-home:ro,Z" "-e" "SOURCE_DIR=/opt/rustwide/workdir" "-e" "CARGO_TARGET_DIR=/opt/rustwide/target" "-e" "CARGO_INCREMENTAL=0" "-e" "RUST_BACKTRACE=full" "-e" "RUSTFLAGS=--cap-lints=warn" "-e" "CARGO_HOME=/opt/rustwide/cargo-home" "-e" "RUSTUP_HOME=/opt/rustwide/rustup-home" "-w" "/opt/rustwide/workdir" "-m" "1610612736" "--user" "0:0" "--network" "none" "ghcr.io/rust-lang/crates-build-env/linux@sha256:34b6a614d2c27851fe6cbf88fbd1137609cefab8b10d0615aaeb6fd47975d74e" "/opt/rustwide/cargo-home/bin/cargo" "+1.54.0" "build" "--frozen" "--message-format=json", kill_on_drop: false }`
[INFO] [stdout] fb1c26c0e260cb735ea9919e53b3e7172a8db6584af771bbd5ef0af7ff6f7bb9
[INFO] [stderr] WARNING: Your kernel does not support swap limit capabilities or the cgroup is not mounted. Memory limited without swap.
[INFO] running `Command { std: "docker" "start" "-a" "fb1c26c0e260cb735ea9919e53b3e7172a8db6584af771bbd5ef0af7ff6f7bb9", kill_on_drop: false }`
[INFO] [stderr]    Compiling serde v1.0.127
[INFO] [stderr]    Compiling faster-hex v0.6.0
[INFO] [stderr]    Compiling log v0.4.14
[INFO] [stderr]    Compiling heapsize v0.4.2
[INFO] [stderr]    Compiling bit-vec v0.5.1
[INFO] [stderr]    Compiling eaglesong v0.1.0
[INFO] [stderr]    Compiling ckb-constant v0.100.0-rc2
[INFO] [stderr]    Compiling tentacle-secio v0.5.0
[INFO] [stderr]    Compiling unsigned-varint v0.6.0
[INFO] [stderr]    Compiling bs58 v0.3.1
[INFO] [stderr]    Compiling metrics v0.12.1
[INFO] [stderr]    Compiling snap v1.0.5
[INFO] [stderr]    Compiling metrics-core v0.5.2
[INFO] [stderr]    Compiling path-clean v0.1.0
[INFO] [stderr]    Compiling ckb-build-info v0.100.0-rc2
[INFO] [stderr]    Compiling plain v0.2.3
[INFO] [stderr]    Compiling ckb-db-schema v0.100.0-rc2
[INFO] [stderr]    Compiling ckb-vm-definitions v0.20.0-rc2
[INFO] [stderr]    Compiling nohash-hasher v0.2.0
[INFO] [stderr]    Compiling ckb-script v0.100.0-rc2
[INFO] [stderr]    Compiling ckb-spawn v0.100.0-rc2
[INFO] [stderr]    Compiling arc-swap v0.4.8
[INFO] [stderr]    Compiling merkle-cbt v0.3.0
[INFO] [stderr]    Compiling tokio v1.9.0
[INFO] [stderr]    Compiling ahash v0.7.4
[INFO] [stderr]    Compiling xmltree v0.10.3
[INFO] [stderr]    Compiling jobserver v0.1.23
[INFO] [stderr]    Compiling fs2 v0.4.3
[INFO] [stderr]    Compiling mapr v0.8.0
[INFO] [stderr]    Compiling ckb-channel v0.100.0-rc2
[INFO] [stderr]    Compiling futures-channel v0.3.16
[INFO] [stderr]    Compiling flate2 v1.0.20
[INFO] [stderr]    Compiling rand_pcg v0.2.1
[INFO] [stderr]    Compiling thiserror-impl v1.0.26
[INFO] [stderr]    Compiling numext-constructor v0.1.6
[INFO] [stderr]    Compiling derive_more v0.99.16
[INFO] [stderr]    Compiling tokio-macros v1.3.0
[INFO] [stderr]    Compiling futures-macro v0.3.16
[INFO] [stderr]    Compiling scroll_derive v0.10.5
[INFO] [stderr]    Compiling phf_generator v0.7.24
[INFO] [stderr]    Compiling ckb-util v0.100.0-rc2
[INFO] [stderr]    Compiling cc v1.0.69
[INFO] [stderr]    Compiling ckb-metrics v0.100.0-rc2
[INFO] [stderr]    Compiling rand v0.7.3
[INFO] [stderr]    Compiling bloom-filters v0.1.2
[INFO] [stderr]    Compiling phf_codegen v0.7.24
[INFO] [stderr]    Compiling includedir v0.5.0
[INFO] [stderr]    Compiling includedir_codegen v0.5.0
[INFO] [stderr]    Compiling hashbrown v0.11.2
[INFO] [stderr]    Compiling lru v0.6.6
[INFO] [stderr]    Compiling blake2b-rs v0.1.5
[INFO] [stderr]    Compiling secp256k1-sys v0.3.0
[INFO] [stderr]    Compiling openssl-sys v0.9.65
[INFO] [stderr]    Compiling ring v0.16.20
[INFO] [stderr]    Compiling ckb-librocksdb-sys v6.20.3
[INFO] [stderr]    Compiling ckb-vm v0.20.0-rc2
[INFO] [stderr]    Compiling tempfile v3.1.0
[INFO] [stderr]    Compiling futures-util v0.3.16
[INFO] [stderr]    Compiling faketime v0.2.1
[INFO] [stderr]    Compiling scroll v0.10.2
[INFO] [stderr]    Compiling thiserror v1.0.26
[INFO] [stderr]    Compiling ckb-hash v0.100.0-rc2
[INFO] [stderr]    Compiling ckb-system-scripts v0.5.2
[INFO] [stderr]    Compiling openssl v0.10.35
[INFO] [stderr]    Compiling secp256k1 v0.19.0
[INFO] [stderr] error: could not compile `derive_more`
[INFO] [stderr] 
[INFO] [stderr] Caused by:
[INFO] [stderr]   process didn't exit successfully: `rustc --crate-name derive_more --edition=2018 /opt/rustwide/cargo-home/registry/src/github.com-1ecc6299db9ec823/derive_more-0.99.16/src/lib.rs --error-format=json --json=diagnostic-rendered-ansi --crate-type proc-macro --emit=dep-info,link -C prefer-dynamic -C embed-bitcode=no -C debuginfo=2 --cfg 'feature="add"' --cfg 'feature="add_assign"' --cfg 'feature="as_mut"' --cfg 'feature="as_ref"' --cfg 'feature="constructor"' --cfg 'feature="convert_case"' --cfg 'feature="default"' --cfg 'feature="deref"' --cfg 'feature="deref_mut"' --cfg 'feature="display"' --cfg 'feature="error"' --cfg 'feature="from"' --cfg 'feature="from_str"' --cfg 'feature="index"' --cfg 'feature="index_mut"' --cfg 'feature="into"' --cfg 'feature="into_iterator"' --cfg 'feature="is_variant"' --cfg 'feature="iterator"' --cfg 'feature="mul"' --cfg 'feature="mul_assign"' --cfg 'feature="not"' --cfg 'feature="rustc_version"' --cfg 'feature="sum"' --cfg 'feature="try_into"' --cfg 'feature="unwrap"' -C metadata=15c8881afb5cb69d -C extra-filename=-15c8881afb5cb69d --out-dir /opt/rustwide/target/debug/deps -L dependency=/opt/rustwide/target/debug/deps --extern convert_case=/opt/rustwide/target/debug/deps/libconvert_case-7aafe547bc5ceeeb.rlib --extern proc_macro2=/opt/rustwide/target/debug/deps/libproc_macro2-4ad853a01b52ac03.rlib --extern quote=/opt/rustwide/target/debug/deps/libquote-8388bbcd500a3679.rlib --extern syn=/opt/rustwide/target/debug/deps/libsyn-af19ed132474413e.rlib --extern proc_macro --cap-lints allow --cap-lints=warn` (signal: 9, SIGKILL: kill)
[INFO] [stderr] warning: build failed, waiting for other jobs to finish...
[INFO] [stderr] The following warnings were emitted during compilation:
[INFO] [stderr] 
[INFO] [stderr] warning: c++: fatal error: Killed signal terminated program cc1plus
[INFO] [stderr] warning: compilation terminated.
[INFO] [stderr] warning: c++: fatal error: Killed signal terminated program cc1plus
[INFO] [stderr] warning: compilation terminated.
[INFO] [stderr] warning: c++: fatal error: Killed signal terminated program cc1plus
[INFO] [stderr] warning: compilation terminated.
[INFO] [stderr] warning: c++: fatal error: Killed signal terminated program cc1plus
[INFO] [stderr] warning: compilation terminated.
[INFO] [stderr] warning: c++: fatal error: Killed signal terminated program cc1plus
[INFO] [stderr] warning: compilation terminated.
[INFO] [stderr] warning: c++: fatal error: Killed signal terminated program cc1plus
[INFO] [stderr] warning: compilation terminated.
[INFO] [stderr] warning: c++: fatal error: Killed signal terminated program cc1plus
[INFO] [stderr] warning: compilation terminated.
[INFO] [stderr] warning: c++: fatal error: Killed signal terminated program cc1plus
[INFO] [stderr] warning: compilation terminated.
[INFO] [stderr] warning: c++: fatal error: Killed signal terminated program cc1plus
[INFO] [stderr] warning: compilation terminated.
[INFO] [stderr] warning: c++: fatal error: Killed signal terminated program cc1plus
[INFO] [stderr] warning: compilation terminated.
[INFO] [stderr] 
[INFO] [stderr] error: build failed
[INFO] running `Command { std: "docker" "inspect" "fb1c26c0e260cb735ea9919e53b3e7172a8db6584af771bbd5ef0af7ff6f7bb9", kill_on_drop: false }`
[INFO] running `Command { std: "docker" "rm" "-f" "fb1c26c0e260cb735ea9919e53b3e7172a8db6584af771bbd5ef0af7ff6f7bb9", kill_on_drop: false }`
[INFO] [stdout] fb1c26c0e260cb735ea9919e53b3e7172a8db6584af771bbd5ef0af7ff6f7bb9
