[INFO] fetching crate ckb-shared 0.100.0-rc2...
[INFO] testing ckb-shared-0.100.0-rc2 against beta-2021-08-01 for beta-1.55-1
[INFO] extracting crate ckb-shared 0.100.0-rc2 into /workspace/builds/worker-0/source
[INFO] validating manifest of crates.io crate ckb-shared 0.100.0-rc2 on toolchain beta-2021-08-01
[INFO] running `Command { std: "/workspace/cargo-home/bin/cargo" "+beta-2021-08-01" "metadata" "--manifest-path" "Cargo.toml" "--no-deps", kill_on_drop: false }`
[INFO] started tweaking crates.io crate ckb-shared 0.100.0-rc2
[INFO] finished tweaking crates.io crate ckb-shared 0.100.0-rc2
[INFO] tweaked toml for crates.io crate ckb-shared 0.100.0-rc2 written to /workspace/builds/worker-0/source/Cargo.toml
[INFO] running `Command { std: "/workspace/cargo-home/bin/cargo" "+beta-2021-08-01" "generate-lockfile" "--manifest-path" "Cargo.toml" "-Zno-index-update", kill_on_drop: false }`
[INFO] running `Command { std: "/workspace/cargo-home/bin/cargo" "+beta-2021-08-01" "fetch" "--manifest-path" "Cargo.toml", kill_on_drop: false }`
[INFO] running `Command { std: "docker" "create" "-v" "/var/lib/crater-agent-workspace/builds/worker-0/target:/opt/rustwide/target:rw,Z" "-v" "/var/lib/crater-agent-workspace/builds/worker-0/source:/opt/rustwide/workdir:ro,Z" "-v" "/var/lib/crater-agent-workspace/cargo-home:/opt/rustwide/cargo-home:ro,Z" "-v" "/var/lib/crater-agent-workspace/rustup-home:/opt/rustwide/rustup-home:ro,Z" "-e" "SOURCE_DIR=/opt/rustwide/workdir" "-e" "CARGO_TARGET_DIR=/opt/rustwide/target" "-e" "CARGO_HOME=/opt/rustwide/cargo-home" "-e" "RUSTUP_HOME=/opt/rustwide/rustup-home" "-w" "/opt/rustwide/workdir" "-m" "1610612736" "--user" "0:0" "--network" "none" "ghcr.io/rust-lang/crates-build-env/linux@sha256:34b6a614d2c27851fe6cbf88fbd1137609cefab8b10d0615aaeb6fd47975d74e" "/opt/rustwide/cargo-home/bin/cargo" "+beta-2021-08-01" "metadata" "--no-deps" "--format-version=1", kill_on_drop: false }`
[INFO] [stdout] 30a86dbbd10afa7682db5aa87039687c218fc636850f6562bbff03d724767fed
[INFO] [stderr] WARNING: Your kernel does not support swap limit capabilities or the cgroup is not mounted. Memory limited without swap.
[INFO] running `Command { std: "docker" "start" "-a" "30a86dbbd10afa7682db5aa87039687c218fc636850f6562bbff03d724767fed", kill_on_drop: false }`
[INFO] running `Command { std: "docker" "inspect" "30a86dbbd10afa7682db5aa87039687c218fc636850f6562bbff03d724767fed", kill_on_drop: false }`
[INFO] running `Command { std: "docker" "rm" "-f" "30a86dbbd10afa7682db5aa87039687c218fc636850f6562bbff03d724767fed", kill_on_drop: false }`
[INFO] [stdout] 30a86dbbd10afa7682db5aa87039687c218fc636850f6562bbff03d724767fed
[INFO] running `Command { std: "docker" "create" "-v" "/var/lib/crater-agent-workspace/builds/worker-0/target:/opt/rustwide/target:rw,Z" "-v" "/var/lib/crater-agent-workspace/builds/worker-0/source:/opt/rustwide/workdir:ro,Z" "-v" "/var/lib/crater-agent-workspace/cargo-home:/opt/rustwide/cargo-home:ro,Z" "-v" "/var/lib/crater-agent-workspace/rustup-home:/opt/rustwide/rustup-home:ro,Z" "-e" "SOURCE_DIR=/opt/rustwide/workdir" "-e" "CARGO_TARGET_DIR=/opt/rustwide/target" "-e" "CARGO_INCREMENTAL=0" "-e" "RUST_BACKTRACE=full" "-e" "RUSTFLAGS=--cap-lints=warn" "-e" "CARGO_HOME=/opt/rustwide/cargo-home" "-e" "RUSTUP_HOME=/opt/rustwide/rustup-home" "-w" "/opt/rustwide/workdir" "-m" "1610612736" "--user" "0:0" "--network" "none" "ghcr.io/rust-lang/crates-build-env/linux@sha256:34b6a614d2c27851fe6cbf88fbd1137609cefab8b10d0615aaeb6fd47975d74e" "/opt/rustwide/cargo-home/bin/cargo" "+beta-2021-08-01" "build" "--frozen" "--message-format=json", kill_on_drop: false }`
[INFO] [stdout] bdf1536e38fc76b3cf5f67036f6326c9329b2f1e908cbc5da908dafdcb05466a
[INFO] [stderr] WARNING: Your kernel does not support swap limit capabilities or the cgroup is not mounted. Memory limited without swap.
[INFO] running `Command { std: "docker" "start" "-a" "bdf1536e38fc76b3cf5f67036f6326c9329b2f1e908cbc5da908dafdcb05466a", kill_on_drop: false }`
[INFO] [stderr]    Compiling nohash-hasher v0.2.0
[INFO] [stderr]    Compiling ckb-script v0.100.0-rc2
[INFO] [stderr]    Compiling ckb-vm-definitions v0.20.0-rc2
[INFO] [stderr]    Compiling ckb-spawn v0.100.0-rc2
[INFO] [stderr]    Compiling tokio v1.9.0
[INFO] [stderr]    Compiling xmltree v0.10.3
[INFO] [stderr]    Compiling ahash v0.7.4
[INFO] [stderr]    Compiling derive_more v0.99.16
[INFO] [stderr]    Compiling tokio-macros v1.3.0
[INFO] [stderr]    Compiling scroll_derive v0.10.5
[INFO] [stderr]    Compiling ckb-vm v0.20.0-rc2
[INFO] [stderr]    Compiling futures-util v0.3.16
[INFO] [stderr]    Compiling bytes v1.0.1
[INFO] [stderr]    Compiling log v0.4.14
[INFO] [stderr]    Compiling ckb-occupied-capacity-core v0.100.0-rc2
[INFO] [stderr]    Compiling ckb-fixed-hash-core v0.100.0-rc2
[INFO] [stderr]    Compiling serde_json v1.0.66
[INFO] [stderr]    Compiling toml v0.5.8
[INFO] [stderr]    Compiling ckb-logger-config v0.100.0-rc2
[INFO] [stderr]    Compiling serde_plain v0.3.0
[INFO] [stderr]    Compiling ipnetwork v0.14.0
[INFO] [stderr]    Compiling ckb-librocksdb-sys v6.20.3
[INFO] [stderr]    Compiling numext-fixed-uint-core v0.1.6
[INFO] [stderr]    Compiling mio v0.7.13
[INFO] [stderr]    Compiling ckb-logger v0.100.0-rc2
[INFO] [stderr]    Compiling ckb-metrics-config v0.100.0-rc2
[INFO] [stderr]    Compiling fail v0.4.0
[INFO] [stderr]    Compiling ckb-occupied-capacity-macros v0.100.0-rc2
[INFO] [stderr]    Compiling hashbrown v0.11.2
[INFO] [stderr]    Compiling ring v0.16.20
[INFO] [stderr]    Compiling tentacle-secio v0.5.0
[INFO] [stderr]    Compiling bloom-filters v0.1.2
[INFO] [stderr]    Compiling ckb-fixed-hash-macros v0.100.0-rc2
[INFO] [stderr]    Compiling molecule v0.7.1
[INFO] [stderr]    Compiling tentacle-multiaddr v0.3.0
[INFO] [stderr]    Compiling http v0.2.4
[INFO] [stderr]    Compiling ckb-system-scripts v0.5.2
[INFO] [stderr]    Compiling openssl v0.10.35
[INFO] [stderr]    Compiling lru v0.6.6
[INFO] [stderr]    Compiling ckb-occupied-capacity v0.100.0-rc2
[INFO] [stderr]    Compiling scroll v0.10.2
[INFO] [stderr]    Compiling ckb-fixed-hash v0.100.0-rc2
[INFO] [stderr]    Compiling ckb-crypto v0.100.0-rc2
[INFO] [stderr]    Compiling goblin v0.2.3
[INFO] [stderr]    Compiling goblin v0.4.0
[INFO] [stderr] error: could not compile `http`
[INFO] [stderr] 
[INFO] [stderr] Caused by:
[INFO] [stderr]   process didn't exit successfully: `rustc --crate-name http --edition=2018 /opt/rustwide/cargo-home/registry/src/github.com-1ecc6299db9ec823/http-0.2.4/src/lib.rs --error-format=json --json=diagnostic-rendered-ansi,artifacts --crate-type lib --emit=dep-info,metadata,link -C embed-bitcode=no -C debuginfo=2 -C metadata=4009baba96fd92ee -C extra-filename=-4009baba96fd92ee --out-dir /opt/rustwide/target/debug/deps -L dependency=/opt/rustwide/target/debug/deps --extern bytes=/opt/rustwide/target/debug/deps/libbytes-09a6ba3114e1ceba.rmeta --extern fnv=/opt/rustwide/target/debug/deps/libfnv-059813dc4f8dd4c8.rmeta --extern itoa=/opt/rustwide/target/debug/deps/libitoa-f0883342bffd153c.rmeta --cap-lints allow --cap-lints=warn` (signal: 9, SIGKILL: kill)
[INFO] [stderr] warning: build failed, waiting for other jobs to finish...
[INFO] [stderr] The following warnings were emitted during compilation:
[INFO] [stderr] 
[INFO] [stderr] warning: c++: fatal error: Killed signal terminated program cc1plus
[INFO] [stderr] warning: compilation terminated.
[INFO] [stderr] warning: c++: fatal error: Killed signal terminated program cc1plus
[INFO] [stderr] warning: compilation terminated.
[INFO] [stderr] warning: c++: fatal error: Killed signal terminated program cc1plus
[INFO] [stderr] warning: compilation terminated.
[INFO] [stderr] warning: c++: fatal error: Killed signal terminated program cc1plus
[INFO] [stderr] warning: compilation terminated.
[INFO] [stderr] warning: c++: fatal error: Killed signal terminated program cc1plus
[INFO] [stderr] warning: compilation terminated.
[INFO] [stderr] warning: c++: fatal error: Killed signal terminated program cc1plus
[INFO] [stderr] warning: compilation terminated.
[INFO] [stderr] warning: c++: fatal error: Killed signal terminated program cc1plus
[INFO] [stderr] warning: compilation terminated.
[INFO] [stderr] warning: c++: fatal error: Killed signal terminated program cc1plus
[INFO] [stderr] warning: compilation terminated.
[INFO] [stderr] 
[INFO] [stderr] error: build failed
[INFO] running `Command { std: "docker" "inspect" "bdf1536e38fc76b3cf5f67036f6326c9329b2f1e908cbc5da908dafdcb05466a", kill_on_drop: false }`
[INFO] running `Command { std: "docker" "rm" "-f" "bdf1536e38fc76b3cf5f67036f6326c9329b2f1e908cbc5da908dafdcb05466a", kill_on_drop: false }`
[INFO] [stdout] bdf1536e38fc76b3cf5f67036f6326c9329b2f1e908cbc5da908dafdcb05466a
