[INFO] fetching crate ckb-reward-calculator 0.100.0-rc2...
[INFO] testing ckb-reward-calculator-0.100.0-rc2 against 1.54.0 for beta-1.55-1
[INFO] extracting crate ckb-reward-calculator 0.100.0-rc2 into /workspace/builds/worker-4/source
[INFO] validating manifest of crates.io crate ckb-reward-calculator 0.100.0-rc2 on toolchain 1.54.0
[INFO] running `Command { std: "/workspace/cargo-home/bin/cargo" "+1.54.0" "metadata" "--manifest-path" "Cargo.toml" "--no-deps", kill_on_drop: false }`
[INFO] started tweaking crates.io crate ckb-reward-calculator 0.100.0-rc2
[INFO] finished tweaking crates.io crate ckb-reward-calculator 0.100.0-rc2
[INFO] tweaked toml for crates.io crate ckb-reward-calculator 0.100.0-rc2 written to /workspace/builds/worker-4/source/Cargo.toml
[INFO] running `Command { std: "/workspace/cargo-home/bin/cargo" "+1.54.0" "generate-lockfile" "--manifest-path" "Cargo.toml" "-Zno-index-update", kill_on_drop: false }`
[INFO] running `Command { std: "/workspace/cargo-home/bin/cargo" "+1.54.0" "fetch" "--manifest-path" "Cargo.toml", kill_on_drop: false }`
[INFO] running `Command { std: "docker" "create" "-v" "/var/lib/crater-agent-workspace/builds/worker-4/target:/opt/rustwide/target:rw,Z" "-v" "/var/lib/crater-agent-workspace/builds/worker-4/source:/opt/rustwide/workdir:ro,Z" "-v" "/var/lib/crater-agent-workspace/cargo-home:/opt/rustwide/cargo-home:ro,Z" "-v" "/var/lib/crater-agent-workspace/rustup-home:/opt/rustwide/rustup-home:ro,Z" "-e" "SOURCE_DIR=/opt/rustwide/workdir" "-e" "CARGO_TARGET_DIR=/opt/rustwide/target" "-e" "CARGO_HOME=/opt/rustwide/cargo-home" "-e" "RUSTUP_HOME=/opt/rustwide/rustup-home" "-w" "/opt/rustwide/workdir" "-m" "1610612736" "--user" "0:0" "--network" "none" "ghcr.io/rust-lang/crates-build-env/linux@sha256:34b6a614d2c27851fe6cbf88fbd1137609cefab8b10d0615aaeb6fd47975d74e" "/opt/rustwide/cargo-home/bin/cargo" "+1.54.0" "metadata" "--no-deps" "--format-version=1", kill_on_drop: false }`
[INFO] [stdout] ebab80b35938211604cc2933fda942f39346e4745de6450f9148760a467a34fb
[INFO] [stderr] WARNING: Your kernel does not support swap limit capabilities or the cgroup is not mounted. Memory limited without swap.
[INFO] running `Command { std: "docker" "start" "-a" "ebab80b35938211604cc2933fda942f39346e4745de6450f9148760a467a34fb", kill_on_drop: false }`
[INFO] running `Command { std: "docker" "inspect" "ebab80b35938211604cc2933fda942f39346e4745de6450f9148760a467a34fb", kill_on_drop: false }`
[INFO] running `Command { std: "docker" "rm" "-f" "ebab80b35938211604cc2933fda942f39346e4745de6450f9148760a467a34fb", kill_on_drop: false }`
[INFO] [stdout] ebab80b35938211604cc2933fda942f39346e4745de6450f9148760a467a34fb
[INFO] running `Command { std: "docker" "create" "-v" "/var/lib/crater-agent-workspace/builds/worker-4/target:/opt/rustwide/target:rw,Z" "-v" "/var/lib/crater-agent-workspace/builds/worker-4/source:/opt/rustwide/workdir:ro,Z" "-v" "/var/lib/crater-agent-workspace/cargo-home:/opt/rustwide/cargo-home:ro,Z" "-v" "/var/lib/crater-agent-workspace/rustup-home:/opt/rustwide/rustup-home:ro,Z" "-e" "SOURCE_DIR=/opt/rustwide/workdir" "-e" "CARGO_TARGET_DIR=/opt/rustwide/target" "-e" "CARGO_INCREMENTAL=0" "-e" "RUST_BACKTRACE=full" "-e" "RUSTFLAGS=--cap-lints=warn" "-e" "CARGO_HOME=/opt/rustwide/cargo-home" "-e" "RUSTUP_HOME=/opt/rustwide/rustup-home" "-w" "/opt/rustwide/workdir" "-m" "1610612736" "--user" "0:0" "--network" "none" "ghcr.io/rust-lang/crates-build-env/linux@sha256:34b6a614d2c27851fe6cbf88fbd1137609cefab8b10d0615aaeb6fd47975d74e" "/opt/rustwide/cargo-home/bin/cargo" "+1.54.0" "build" "--frozen" "--message-format=json", kill_on_drop: false }`
[INFO] [stderr] WARNING: Your kernel does not support swap limit capabilities or the cgroup is not mounted. Memory limited without swap.
[INFO] [stdout] 09da6a66a138422d819e4938c198ceacd389e778986ec29eb8f9784713b7824e
[INFO] running `Command { std: "docker" "start" "-a" "09da6a66a138422d819e4938c198ceacd389e778986ec29eb8f9784713b7824e", kill_on_drop: false }`
[INFO] [stderr]    Compiling tokio v1.9.0
[INFO] [stderr]    Compiling numext-constructor v0.1.6
[INFO] [stderr]    Compiling derive_more v0.99.16
[INFO] [stderr]    Compiling serde v1.0.127
[INFO] [stderr]    Compiling futures-util v0.3.16
[INFO] [stderr]    Compiling ckb-librocksdb-sys v6.20.3
[INFO] [stderr]    Compiling openssl v0.10.35
[INFO] [stderr] error: could not compile `serde`
[INFO] [stderr] 
[INFO] [stderr] Caused by:
[INFO] [stderr]   process didn't exit successfully: `rustc --crate-name serde /opt/rustwide/cargo-home/registry/src/github.com-1ecc6299db9ec823/serde-1.0.127/src/lib.rs --error-format=json --json=diagnostic-rendered-ansi,artifacts --crate-type lib --emit=dep-info,metadata,link -C embed-bitcode=no -C debuginfo=2 --cfg 'feature="alloc"' --cfg 'feature="default"' --cfg 'feature="derive"' --cfg 'feature="serde_derive"' --cfg 'feature="std"' -C metadata=00eee470a72dc778 -C extra-filename=-00eee470a72dc778 --out-dir /opt/rustwide/target/debug/deps -L dependency=/opt/rustwide/target/debug/deps --extern serde_derive=/opt/rustwide/target/debug/deps/libserde_derive-b3a09f7c8c863f51.so --cap-lints allow --cap-lints=warn --cfg ops_bound --cfg core_reverse --cfg de_boxed_c_str --cfg de_boxed_path --cfg de_rc_dst --cfg core_duration --cfg integer128 --cfg range_inclusive --cfg num_nonzero --cfg serde_derive --cfg core_try_from --cfg num_nonzero_signed --cfg systemtime_checked_add --cfg std_atomic64 --cfg std_atomic` (signal: 9, SIGKILL: kill)
[INFO] [stderr] warning: build failed, waiting for other jobs to finish...
[INFO] [stderr] The following warnings were emitted during compilation:
[INFO] [stderr] 
[INFO] [stderr] warning: c++: fatal error: Killed signal terminated program cc1plus
[INFO] [stderr] warning: compilation terminated.
[INFO] [stderr] warning: c++: fatal error: Killed signal terminated program cc1plus
[INFO] [stderr] warning: compilation terminated.
[INFO] [stderr] warning: c++: fatal error: Killed signal terminated program cc1plus
[INFO] [stderr] warning: compilation terminated.
[INFO] [stderr] warning: c++: fatal error: Killed signal terminated program cc1plus
[INFO] [stderr] warning: compilation terminated.
[INFO] [stderr] 
[INFO] [stderr] error: build failed
[INFO] running `Command { std: "docker" "inspect" "09da6a66a138422d819e4938c198ceacd389e778986ec29eb8f9784713b7824e", kill_on_drop: false }`
[INFO] running `Command { std: "docker" "rm" "-f" "09da6a66a138422d819e4938c198ceacd389e778986ec29eb8f9784713b7824e", kill_on_drop: false }`
[INFO] [stdout] 09da6a66a138422d819e4938c198ceacd389e778986ec29eb8f9784713b7824e
