[INFO] fetching crate ckb-freezer 0.100.0-rc2...
[INFO] testing ckb-freezer-0.100.0-rc2 against beta-2021-08-01 for beta-1.55-1
[INFO] extracting crate ckb-freezer 0.100.0-rc2 into /workspace/builds/worker-0/source
[INFO] validating manifest of crates.io crate ckb-freezer 0.100.0-rc2 on toolchain beta-2021-08-01
[INFO] running `Command { std: "/workspace/cargo-home/bin/cargo" "+beta-2021-08-01" "metadata" "--manifest-path" "Cargo.toml" "--no-deps", kill_on_drop: false }`
[INFO] started tweaking crates.io crate ckb-freezer 0.100.0-rc2
[INFO] removed 0 missing tests
[INFO] finished tweaking crates.io crate ckb-freezer 0.100.0-rc2
[INFO] tweaked toml for crates.io crate ckb-freezer 0.100.0-rc2 written to /workspace/builds/worker-0/source/Cargo.toml
[INFO] running `Command { std: "/workspace/cargo-home/bin/cargo" "+beta-2021-08-01" "generate-lockfile" "--manifest-path" "Cargo.toml" "-Zno-index-update", kill_on_drop: false }`
[INFO] running `Command { std: "/workspace/cargo-home/bin/cargo" "+beta-2021-08-01" "fetch" "--manifest-path" "Cargo.toml", kill_on_drop: false }`
[INFO] running `Command { std: "docker" "create" "-v" "/var/lib/crater-agent-workspace/builds/worker-0/target:/opt/rustwide/target:rw,Z" "-v" "/var/lib/crater-agent-workspace/builds/worker-0/source:/opt/rustwide/workdir:ro,Z" "-v" "/var/lib/crater-agent-workspace/cargo-home:/opt/rustwide/cargo-home:ro,Z" "-v" "/var/lib/crater-agent-workspace/rustup-home:/opt/rustwide/rustup-home:ro,Z" "-e" "SOURCE_DIR=/opt/rustwide/workdir" "-e" "CARGO_TARGET_DIR=/opt/rustwide/target" "-e" "CARGO_HOME=/opt/rustwide/cargo-home" "-e" "RUSTUP_HOME=/opt/rustwide/rustup-home" "-w" "/opt/rustwide/workdir" "-m" "1610612736" "--user" "0:0" "--network" "none" "ghcr.io/rust-lang/crates-build-env/linux@sha256:34b6a614d2c27851fe6cbf88fbd1137609cefab8b10d0615aaeb6fd47975d74e" "/opt/rustwide/cargo-home/bin/cargo" "+beta-2021-08-01" "metadata" "--no-deps" "--format-version=1", kill_on_drop: false }`
[INFO] [stdout] a429c8ebf49e34c299f38fa0b409adc9fec75e90000d80c62edbae98b36b4ca0
[INFO] [stderr] WARNING: Your kernel does not support swap limit capabilities or the cgroup is not mounted. Memory limited without swap.
[INFO] running `Command { std: "docker" "start" "-a" "a429c8ebf49e34c299f38fa0b409adc9fec75e90000d80c62edbae98b36b4ca0", kill_on_drop: false }`
[INFO] running `Command { std: "docker" "inspect" "a429c8ebf49e34c299f38fa0b409adc9fec75e90000d80c62edbae98b36b4ca0", kill_on_drop: false }`
[INFO] running `Command { std: "docker" "rm" "-f" "a429c8ebf49e34c299f38fa0b409adc9fec75e90000d80c62edbae98b36b4ca0", kill_on_drop: false }`
[INFO] [stdout] a429c8ebf49e34c299f38fa0b409adc9fec75e90000d80c62edbae98b36b4ca0
[INFO] running `Command { std: "docker" "create" "-v" "/var/lib/crater-agent-workspace/builds/worker-0/target:/opt/rustwide/target:rw,Z" "-v" "/var/lib/crater-agent-workspace/builds/worker-0/source:/opt/rustwide/workdir:ro,Z" "-v" "/var/lib/crater-agent-workspace/cargo-home:/opt/rustwide/cargo-home:ro,Z" "-v" "/var/lib/crater-agent-workspace/rustup-home:/opt/rustwide/rustup-home:ro,Z" "-e" "SOURCE_DIR=/opt/rustwide/workdir" "-e" "CARGO_TARGET_DIR=/opt/rustwide/target" "-e" "CARGO_INCREMENTAL=0" "-e" "RUST_BACKTRACE=full" "-e" "RUSTFLAGS=--cap-lints=warn" "-e" "CARGO_HOME=/opt/rustwide/cargo-home" "-e" "RUSTUP_HOME=/opt/rustwide/rustup-home" "-w" "/opt/rustwide/workdir" "-m" "1610612736" "--user" "0:0" "--network" "none" "ghcr.io/rust-lang/crates-build-env/linux@sha256:34b6a614d2c27851fe6cbf88fbd1137609cefab8b10d0615aaeb6fd47975d74e" "/opt/rustwide/cargo-home/bin/cargo" "+beta-2021-08-01" "build" "--frozen" "--message-format=json", kill_on_drop: false }`
[INFO] [stdout] a268d58d1d32ec8cf23a639bfc9d6ae6ae716e97199f8f96d73ef7a6b94847b8
[INFO] [stderr] WARNING: Your kernel does not support swap limit capabilities or the cgroup is not mounted. Memory limited without swap.
[INFO] running `Command { std: "docker" "start" "-a" "a268d58d1d32ec8cf23a639bfc9d6ae6ae716e97199f8f96d73ef7a6b94847b8", kill_on_drop: false }`
[INFO] [stderr]    Compiling getrandom v0.1.16
[INFO] [stderr]    Compiling ckb-logger v0.100.0-rc2
[INFO] [stderr]    Compiling serde_derive v1.0.127
[INFO] [stderr]    Compiling numext-constructor v0.1.6
[INFO] [stderr]    Compiling derive_more v0.99.16
[INFO] [stderr]    Compiling fail v0.4.0
[INFO] [stderr]    Compiling rand_core v0.5.1
[INFO] [stderr]    Compiling rand_chacha v0.2.2
[INFO] [stderr]    Compiling rand v0.7.3
[INFO] [stderr]    Compiling serde v1.0.127
[INFO] [stderr]    Compiling ckb-occupied-capacity-core v0.100.0-rc2
[INFO] [stderr]    Compiling numext-fixed-uint-core v0.1.6
[INFO] [stderr]    Compiling bytes v1.0.1
[INFO] [stderr]    Compiling ckb-fixed-hash-core v0.100.0-rc2
[INFO] [stderr]    Compiling ckb-occupied-capacity-macros v0.100.0-rc2
[INFO] [stderr]    Compiling molecule v0.7.1
[INFO] [stderr]    Compiling ckb-fixed-hash-macros v0.100.0-rc2
[INFO] [stderr]    Compiling ckb-occupied-capacity v0.100.0-rc2
[INFO] [stderr]    Compiling ckb-error v0.100.0-rc2
[INFO] [stderr]    Compiling ckb-fixed-hash v0.100.0-rc2
[INFO] [stderr]    Compiling numext-fixed-uint-hack v0.1.6
[INFO] [stderr]    Compiling numext-fixed-uint v0.1.6
[INFO] [stderr]    Compiling ckb-rational v0.100.0-rc2
[INFO] [stderr]    Compiling ckb-types v0.100.0-rc2
[INFO] [stderr]    Compiling ckb-freezer v0.100.0-rc2 (/opt/rustwide/workdir)
[INFO] [stderr]     Finished dev [unoptimized + debuginfo] target(s) in 52.03s
[INFO] running `Command { std: "docker" "inspect" "a268d58d1d32ec8cf23a639bfc9d6ae6ae716e97199f8f96d73ef7a6b94847b8", kill_on_drop: false }`
[INFO] running `Command { std: "docker" "rm" "-f" "a268d58d1d32ec8cf23a639bfc9d6ae6ae716e97199f8f96d73ef7a6b94847b8", kill_on_drop: false }`
[INFO] [stdout] a268d58d1d32ec8cf23a639bfc9d6ae6ae716e97199f8f96d73ef7a6b94847b8
[INFO] running `Command { std: "docker" "create" "-v" "/var/lib/crater-agent-workspace/builds/worker-0/target:/opt/rustwide/target:rw,Z" "-v" "/var/lib/crater-agent-workspace/builds/worker-0/source:/opt/rustwide/workdir:ro,Z" "-v" "/var/lib/crater-agent-workspace/cargo-home:/opt/rustwide/cargo-home:ro,Z" "-v" "/var/lib/crater-agent-workspace/rustup-home:/opt/rustwide/rustup-home:ro,Z" "-e" "SOURCE_DIR=/opt/rustwide/workdir" "-e" "CARGO_TARGET_DIR=/opt/rustwide/target" "-e" "CARGO_INCREMENTAL=0" "-e" "RUST_BACKTRACE=full" "-e" "RUSTFLAGS=--cap-lints=warn" "-e" "CARGO_HOME=/opt/rustwide/cargo-home" "-e" "RUSTUP_HOME=/opt/rustwide/rustup-home" "-w" "/opt/rustwide/workdir" "-m" "1610612736" "--user" "0:0" "--network" "none" "ghcr.io/rust-lang/crates-build-env/linux@sha256:34b6a614d2c27851fe6cbf88fbd1137609cefab8b10d0615aaeb6fd47975d74e" "/opt/rustwide/cargo-home/bin/cargo" "+beta-2021-08-01" "test" "--frozen" "--no-run" "--message-format=json", kill_on_drop: false }`
[INFO] [stderr] WARNING: Your kernel does not support swap limit capabilities or the cgroup is not mounted. Memory limited without swap.
[INFO] [stdout] 2e22288aff39fb1fd8da1b61759ba76bf1ef10ed38a75afa3c6af3fadc465f27
[INFO] running `Command { std: "docker" "start" "-a" "2e22288aff39fb1fd8da1b61759ba76bf1ef10ed38a75afa3c6af3fadc465f27", kill_on_drop: false }`
[INFO] [stderr]    Compiling ckb-freezer v0.100.0-rc2 (/opt/rustwide/workdir)
[INFO] [stdout] error[E0433]: failed to resolve: use of undeclared crate or module `tempfile`
[INFO] [stdout]   --> src/tests.rs:12:29
[INFO] [stdout]    |
[INFO] [stdout] 12 |     let tempdir = tempfile::Builder::new().tempdir().unwrap();
[INFO] [stdout]    |                             ^^^^^^^ not found in `tempfile`
[INFO] [stdout]    |
[INFO] [stdout] help: consider importing one of these items
[INFO] [stdout]    |
[INFO] [stdout] 1  | use ckb_types::prelude::Builder;
[INFO] [stdout]    |
[INFO] [stdout] 1  | use crate::freezer::Builder;
[INFO] [stdout]    |
[INFO] [stdout] 1  | use std::thread::Builder;
[INFO] [stdout]    |
[INFO] [stdout] 
[INFO] [stdout] 
[INFO] [stdout] error[E0433]: failed to resolve: use of undeclared crate or module `tempfile`
[INFO] [stdout]   --> src/tests.rs:45:29
[INFO] [stdout]    |
[INFO] [stdout] 45 |     let tempdir = tempfile::Builder::new().tempdir().unwrap();
[INFO] [stdout]    |                             ^^^^^^^ not found in `tempfile`
[INFO] [stdout]    |
[INFO] [stdout] help: consider importing one of these items
[INFO] [stdout]    |
[INFO] [stdout] 1  | use ckb_types::prelude::Builder;
[INFO] [stdout]    |
[INFO] [stdout] 1  | use crate::freezer::Builder;
[INFO] [stdout]    |
[INFO] [stdout] 1  | use std::thread::Builder;
[INFO] [stdout]    |
[INFO] [stdout] 
[INFO] [stdout] 
[INFO] [stdout] error[E0433]: failed to resolve: use of undeclared crate or module `tempfile`
[INFO] [stdout]   --> src/tests.rs:75:29
[INFO] [stdout]    |
[INFO] [stdout] 75 |     let tempdir = tempfile::Builder::new().tempdir().unwrap();
[INFO] [stdout]    |                             ^^^^^^^ not found in `tempfile`
[INFO] [stdout]    |
[INFO] [stdout] help: consider importing one of these items
[INFO] [stdout]    |
[INFO] [stdout] 1  | use ckb_types::prelude::Builder;
[INFO] [stdout]    |
[INFO] [stdout] 1  | use crate::freezer::Builder;
[INFO] [stdout]    |
[INFO] [stdout] 1  | use std::thread::Builder;
[INFO] [stdout]    |
[INFO] [stdout] 
[INFO] [stdout] 
[INFO] [stdout] error[E0433]: failed to resolve: use of undeclared crate or module `tempfile`
[INFO] [stdout]    --> src/tests.rs:105:29
[INFO] [stdout]     |
[INFO] [stdout] 105 |     let tempdir = tempfile::Builder::new().tempdir().unwrap();
[INFO] [stdout]     |                             ^^^^^^^ not found in `tempfile`
[INFO] [stdout]     |
[INFO] [stdout] help: consider importing one of these items
[INFO] [stdout]     |
[INFO] [stdout] 1   | use ckb_types::prelude::Builder;
[INFO] [stdout]     |
[INFO] [stdout] 1   | use crate::freezer::Builder;
[INFO] [stdout]     |
[INFO] [stdout] 1   | use std::thread::Builder;
[INFO] [stdout]     |
[INFO] [stdout] 
[INFO] [stdout] 
[INFO] [stdout] error[E0433]: failed to resolve: use of undeclared crate or module `tempfile`
[INFO] [stdout]    --> src/tests.rs:156:29
[INFO] [stdout]     |
[INFO] [stdout] 156 |     let tempdir = tempfile::Builder::new().tempdir().unwrap();
[INFO] [stdout]     |                             ^^^^^^^ not found in `tempfile`
[INFO] [stdout]     |
[INFO] [stdout] help: consider importing one of these items
[INFO] [stdout]     |
[INFO] [stdout] 1   | use ckb_types::prelude::Builder;
[INFO] [stdout]     |
[INFO] [stdout] 1   | use crate::freezer::Builder;
[INFO] [stdout]     |
[INFO] [stdout] 1   | use std::thread::Builder;
[INFO] [stdout]     |
[INFO] [stdout] 
[INFO] [stdout] 
[INFO] [stdout] error[E0433]: failed to resolve: use of undeclared crate or module `tempfile`
[INFO] [stdout]    --> src/tests.rs:198:29
[INFO] [stdout]     |
[INFO] [stdout] 198 |     let tempdir = tempfile::Builder::new().tempdir().unwrap();
[INFO] [stdout]     |                             ^^^^^^^ not found in `tempfile`
[INFO] [stdout]     |
[INFO] [stdout] help: consider importing one of these items
[INFO] [stdout]     |
[INFO] [stdout] 1   | use ckb_types::prelude::Builder;
[INFO] [stdout]     |
[INFO] [stdout] 1   | use crate::freezer::Builder;
[INFO] [stdout]     |
[INFO] [stdout] 1   | use std::thread::Builder;
[INFO] [stdout]     |
[INFO] [stdout] 
[INFO] [stdout] 
[INFO] [stdout] error[E0433]: failed to resolve: use of undeclared crate or module `tempfile`
[INFO] [stdout]    --> src/tests.rs:261:29
[INFO] [stdout]     |
[INFO] [stdout] 261 |     let tempdir = tempfile::Builder::new().tempdir().unwrap();
[INFO] [stdout]     |                             ^^^^^^^ not found in `tempfile`
[INFO] [stdout]     |
[INFO] [stdout] help: consider importing one of these items
[INFO] [stdout]     |
[INFO] [stdout] 1   | use ckb_types::prelude::Builder;
[INFO] [stdout]     |
[INFO] [stdout] 1   | use crate::freezer::Builder;
[INFO] [stdout]     |
[INFO] [stdout] 1   | use std::thread::Builder;
[INFO] [stdout]     |
[INFO] [stdout] 
[INFO] [stdout] 
[INFO] [stdout] error: aborting due to 7 previous errors
[INFO] [stdout] 
[INFO] [stdout] 
[INFO] [stdout] For more information about this error, try `rustc --explain E0433`.
[INFO] [stdout] 
[INFO] [stderr] error: could not compile `ckb-freezer` due to 8 previous errors
[INFO] running `Command { std: "docker" "inspect" "2e22288aff39fb1fd8da1b61759ba76bf1ef10ed38a75afa3c6af3fadc465f27", kill_on_drop: false }`
[INFO] running `Command { std: "docker" "rm" "-f" "2e22288aff39fb1fd8da1b61759ba76bf1ef10ed38a75afa3c6af3fadc465f27", kill_on_drop: false }`
[INFO] [stdout] 2e22288aff39fb1fd8da1b61759ba76bf1ef10ed38a75afa3c6af3fadc465f27
