[INFO] fetching crate ckb-cli 0.43.0...
[INFO] testing ckb-cli-0.43.0 against beta-2021-08-01 for beta-1.55-1
[INFO] extracting crate ckb-cli 0.43.0 into /workspace/builds/worker-0/source
[INFO] validating manifest of crates.io crate ckb-cli 0.43.0 on toolchain beta-2021-08-01
[INFO] running `Command { std: "/workspace/cargo-home/bin/cargo" "+beta-2021-08-01" "metadata" "--manifest-path" "Cargo.toml" "--no-deps", kill_on_drop: false }`
[INFO] removed /workspace/builds/worker-0/source/rust-toolchain
[INFO] started tweaking crates.io crate ckb-cli 0.43.0
[INFO] finished tweaking crates.io crate ckb-cli 0.43.0
[INFO] tweaked toml for crates.io crate ckb-cli 0.43.0 written to /workspace/builds/worker-0/source/Cargo.toml
[INFO] crate crates.io crate ckb-cli 0.43.0 already has a lockfile, it will not be regenerated
[INFO] running `Command { std: "/workspace/cargo-home/bin/cargo" "+beta-2021-08-01" "fetch" "--manifest-path" "Cargo.toml", kill_on_drop: false }`
[INFO] [stderr]  Downloading crates ...
[INFO] [stderr]   Downloaded jsonrpc-client-transports v17.0.0
[INFO] [stderr]   Downloaded jsonrpc-core-client v17.0.0
[INFO] [stderr]   Downloaded jsonrpc-pubsub v17.0.0
[INFO] [stderr]   Downloaded jsonrpc-http-server v17.0.0
[INFO] [stderr]   Downloaded jsonrpc-derive v17.0.0
[INFO] [stderr]   Downloaded jsonrpc-server-utils v17.0.0
[INFO] [stderr]   Downloaded jsonrpc-core v17.0.0
[INFO] [stderr]   Downloaded ckb-build-info v0.43.0
[INFO] [stderr]   Downloaded ckb-util v0.43.0
[INFO] [stderr]   Downloaded ckb-cli-plugin-protocol v0.43.0
[INFO] running `Command { std: "docker" "create" "-v" "/var/lib/crater-agent-workspace/builds/worker-0/target:/opt/rustwide/target:rw,Z" "-v" "/var/lib/crater-agent-workspace/builds/worker-0/source:/opt/rustwide/workdir:ro,Z" "-v" "/var/lib/crater-agent-workspace/cargo-home:/opt/rustwide/cargo-home:ro,Z" "-v" "/var/lib/crater-agent-workspace/rustup-home:/opt/rustwide/rustup-home:ro,Z" "-e" "SOURCE_DIR=/opt/rustwide/workdir" "-e" "CARGO_TARGET_DIR=/opt/rustwide/target" "-e" "CARGO_HOME=/opt/rustwide/cargo-home" "-e" "RUSTUP_HOME=/opt/rustwide/rustup-home" "-w" "/opt/rustwide/workdir" "-m" "1610612736" "--user" "0:0" "--network" "none" "ghcr.io/rust-lang/crates-build-env/linux@sha256:34b6a614d2c27851fe6cbf88fbd1137609cefab8b10d0615aaeb6fd47975d74e" "/opt/rustwide/cargo-home/bin/cargo" "+beta-2021-08-01" "metadata" "--no-deps" "--format-version=1", kill_on_drop: false }`
[INFO] [stdout] 3f91733a14754977ba80b6534b995565d790d3aa36b769fc876a6c6b9afcdee0
[INFO] [stderr] WARNING: Your kernel does not support swap limit capabilities or the cgroup is not mounted. Memory limited without swap.
[INFO] running `Command { std: "docker" "start" "-a" "3f91733a14754977ba80b6534b995565d790d3aa36b769fc876a6c6b9afcdee0", kill_on_drop: false }`
[INFO] running `Command { std: "docker" "inspect" "3f91733a14754977ba80b6534b995565d790d3aa36b769fc876a6c6b9afcdee0", kill_on_drop: false }`
[INFO] running `Command { std: "docker" "rm" "-f" "3f91733a14754977ba80b6534b995565d790d3aa36b769fc876a6c6b9afcdee0", kill_on_drop: false }`
[INFO] [stdout] 3f91733a14754977ba80b6534b995565d790d3aa36b769fc876a6c6b9afcdee0
[INFO] running `Command { std: "docker" "create" "-v" "/var/lib/crater-agent-workspace/builds/worker-0/target:/opt/rustwide/target:rw,Z" "-v" "/var/lib/crater-agent-workspace/builds/worker-0/source:/opt/rustwide/workdir:ro,Z" "-v" "/var/lib/crater-agent-workspace/cargo-home:/opt/rustwide/cargo-home:ro,Z" "-v" "/var/lib/crater-agent-workspace/rustup-home:/opt/rustwide/rustup-home:ro,Z" "-e" "SOURCE_DIR=/opt/rustwide/workdir" "-e" "CARGO_TARGET_DIR=/opt/rustwide/target" "-e" "CARGO_INCREMENTAL=0" "-e" "RUST_BACKTRACE=full" "-e" "RUSTFLAGS=--cap-lints=warn" "-e" "CARGO_HOME=/opt/rustwide/cargo-home" "-e" "RUSTUP_HOME=/opt/rustwide/rustup-home" "-w" "/opt/rustwide/workdir" "-m" "1610612736" "--user" "0:0" "--network" "none" "ghcr.io/rust-lang/crates-build-env/linux@sha256:34b6a614d2c27851fe6cbf88fbd1137609cefab8b10d0615aaeb6fd47975d74e" "/opt/rustwide/cargo-home/bin/cargo" "+beta-2021-08-01" "build" "--frozen" "--message-format=json", kill_on_drop: false }`
[INFO] [stderr] WARNING: Your kernel does not support swap limit capabilities or the cgroup is not mounted. Memory limited without swap.
[INFO] [stdout] 8bb0ec1d300ff6958303a339938389672473b3cf9f3b55683c7b8d2246ca4cc7
[INFO] running `Command { std: "docker" "start" "-a" "8bb0ec1d300ff6958303a339938389672473b3cf9f3b55683c7b8d2246ca4cc7", kill_on_drop: false }`
[INFO] [stderr]    Compiling libc v0.2.94
[INFO] [stderr]    Compiling syn v1.0.72
[INFO] [stderr]    Compiling serde v1.0.126
[INFO] [stderr]    Compiling anyhow v1.0.40
[INFO] [stderr]    Compiling rustc-demangle v0.1.19
[INFO] [stderr]    Compiling ckb-script v0.43.0
[INFO] [stderr]    Compiling nix v0.13.1
[INFO] [stderr]    Compiling bech32 v0.6.0
[INFO] [stderr]    Compiling os_str_bytes v2.4.0
[INFO] [stderr]    Compiling unsigned-varint v0.2.3
[INFO] [stderr]    Compiling ckb-build-info v0.43.0
[INFO] [stderr]    Compiling numtoa v0.1.0
[INFO] [stderr]    Compiling utf8parse v0.1.1
[INFO] [stderr]    Compiling bs58 v0.2.5
[INFO] [stderr]    Compiling arrayref v0.3.6
[INFO] [stderr]    Compiling shell-words v0.1.0
[INFO] [stderr]    Compiling rand_core v0.3.1
[INFO] [stderr]    Compiling futures-util v0.3.15
[INFO] [stderr]    Compiling tokio v1.6.1
[INFO] [stderr]    Compiling bitcoin_hashes v0.3.2
[INFO] [stderr]    Compiling addr2line v0.15.1
[INFO] [stderr]    Compiling itertools v0.8.2
[INFO] [stderr]    Compiling rand_xorshift v0.1.1
[INFO] [stderr]    Compiling rand_isaac v0.1.1
[INFO] [stderr]    Compiling rand_hc v0.1.0
[INFO] [stderr]    Compiling unicode-normalization v0.1.17
[INFO] [stderr]    Compiling tracing v0.1.26
[INFO] [stderr]    Compiling ckb-logger v0.43.0
[INFO] [stderr]    Compiling bstr v0.2.16
[INFO] [stderr]    Compiling rand_chacha v0.1.1
[INFO] [stderr]    Compiling ckb-channel v0.43.0
[INFO] [stderr]    Compiling tiny-keccak v1.5.0
[INFO] [stderr]    Compiling proc-macro-error-attr v1.0.4
[INFO] [stderr]    Compiling ckb-cli v0.43.0 (/opt/rustwide/workdir)
[INFO] [stderr]    Compiling digest v0.8.1
[INFO] [stderr]    Compiling pbkdf2 v0.3.0
[INFO] [stderr]    Compiling ctr v0.6.0
[INFO] [stderr]    Compiling aes-soft v0.6.4
[INFO] [stderr]    Compiling sha2 v0.8.2
[INFO] [stderr]    Compiling hmac v0.7.1
[INFO] [stderr]    Compiling blake2 v0.8.1
[INFO] [stderr]    Compiling sha3 v0.8.2
[INFO] [stderr]    Compiling sha-1 v0.8.2
[INFO] [stderr]    Compiling globset v0.4.6
[INFO] [stderr]    Compiling aes-ctr v0.6.0
[INFO] [stderr]    Compiling jobserver v0.1.22
[INFO] [stderr]    Compiling getrandom v0.1.16
[INFO] [stderr]    Compiling num_cpus v1.13.0
[INFO] [stderr]    Compiling rand_os v0.1.3
[INFO] [stderr]    Compiling flate2 v1.0.20
[INFO] [stderr]    Compiling iovec v0.1.4
[INFO] [stderr]    Compiling mio v0.7.11
[INFO] [stderr]    Compiling net2 v0.2.37
[INFO] [stderr]    Compiling parking_lot_core v0.8.3
[INFO] [stderr]    Compiling socket2 v0.4.0
[INFO] [stderr]    Compiling mapr v0.8.0
[INFO] [stderr]    Compiling rand v0.5.6
[INFO] [stderr]    Compiling atty v0.2.14
[INFO] [stderr]    Compiling time v0.1.44
[INFO] [stderr]    Compiling socket2 v0.3.19
[INFO] [stderr]    Compiling termion v1.5.6
[INFO] [stderr]    Compiling dirs v1.0.5
[INFO] [stderr]    Compiling rpassword v3.0.2
[INFO] [stderr]    Compiling idna v0.2.3
[INFO] [stderr]    Compiling idna v0.1.5
[INFO] [stderr]    Compiling bytes v0.4.12
[INFO] [stderr]    Compiling cc v1.0.68
[INFO] [stderr]    Compiling rand v0.6.5
[INFO] [stderr]    Compiling rand_core v0.5.1
[INFO] [stderr]    Compiling parking_lot v0.11.1
[INFO] [stderr]    Compiling mio v0.6.23
[INFO] [stderr]    Compiling env_logger v0.6.2
[INFO] [stderr]    Compiling colored v1.9.3
[INFO] [stderr]    Compiling includedir v0.5.0
[INFO] [stderr]    Compiling chrono v0.4.19
[INFO] [stderr]    Compiling tui v0.6.2
[INFO] [stderr]    Compiling scrypt v0.2.0
[INFO] [stderr]    Compiling rand_pcg v0.2.1
[INFO] [stderr]    Compiling rand_chacha v0.2.2
[INFO] [stderr]    Compiling url v2.2.2
[INFO] [stderr]    Compiling ckb-util v0.43.0
[INFO] [stderr]    Compiling url v1.7.2
[INFO] [stderr]    Compiling tokio v0.2.25
[INFO] [stderr]    Compiling phf_generator v0.7.24
[INFO] [stderr]    Compiling uuid v0.7.4
[INFO] [stderr]    Compiling parity-multihash v0.1.3
[INFO] [stderr]    Compiling rand v0.7.3
[INFO] [stderr]    Compiling phf_codegen v0.7.24
[INFO] [stderr]    Compiling includedir_codegen v0.5.0
[INFO] [stderr]    Compiling blake2b-rs v0.1.5
[INFO] [stderr]    Compiling openssl-sys v0.9.63
[INFO] [stderr]    Compiling secp256k1-sys v0.3.0
[INFO] [stderr]    Compiling backtrace v0.3.59
[INFO] [stderr]    Compiling ckb-vm v0.19.4
[INFO] [stderr]    Compiling ckb-librocksdb-sys v6.11.6
[INFO] [stderr]    Compiling synstructure v0.12.4
[INFO] [stderr]    Compiling proc-macro-error v1.0.4
[INFO] [stderr]    Compiling rustyline v4.1.0
[INFO] [stderr]    Compiling tempfile v3.1.0
[INFO] [stderr]    Compiling openssl v0.10.34
[INFO] [stderr]    Compiling native-tls v0.2.7
[INFO] [stderr]    Compiling ckb-hash v0.43.0
[INFO] [stderr]    Compiling ckb-system-scripts v0.5.2
[INFO] [stderr]    Compiling tokio-util v0.3.1
[INFO] [stderr]    Compiling secp256k1 v0.19.0
[INFO] [stderr]    Compiling serde_derive v1.0.126
[INFO] [stderr]    Compiling thiserror-impl v1.0.25
[INFO] [stderr] error: could not compile `tokio`
[INFO] [stderr] 
[INFO] [stderr] Caused by:
[INFO] [stderr]   process didn't exit successfully: `rustc --crate-name tokio --edition=2018 /opt/rustwide/cargo-home/registry/src/github.com-1ecc6299db9ec823/tokio-0.2.25/src/lib.rs --error-format=json --json=diagnostic-rendered-ansi,artifacts --crate-type lib --emit=dep-info,metadata,link -C embed-bitcode=no -C debuginfo=2 --cfg 'feature="blocking"' --cfg 'feature="default"' --cfg 'feature="fnv"' --cfg 'feature="futures-core"' --cfg 'feature="io-driver"' --cfg 'feature="io-util"' --cfg 'feature="iovec"' --cfg 'feature="lazy_static"' --cfg 'feature="memchr"' --cfg 'feature="mio"' --cfg 'feature="num_cpus"' --cfg 'feature="rt-core"' --cfg 'feature="rt-threaded"' --cfg 'feature="slab"' --cfg 'feature="stream"' --cfg 'feature="sync"' --cfg 'feature="tcp"' --cfg 'feature="time"' -C metadata=2a112ca60cc3224d -C extra-filename=-2a112ca60cc3224d --out-dir /opt/rustwide/target/debug/deps -L dependency=/opt/rustwide/target/debug/deps --extern bytes=/opt/rustwide/target/debug/deps/libbytes-91dab7f8d12d1514.rmeta --extern fnv=/opt/rustwide/target/debug/deps/libfnv-059813dc4f8dd4c8.rmeta --extern futures_core=/opt/rustwide/target/debug/deps/libfutures_core-3cd1bd95e1a92c1d.rmeta --extern iovec=/opt/rustwide/target/debug/deps/libiovec-2541eb3f7c32b525.rmeta --extern lazy_static=/opt/rustwide/target/debug/deps/liblazy_static-e92083d5a39a8b50.rmeta --extern memchr=/opt/rustwide/target/debug/deps/libmemchr-fdb14ed691dc70dd.rmeta --extern mio=/opt/rustwide/target/debug/deps/libmio-b666381112cbefe2.rmeta --extern num_cpus=/opt/rustwide/target/debug/deps/libnum_cpus-33c5a25c6b5dc46e.rmeta --extern pin_project_lite=/opt/rustwide/target/debug/deps/libpin_project_lite-586d10315f254273.rmeta --extern slab=/opt/rustwide/target/debug/deps/libslab-8e79ea4545f35e4f.rmeta --cap-lints allow --cap-lints=warn` (signal: 9, SIGKILL: kill)
[INFO] [stderr] warning: build failed, waiting for other jobs to finish...
[INFO] [stderr] The following warnings were emitted during compilation:
[INFO] [stderr] 
[INFO] [stderr] warning: c++: fatal error: Killed signal terminated program cc1plus
[INFO] [stderr] warning: compilation terminated.
[INFO] [stderr] warning: c++: fatal error: Killed signal terminated program cc1plus
[INFO] [stderr] warning: compilation terminated.
[INFO] [stderr] warning: c++: fatal error: Killed signal terminated program cc1plus
[INFO] [stderr] warning: compilation terminated.
[INFO] [stderr] warning: c++: fatal error: Killed signal terminated program cc1plus
[INFO] [stderr] warning: compilation terminated.
[INFO] [stderr] warning: c++: fatal error: Killed signal terminated program cc1plus
[INFO] [stderr] warning: compilation terminated.
[INFO] [stderr] warning: c++: fatal error: Killed signal terminated program cc1plus
[INFO] [stderr] warning: compilation terminated.
[INFO] [stderr] warning: c++: fatal error: Killed signal terminated program cc1plus
[INFO] [stderr] warning: compilation terminated.
[INFO] [stderr] 
[INFO] [stderr] error: build failed
[INFO] running `Command { std: "docker" "inspect" "8bb0ec1d300ff6958303a339938389672473b3cf9f3b55683c7b8d2246ca4cc7", kill_on_drop: false }`
[INFO] running `Command { std: "docker" "rm" "-f" "8bb0ec1d300ff6958303a339938389672473b3cf9f3b55683c7b8d2246ca4cc7", kill_on_drop: false }`
[INFO] [stdout] 8bb0ec1d300ff6958303a339938389672473b3cf9f3b55683c7b8d2246ca4cc7
