[INFO] fetching crate ckb-cli-plugin-protocol 0.43.0...
[INFO] testing ckb-cli-plugin-protocol-0.43.0 against 1.54.0 for beta-1.55-1
[INFO] extracting crate ckb-cli-plugin-protocol 0.43.0 into /workspace/builds/worker-7/source
[INFO] validating manifest of crates.io crate ckb-cli-plugin-protocol 0.43.0 on toolchain 1.54.0
[INFO] running `Command { std: "/workspace/cargo-home/bin/cargo" "+1.54.0" "metadata" "--manifest-path" "Cargo.toml" "--no-deps", kill_on_drop: false }`
[INFO] started tweaking crates.io crate ckb-cli-plugin-protocol 0.43.0
[INFO] finished tweaking crates.io crate ckb-cli-plugin-protocol 0.43.0
[INFO] tweaked toml for crates.io crate ckb-cli-plugin-protocol 0.43.0 written to /workspace/builds/worker-7/source/Cargo.toml
[INFO] crate crates.io crate ckb-cli-plugin-protocol 0.43.0 already has a lockfile, it will not be regenerated
[INFO] running `Command { std: "/workspace/cargo-home/bin/cargo" "+1.54.0" "fetch" "--manifest-path" "Cargo.toml", kill_on_drop: false }`
[INFO] [stderr]     Blocking waiting for file lock on package cache
[INFO] running `Command { std: "docker" "create" "-v" "/var/lib/crater-agent-workspace/builds/worker-7/target:/opt/rustwide/target:rw,Z" "-v" "/var/lib/crater-agent-workspace/builds/worker-7/source:/opt/rustwide/workdir:ro,Z" "-v" "/var/lib/crater-agent-workspace/cargo-home:/opt/rustwide/cargo-home:ro,Z" "-v" "/var/lib/crater-agent-workspace/rustup-home:/opt/rustwide/rustup-home:ro,Z" "-e" "SOURCE_DIR=/opt/rustwide/workdir" "-e" "CARGO_TARGET_DIR=/opt/rustwide/target" "-e" "CARGO_HOME=/opt/rustwide/cargo-home" "-e" "RUSTUP_HOME=/opt/rustwide/rustup-home" "-w" "/opt/rustwide/workdir" "-m" "1610612736" "--user" "0:0" "--network" "none" "ghcr.io/rust-lang/crates-build-env/linux@sha256:34b6a614d2c27851fe6cbf88fbd1137609cefab8b10d0615aaeb6fd47975d74e" "/opt/rustwide/cargo-home/bin/cargo" "+1.54.0" "metadata" "--no-deps" "--format-version=1", kill_on_drop: false }`
[INFO] [stdout] 4b0c90453b7ce33f00a89d1a9466b62a2b2f00c806bc936e79ff6d5debf57818
[INFO] [stderr] WARNING: Your kernel does not support swap limit capabilities or the cgroup is not mounted. Memory limited without swap.
[INFO] running `Command { std: "docker" "start" "-a" "4b0c90453b7ce33f00a89d1a9466b62a2b2f00c806bc936e79ff6d5debf57818", kill_on_drop: false }`
[INFO] running `Command { std: "docker" "inspect" "4b0c90453b7ce33f00a89d1a9466b62a2b2f00c806bc936e79ff6d5debf57818", kill_on_drop: false }`
[INFO] running `Command { std: "docker" "rm" "-f" "4b0c90453b7ce33f00a89d1a9466b62a2b2f00c806bc936e79ff6d5debf57818", kill_on_drop: false }`
[INFO] [stdout] 4b0c90453b7ce33f00a89d1a9466b62a2b2f00c806bc936e79ff6d5debf57818
[INFO] running `Command { std: "docker" "create" "-v" "/var/lib/crater-agent-workspace/builds/worker-7/target:/opt/rustwide/target:rw,Z" "-v" "/var/lib/crater-agent-workspace/builds/worker-7/source:/opt/rustwide/workdir:ro,Z" "-v" "/var/lib/crater-agent-workspace/cargo-home:/opt/rustwide/cargo-home:ro,Z" "-v" "/var/lib/crater-agent-workspace/rustup-home:/opt/rustwide/rustup-home:ro,Z" "-e" "SOURCE_DIR=/opt/rustwide/workdir" "-e" "CARGO_TARGET_DIR=/opt/rustwide/target" "-e" "CARGO_INCREMENTAL=0" "-e" "RUST_BACKTRACE=full" "-e" "RUSTFLAGS=--cap-lints=warn" "-e" "CARGO_HOME=/opt/rustwide/cargo-home" "-e" "RUSTUP_HOME=/opt/rustwide/rustup-home" "-w" "/opt/rustwide/workdir" "-m" "1610612736" "--user" "0:0" "--network" "none" "ghcr.io/rust-lang/crates-build-env/linux@sha256:34b6a614d2c27851fe6cbf88fbd1137609cefab8b10d0615aaeb6fd47975d74e" "/opt/rustwide/cargo-home/bin/cargo" "+1.54.0" "build" "--frozen" "--message-format=json", kill_on_drop: false }`
[INFO] [stdout] 882bfe1217ec8899cfd15369c5e208c8ca80184b77fb6e38ce6b8e3c33ba8186
[INFO] [stderr] WARNING: Your kernel does not support swap limit capabilities or the cgroup is not mounted. Memory limited without swap.
[INFO] running `Command { std: "docker" "start" "-a" "882bfe1217ec8899cfd15369c5e208c8ca80184b77fb6e38ce6b8e3c33ba8186", kill_on_drop: false }`
[INFO] [stderr]    Compiling syn v1.0.73
[INFO] [stderr]    Compiling serde v1.0.126
[INFO] [stderr]    Compiling futures-channel v0.3.15
[INFO] [stderr]    Compiling futures-io v0.3.15
[INFO] [stderr]    Compiling subtle v1.0.0
[INFO] [stderr]    Compiling gimli v0.24.0
[INFO] [stderr]    Compiling ckb-script v0.43.0
[INFO] [stderr]    Compiling ckb-vm-definitions v0.19.4
[INFO] [stderr]    Compiling bech32 v0.6.0
[INFO] [stderr]    Compiling futures-util v0.3.15
[INFO] [stderr]    Compiling tokio v1.7.1
[INFO] [stderr]    Compiling bitcoin_hashes v0.3.2
[INFO] [stderr]    Compiling tracing v0.1.26
[INFO] [stderr]    Compiling getrandom v0.1.16
[INFO] [stderr]    Compiling rand_os v0.1.3
[INFO] [stderr]    Compiling num_cpus v1.13.0
[INFO] [stderr]    Compiling socket2 v0.4.0
[INFO] [stderr]    Compiling mapr v0.8.0
[INFO] [stderr]    Compiling time v0.1.44
[INFO] [stderr]    Compiling rand v0.5.6
[INFO] [stderr]    Compiling ckb-logger v0.43.0
[INFO] [stderr]    Compiling ckb-channel v0.43.0
[INFO] [stderr]    Compiling object v0.25.3
[INFO] [stderr]    Compiling rand_core v0.5.1
[INFO] [stderr]    Compiling rand v0.6.5
[INFO] [stderr]    Compiling crypto-mac v0.7.0
[INFO] [stderr]    Compiling digest v0.8.1
[INFO] [stderr]    Compiling cipher v0.2.5
[INFO] [stderr]    Compiling blake2b-rs v0.1.5
[INFO] [stderr]    Compiling openssl-sys v0.9.65
[INFO] [stderr]    Compiling secp256k1-sys v0.3.0
[INFO] [stderr]    Compiling backtrace v0.3.60
[INFO] [stderr]    Compiling ckb-vm v0.19.4
[INFO] [stderr]    Compiling ckb-librocksdb-sys v6.11.6
[INFO] [stderr]    Compiling includedir v0.5.0
[INFO] [stderr]    Compiling rand_chacha v0.2.2
[INFO] [stderr]    Compiling rand_pcg v0.2.1
[INFO] [stderr]    Compiling chrono v0.4.19
[INFO] [stderr]    Compiling sha2 v0.8.2
[INFO] [stderr]    Compiling hmac v0.7.1
[INFO] [stderr]    Compiling pbkdf2 v0.3.0
[INFO] [stderr]    Compiling aes-soft v0.6.4
[INFO] [stderr]    Compiling ctr v0.6.0
[INFO] [stderr]    Compiling rand v0.7.3
[INFO] [stderr]    Compiling phf_generator v0.7.24
[INFO] [stderr]    Compiling uuid v0.7.4
[INFO] [stderr]    Compiling scrypt v0.2.0
[INFO] [stderr]    Compiling aes-ctr v0.6.0
[INFO] [stderr]    Compiling phf_codegen v0.7.24
[INFO] [stderr]    Compiling openssl v0.10.35
[INFO] [stderr]    Compiling native-tls v0.2.7
[INFO] [stderr]    Compiling includedir_codegen v0.5.0
[INFO] [stderr]    Compiling ckb-hash v0.43.0
[INFO] [stderr]    Compiling tempfile v3.1.0
[INFO] [stderr]    Compiling ckb-system-scripts v0.5.2
[INFO] [stderr]    Compiling secp256k1 v0.19.0
[INFO] [stderr]    Compiling addr2line v0.15.2
[INFO] [stderr] error: could not compile `gimli`
[INFO] [stderr] 
[INFO] [stderr] Caused by:
[INFO] [stderr]   process didn't exit successfully: `rustc --crate-name gimli --edition=2018 /opt/rustwide/cargo-home/registry/src/github.com-1ecc6299db9ec823/gimli-0.24.0/src/lib.rs --error-format=json --json=diagnostic-rendered-ansi,artifacts --crate-type lib --emit=dep-info,metadata,link -C embed-bitcode=no -C debuginfo=2 --cfg 'feature="read"' -C metadata=47451abe0099b759 -C extra-filename=-47451abe0099b759 --out-dir /opt/rustwide/target/debug/deps -L dependency=/opt/rustwide/target/debug/deps --cap-lints allow --cap-lints=warn` (signal: 9, SIGKILL: kill)
[INFO] [stderr] warning: build failed, waiting for other jobs to finish...
[INFO] [stderr] The following warnings were emitted during compilation:
[INFO] [stderr] 
[INFO] [stderr] warning: c++: fatal error: Killed signal terminated program cc1plus
[INFO] [stderr] warning: compilation terminated.
[INFO] [stderr] warning: c++: fatal error: Killed signal terminated program cc1plus
[INFO] [stderr] warning: compilation terminated.
[INFO] [stderr] warning: c++: fatal error: Killed signal terminated program cc1plus
[INFO] [stderr] warning: compilation terminated.
[INFO] [stderr] warning: c++: fatal error: Killed signal terminated program cc1plus
[INFO] [stderr] warning: compilation terminated.
[INFO] [stderr] warning: c++: fatal error: Killed signal terminated program cc1plus
[INFO] [stderr] warning: compilation terminated.
[INFO] [stderr] warning: c++: fatal error: Killed signal terminated program cc1plus
[INFO] [stderr] warning: compilation terminated.
[INFO] [stderr] warning: c++: fatal error: Killed signal terminated program cc1plus
[INFO] [stderr] warning: compilation terminated.
[INFO] [stderr] warning: c++: fatal error: Killed signal terminated program cc1plus
[INFO] [stderr] warning: compilation terminated.
[INFO] [stderr] warning: c++: fatal error: Killed signal terminated program cc1plus
[INFO] [stderr] warning: compilation terminated.
[INFO] [stderr] warning: c++: fatal error: Killed signal terminated program cc1plus
[INFO] [stderr] warning: compilation terminated.
[INFO] [stderr] 
[INFO] [stderr] error: build failed
[INFO] running `Command { std: "docker" "inspect" "882bfe1217ec8899cfd15369c5e208c8ca80184b77fb6e38ce6b8e3c33ba8186", kill_on_drop: false }`
[INFO] running `Command { std: "docker" "rm" "-f" "882bfe1217ec8899cfd15369c5e208c8ca80184b77fb6e38ce6b8e3c33ba8186", kill_on_drop: false }`
[INFO] [stdout] 882bfe1217ec8899cfd15369c5e208c8ca80184b77fb6e38ce6b8e3c33ba8186
