[INFO] fetching crate chemfiles-sys 0.10.1...
[INFO] testing chemfiles-sys-0.10.1 against 1.54.0 for beta-1.55-1
[INFO] extracting crate chemfiles-sys 0.10.1 into /workspace/builds/worker-0/source
[INFO] validating manifest of crates.io crate chemfiles-sys 0.10.1 on toolchain 1.54.0
[INFO] running `Command { std: "/workspace/cargo-home/bin/cargo" "+1.54.0" "metadata" "--manifest-path" "Cargo.toml" "--no-deps", kill_on_drop: false }`
[INFO] started tweaking crates.io crate chemfiles-sys 0.10.1
[INFO] finished tweaking crates.io crate chemfiles-sys 0.10.1
[INFO] tweaked toml for crates.io crate chemfiles-sys 0.10.1 written to /workspace/builds/worker-0/source/Cargo.toml
[INFO] running `Command { std: "/workspace/cargo-home/bin/cargo" "+1.54.0" "generate-lockfile" "--manifest-path" "Cargo.toml" "-Zno-index-update", kill_on_drop: false }`
[INFO] running `Command { std: "/workspace/cargo-home/bin/cargo" "+1.54.0" "fetch" "--manifest-path" "Cargo.toml", kill_on_drop: false }`
[INFO] running `Command { std: "docker" "create" "-v" "/var/lib/crater-agent-workspace/builds/worker-0/target:/opt/rustwide/target:rw,Z" "-v" "/var/lib/crater-agent-workspace/builds/worker-0/source:/opt/rustwide/workdir:ro,Z" "-v" "/var/lib/crater-agent-workspace/cargo-home:/opt/rustwide/cargo-home:ro,Z" "-v" "/var/lib/crater-agent-workspace/rustup-home:/opt/rustwide/rustup-home:ro,Z" "-e" "SOURCE_DIR=/opt/rustwide/workdir" "-e" "CARGO_TARGET_DIR=/opt/rustwide/target" "-e" "CARGO_HOME=/opt/rustwide/cargo-home" "-e" "RUSTUP_HOME=/opt/rustwide/rustup-home" "-w" "/opt/rustwide/workdir" "-m" "1610612736" "--user" "0:0" "--network" "none" "ghcr.io/rust-lang/crates-build-env/linux@sha256:34b6a614d2c27851fe6cbf88fbd1137609cefab8b10d0615aaeb6fd47975d74e" "/opt/rustwide/cargo-home/bin/cargo" "+1.54.0" "metadata" "--no-deps" "--format-version=1", kill_on_drop: false }`
[INFO] [stdout] f50cffdbbb893426eb9c082e23e240b049aa41f5be592f24bf1a355227012b09
[INFO] [stderr] WARNING: Your kernel does not support swap limit capabilities or the cgroup is not mounted. Memory limited without swap.
[INFO] running `Command { std: "docker" "start" "-a" "f50cffdbbb893426eb9c082e23e240b049aa41f5be592f24bf1a355227012b09", kill_on_drop: false }`
[INFO] running `Command { std: "docker" "inspect" "f50cffdbbb893426eb9c082e23e240b049aa41f5be592f24bf1a355227012b09", kill_on_drop: false }`
[INFO] running `Command { std: "docker" "rm" "-f" "f50cffdbbb893426eb9c082e23e240b049aa41f5be592f24bf1a355227012b09", kill_on_drop: false }`
[INFO] [stdout] f50cffdbbb893426eb9c082e23e240b049aa41f5be592f24bf1a355227012b09
[INFO] running `Command { std: "docker" "create" "-v" "/var/lib/crater-agent-workspace/builds/worker-0/target:/opt/rustwide/target:rw,Z" "-v" "/var/lib/crater-agent-workspace/builds/worker-0/source:/opt/rustwide/workdir:ro,Z" "-v" "/var/lib/crater-agent-workspace/cargo-home:/opt/rustwide/cargo-home:ro,Z" "-v" "/var/lib/crater-agent-workspace/rustup-home:/opt/rustwide/rustup-home:ro,Z" "-e" "SOURCE_DIR=/opt/rustwide/workdir" "-e" "CARGO_TARGET_DIR=/opt/rustwide/target" "-e" "CARGO_INCREMENTAL=0" "-e" "RUST_BACKTRACE=full" "-e" "RUSTFLAGS=--cap-lints=warn" "-e" "CARGO_HOME=/opt/rustwide/cargo-home" "-e" "RUSTUP_HOME=/opt/rustwide/rustup-home" "-w" "/opt/rustwide/workdir" "-m" "1610612736" "--user" "0:0" "--network" "none" "ghcr.io/rust-lang/crates-build-env/linux@sha256:34b6a614d2c27851fe6cbf88fbd1137609cefab8b10d0615aaeb6fd47975d74e" "/opt/rustwide/cargo-home/bin/cargo" "+1.54.0" "build" "--frozen" "--message-format=json", kill_on_drop: false }`
[INFO] [stdout] 4479ccc3ad738193b3a6f241dfc639f371f148a491f8f58c7c8dc48f7ca38cb2
[INFO] [stderr] WARNING: Your kernel does not support swap limit capabilities or the cgroup is not mounted. Memory limited without swap.
[INFO] running `Command { std: "docker" "start" "-a" "4479ccc3ad738193b3a6f241dfc639f371f148a491f8f58c7c8dc48f7ca38cb2", kill_on_drop: false }`
[INFO] [stderr]    Compiling cmake v0.1.45
[INFO] [stderr]    Compiling chemfiles-sys v0.10.1 (/opt/rustwide/workdir)
[INFO] [stderr] error: failed to run custom build command for `chemfiles-sys v0.10.1 (/opt/rustwide/workdir)`
[INFO] [stderr] 
[INFO] [stderr] Caused by:
[INFO] [stderr]   process didn't exit successfully: `/opt/rustwide/target/debug/build/chemfiles-sys-f58599c3f7ffaa45/build-script-build` (exit status: 101)
[INFO] [stderr]   --- stdout
[INFO] [stderr]   running: "cmake" "/opt/rustwide/workdir/." "-DCMAKE_INSTALL_PREFIX=/opt/rustwide/target/debug/build/chemfiles-sys-2a4e70397fe0d267/out" "-DCMAKE_C_FLAGS= -ffunction-sections -fdata-sections -fPIC -m64" "-DCMAKE_C_COMPILER=/usr/bin/cc" "-DCMAKE_CXX_FLAGS= -ffunction-sections -fdata-sections -fPIC -m64" "-DCMAKE_CXX_COMPILER=/usr/bin/c++" "-DCMAKE_ASM_FLAGS= -ffunction-sections -fdata-sections -fPIC -m64" "-DCMAKE_ASM_COMPILER=/usr/bin/cc" "-DCMAKE_BUILD_TYPE=Debug"
[INFO] [stderr]   -- The C compiler identification is GNU 9.3.0
[INFO] [stderr]   -- The CXX compiler identification is GNU 9.3.0
[INFO] [stderr]   -- Check for working C compiler: /usr/bin/cc
[INFO] [stderr]   -- Check for working C compiler: /usr/bin/cc -- works
[INFO] [stderr]   -- Detecting C compiler ABI info
[INFO] [stderr]   -- Detecting C compiler ABI info - done
[INFO] [stderr]   -- Detecting C compile features
[INFO] [stderr]   -- Detecting C compile features - done
[INFO] [stderr]   -- Check for working CXX compiler: /usr/bin/c++
[INFO] [stderr]   -- Check for working CXX compiler: /usr/bin/c++ -- works
[INFO] [stderr]   -- Detecting CXX compiler ABI info
[INFO] [stderr]   -- Detecting CXX compiler ABI info - done
[INFO] [stderr]   -- Detecting CXX compile features
[INFO] [stderr]   -- Detecting CXX compile features - done
[INFO] [stderr]   -- Unpacking zlib sources
[INFO] [stderr]   -- Unpacking lzma sources
[INFO] [stderr]   -- Check if the system is big endian
[INFO] [stderr]   -- Searching 16 bit integer
[INFO] [stderr]   -- Using unsigned short
[INFO] [stderr]   -- Check if the system is big endian - little endian
[INFO] [stderr]   -- Unpacking bzip2 sources
[INFO] [stderr]   -- Unpacking fmt sources
[INFO] [stderr]   -- Unpacking toml11 sources
[INFO] [stderr]   -- Unpacking netcdf sources
[INFO] [stderr]   -- Unpacking tng sources
[INFO] [stderr]   -- Check if the system is big endian
[INFO] [stderr]   -- Searching 16 bit integer
[INFO] [stderr]   -- Using unsigned short
[INFO] [stderr]   -- Check if the system is big endian - little endian
[INFO] [stderr]   -- Unpacking molfiles sources
[INFO] [stderr]   -- Unpacking mmtf-cpp sources
[INFO] [stderr]   -- Unpacking pugixml sources
[INFO] [stderr]   -- Unpacking xdrfile sources
[INFO] [stderr]   -- Unpacking gemmi sources
[INFO] [stderr]   -- Configuring done
[INFO] [stderr]   -- Generating done
[INFO] [stderr]   -- Build files have been written to: /opt/rustwide/target/debug/build/chemfiles-sys-2a4e70397fe0d267/out/build
[INFO] [stderr]   running: "cmake" "--build" "." "--target" "install" "--config" "Debug" "--"
[INFO] [stderr]   Scanning dependencies of target pugixml
[INFO] [stderr]   Scanning dependencies of target xdrfile
[INFO] [stderr]   Scanning dependencies of target zlib
[INFO] [stderr]   Scanning dependencies of target bzip2
[INFO] [stderr]   [  0%] Building C object chemfiles/external/xdrfile/CMakeFiles/xdrfile.dir/src/xdrfile.c.o
[INFO] [stderr]   [  0%] Building C object chemfiles/external/zlib/CMakeFiles/zlib.dir/adler32.c.o
[INFO] [stderr]   [  0%] Building C object chemfiles/external/xdrfile/CMakeFiles/xdrfile.dir/src/xdrfile_trr.c.o
[INFO] [stderr]   [  0%] Building CXX object chemfiles/external/CMakeFiles/pugixml.dir/pugixml/src/pugixml.cpp.o
[INFO] [stderr]   [  0%] Building C object chemfiles/external/zlib/CMakeFiles/zlib.dir/crc32.c.o
[INFO] [stderr]   [  1%] Building C object chemfiles/external/xdrfile/CMakeFiles/xdrfile.dir/src/xdrfile_xtc.c.o
[INFO] [stderr]   [  2%] Building C object chemfiles/external/zlib/CMakeFiles/zlib.dir/deflate.c.o
[INFO] [stderr]   [  3%] Building C object chemfiles/external/zlib/CMakeFiles/zlib.dir/compress.c.o
[INFO] [stderr]   Scanning dependencies of target fmt
[INFO] [stderr]   [  3%] Building C object chemfiles/external/zlib/CMakeFiles/zlib.dir/gzclose.c.o
[INFO] [stderr]   [  4%] Building C object chemfiles/external/zlib/CMakeFiles/zlib.dir/gzlib.c.o
[INFO] [stderr]   [  4%] Building C object chemfiles/external/bzip2/CMakeFiles/bzip2.dir/blocksort.c.o
[INFO] [stderr]   Scanning dependencies of target tng_io
[INFO] [stderr]   [  5%] Building CXX object chemfiles/external/fmt/CMakeFiles/fmt.dir/src/format.cc.o
[INFO] [stderr]   Scanning dependencies of target netcdf
[INFO] [stderr]   Scanning dependencies of target lzma
[INFO] [stderr]   [  5%] Building C object chemfiles/external/zlib/CMakeFiles/zlib.dir/gzread.c.o
[INFO] [stderr]   [  6%] Building C object chemfiles/external/tng/CMakeFiles/tng_io.dir/src/compression/bwlzh.c.o
[INFO] [stderr]   [  6%] Building C object chemfiles/external/tng/CMakeFiles/tng_io.dir/src/compression/bwt.c.o
[INFO] [stderr]   [  6%] Building C object chemfiles/external/netcdf/CMakeFiles/netcdf.dir/liblib/nc_initialize.c.o
[INFO] [stderr]   [  6%] Building C object chemfiles/external/zlib/CMakeFiles/zlib.dir/gzwrite.c.o
[INFO] [stderr]   [  7%] Building C object chemfiles/external/lzma/CMakeFiles/lzma.dir/liblzma/check/check.c.o
[INFO] [stderr]   [  7%] Building C object chemfiles/external/zlib/CMakeFiles/zlib.dir/infback.c.o
[INFO] [stderr]   [  7%] Building CXX object chemfiles/external/fmt/CMakeFiles/fmt.dir/src/os.cc.o
[INFO] [stderr]   [  8%] Building C object chemfiles/external/zlib/CMakeFiles/zlib.dir/inflate.c.o
[INFO] [stderr]   [  9%] Building C object chemfiles/external/zlib/CMakeFiles/zlib.dir/inftrees.c.o
[INFO] [stderr]   [  9%] Building C object chemfiles/external/tng/CMakeFiles/tng_io.dir/src/compression/coder.c.o
[INFO] [stderr]   [ 10%] Building C object chemfiles/external/netcdf/CMakeFiles/netcdf.dir/libsrc/attr.c.o
[INFO] [stderr]   [ 10%] Building C object chemfiles/external/zlib/CMakeFiles/zlib.dir/inffast.c.o
[INFO] [stderr]   [ 10%] Building C object chemfiles/external/bzip2/CMakeFiles/bzip2.dir/huffman.c.o
[INFO] [stderr]   [ 10%] Built target xdrfile
[INFO] [stderr]   [ 11%] Building C object chemfiles/external/tng/CMakeFiles/tng_io.dir/src/compression/dict.c.o
[INFO] [stderr]   [ 11%] Building C object chemfiles/external/netcdf/CMakeFiles/netcdf.dir/libsrc/dim.c.o
[INFO] [stderr]   [ 11%] Building C object chemfiles/external/tng/CMakeFiles/tng_io.dir/src/compression/fixpoint.c.o
[INFO] [stderr]   [ 11%] Building C object chemfiles/external/lzma/CMakeFiles/lzma.dir/liblzma/check/crc32_fast.c.o
[INFO] [stderr]   [ 11%] Building C object chemfiles/external/zlib/CMakeFiles/zlib.dir/uncompr.c.o
[INFO] [stderr]   [ 12%] Building C object chemfiles/external/zlib/CMakeFiles/zlib.dir/trees.c.o
[INFO] [stderr]   Scanning dependencies of target molfiles
[INFO] [stderr]   [ 13%] Building C object chemfiles/external/bzip2/CMakeFiles/bzip2.dir/crctable.c.o
[INFO] [stderr]   [ 13%] Building C object chemfiles/external/molfiles/CMakeFiles/molfiles.dir/src/dcdplugin.c.o
[INFO] [stderr]   Scanning dependencies of target chemfiles_objects
[INFO] [stderr]   [ 14%] Building C object chemfiles/external/tng/CMakeFiles/tng_io.dir/src/compression/huffman.c.o
[INFO] [stderr]   [ 15%] Building C object chemfiles/external/zlib/CMakeFiles/zlib.dir/zutil.c.o
[INFO] [stderr]   [ 16%] Building CXX object chemfiles/external/molfiles/CMakeFiles/molfiles.dir/src/gromacsplugin.cxx.o
[INFO] [stderr]   [ 16%] Building C object chemfiles/external/molfiles/CMakeFiles/molfiles.dir/src/lammpsplugin.c.o
[INFO] [stderr]   [ 17%] Building C object chemfiles/external/netcdf/CMakeFiles/netcdf.dir/libsrc/lookup3.c.o
[INFO] [stderr]   [ 17%] Building C object chemfiles/external/bzip2/CMakeFiles/bzip2.dir/randtable.c.o
[INFO] [stderr]   [ 18%] Building C object chemfiles/external/lzma/CMakeFiles/lzma.dir/liblzma/check/crc32_table.c.o
[INFO] [stderr]   [ 18%] Building C object chemfiles/external/tng/CMakeFiles/tng_io.dir/src/compression/huffmem.c.o
[INFO] [stderr]   [ 18%] Building CXX object chemfiles/CMakeFiles/chemfiles_objects.dir/src/Atom.cpp.o
[INFO] [stderr]   [ 19%] Building C object chemfiles/external/bzip2/CMakeFiles/bzip2.dir/compress.c.o
[INFO] [stderr]   [ 19%] Building C object chemfiles/external/bzip2/CMakeFiles/bzip2.dir/decompress.c.o
[INFO] [stderr]   [ 19%] Building C object chemfiles/external/netcdf/CMakeFiles/netcdf.dir/libsrc/memio.c.o
[INFO] [stderr]   [ 19%] Built target zlib
[INFO] [stderr]   [ 20%] Building C object chemfiles/external/bzip2/CMakeFiles/bzip2.dir/bzlib.c.o
[INFO] [stderr]   [ 20%] Building C object chemfiles/external/lzma/CMakeFiles/lzma.dir/liblzma/check/crc64_fast.c.o
[INFO] [stderr]   [ 20%] Building C object chemfiles/external/netcdf/CMakeFiles/netcdf.dir/libsrc/nc3dispatch.c.o
[INFO] [stderr]   [ 21%] Building C object chemfiles/external/netcdf/CMakeFiles/netcdf.dir/libsrc/nc3internal.c.o
[INFO] [stderr]   [ 22%] Building C object chemfiles/external/tng/CMakeFiles/tng_io.dir/src/compression/lz77.c.o
[INFO] [stderr]   [ 22%] Building C object chemfiles/external/tng/CMakeFiles/tng_io.dir/src/compression/merge_sort.c.o
[INFO] [stderr]   [ 23%] Building C object chemfiles/external/lzma/CMakeFiles/lzma.dir/liblzma/check/crc64_table.c.o
[INFO] [stderr]   [ 23%] Building C object chemfiles/external/netcdf/CMakeFiles/netcdf.dir/libsrc/ncio.c.o
[INFO] [stderr]   [ 24%] Building C object chemfiles/external/tng/CMakeFiles/tng_io.dir/src/compression/mtf.c.o
[INFO] [stderr]   [ 25%] Building C object chemfiles/external/netcdf/CMakeFiles/netcdf.dir/libsrc/ncx.c.o
[INFO] [stderr]   [ 25%] Building C object chemfiles/external/lzma/CMakeFiles/lzma.dir/liblzma/check/sha256.c.o
[INFO] [stderr]   [ 25%] Building C object chemfiles/external/netcdf/CMakeFiles/netcdf.dir/libsrc/posixio.c.o
[INFO] [stderr]   [ 26%] Building C object chemfiles/external/molfiles/CMakeFiles/molfiles.dir/src/moldenplugin.c.o
[INFO] [stderr]   [ 26%] Building C object chemfiles/external/lzma/CMakeFiles/lzma.dir/liblzma/common/alone_decoder.c.o
[INFO] [stderr]   [ 26%] Building C object chemfiles/external/tng/CMakeFiles/tng_io.dir/src/compression/tng_compress.c.o
[INFO] [stderr]   [ 26%] Building C object chemfiles/external/tng/CMakeFiles/tng_io.dir/src/compression/rle.c.o
[INFO] [stderr]   [ 27%] Building C object chemfiles/external/tng/CMakeFiles/tng_io.dir/src/compression/vals16.c.o
[INFO] [stderr]   [ 28%] Building C object chemfiles/external/netcdf/CMakeFiles/netcdf.dir/libsrc/putget.c.o
[INFO] [stderr]   [ 28%] Built target bzip2
[INFO] [stderr]   [ 28%] Building C object chemfiles/external/tng/CMakeFiles/tng_io.dir/src/compression/warnmalloc.c.o
[INFO] [stderr]   [ 29%] Building CXX object chemfiles/CMakeFiles/chemfiles_objects.dir/src/Configuration.cpp.o
[INFO] [stderr]   [ 30%] Building C object chemfiles/external/lzma/CMakeFiles/lzma.dir/liblzma/common/alone_encoder.c.o
[INFO] [stderr]   [ 30%] Building C object chemfiles/external/lzma/CMakeFiles/lzma.dir/liblzma/common/auto_decoder.c.o
[INFO] [stderr]   [ 31%] Building C object chemfiles/external/lzma/CMakeFiles/lzma.dir/liblzma/common/block_buffer_decoder.c.o
[INFO] [stderr]   [ 31%] Building CXX object chemfiles/CMakeFiles/chemfiles_objects.dir/src/Connectivity.cpp.o
[INFO] [stderr]   [ 32%] Building C object chemfiles/external/tng/CMakeFiles/tng_io.dir/src/compression/widemuldiv.c.o
[INFO] [stderr]   [ 32%] Building C object chemfiles/external/tng/CMakeFiles/tng_io.dir/src/compression/xtc2.c.o
[INFO] [stderr]   [ 32%] Building C object chemfiles/external/netcdf/CMakeFiles/netcdf.dir/libsrc/v1hpg.c.o
[INFO] [stderr]   [ 32%] Building C object chemfiles/external/lzma/CMakeFiles/lzma.dir/liblzma/common/block_buffer_encoder.c.o
[INFO] [stderr]   [ 33%] Building C object chemfiles/external/tng/CMakeFiles/tng_io.dir/src/compression/xtc3.c.o
[INFO] [stderr]   [ 33%] Building C object chemfiles/external/lzma/CMakeFiles/lzma.dir/liblzma/common/block_encoder.c.o
[INFO] [stderr]   [ 34%] Building C object chemfiles/external/lzma/CMakeFiles/lzma.dir/liblzma/common/block_decoder.c.o
[INFO] [stderr]   [ 34%] Built target molfiles
[INFO] [stderr]   [ 34%] Building C object chemfiles/external/tng/CMakeFiles/tng_io.dir/src/lib/tng_io.c.o
[INFO] [stderr]   [ 35%] Building C object chemfiles/external/tng/CMakeFiles/tng_io.dir/src/lib/md5.c.o
[INFO] [stderr]   [ 36%] Building C object chemfiles/external/lzma/CMakeFiles/lzma.dir/liblzma/common/block_header_decoder.c.o
[INFO] [stderr]   [ 36%] Building C object chemfiles/external/lzma/CMakeFiles/lzma.dir/liblzma/common/block_header_encoder.c.o
[INFO] [stderr]   [ 36%] Building C object chemfiles/external/lzma/CMakeFiles/lzma.dir/liblzma/common/block_util.c.o
[INFO] [stderr]   [ 37%] Building C object chemfiles/external/lzma/CMakeFiles/lzma.dir/liblzma/common/common.c.o
[INFO] [stderr]   [ 38%] Building C object chemfiles/external/netcdf/CMakeFiles/netcdf.dir/libsrc/var.c.o
[INFO] [stderr]   [ 38%] Building C object chemfiles/external/lzma/CMakeFiles/lzma.dir/liblzma/common/easy_buffer_encoder.c.o
[INFO] [stderr]   [ 39%] Building C object chemfiles/external/lzma/CMakeFiles/lzma.dir/liblzma/common/easy_decoder_memusage.c.o
[INFO] [stderr]   [ 39%] Building C object chemfiles/external/lzma/CMakeFiles/lzma.dir/liblzma/common/easy_encoder.c.o
[INFO] [stderr]   [ 39%] Building C object chemfiles/external/netcdf/CMakeFiles/netcdf.dir/libdispatch/crc32.c.o
[INFO] [stderr]   [ 40%] Building C object chemfiles/external/lzma/CMakeFiles/lzma.dir/liblzma/common/easy_encoder_memusage.c.o
[INFO] [stderr]   [ 40%] Building C object chemfiles/external/lzma/CMakeFiles/lzma.dir/liblzma/common/easy_preset.c.o
[INFO] [stderr]   [ 40%] Building C object chemfiles/external/netcdf/CMakeFiles/netcdf.dir/libdispatch/datt.c.o
[INFO] [stderr]   [ 41%] Building C object chemfiles/external/lzma/CMakeFiles/lzma.dir/liblzma/common/filter_buffer_decoder.c.o
[INFO] [stderr]   [ 41%] Building C object chemfiles/external/netcdf/CMakeFiles/netcdf.dir/libdispatch/dattinq.c.o
[INFO] [stderr]   [ 42%] Building C object chemfiles/external/netcdf/CMakeFiles/netcdf.dir/libdispatch/dattput.c.o
[INFO] [stderr]   [ 42%] Building C object chemfiles/external/lzma/CMakeFiles/lzma.dir/liblzma/common/filter_buffer_encoder.c.o
[INFO] [stderr]   [ 43%] Building C object chemfiles/external/netcdf/CMakeFiles/netcdf.dir/libdispatch/dattget.c.o
[INFO] [stderr]   [ 43%] Building C object chemfiles/external/lzma/CMakeFiles/lzma.dir/liblzma/common/filter_common.c.o
[INFO] [stderr]   [ 43%] Building C object chemfiles/external/netcdf/CMakeFiles/netcdf.dir/libdispatch/dcopy.c.o
[INFO] [stderr]   [ 44%] Building C object chemfiles/external/lzma/CMakeFiles/lzma.dir/liblzma/common/filter_decoder.c.o
[INFO] [stderr]   [ 44%] Building C object chemfiles/external/lzma/CMakeFiles/lzma.dir/liblzma/common/filter_encoder.c.o
[INFO] [stderr]   [ 45%] Building C object chemfiles/external/netcdf/CMakeFiles/netcdf.dir/libdispatch/ddim.c.o
[INFO] [stderr]   [ 46%] Building C object chemfiles/external/lzma/CMakeFiles/lzma.dir/liblzma/common/filter_flags_decoder.c.o
[INFO] [stderr]   [ 46%] Building C object chemfiles/external/netcdf/CMakeFiles/netcdf.dir/libdispatch/ddispatch.c.o
[INFO] [stderr]   [ 47%] Building C object chemfiles/external/netcdf/CMakeFiles/netcdf.dir/libdispatch/derror.c.o
[INFO] [stderr]   [ 47%] Building C object chemfiles/external/lzma/CMakeFiles/lzma.dir/liblzma/common/filter_flags_encoder.c.o
[INFO] [stderr]   [ 47%] Building C object chemfiles/external/netcdf/CMakeFiles/netcdf.dir/libdispatch/dfile.c.o
[INFO] [stderr]   [ 48%] Building C object chemfiles/external/lzma/CMakeFiles/lzma.dir/liblzma/common/index.c.o
[INFO] [stderr]   [ 48%] Building C object chemfiles/external/lzma/CMakeFiles/lzma.dir/liblzma/common/index_decoder.c.o
[INFO] [stderr]   [ 49%] Building CXX object chemfiles/CMakeFiles/chemfiles_objects.dir/src/File.cpp.o
[INFO] [stderr]   [ 49%] Building C object chemfiles/external/netcdf/CMakeFiles/netcdf.dir/libdispatch/dinternal.c.o
[INFO] [stderr]   [ 50%] Building C object chemfiles/external/lzma/CMakeFiles/lzma.dir/liblzma/common/index_encoder.c.o
[INFO] [stderr]   [ 50%] Building C object chemfiles/external/lzma/CMakeFiles/lzma.dir/liblzma/common/stream_buffer_decoder.c.o
[INFO] [stderr]   [ 50%] Building C object chemfiles/external/lzma/CMakeFiles/lzma.dir/liblzma/common/index_hash.c.o
[INFO] [stderr]   [ 51%] Building C object chemfiles/external/netcdf/CMakeFiles/netcdf.dir/libdispatch/dparallel.c.o
[INFO] [stderr]   [ 52%] Building C object chemfiles/external/lzma/CMakeFiles/lzma.dir/liblzma/common/stream_buffer_encoder.c.o
[INFO] [stderr]   [ 52%] Building C object chemfiles/external/lzma/CMakeFiles/lzma.dir/liblzma/common/stream_decoder.c.o
[INFO] [stderr]   [ 52%] Building C object chemfiles/external/netcdf/CMakeFiles/netcdf.dir/libdispatch/dstring.c.o
[INFO] [stderr]   [ 53%] Building C object chemfiles/external/netcdf/CMakeFiles/netcdf.dir/libdispatch/dutf8.c.o
[INFO] [stderr]   [ 54%] Building C object chemfiles/external/lzma/CMakeFiles/lzma.dir/liblzma/common/stream_encoder.c.o
[INFO] [stderr]   [ 54%] Building C object chemfiles/external/lzma/CMakeFiles/lzma.dir/liblzma/common/stream_flags_common.c.o
[INFO] [stderr]   [ 54%] Building C object chemfiles/external/netcdf/CMakeFiles/netcdf.dir/libdispatch/dvar.c.o
[INFO] [stderr]   [ 55%] Building C object chemfiles/external/netcdf/CMakeFiles/netcdf.dir/libdispatch/dvarget.c.o
[INFO] [stderr]   [ 56%] Building C object chemfiles/external/lzma/CMakeFiles/lzma.dir/liblzma/common/stream_flags_decoder.c.o
[INFO] [stderr]   [ 56%] Building C object chemfiles/external/lzma/CMakeFiles/lzma.dir/liblzma/common/stream_flags_encoder.c.o
[INFO] [stderr]   [ 56%] Building C object chemfiles/external/netcdf/CMakeFiles/netcdf.dir/libdispatch/dvarinq.c.o
[INFO] [stderr]   [ 57%] Building C object chemfiles/external/lzma/CMakeFiles/lzma.dir/liblzma/common/vli_decoder.c.o
[INFO] [stderr]   [ 57%] Building C object chemfiles/external/lzma/CMakeFiles/lzma.dir/liblzma/common/vli_encoder.c.o
[INFO] [stderr]   [ 57%] Building C object chemfiles/external/netcdf/CMakeFiles/netcdf.dir/libdispatch/dvarput.c.o
[INFO] [stderr]   [ 57%] Building CXX object chemfiles/CMakeFiles/chemfiles_objects.dir/src/Format.cpp.o
[INFO] [stderr]   [ 57%] Building C object chemfiles/external/lzma/CMakeFiles/lzma.dir/liblzma/common/vli_size.c.o
[INFO] [stderr]   [ 58%] Building C object chemfiles/external/lzma/CMakeFiles/lzma.dir/liblzma/delta/delta_common.c.o
[INFO] [stderr]   [ 58%] Building C object chemfiles/external/netcdf/CMakeFiles/netcdf.dir/libdispatch/dutil.c.o
[INFO] [stderr]   [ 59%] Building C object chemfiles/external/netcdf/CMakeFiles/netcdf.dir/libdispatch/drc.c.o
[INFO] [stderr]   [ 60%] Building CXX object chemfiles/CMakeFiles/chemfiles_objects.dir/src/FormatFactory.cpp.o
[INFO] [stderr]   [ 61%] Building C object chemfiles/external/netcdf/CMakeFiles/netcdf.dir/libdispatch/dwinpath.c.o
[INFO] [stderr]   [ 61%] Building C object chemfiles/external/lzma/CMakeFiles/lzma.dir/liblzma/delta/delta_decoder.c.o
[INFO] [stderr]   [ 61%] Building C object chemfiles/external/netcdf/CMakeFiles/netcdf.dir/libdispatch/nc.c.o
[INFO] [stderr]   [ 62%] Building C object chemfiles/external/lzma/CMakeFiles/lzma.dir/liblzma/delta/delta_encoder.c.o
[INFO] [stderr]   [ 63%] Building C object chemfiles/external/netcdf/CMakeFiles/netcdf.dir/libdispatch/nclist.c.o
[INFO] [stderr]   [ 64%] Building C object chemfiles/external/lzma/CMakeFiles/lzma.dir/liblzma/lz/lz_encoder.c.o
[INFO] [stderr]   [ 64%] Building C object chemfiles/external/netcdf/CMakeFiles/netcdf.dir/libdispatch/nchashmap.c.o
[INFO] [stderr]   [ 64%] Building C object chemfiles/external/lzma/CMakeFiles/lzma.dir/liblzma/lz/lz_decoder.c.o
[INFO] [stderr]   [ 65%] Building C object chemfiles/external/netcdf/CMakeFiles/netcdf.dir/libdispatch/ncbytes.c.o
[INFO] [stderr]   [ 65%] Building C object chemfiles/external/netcdf/CMakeFiles/netcdf.dir/libdispatch/nclistmgr.c.o
[INFO] [stderr]   [ 65%] Building C object chemfiles/external/netcdf/CMakeFiles/netcdf.dir/libdispatch/nclog.c.o
[INFO] [stderr]   [ 66%] Building C object chemfiles/external/netcdf/CMakeFiles/netcdf.dir/libdispatch/nctime.c.o
[INFO] [stderr]   [ 66%] Building C object chemfiles/external/lzma/CMakeFiles/lzma.dir/liblzma/lz/lz_encoder_mf.c.o
[INFO] [stderr]   [ 66%] Building C object chemfiles/external/netcdf/CMakeFiles/netcdf.dir/libdispatch/ncuri.c.o
[INFO] [stderr]   [ 66%] Building C object chemfiles/external/lzma/CMakeFiles/lzma.dir/liblzma/lzma/fastpos_table.c.o
[INFO] [stderr]   [ 67%] Building C object chemfiles/external/lzma/CMakeFiles/lzma.dir/liblzma/lzma/lzma2_decoder.c.o
[INFO] [stderr]   [ 67%] Building C object chemfiles/external/lzma/CMakeFiles/lzma.dir/liblzma/lzma/lzma2_encoder.c.o
[INFO] [stderr]   [ 68%] Building C object chemfiles/external/netcdf/CMakeFiles/netcdf.dir/libdispatch/utf8proc.c.o
[INFO] [stderr]   [ 68%] Building C object chemfiles/external/netcdf/CMakeFiles/netcdf.dir/libdispatch/doffsets.c.o
[INFO] [stderr]   [ 69%] Building C object chemfiles/external/lzma/CMakeFiles/lzma.dir/liblzma/lzma/lzma_decoder.c.o
[INFO] [stderr]   [ 69%] Building C object chemfiles/external/lzma/CMakeFiles/lzma.dir/liblzma/lzma/lzma_encoder.c.o
[INFO] [stderr]   [ 70%] Building C object chemfiles/external/lzma/CMakeFiles/lzma.dir/liblzma/lzma/lzma_encoder_optimum_fast.c.o
[INFO] [stderr]   [ 70%] Built target pugixml
[INFO] [stderr]   [ 71%] Building C object chemfiles/external/netcdf/CMakeFiles/netcdf.dir/libdispatch/dinfermodel.c.o
[INFO] [stderr]   [ 71%] Building C object chemfiles/external/lzma/CMakeFiles/lzma.dir/liblzma/lzma/lzma_encoder_optimum_normal.c.o
[INFO] [stderr]   [ 72%] Building C object chemfiles/external/lzma/CMakeFiles/lzma.dir/liblzma/lzma/lzma_encoder_presets.c.o
[INFO] [stderr]   [ 72%] Building C object chemfiles/external/lzma/CMakeFiles/lzma.dir/liblzma/rangecoder/price_table.c.o
[INFO] [stderr]   [ 72%] Building CXX object chemfiles/CMakeFiles/chemfiles_objects.dir/src/FormatMetadata.cpp.o
[INFO] [stderr]   [ 72%] Building C object chemfiles/external/lzma/CMakeFiles/lzma.dir/liblzma/simple/arm.c.o
[INFO] [stderr]   [ 73%] Building C object chemfiles/external/lzma/CMakeFiles/lzma.dir/liblzma/simple/powerpc.c.o
[INFO] [stderr]   [ 73%] Building C object chemfiles/external/lzma/CMakeFiles/lzma.dir/liblzma/simple/ia64.c.o
[INFO] [stderr]   [ 73%] Building C object chemfiles/external/lzma/CMakeFiles/lzma.dir/liblzma/simple/simple_coder.c.o
[INFO] [stderr]   [ 74%] Building C object chemfiles/external/lzma/CMakeFiles/lzma.dir/liblzma/simple/armthumb.c.o
[INFO] [stderr]   [ 75%] Building CXX object chemfiles/CMakeFiles/chemfiles_objects.dir/src/Frame.cpp.o
[INFO] [stderr]   [ 76%] Building C object chemfiles/external/lzma/CMakeFiles/lzma.dir/liblzma/simple/simple_decoder.c.o
[INFO] [stderr]   [ 76%] Building C object chemfiles/external/lzma/CMakeFiles/lzma.dir/liblzma/simple/simple_encoder.c.o
[INFO] [stderr]   [ 77%] Building C object chemfiles/external/lzma/CMakeFiles/lzma.dir/liblzma/simple/sparc.c.o
[INFO] [stderr]   [ 77%] Building C object chemfiles/external/lzma/CMakeFiles/lzma.dir/liblzma/simple/x86.c.o
[INFO] [stderr]   [ 77%] Building CXX object chemfiles/CMakeFiles/chemfiles_objects.dir/src/Property.cpp.o
[INFO] [stderr]   [ 77%] Building CXX object chemfiles/CMakeFiles/chemfiles_objects.dir/src/Residue.cpp.o
[INFO] [stderr]   [ 77%] Built target tng_io
[INFO] [stderr]   [ 78%] Building CXX object chemfiles/CMakeFiles/chemfiles_objects.dir/src/Selection.cpp.o
[INFO] [stderr]   [ 78%] Building CXX object chemfiles/CMakeFiles/chemfiles_objects.dir/src/Topology.cpp.o
[INFO] [stderr]   [ 79%] Building CXX object chemfiles/CMakeFiles/chemfiles_objects.dir/src/Trajectory.cpp.o
[INFO] [stderr]   [ 79%] Building CXX object chemfiles/CMakeFiles/chemfiles_objects.dir/src/UnitCell.cpp.o
[INFO] [stderr]   [ 79%] Built target lzma
[INFO] [stderr]   [ 80%] Building CXX object chemfiles/CMakeFiles/chemfiles_objects.dir/src/capi/atom.cpp.o
[INFO] [stderr]   [ 80%] Built target netcdf
[INFO] [stderr]   [ 80%] Building CXX object chemfiles/CMakeFiles/chemfiles_objects.dir/src/capi/cell.cpp.o
[INFO] [stderr]   [ 81%] Building CXX object chemfiles/CMakeFiles/chemfiles_objects.dir/src/capi/frame.cpp.o
[INFO] [stderr] 
[INFO] [stderr]   --- stderr
[INFO] [stderr]   CMake Warning (dev) in CMakeLists.txt:
[INFO] [stderr]     No project() command is present.  The top-level CMakeLists.txt file must
[INFO] [stderr]     contain a literal, direct call to the project() command.  Add a line of
[INFO] [stderr]     code such as
[INFO] [stderr] 
[INFO] [stderr]       project(ProjectName)
[INFO] [stderr] 
[INFO] [stderr]     near the top of the file, but after cmake_minimum_required().
[INFO] [stderr] 
[INFO] [stderr]     CMake is pretending there is a "project(Project)" command on the first
[INFO] [stderr]     line.
[INFO] [stderr]   This warning is for project developers.  Use -Wno-dev to suppress it.
[INFO] [stderr] 
[INFO] [stderr]   CMake Warning (dev) at chemfiles/CMakeLists.txt:36 (option):
[INFO] [stderr]     Policy CMP0077 is not set: option() honors normal variables.  Run "cmake
[INFO] [stderr]     --help-policy CMP0077" for policy details.  Use the cmake_policy command to
[INFO] [stderr]     set the policy and suppress this warning.
[INFO] [stderr] 
[INFO] [stderr]     For compatibility with older versions of CMake, option is clearing the
[INFO] [stderr]     normal variable 'BUILD_SHARED_LIBS'.
[INFO] [stderr]   This warning is for project developers.  Use -Wno-dev to suppress it.
[INFO] [stderr] 
[INFO] [stderr]   CMake Warning:
[INFO] [stderr]     Manually-specified variables were not used by the project:
[INFO] [stderr] 
[INFO] [stderr]       CMAKE_ASM_COMPILER
[INFO] [stderr]       CMAKE_ASM_FLAGS
[INFO] [stderr] 
[INFO] [stderr] 
[INFO] [stderr]   c++: fatal error: Killed signal terminated program cc1plus
[INFO] [stderr]   compilation terminated.
[INFO] [stderr]   make[2]: *** [chemfiles/external/fmt/CMakeFiles/fmt.dir/build.make:63: chemfiles/external/fmt/CMakeFiles/fmt.dir/src/format.cc.o] Error 1
[INFO] [stderr]   make[1]: *** [CMakeFiles/Makefile2:467: chemfiles/external/fmt/CMakeFiles/fmt.dir/all] Error 2
[INFO] [stderr]   make[1]: *** Waiting for unfinished jobs....
[INFO] [stderr]   c++: fatal error: Killed signal terminated program cc1plus
[INFO] [stderr]   compilation terminated.
[INFO] [stderr]   make[2]: *** [chemfiles/CMakeFiles/chemfiles_objects.dir/build.make:89: chemfiles/CMakeFiles/chemfiles_objects.dir/src/Connectivity.cpp.o] Error 1
[INFO] [stderr]   make[2]: *** Waiting for unfinished jobs....
[INFO] [stderr]   c++: fatal error: Killed signal terminated program cc1plus
[INFO] [stderr]   compilation terminated.
[INFO] [stderr]   make[2]: *** [chemfiles/CMakeFiles/chemfiles_objects.dir/build.make:76: chemfiles/CMakeFiles/chemfiles_objects.dir/src/Configuration.cpp.o] Error 1
[INFO] [stderr]   In file included from /opt/rustwide/workdir/chemfiles/src/capi/atom.cpp:10:
[INFO] [stderr]   /opt/rustwide/workdir/chemfiles/include/chemfiles/capi/utils.hpp: In function 'size_t chemfiles::checked_cast(uint64_t)':
[INFO] [stderr]   /opt/rustwide/workdir/chemfiles/include/chemfiles/capi/utils.hpp:27:47: warning: useless cast to type 'uint64_t' {aka 'long unsigned int'} [-Wuseless-cast]
[INFO] [stderr]      27 |     if (value > static_cast<uint64_t>(SIZE_MAX)) {
[INFO] [stderr]         |                                               ^
[INFO] [stderr]   /opt/rustwide/workdir/chemfiles/include/chemfiles/capi/utils.hpp:30:37: warning: useless cast to type 'size_t' {aka 'long unsigned int'} [-Wuseless-cast]
[INFO] [stderr]      30 |     return static_cast<size_t>(value);
[INFO] [stderr]         |                                     ^
[INFO] [stderr]   In file included from /opt/rustwide/workdir/chemfiles/src/capi/cell.cpp:9:
[INFO] [stderr]   /opt/rustwide/workdir/chemfiles/include/chemfiles/capi/utils.hpp: In function 'size_t chemfiles::checked_cast(uint64_t)':
[INFO] [stderr]   /opt/rustwide/workdir/chemfiles/include/chemfiles/capi/utils.hpp:27:47: warning: useless cast to type 'uint64_t' {aka 'long unsigned int'} [-Wuseless-cast]
[INFO] [stderr]      27 |     if (value > static_cast<uint64_t>(SIZE_MAX)) {
[INFO] [stderr]         |                                               ^
[INFO] [stderr]   /opt/rustwide/workdir/chemfiles/include/chemfiles/capi/utils.hpp:30:37: warning: useless cast to type 'size_t' {aka 'long unsigned int'} [-Wuseless-cast]
[INFO] [stderr]      30 |     return static_cast<size_t>(value);
[INFO] [stderr]         |                                     ^
[INFO] [stderr]   /opt/rustwide/workdir/chemfiles/src/capi/atom.cpp: In function 'chfl_status chfl_atom_properties_count(const CHFL_ATOM*, uint64_t*)':
[INFO] [stderr]   /opt/rustwide/workdir/chemfiles/src/capi/atom.cpp:191:65: warning: useless cast to type 'uint64_t' {aka 'long unsigned int'} [-Wuseless-cast]
[INFO] [stderr]     191 |         *count = static_cast<uint64_t>(atom->properties().size());
[INFO] [stderr]         |                                                                 ^
[INFO] [stderr]   /opt/rustwide/workdir/chemfiles/include/chemfiles/capi/utils.hpp:74:9: note: in definition of macro 'CHFL_ERROR_CATCH'
[INFO] [stderr]      74 |         _instructions_                                                         \
[INFO] [stderr]         |         ^~~~~~~~~~~~~~
[INFO] [stderr]   c++: fatal error: Killed signal terminated program cc1plus
[INFO] [stderr]   compilation terminated.
[INFO] [stderr]   make[2]: *** [chemfiles/CMakeFiles/chemfiles_objects.dir/build.make:128: chemfiles/CMakeFiles/chemfiles_objects.dir/src/FormatFactory.cpp.o] Error 1
[INFO] [stderr]   c++: fatal error: Killed signal terminated program cc1plus
[INFO] [stderr]   compilation terminated.
[INFO] [stderr]   make[2]: *** [chemfiles/CMakeFiles/chemfiles_objects.dir/build.make:219: chemfiles/CMakeFiles/chemfiles_objects.dir/src/Trajectory.cpp.o] Error 1
[INFO] [stderr]   c++: fatal error: Killed signal terminated program cc1plus
[INFO] [stderr]   compilation terminated.
[INFO] [stderr]   make[2]: *** [chemfiles/CMakeFiles/chemfiles_objects.dir/build.make:102: chemfiles/CMakeFiles/chemfiles_objects.dir/src/File.cpp.o] Error 1
[INFO] [stderr]   In file included from /opt/rustwide/workdir/chemfiles/src/capi/frame.cpp:9:
[INFO] [stderr]   /opt/rustwide/workdir/chemfiles/include/chemfiles/capi/utils.hpp: In function 'size_t chemfiles::checked_cast(uint64_t)':
[INFO] [stderr]   /opt/rustwide/workdir/chemfiles/include/chemfiles/capi/utils.hpp:27:47: warning: useless cast to type 'uint64_t' {aka 'long unsigned int'} [-Wuseless-cast]
[INFO] [stderr]      27 |     if (value > static_cast<uint64_t>(SIZE_MAX)) {
[INFO] [stderr]         |                                               ^
[INFO] [stderr]   /opt/rustwide/workdir/chemfiles/include/chemfiles/capi/utils.hpp:30:37: warning: useless cast to type 'size_t' {aka 'long unsigned int'} [-Wuseless-cast]
[INFO] [stderr]      30 |     return static_cast<size_t>(value);
[INFO] [stderr]         |                                     ^
[INFO] [stderr]   /opt/rustwide/workdir/chemfiles/src/capi/frame.cpp: In function 'chfl_status chfl_frame_atoms_count(const CHFL_FRAME*, uint64_t*)':
[INFO] [stderr]   /opt/rustwide/workdir/chemfiles/src/capi/frame.cpp:51:53: warning: useless cast to type 'uint64_t' {aka 'long unsigned int'} [-Wuseless-cast]
[INFO] [stderr]      51 |         *count = static_cast<uint64_t>(frame->size());
[INFO] [stderr]         |                                                     ^
[INFO] [stderr]   /opt/rustwide/workdir/chemfiles/include/chemfiles/capi/utils.hpp:74:9: note: in definition of macro 'CHFL_ERROR_CATCH'
[INFO] [stderr]      74 |         _instructions_                                                         \
[INFO] [stderr]         |         ^~~~~~~~~~~~~~
[INFO] [stderr]   /opt/rustwide/workdir/chemfiles/src/capi/frame.cpp: In function 'chfl_status chfl_frame_properties_count(const CHFL_FRAME*, uint64_t*)':
[INFO] [stderr]   /opt/rustwide/workdir/chemfiles/src/capi/frame.cpp:214:66: warning: useless cast to type 'uint64_t' {aka 'long unsigned int'} [-Wuseless-cast]
[INFO] [stderr]     214 |         *count = static_cast<uint64_t>(frame->properties().size());
[INFO] [stderr]         |                                                                  ^
[INFO] [stderr]   /opt/rustwide/workdir/chemfiles/include/chemfiles/capi/utils.hpp:74:9: note: in definition of macro 'CHFL_ERROR_CATCH'
[INFO] [stderr]      74 |         _instructions_                                                         \
[INFO] [stderr]         |         ^~~~~~~~~~~~~~
[INFO] [stderr]   make[1]: *** [CMakeFiles/Makefile2:332: chemfiles/CMakeFiles/chemfiles_objects.dir/all] Error 2
[INFO] [stderr]   make: *** [Makefile:130: all] Error 2
[INFO] [stderr]   thread 'main' panicked at '
[INFO] [stderr]   command did not execute successfully, got: exit status: 2
[INFO] [stderr] 
[INFO] [stderr]   build script failed, must exit now', /opt/rustwide/cargo-home/registry/src/github.com-1ecc6299db9ec823/cmake-0.1.45/src/lib.rs:894:5
[INFO] [stderr]   stack backtrace:
[INFO] [stderr]      0:     0x560bd9bd67f0 - std::backtrace_rs::backtrace::libunwind::trace::h34055254b57d8e79
[INFO] [stderr]                                  at /rustc/a178d0322ce20e33eac124758e837cbd80a6f633/library/std/src/../../backtrace/src/backtrace/libunwind.rs:90:5
[INFO] [stderr]      1:     0x560bd9bd67f0 - std::backtrace_rs::backtrace::trace_unsynchronized::h8f1e3fbd9afff6ec
[INFO] [stderr]                                  at /rustc/a178d0322ce20e33eac124758e837cbd80a6f633/library/std/src/../../backtrace/src/backtrace/mod.rs:66:5
[INFO] [stderr]      2:     0x560bd9bd67f0 - std::sys_common::backtrace::_print_fmt::h3a99a796b770c360
[INFO] [stderr]                                  at /rustc/a178d0322ce20e33eac124758e837cbd80a6f633/library/std/src/sys_common/backtrace.rs:67:5
[INFO] [stderr]      3:     0x560bd9bd67f0 - <std::sys_common::backtrace::_print::DisplayBacktrace as core::fmt::Display>::fmt::h32d1f94a80615d18
[INFO] [stderr]                                  at /rustc/a178d0322ce20e33eac124758e837cbd80a6f633/library/std/src/sys_common/backtrace.rs:46:22
[INFO] [stderr]      4:     0x560bd9bf667c - core::fmt::write::h306731c068f7162c
[INFO] [stderr]                                  at /rustc/a178d0322ce20e33eac124758e837cbd80a6f633/library/core/src/fmt/mod.rs:1110:17
[INFO] [stderr]      5:     0x560bd9bd35e5 - std::io::Write::write_fmt::hd2fa90334eee2a21
[INFO] [stderr]                                  at /rustc/a178d0322ce20e33eac124758e837cbd80a6f633/library/std/src/io/mod.rs:1588:15
[INFO] [stderr]      6:     0x560bd9bd8e3b - std::sys_common::backtrace::_print::h5abaa2601a852287
[INFO] [stderr]                                  at /rustc/a178d0322ce20e33eac124758e837cbd80a6f633/library/std/src/sys_common/backtrace.rs:49:5
[INFO] [stderr]      7:     0x560bd9bd8e3b - std::sys_common::backtrace::print::h8d81445442bb638f
[INFO] [stderr]                                  at /rustc/a178d0322ce20e33eac124758e837cbd80a6f633/library/std/src/sys_common/backtrace.rs:36:9
[INFO] [stderr]      8:     0x560bd9bd8e3b - std::panicking::default_hook::{{closure}}::hcfe804496a9fa747
[INFO] [stderr]                                  at /rustc/a178d0322ce20e33eac124758e837cbd80a6f633/library/std/src/panicking.rs:208:50
[INFO] [stderr]      9:     0x560bd9bd8911 - std::panicking::default_hook::hbea8e3ccf2ba8901
[INFO] [stderr]                                  at /rustc/a178d0322ce20e33eac124758e837cbd80a6f633/library/std/src/panicking.rs:225:9
[INFO] [stderr]     10:     0x560bd9bd9504 - std::panicking::rust_panic_with_hook::h7ee9e1a2d0f8975a
[INFO] [stderr]                                  at /rustc/a178d0322ce20e33eac124758e837cbd80a6f633/library/std/src/panicking.rs:622:17
[INFO] [stderr]     11:     0x560bd9bd8fe7 - std::panicking::begin_panic_handler::{{closure}}::h8ab3b4491718b2c7
[INFO] [stderr]                                  at /rustc/a178d0322ce20e33eac124758e837cbd80a6f633/library/std/src/panicking.rs:519:13
[INFO] [stderr]     12:     0x560bd9bd6cec - std::sys_common::backtrace::__rust_end_short_backtrace::hd489062ffa586a9f
[INFO] [stderr]                                  at /rustc/a178d0322ce20e33eac124758e837cbd80a6f633/library/std/src/sys_common/backtrace.rs:141:18
[INFO] [stderr]     13:     0x560bd9bd8f49 - rust_begin_unwind
[INFO] [stderr]                                  at /rustc/a178d0322ce20e33eac124758e837cbd80a6f633/library/std/src/panicking.rs:515:5
[INFO] [stderr]     14:     0x560bd9b56beb - std::panicking::begin_panic_fmt::h5479575e112541f8
[INFO] [stderr]                                  at /rustc/a178d0322ce20e33eac124758e837cbd80a6f633/library/std/src/panicking.rs:457:5
[INFO] [stderr]     15:     0x560bd9b612f3 - cmake::fail::ha1cc8d11909fbc7e
[INFO] [stderr]                                  at /opt/rustwide/cargo-home/registry/src/github.com-1ecc6299db9ec823/cmake-0.1.45/src/lib.rs:894:5
[INFO] [stderr]     16:     0x560bd9b60d01 - cmake::run::hdc59bf284b822c8e
[INFO] [stderr]                                  at /opt/rustwide/cargo-home/registry/src/github.com-1ecc6299db9ec823/cmake-0.1.45/src/lib.rs:872:9
[INFO] [stderr]     17:     0x560bd9b5e731 - cmake::Config::build::hf6738867fda55e0d
[INFO] [stderr]                                  at /opt/rustwide/cargo-home/registry/src/github.com-1ecc6299db9ec823/cmake-0.1.45/src/lib.rs:778:9
[INFO] [stderr]     18:     0x560bd9b57d4b - build_script_build::build_chemfiles::h1948a3bc6a508c05
[INFO] [stderr]                                  at /opt/rustwide/workdir/build.rs:20:19
[INFO] [stderr]     19:     0x560bd9b57b5e - build_script_build::main::h1a4cded1e5996ff0
[INFO] [stderr]                                  at /opt/rustwide/workdir/build.rs:10:19
[INFO] [stderr]     20:     0x560bd9b58a1b - core::ops::function::FnOnce::call_once::h834be51d8f796403
[INFO] [stderr]                                  at /rustc/a178d0322ce20e33eac124758e837cbd80a6f633/library/core/src/ops/function.rs:227:5
[INFO] [stderr]     21:     0x560bd9b589be - std::sys_common::backtrace::__rust_begin_short_backtrace::h879e90404d0aa5e6
[INFO] [stderr]                                  at /rustc/a178d0322ce20e33eac124758e837cbd80a6f633/library/std/src/sys_common/backtrace.rs:125:18
[INFO] [stderr]     22:     0x560bd9b59731 - std::rt::lang_start::{{closure}}::h6b6593fe5362dcdc
[INFO] [stderr]                                  at /rustc/a178d0322ce20e33eac124758e837cbd80a6f633/library/std/src/rt.rs:49:18
[INFO] [stderr]     23:     0x560bd9bd9a09 - core::ops::function::impls::<impl core::ops::function::FnOnce<A> for &F>::call_once::h2aabc384aab89b7b
[INFO] [stderr]                                  at /rustc/a178d0322ce20e33eac124758e837cbd80a6f633/library/core/src/ops/function.rs:259:13
[INFO] [stderr]     24:     0x560bd9bd9a09 - std::panicking::try::do_call::hc5fcacb7a85fc7b1
[INFO] [stderr]                                  at /rustc/a178d0322ce20e33eac124758e837cbd80a6f633/library/std/src/panicking.rs:401:40
[INFO] [stderr]     25:     0x560bd9bd9a09 - std::panicking::try::hb5d9603af3abbe3a
[INFO] [stderr]                                  at /rustc/a178d0322ce20e33eac124758e837cbd80a6f633/library/std/src/panicking.rs:365:19
[INFO] [stderr]     26:     0x560bd9bd9a09 - std::panic::catch_unwind::h98fe6ac3925e64b4
[INFO] [stderr]                                  at /rustc/a178d0322ce20e33eac124758e837cbd80a6f633/library/std/src/panic.rs:434:14
[INFO] [stderr]     27:     0x560bd9bd9a09 - std::rt::lang_start_internal::h22ac7383c516f93e
[INFO] [stderr]                                  at /rustc/a178d0322ce20e33eac124758e837cbd80a6f633/library/std/src/rt.rs:34:21
[INFO] [stderr]     28:     0x560bd9b59710 - std::rt::lang_start::h826761501f99fc1b
[INFO] [stderr]                                  at /rustc/a178d0322ce20e33eac124758e837cbd80a6f633/library/std/src/rt.rs:48:5
[INFO] [stderr]     29:     0x560bd9b585ec - main
[INFO] [stderr]     30:     0x7ff146f570b3 - __libc_start_main
[INFO] [stderr]     31:     0x560bd9b57a8e - _start
[INFO] [stderr]     32:                0x0 - <unknown>
[INFO] running `Command { std: "docker" "inspect" "4479ccc3ad738193b3a6f241dfc639f371f148a491f8f58c7c8dc48f7ca38cb2", kill_on_drop: false }`
[INFO] running `Command { std: "docker" "rm" "-f" "4479ccc3ad738193b3a6f241dfc639f371f148a491f8f58c7c8dc48f7ca38cb2", kill_on_drop: false }`
[INFO] [stdout] 4479ccc3ad738193b3a6f241dfc639f371f148a491f8f58c7c8dc48f7ca38cb2
