[INFO] fetching crate chaos 0.9.5...
[INFO] testing chaos-0.9.5 against beta-2021-08-01 for beta-1.55-1
[INFO] extracting crate chaos 0.9.5 into /workspace/builds/worker-5/source
[INFO] validating manifest of crates.io crate chaos 0.9.5 on toolchain beta-2021-08-01
[INFO] running `Command { std: "/workspace/cargo-home/bin/cargo" "+beta-2021-08-01" "metadata" "--manifest-path" "Cargo.toml" "--no-deps", kill_on_drop: false }`
[INFO] started tweaking crates.io crate chaos 0.9.5
[INFO] finished tweaking crates.io crate chaos 0.9.5
[INFO] tweaked toml for crates.io crate chaos 0.9.5 written to /workspace/builds/worker-5/source/Cargo.toml
[INFO] running `Command { std: "/workspace/cargo-home/bin/cargo" "+beta-2021-08-01" "generate-lockfile" "--manifest-path" "Cargo.toml" "-Zno-index-update", kill_on_drop: false }`
[INFO] [stderr]     Blocking waiting for file lock on package cache
[INFO] running `Command { std: "/workspace/cargo-home/bin/cargo" "+beta-2021-08-01" "fetch" "--manifest-path" "Cargo.toml", kill_on_drop: false }`
[INFO] [stderr]     Blocking waiting for file lock on package cache
[INFO] [stderr]     Blocking waiting for file lock on package cache
[INFO] running `Command { std: "docker" "create" "-v" "/var/lib/crater-agent-workspace/builds/worker-5/target:/opt/rustwide/target:rw,Z" "-v" "/var/lib/crater-agent-workspace/builds/worker-5/source:/opt/rustwide/workdir:ro,Z" "-v" "/var/lib/crater-agent-workspace/cargo-home:/opt/rustwide/cargo-home:ro,Z" "-v" "/var/lib/crater-agent-workspace/rustup-home:/opt/rustwide/rustup-home:ro,Z" "-e" "SOURCE_DIR=/opt/rustwide/workdir" "-e" "CARGO_TARGET_DIR=/opt/rustwide/target" "-e" "CARGO_HOME=/opt/rustwide/cargo-home" "-e" "RUSTUP_HOME=/opt/rustwide/rustup-home" "-w" "/opt/rustwide/workdir" "-m" "1610612736" "--user" "0:0" "--network" "none" "ghcr.io/rust-lang/crates-build-env/linux@sha256:34b6a614d2c27851fe6cbf88fbd1137609cefab8b10d0615aaeb6fd47975d74e" "/opt/rustwide/cargo-home/bin/cargo" "+beta-2021-08-01" "metadata" "--no-deps" "--format-version=1", kill_on_drop: false }`
[INFO] [stdout] 61a27358ad99ba2591c5d8251281c3c17b83de6b5bff0ec709fd7a680ac1d94c
[INFO] [stderr] WARNING: Your kernel does not support swap limit capabilities or the cgroup is not mounted. Memory limited without swap.
[INFO] running `Command { std: "docker" "start" "-a" "61a27358ad99ba2591c5d8251281c3c17b83de6b5bff0ec709fd7a680ac1d94c", kill_on_drop: false }`
[INFO] running `Command { std: "docker" "inspect" "61a27358ad99ba2591c5d8251281c3c17b83de6b5bff0ec709fd7a680ac1d94c", kill_on_drop: false }`
[INFO] running `Command { std: "docker" "rm" "-f" "61a27358ad99ba2591c5d8251281c3c17b83de6b5bff0ec709fd7a680ac1d94c", kill_on_drop: false }`
[INFO] [stdout] 61a27358ad99ba2591c5d8251281c3c17b83de6b5bff0ec709fd7a680ac1d94c
[INFO] running `Command { std: "docker" "create" "-v" "/var/lib/crater-agent-workspace/builds/worker-5/target:/opt/rustwide/target:rw,Z" "-v" "/var/lib/crater-agent-workspace/builds/worker-5/source:/opt/rustwide/workdir:ro,Z" "-v" "/var/lib/crater-agent-workspace/cargo-home:/opt/rustwide/cargo-home:ro,Z" "-v" "/var/lib/crater-agent-workspace/rustup-home:/opt/rustwide/rustup-home:ro,Z" "-e" "SOURCE_DIR=/opt/rustwide/workdir" "-e" "CARGO_TARGET_DIR=/opt/rustwide/target" "-e" "CARGO_INCREMENTAL=0" "-e" "RUST_BACKTRACE=full" "-e" "RUSTFLAGS=--cap-lints=warn" "-e" "CARGO_HOME=/opt/rustwide/cargo-home" "-e" "RUSTUP_HOME=/opt/rustwide/rustup-home" "-w" "/opt/rustwide/workdir" "-m" "1610612736" "--user" "0:0" "--network" "none" "ghcr.io/rust-lang/crates-build-env/linux@sha256:34b6a614d2c27851fe6cbf88fbd1137609cefab8b10d0615aaeb6fd47975d74e" "/opt/rustwide/cargo-home/bin/cargo" "+beta-2021-08-01" "build" "--frozen" "--message-format=json", kill_on_drop: false }`
[INFO] [stdout] 58b5acff9c7a4337dc4911eda078d17e380bcf31e6ac00c3cf13ec9413bbefde
[INFO] [stderr] WARNING: Your kernel does not support swap limit capabilities or the cgroup is not mounted. Memory limited without swap.
[INFO] running `Command { std: "docker" "start" "-a" "58b5acff9c7a4337dc4911eda078d17e380bcf31e6ac00c3cf13ec9413bbefde", kill_on_drop: false }`
[INFO] [stderr]    Compiling rust-crypto v0.2.36
[INFO] [stderr]    Compiling base64 v0.9.3
[INFO] [stderr]    Compiling serde_json v1.0.66
[INFO] [stderr]    Compiling rand v0.3.23
[INFO] [stderr]    Compiling dirs v2.0.2
[INFO] [stderr]    Compiling shellexpand v1.1.1
[INFO] [stderr]    Compiling chaos v0.9.5 (/opt/rustwide/workdir)
[INFO] [stdout] warning: use of deprecated macro `try`: use the `?` operator instead
[INFO] [stdout]    --> src/common.rs:103:5
[INFO] [stdout]     |
[INFO] [stdout] 103 |     try!(f.read_to_string(&mut s));
[INFO] [stdout]     |     ^^^
[INFO] [stdout]     |
[INFO] [stdout]     = note: `#[warn(deprecated)]` on by default
[INFO] [stdout] 
[INFO] [stdout] 
[INFO] [stdout] warning: use of deprecated macro `try`: use the `?` operator instead
[INFO] [stdout]    --> src/common.rs:101:17
[INFO] [stdout]     |
[INFO] [stdout] 101 |     let mut f = try!(File::open(path));
[INFO] [stdout]     |                 ^^^
[INFO] [stdout] 
[INFO] [stdout] 
[INFO] [stderr]     Finished dev [unoptimized + debuginfo] target(s) in 11.72s
[INFO] [stdout] warning: 2 warnings emitted
[INFO] [stdout] 
[INFO] [stdout] 
[INFO] running `Command { std: "docker" "inspect" "58b5acff9c7a4337dc4911eda078d17e380bcf31e6ac00c3cf13ec9413bbefde", kill_on_drop: false }`
[INFO] running `Command { std: "docker" "rm" "-f" "58b5acff9c7a4337dc4911eda078d17e380bcf31e6ac00c3cf13ec9413bbefde", kill_on_drop: false }`
[INFO] [stdout] 58b5acff9c7a4337dc4911eda078d17e380bcf31e6ac00c3cf13ec9413bbefde
[INFO] running `Command { std: "docker" "create" "-v" "/var/lib/crater-agent-workspace/builds/worker-5/target:/opt/rustwide/target:rw,Z" "-v" "/var/lib/crater-agent-workspace/builds/worker-5/source:/opt/rustwide/workdir:ro,Z" "-v" "/var/lib/crater-agent-workspace/cargo-home:/opt/rustwide/cargo-home:ro,Z" "-v" "/var/lib/crater-agent-workspace/rustup-home:/opt/rustwide/rustup-home:ro,Z" "-e" "SOURCE_DIR=/opt/rustwide/workdir" "-e" "CARGO_TARGET_DIR=/opt/rustwide/target" "-e" "CARGO_INCREMENTAL=0" "-e" "RUST_BACKTRACE=full" "-e" "RUSTFLAGS=--cap-lints=warn" "-e" "CARGO_HOME=/opt/rustwide/cargo-home" "-e" "RUSTUP_HOME=/opt/rustwide/rustup-home" "-w" "/opt/rustwide/workdir" "-m" "1610612736" "--user" "0:0" "--network" "none" "ghcr.io/rust-lang/crates-build-env/linux@sha256:34b6a614d2c27851fe6cbf88fbd1137609cefab8b10d0615aaeb6fd47975d74e" "/opt/rustwide/cargo-home/bin/cargo" "+beta-2021-08-01" "test" "--frozen" "--no-run" "--message-format=json", kill_on_drop: false }`
[INFO] [stdout] 181bdbece1478a10256f5cc2a4cb95074108f7830b3a21cf550fe26e54d5ed1e
[INFO] [stderr] WARNING: Your kernel does not support swap limit capabilities or the cgroup is not mounted. Memory limited without swap.
[INFO] running `Command { std: "docker" "start" "-a" "181bdbece1478a10256f5cc2a4cb95074108f7830b3a21cf550fe26e54d5ed1e", kill_on_drop: false }`
[INFO] [stderr]    Compiling chaos v0.9.5 (/opt/rustwide/workdir)
[INFO] [stdout] warning: use of deprecated macro `try`: use the `?` operator instead
[INFO] [stdout]    --> src/common.rs:103:5
[INFO] [stdout]     |
[INFO] [stdout] 103 |     try!(f.read_to_string(&mut s));
[INFO] [stdout]     |     ^^^
[INFO] [stdout]     |
[INFO] [stdout]     = note: `#[warn(deprecated)]` on by default
[INFO] [stdout] 
[INFO] [stdout] 
[INFO] [stdout] warning: use of deprecated macro `try`: use the `?` operator instead
[INFO] [stdout]    --> src/common.rs:101:17
[INFO] [stdout]     |
[INFO] [stdout] 101 |     let mut f = try!(File::open(path));
[INFO] [stdout]     |                 ^^^
[INFO] [stdout] 
[INFO] [stdout] 
[INFO] [stderr] error: could not compile `chaos` due to 11 previous errors; 2 warnings emitted
[INFO] [stdout] error[E0308]: mismatched types
[INFO] [stdout]    --> src/model.rs:149:45
[INFO] [stdout]     |
[INFO] [stdout] 149 |         assert_eq!("11000011", password.cut(pass.clone()));
[INFO] [stdout]     |                                             ^^^^^^^^^^^^
[INFO] [stdout]     |                                             |
[INFO] [stdout]     |                                             expected `&[u8]`, found struct `Vec`
[INFO] [stdout]     |                                             help: consider borrowing here: `&pass`
[INFO] [stdout]     |
[INFO] [stdout]     = note: expected reference `&[u8]`
[INFO] [stdout]                   found struct `Vec<{integer}>`
[INFO] [stdout] 
[INFO] [stdout] 
[INFO] [stdout] error[E0308]: mismatched types
[INFO] [stdout]    --> src/model.rs:152:43
[INFO] [stdout]     |
[INFO] [stdout] 152 |         assert_eq!("110000", password.cut(pass.clone()));
[INFO] [stdout]     |                                           ^^^^^^^^^^^^
[INFO] [stdout]     |                                           |
[INFO] [stdout]     |                                           expected `&[u8]`, found struct `Vec`
[INFO] [stdout]     |                                           help: consider borrowing here: `&pass`
[INFO] [stdout]     |
[INFO] [stdout]     = note: expected reference `&[u8]`
[INFO] [stdout]                   found struct `Vec<{integer}>`
[INFO] [stdout] 
[INFO] [stdout] 
[INFO] [stdout] error[E0308]: mismatched types
[INFO] [stdout]    --> src/model.rs:159:45
[INFO] [stdout]     |
[INFO] [stdout] 159 |         assert_eq!("11800031", password.cut(pass.clone()));
[INFO] [stdout]     |                                             ^^^^^^^^^^^^
[INFO] [stdout]     |                                             |
[INFO] [stdout]     |                                             expected `&[u8]`, found struct `Vec`
[INFO] [stdout]     |                                             help: consider borrowing here: `&pass`
[INFO] [stdout]     |
[INFO] [stdout]     = note: expected reference `&[u8]`
[INFO] [stdout]                   found struct `Vec<{integer}>`
[INFO] [stdout] 
[INFO] [stdout] 
[INFO] [stdout] error[E0308]: mismatched types
[INFO] [stdout]    --> src/model.rs:162:43
[INFO] [stdout]     |
[INFO] [stdout] 162 |         assert_eq!("118000", password.cut(pass.clone()));
[INFO] [stdout]     |                                           ^^^^^^^^^^^^
[INFO] [stdout]     |                                           |
[INFO] [stdout]     |                                           expected `&[u8]`, found struct `Vec`
[INFO] [stdout]     |                                           help: consider borrowing here: `&pass`
[INFO] [stdout]     |
[INFO] [stdout]     = note: expected reference `&[u8]`
[INFO] [stdout]                   found struct `Vec<{integer}>`
[INFO] [stdout] 
[INFO] [stdout] 
[INFO] [stdout] error[E0308]: mismatched types
[INFO] [stdout]    --> src/model.rs:169:45
[INFO] [stdout]     |
[INFO] [stdout] 169 |         assert_eq!("bbKGqUnv", password.cut(pass.clone()));
[INFO] [stdout]     |                                             ^^^^^^^^^^^^
[INFO] [stdout]     |                                             |
[INFO] [stdout]     |                                             expected `&[u8]`, found struct `Vec`
[INFO] [stdout]     |                                             help: consider borrowing here: `&pass`
[INFO] [stdout]     |
[INFO] [stdout]     = note: expected reference `&[u8]`
[INFO] [stdout]                   found struct `Vec<{integer}>`
[INFO] [stdout] 
[INFO] [stdout] 
[INFO] [stdout] error[E0308]: mismatched types
[INFO] [stdout]    --> src/model.rs:172:43
[INFO] [stdout]     |
[INFO] [stdout] 172 |         assert_eq!("bbKGqU", password.cut(pass.clone()));
[INFO] [stdout]     |                                           ^^^^^^^^^^^^
[INFO] [stdout]     |                                           |
[INFO] [stdout]     |                                           expected `&[u8]`, found struct `Vec`
[INFO] [stdout]     |                                           help: consider borrowing here: `&pass`
[INFO] [stdout]     |
[INFO] [stdout]     = note: expected reference `&[u8]`
[INFO] [stdout]                   found struct `Vec<{integer}>`
[INFO] [stdout] 
[INFO] [stdout] 
[INFO] [stdout] error[E0308]: mismatched types
[INFO] [stdout]    --> src/model.rs:179:45
[INFO] [stdout]     |
[INFO] [stdout] 179 |         assert_eq!("bbA26Anv", password.cut(pass.clone()));
[INFO] [stdout]     |                                             ^^^^^^^^^^^^
[INFO] [stdout]     |                                             |
[INFO] [stdout]     |                                             expected `&[u8]`, found struct `Vec`
[INFO] [stdout]     |                                             help: consider borrowing here: `&pass`
[INFO] [stdout]     |
[INFO] [stdout]     = note: expected reference `&[u8]`
[INFO] [stdout]                   found struct `Vec<{integer}>`
[INFO] [stdout] 
[INFO] [stdout] 
[INFO] [stdout] error[E0308]: mismatched types
[INFO] [stdout]    --> src/model.rs:182:43
[INFO] [stdout]     |
[INFO] [stdout] 182 |         assert_eq!("bbA26A", password.cut(pass.clone()));
[INFO] [stdout]     |                                           ^^^^^^^^^^^^
[INFO] [stdout]     |                                           |
[INFO] [stdout]     |                                           expected `&[u8]`, found struct `Vec`
[INFO] [stdout]     |                                           help: consider borrowing here: `&pass`
[INFO] [stdout]     |
[INFO] [stdout]     = note: expected reference `&[u8]`
[INFO] [stdout]                   found struct `Vec<{integer}>`
[INFO] [stdout] 
[INFO] [stdout] 
[INFO] [stdout] error[E0308]: mismatched types
[INFO] [stdout]    --> src/model.rs:189:47
[INFO] [stdout]     |
[INFO] [stdout] 189 |         assert_eq!("\"\"yU;Y.6", password.cut(pass.clone()));
[INFO] [stdout]     |                                               ^^^^^^^^^^^^
[INFO] [stdout]     |                                               |
[INFO] [stdout]     |                                               expected `&[u8]`, found struct `Vec`
[INFO] [stdout]     |                                               help: consider borrowing here: `&pass`
[INFO] [stdout]     |
[INFO] [stdout]     = note: expected reference `&[u8]`
[INFO] [stdout]                   found struct `Vec<{integer}>`
[INFO] [stdout] 
[INFO] [stdout] 
[INFO] [stdout] error[E0308]: mismatched types
[INFO] [stdout]    --> src/model.rs:192:45
[INFO] [stdout]     |
[INFO] [stdout] 192 |         assert_eq!("\"\"yU;Y", password.cut(pass.clone()));
[INFO] [stdout]     |                                             ^^^^^^^^^^^^
[INFO] [stdout]     |                                             |
[INFO] [stdout]     |                                             expected `&[u8]`, found struct `Vec`
[INFO] [stdout]     |                                             help: consider borrowing here: `&pass`
[INFO] [stdout]     |
[INFO] [stdout]     = note: expected reference `&[u8]`
[INFO] [stdout]                   found struct `Vec<{integer}>`
[INFO] [stdout] 
[INFO] [stdout] 
[INFO] [stdout] error: aborting due to 10 previous errors; 2 warnings emitted
[INFO] [stdout] 
[INFO] [stdout] 
[INFO] [stdout] For more information about this error, try `rustc --explain E0308`.
[INFO] [stdout] 
[INFO] running `Command { std: "docker" "inspect" "181bdbece1478a10256f5cc2a4cb95074108f7830b3a21cf550fe26e54d5ed1e", kill_on_drop: false }`
[INFO] running `Command { std: "docker" "rm" "-f" "181bdbece1478a10256f5cc2a4cb95074108f7830b3a21cf550fe26e54d5ed1e", kill_on_drop: false }`
[INFO] [stdout] 181bdbece1478a10256f5cc2a4cb95074108f7830b3a21cf550fe26e54d5ed1e
