[INFO] fetching crate cascading-wasm-language 0.0.2...
[INFO] testing cascading-wasm-language-0.0.2 against beta-2021-08-01 for beta-1.55-1
[INFO] extracting crate cascading-wasm-language 0.0.2 into /workspace/builds/worker-5/source
[INFO] validating manifest of crates.io crate cascading-wasm-language 0.0.2 on toolchain beta-2021-08-01
[INFO] running `Command { std: "/workspace/cargo-home/bin/cargo" "+beta-2021-08-01" "metadata" "--manifest-path" "Cargo.toml" "--no-deps", kill_on_drop: false }`
[INFO] started tweaking crates.io crate cascading-wasm-language 0.0.2
[INFO] finished tweaking crates.io crate cascading-wasm-language 0.0.2
[INFO] tweaked toml for crates.io crate cascading-wasm-language 0.0.2 written to /workspace/builds/worker-5/source/Cargo.toml
[INFO] running `Command { std: "/workspace/cargo-home/bin/cargo" "+beta-2021-08-01" "generate-lockfile" "--manifest-path" "Cargo.toml" "-Zno-index-update", kill_on_drop: false }`
[INFO] running `Command { std: "/workspace/cargo-home/bin/cargo" "+beta-2021-08-01" "fetch" "--manifest-path" "Cargo.toml", kill_on_drop: false }`
[INFO] [stderr]  Downloading crates ...
[INFO] [stderr]   Downloaded minifier v0.0.41
[INFO] [stderr]   Downloaded cow-utils v0.1.2
[INFO] [stderr]   Downloaded html-minifier v3.0.13
[INFO] running `Command { std: "docker" "create" "-v" "/var/lib/crater-agent-workspace/builds/worker-5/target:/opt/rustwide/target:rw,Z" "-v" "/var/lib/crater-agent-workspace/builds/worker-5/source:/opt/rustwide/workdir:ro,Z" "-v" "/var/lib/crater-agent-workspace/cargo-home:/opt/rustwide/cargo-home:ro,Z" "-v" "/var/lib/crater-agent-workspace/rustup-home:/opt/rustwide/rustup-home:ro,Z" "-e" "SOURCE_DIR=/opt/rustwide/workdir" "-e" "CARGO_TARGET_DIR=/opt/rustwide/target" "-e" "CARGO_HOME=/opt/rustwide/cargo-home" "-e" "RUSTUP_HOME=/opt/rustwide/rustup-home" "-w" "/opt/rustwide/workdir" "-m" "1610612736" "--user" "0:0" "--network" "none" "ghcr.io/rust-lang/crates-build-env/linux@sha256:34b6a614d2c27851fe6cbf88fbd1137609cefab8b10d0615aaeb6fd47975d74e" "/opt/rustwide/cargo-home/bin/cargo" "+beta-2021-08-01" "metadata" "--no-deps" "--format-version=1", kill_on_drop: false }`
[INFO] [stdout] 14b678b1b51c2276888c021b2134c1ba4db0c844484f0b71fcbed8ff102e4876
[INFO] [stderr] WARNING: Your kernel does not support swap limit capabilities or the cgroup is not mounted. Memory limited without swap.
[INFO] running `Command { std: "docker" "start" "-a" "14b678b1b51c2276888c021b2134c1ba4db0c844484f0b71fcbed8ff102e4876", kill_on_drop: false }`
[INFO] running `Command { std: "docker" "inspect" "14b678b1b51c2276888c021b2134c1ba4db0c844484f0b71fcbed8ff102e4876", kill_on_drop: false }`
[INFO] running `Command { std: "docker" "rm" "-f" "14b678b1b51c2276888c021b2134c1ba4db0c844484f0b71fcbed8ff102e4876", kill_on_drop: false }`
[INFO] [stdout] 14b678b1b51c2276888c021b2134c1ba4db0c844484f0b71fcbed8ff102e4876
[INFO] running `Command { std: "docker" "create" "-v" "/var/lib/crater-agent-workspace/builds/worker-5/target:/opt/rustwide/target:rw,Z" "-v" "/var/lib/crater-agent-workspace/builds/worker-5/source:/opt/rustwide/workdir:ro,Z" "-v" "/var/lib/crater-agent-workspace/cargo-home:/opt/rustwide/cargo-home:ro,Z" "-v" "/var/lib/crater-agent-workspace/rustup-home:/opt/rustwide/rustup-home:ro,Z" "-e" "SOURCE_DIR=/opt/rustwide/workdir" "-e" "CARGO_TARGET_DIR=/opt/rustwide/target" "-e" "CARGO_INCREMENTAL=0" "-e" "RUST_BACKTRACE=full" "-e" "RUSTFLAGS=--cap-lints=warn" "-e" "CARGO_HOME=/opt/rustwide/cargo-home" "-e" "RUSTUP_HOME=/opt/rustwide/rustup-home" "-w" "/opt/rustwide/workdir" "-m" "1610612736" "--user" "0:0" "--network" "none" "ghcr.io/rust-lang/crates-build-env/linux@sha256:34b6a614d2c27851fe6cbf88fbd1137609cefab8b10d0615aaeb6fd47975d74e" "/opt/rustwide/cargo-home/bin/cargo" "+beta-2021-08-01" "build" "--frozen" "--message-format=json", kill_on_drop: false }`
[INFO] [stdout] aa6cd8e75df8b51d838b469b06f97d44e4d5555e8e1d19c1e53dc4cf0b2f5073
[INFO] [stderr] WARNING: Your kernel does not support swap limit capabilities or the cgroup is not mounted. Memory limited without swap.
[INFO] running `Command { std: "docker" "start" "-a" "aa6cd8e75df8b51d838b469b06f97d44e4d5555e8e1d19c1e53dc4cf0b2f5073", kill_on_drop: false }`
[INFO] [stderr]    Compiling proc-macro2 v1.0.28
[INFO] [stderr]    Compiling macro-utils v0.1.3
[INFO] [stderr]    Compiling utf8-width v0.1.5
[INFO] [stderr]    Compiling cow-utils v0.1.2
[INFO] [stderr]    Compiling minifier v0.0.41
[INFO] [stderr]    Compiling html-escape v0.2.9
[INFO] [stderr]    Compiling quote v1.0.9
[INFO] [stderr]    Compiling syn v1.0.74
[INFO] [stderr]    Compiling enum-ordinalize v3.1.10
[INFO] [stderr]    Compiling educe v0.4.18
[INFO] [stderr]    Compiling html-minifier v3.0.13
[INFO] [stderr]    Compiling cascading-wasm-language v0.0.2 (/opt/rustwide/workdir)
[INFO] [stdout] warning: variant is never constructed: `Padding`
[INFO] [stdout]   --> src/data/semantics/properties.rs:15:2
[INFO] [stdout]    |
[INFO] [stdout] 15 |     Padding,
[INFO] [stdout]    |     ^^^^^^^
[INFO] [stdout]    |
[INFO] [stdout]    = note: `#[warn(dead_code)]` on by default
[INFO] [stdout] 
[INFO] [stdout] 
[INFO] [stdout] warning: 1 warning emitted
[INFO] [stdout] 
[INFO] [stdout] 
[INFO] [stderr]     Finished dev [unoptimized + debuginfo] target(s) in 25.82s
[INFO] running `Command { std: "docker" "inspect" "aa6cd8e75df8b51d838b469b06f97d44e4d5555e8e1d19c1e53dc4cf0b2f5073", kill_on_drop: false }`
[INFO] running `Command { std: "docker" "rm" "-f" "aa6cd8e75df8b51d838b469b06f97d44e4d5555e8e1d19c1e53dc4cf0b2f5073", kill_on_drop: false }`
[INFO] [stdout] aa6cd8e75df8b51d838b469b06f97d44e4d5555e8e1d19c1e53dc4cf0b2f5073
[INFO] running `Command { std: "docker" "create" "-v" "/var/lib/crater-agent-workspace/builds/worker-5/target:/opt/rustwide/target:rw,Z" "-v" "/var/lib/crater-agent-workspace/builds/worker-5/source:/opt/rustwide/workdir:ro,Z" "-v" "/var/lib/crater-agent-workspace/cargo-home:/opt/rustwide/cargo-home:ro,Z" "-v" "/var/lib/crater-agent-workspace/rustup-home:/opt/rustwide/rustup-home:ro,Z" "-e" "SOURCE_DIR=/opt/rustwide/workdir" "-e" "CARGO_TARGET_DIR=/opt/rustwide/target" "-e" "CARGO_INCREMENTAL=0" "-e" "RUST_BACKTRACE=full" "-e" "RUSTFLAGS=--cap-lints=warn" "-e" "CARGO_HOME=/opt/rustwide/cargo-home" "-e" "RUSTUP_HOME=/opt/rustwide/rustup-home" "-w" "/opt/rustwide/workdir" "-m" "1610612736" "--user" "0:0" "--network" "none" "ghcr.io/rust-lang/crates-build-env/linux@sha256:34b6a614d2c27851fe6cbf88fbd1137609cefab8b10d0615aaeb6fd47975d74e" "/opt/rustwide/cargo-home/bin/cargo" "+beta-2021-08-01" "test" "--frozen" "--no-run" "--message-format=json", kill_on_drop: false }`
[INFO] [stdout] de692234c9fa08848fab7c1b3ca03ea2f030e37068c67992303055afdb130fee
[INFO] [stderr] WARNING: Your kernel does not support swap limit capabilities or the cgroup is not mounted. Memory limited without swap.
[INFO] running `Command { std: "docker" "start" "-a" "de692234c9fa08848fab7c1b3ca03ea2f030e37068c67992303055afdb130fee", kill_on_drop: false }`
[INFO] [stderr]    Compiling wasm-bindgen-shared v0.2.75
[INFO] [stderr]    Compiling bumpalo v3.7.0
[INFO] [stderr]    Compiling wasm-bindgen v0.2.75
[INFO] [stderr]    Compiling wasm-bindgen-test-macro v0.3.25
[INFO] [stdout] warning: variant is never constructed: `Padding`
[INFO] [stdout]   --> src/data/semantics/properties.rs:15:2
[INFO] [stdout]    |
[INFO] [stdout] 15 |     Padding,
[INFO] [stdout]    |     ^^^^^^^
[INFO] [stdout]    |
[INFO] [stdout]    = note: `#[warn(dead_code)]` on by default
[INFO] [stdout] 
[INFO] [stdout] 
[INFO] [stdout] warning: 1 warning emitted
[INFO] [stdout] 
[INFO] [stdout] 
[INFO] [stderr]    Compiling wasm-bindgen-backend v0.2.75
[INFO] [stderr]    Compiling wasm-bindgen-macro-support v0.2.75
[INFO] [stderr]    Compiling wasm-bindgen-macro v0.2.75
[INFO] [stderr]    Compiling js-sys v0.3.52
[INFO] [stderr]    Compiling console_error_panic_hook v0.1.6
[INFO] [stderr]    Compiling wasm-bindgen-futures v0.4.25
[INFO] [stderr]    Compiling web-sys v0.3.52
[INFO] [stderr]    Compiling wasm-bindgen-test v0.3.25
[INFO] [stderr]    Compiling cascading-wasm-language v0.0.2 (/opt/rustwide/workdir)
[INFO] [stdout] error[E0463]: can't find crate for `lazy_static`
[INFO] [stdout]  --> tests/rules.rs:9:1
[INFO] [stdout]   |
[INFO] [stdout] 9 | cwl_header!();
[INFO] [stdout]   | ^^^^^^^^^^^^^^ can't find crate
[INFO] [stdout]   |
[INFO] [stdout]   = note: this error originates in the macro `cwl_header` (in Nightly builds, run with -Z macro-backtrace for more info)
[INFO] [stdout] 
[INFO] [stdout] 
[INFO] [stdout] error: aborting due to previous error
[INFO] [stdout] 
[INFO] [stdout] 
[INFO] [stdout] For more information about this error, try `rustc --explain E0463`.
[INFO] [stdout] 
[INFO] [stderr] error: could not compile `cascading-wasm-language` due to 2 previous errors
[INFO] [stderr] warning: build failed, waiting for other jobs to finish...
[INFO] [stdout] error[E0463]: can't find crate for `lazy_static`
[INFO] [stdout]  --> tests/stackoverflow.rs:9:1
[INFO] [stdout]   |
[INFO] [stdout] 9 | cwl_header!();
[INFO] [stdout]   | ^^^^^^^^^^^^^^ can't find crate
[INFO] [stdout]   |
[INFO] [stdout]   = note: this error originates in the macro `cwl_header` (in Nightly builds, run with -Z macro-backtrace for more info)
[INFO] [stdout] 
[INFO] [stdout] 
[INFO] [stdout] error: aborting due to previous error
[INFO] [stdout] 
[INFO] [stdout] 
[INFO] [stdout] For more information about this error, try `rustc --explain E0463`.
[INFO] [stdout] 
[INFO] [stdout] error[E0463]: can't find crate for `lazy_static`
[INFO] [stdout]  --> tests/basics.rs:9:1
[INFO] [stdout]   |
[INFO] [stdout] 9 | cwl_header!();
[INFO] [stdout]   | ^^^^^^^^^^^^^^ can't find crate
[INFO] [stdout]   |
[INFO] [stdout]   = note: this error originates in the macro `cwl_header` (in Nightly builds, run with -Z macro-backtrace for more info)
[INFO] [stdout] 
[INFO] [stdout] 
[INFO] [stdout] error: aborting due to previous error
[INFO] [stdout] 
[INFO] [stdout] 
[INFO] [stdout] For more information about this error, try `rustc --explain E0463`.
[INFO] [stdout] 
[INFO] [stdout] warning: variant is never constructed: `Padding`
[INFO] [stdout]   --> src/data/semantics/properties.rs:15:2
[INFO] [stdout]    |
[INFO] [stdout] 15 |     Padding,
[INFO] [stdout]    |     ^^^^^^^
[INFO] [stdout]    |
[INFO] [stdout]    = note: `#[warn(dead_code)]` on by default
[INFO] [stdout] 
[INFO] [stdout] 
[INFO] [stdout] warning: 1 warning emitted
[INFO] [stdout] 
[INFO] [stdout] 
[INFO] [stderr] error: build failed
[INFO] running `Command { std: "docker" "inspect" "de692234c9fa08848fab7c1b3ca03ea2f030e37068c67992303055afdb130fee", kill_on_drop: false }`
[INFO] running `Command { std: "docker" "rm" "-f" "de692234c9fa08848fab7c1b3ca03ea2f030e37068c67992303055afdb130fee", kill_on_drop: false }`
[INFO] [stdout] de692234c9fa08848fab7c1b3ca03ea2f030e37068c67992303055afdb130fee
