[INFO] fetching crate carrier 0.12.2...
[INFO] testing carrier-0.12.2 against beta-2021-08-01 for beta-1.55-1
[INFO] extracting crate carrier 0.12.2 into /workspace/builds/worker-14/source
[INFO] validating manifest of crates.io crate carrier 0.12.2 on toolchain beta-2021-08-01
[INFO] running `Command { std: "/workspace/cargo-home/bin/cargo" "+beta-2021-08-01" "metadata" "--manifest-path" "Cargo.toml" "--no-deps", kill_on_drop: false }`
[INFO] started tweaking crates.io crate carrier 0.12.2
[INFO] finished tweaking crates.io crate carrier 0.12.2
[INFO] tweaked toml for crates.io crate carrier 0.12.2 written to /workspace/builds/worker-14/source/Cargo.toml
[INFO] crate crates.io crate carrier 0.12.2 already has a lockfile, it will not be regenerated
[INFO] running `Command { std: "/workspace/cargo-home/bin/cargo" "+beta-2021-08-01" "fetch" "--manifest-path" "Cargo.toml", kill_on_drop: false }`
[INFO] [stderr]  Downloading crates ...
[INFO] [stderr]   Downloaded smbios v0.1.7
[INFO] [stderr]   Downloaded hpack v0.3.0
[INFO] [stderr]   Downloaded gcmap v0.1.4
[INFO] [stderr]   Downloaded mtdparts v0.2.0
[INFO] [stderr]   Downloaded cluproccmdline v0.1.5
[INFO] [stderr]   Downloaded tinylogger v0.1.1
[INFO] [stderr]   Downloaded axon v0.2.1
[INFO] [stderr]   Downloaded osaka v0.2.10
[INFO] [stderr]   Downloaded osaka-macros v0.2.10
[INFO] [stderr]   Downloaded osaka-dns v0.2.11
[INFO] [stderr]   Downloaded hacl-star-sys v0.0.7
[INFO] [stderr]   Downloaded hacl-star v0.0.14
[INFO] running `Command { std: "docker" "create" "-v" "/var/lib/crater-agent-workspace/builds/worker-14/target:/opt/rustwide/target:rw,Z" "-v" "/var/lib/crater-agent-workspace/builds/worker-14/source:/opt/rustwide/workdir:ro,Z" "-v" "/var/lib/crater-agent-workspace/cargo-home:/opt/rustwide/cargo-home:ro,Z" "-v" "/var/lib/crater-agent-workspace/rustup-home:/opt/rustwide/rustup-home:ro,Z" "-e" "SOURCE_DIR=/opt/rustwide/workdir" "-e" "CARGO_TARGET_DIR=/opt/rustwide/target" "-e" "CARGO_HOME=/opt/rustwide/cargo-home" "-e" "RUSTUP_HOME=/opt/rustwide/rustup-home" "-w" "/opt/rustwide/workdir" "-m" "1610612736" "--user" "0:0" "--network" "none" "ghcr.io/rust-lang/crates-build-env/linux@sha256:34b6a614d2c27851fe6cbf88fbd1137609cefab8b10d0615aaeb6fd47975d74e" "/opt/rustwide/cargo-home/bin/cargo" "+beta-2021-08-01" "metadata" "--no-deps" "--format-version=1", kill_on_drop: false }`
[INFO] [stdout] 386cb344dc347fdc54740aaec455e81c08ad888c719a942a393db3701d4ca3a8
[INFO] [stderr] WARNING: Your kernel does not support swap limit capabilities or the cgroup is not mounted. Memory limited without swap.
[INFO] running `Command { std: "docker" "start" "-a" "386cb344dc347fdc54740aaec455e81c08ad888c719a942a393db3701d4ca3a8", kill_on_drop: false }`
[INFO] running `Command { std: "docker" "inspect" "386cb344dc347fdc54740aaec455e81c08ad888c719a942a393db3701d4ca3a8", kill_on_drop: false }`
[INFO] running `Command { std: "docker" "rm" "-f" "386cb344dc347fdc54740aaec455e81c08ad888c719a942a393db3701d4ca3a8", kill_on_drop: false }`
[INFO] [stdout] 386cb344dc347fdc54740aaec455e81c08ad888c719a942a393db3701d4ca3a8
[INFO] running `Command { std: "docker" "create" "-v" "/var/lib/crater-agent-workspace/builds/worker-14/target:/opt/rustwide/target:rw,Z" "-v" "/var/lib/crater-agent-workspace/builds/worker-14/source:/opt/rustwide/workdir:ro,Z" "-v" "/var/lib/crater-agent-workspace/cargo-home:/opt/rustwide/cargo-home:ro,Z" "-v" "/var/lib/crater-agent-workspace/rustup-home:/opt/rustwide/rustup-home:ro,Z" "-e" "SOURCE_DIR=/opt/rustwide/workdir" "-e" "CARGO_TARGET_DIR=/opt/rustwide/target" "-e" "CARGO_INCREMENTAL=0" "-e" "RUST_BACKTRACE=full" "-e" "RUSTFLAGS=--cap-lints=warn" "-e" "CARGO_HOME=/opt/rustwide/cargo-home" "-e" "RUSTUP_HOME=/opt/rustwide/rustup-home" "-w" "/opt/rustwide/workdir" "-m" "1610612736" "--user" "0:0" "--network" "none" "ghcr.io/rust-lang/crates-build-env/linux@sha256:34b6a614d2c27851fe6cbf88fbd1137609cefab8b10d0615aaeb6fd47975d74e" "/opt/rustwide/cargo-home/bin/cargo" "+beta-2021-08-01" "build" "--frozen" "--message-format=json", kill_on_drop: false }`
[INFO] [stdout] e078ee1ece9050ea54caaeb8db6f0f58345de74d9ebb730624e796f0ffd7c933
[INFO] [stderr] WARNING: Your kernel does not support swap limit capabilities or the cgroup is not mounted. Memory limited without swap.
[INFO] running `Command { std: "docker" "start" "-a" "e078ee1ece9050ea54caaeb8db6f0f58345de74d9ebb730624e796f0ffd7c933", kill_on_drop: false }`
[INFO] [stderr]    Compiling libc v0.2.62
[INFO] [stderr]    Compiling syn v0.15.44
[INFO] [stderr]    Compiling byteorder v1.3.2
[INFO] [stderr]    Compiling typenum v1.11.2
[INFO] [stderr]    Compiling getrandom v0.1.12
[INFO] [stderr]    Compiling bitflags v1.2.0
[INFO] [stderr]    Compiling ppv-lite86 v0.2.5
[INFO] [stderr]    Compiling proc-macro2 v1.0.4
[INFO] [stderr]    Compiling fixedbitset v0.1.9
[INFO] [stderr]    Compiling unicode-segmentation v1.3.0
[INFO] [stderr]    Compiling remove_dir_all v0.5.2
[INFO] [stderr]    Compiling syn v1.0.5
[INFO] [stderr]    Compiling serde v1.0.101
[INFO] [stderr]    Compiling nix v0.15.0
[INFO] [stderr]    Compiling multimap v0.4.0
[INFO] [stderr]    Compiling quick-error v1.2.2
[INFO] [stderr]    Compiling fake-simd v0.1.2
[INFO] [stderr]    Compiling termcolor v1.0.5
[INFO] [stderr]    Compiling static_slice v0.0.3
[INFO] [stderr]    Compiling arrayref v0.3.5
[INFO] [stderr]    Compiling crc8 v0.1.1
[INFO] [stderr]    Compiling mtdparts v0.2.0
[INFO] [stderr]    Compiling bs58 v0.2.5
[INFO] [stderr]    Compiling gcmap v0.1.4
[INFO] [stderr]    Compiling rand_core v0.3.1
[INFO] [stderr]    Compiling clear_on_drop v0.2.3
[INFO] [stderr]    Compiling rand v0.6.5
[INFO] [stderr]    Compiling hacl-star-sys v0.0.7
[INFO] [stderr]    Compiling itertools v0.8.0
[INFO] [stderr]    Compiling block-padding v0.1.4
[INFO] [stderr]    Compiling humantime v1.3.0
[INFO] [stderr]    Compiling petgraph v0.4.13
[INFO] [stderr]    Compiling heck v0.3.1
[INFO] [stderr]    Compiling log v0.4.8
[INFO] [stderr]    Compiling c2-chacha v0.2.2
[INFO] [stderr]    Compiling rand_hc v0.1.0
[INFO] [stderr]    Compiling rand_xorshift v0.1.1
[INFO] [stderr]    Compiling rand_isaac v0.1.1
[INFO] [stderr]    Compiling rand_chacha v0.1.1
[INFO] [stderr]    Compiling snow v0.5.2
[INFO] [stderr]    Compiling log v0.3.9
[INFO] [stderr]    Compiling tinylogger v0.1.1
[INFO] [stderr]    Compiling hpack v0.3.0
[INFO] [stderr]    Compiling quote v1.0.2
[INFO] [stderr]    Compiling generic-array v0.12.3
[INFO] [stderr]    Compiling digest v0.8.1
[INFO] [stderr]    Compiling block-buffer v0.7.3
[INFO] [stderr]    Compiling sha2 v0.8.0
[INFO] [stderr]    Compiling curve25519-dalek v1.2.3
[INFO] [stderr]    Compiling backtrace-sys v0.1.31
[INFO] [stderr]    Compiling iovec v0.1.2
[INFO] [stderr]    Compiling net2 v0.2.33
[INFO] [stderr]    Compiling rand_os v0.1.3
[INFO] [stderr]    Compiling atty v0.2.13
[INFO] [stderr]    Compiling time v0.1.42
[INFO] [stderr]    Compiling num_cpus v1.10.1
[INFO] [stderr]    Compiling wait-timeout v0.2.0
[INFO] [stderr]    Compiling dirs v1.0.5
[INFO] [stderr]    Compiling clap v2.33.0
[INFO] [stderr]    Compiling env_logger v0.6.2
[INFO] [stderr]    Compiling bytes v0.4.12
[INFO] [stderr]    Compiling backtrace v0.3.38
[INFO] [stderr]    Compiling pbr v1.0.2
[INFO] [stderr]    Compiling rand_core v0.5.1
[INFO] [stderr]    Compiling hacl-star v0.0.14
[INFO] [stderr]    Compiling mio v0.6.19
[INFO] [stderr]    Compiling rand_chacha v0.2.1
[INFO] [stderr]    Compiling rand v0.7.2
[INFO] [stderr]    Compiling mio-extras v2.0.5
[INFO] [stderr]    Compiling x25519-dalek v0.5.2
[INFO] [stderr]    Compiling tempfile v3.1.0
[INFO] [stderr]    Compiling toml v0.5.3
[INFO] [stderr]    Compiling serde_derive v1.0.101
[INFO] [stderr]    Compiling synstructure v0.10.2
[INFO] [stderr]    Compiling failure_derive v0.1.5
[INFO] [stderr]    Compiling osaka-macros v0.2.10
[INFO] [stderr]    Compiling osaka v0.2.10
[INFO] [stderr]    Compiling failure v0.1.5
[INFO] [stdout] error[E0557]: feature has been removed
[INFO] [stdout]  --> /opt/rustwide/cargo-home/registry/src/github.com-1ecc6299db9ec823/osaka-0.2.10/src/lib.rs:2:12
[INFO] [stdout]   |
[INFO] [stdout] 2 | #![feature(custom_attribute)]
[INFO] [stdout]   |            ^^^^^^^^^^^^^^^^ feature has been removed
[INFO] [stdout]   |
[INFO] [stdout]   = note: removed in favor of `#![register_tool]` and `#![register_attr]`
[INFO] [stdout] 
[INFO] [stdout] 
[INFO] [stdout] error[E0554]: `#![feature]` may not be used on the beta release channel
[INFO] [stdout]  --> /opt/rustwide/cargo-home/registry/src/github.com-1ecc6299db9ec823/osaka-0.2.10/src/lib.rs:1:1
[INFO] [stdout]   |
[INFO] [stdout] 1 | #![feature(generators, generator_trait)]
[INFO] [stdout]   | ^^^^^^^^^^^^^^^^^^^^^^^^^^^^^^^^^^^^^^^^
[INFO] [stdout] 
[INFO] [stdout] 
[INFO] [stdout] error[E0554]: `#![feature]` may not be used on the beta release channel
[INFO] [stdout]  --> /opt/rustwide/cargo-home/registry/src/github.com-1ecc6299db9ec823/osaka-0.2.10/src/lib.rs:2:1
[INFO] [stdout]   |
[INFO] [stdout] 2 | #![feature(custom_attribute)]
[INFO] [stdout]   | ^^^^^^^^^^^^^^^^^^^^^^^^^^^^^
[INFO] [stdout] 
[INFO] [stdout] 
[INFO] [stdout] error[E0554]: `#![feature]` may not be used on the beta release channel
[INFO] [stdout]  --> /opt/rustwide/cargo-home/registry/src/github.com-1ecc6299db9ec823/osaka-0.2.10/src/lib.rs:3:1
[INFO] [stdout]   |
[INFO] [stdout] 3 | #![feature(termination_trait_lib)]
[INFO] [stdout]   | ^^^^^^^^^^^^^^^^^^^^^^^^^^^^^^^^^^
[INFO] [stdout] 
[INFO] [stdout] 
[INFO] [stdout] error[E0061]: this function takes 1 argument but 0 arguments were supplied
[INFO] [stdout]    --> /opt/rustwide/cargo-home/registry/src/github.com-1ecc6299db9ec823/osaka-0.2.10/src/lib.rs:125:30
[INFO] [stdout]     |
[INFO] [stdout] 125 |         match Pin::new(self).resume() {
[INFO] [stdout]     |                              ^^^^^^- supplied 0 arguments
[INFO] [stdout]     |
[INFO] [stdout] note: associated function defined here
[INFO] [stdout] help: expected the unit value `()`; create it with empty parentheses
[INFO] [stdout]     |
[INFO] [stdout] 125 |         match Pin::new(self).resume(()) {
[INFO] [stdout]     |                                     ^^
[INFO] [stdout] 
[INFO] [stdout] 
[INFO] [stdout] error: aborting due to 5 previous errors
[INFO] [stdout] 
[INFO] [stdout] 
[INFO] [stdout] Some errors have detailed explanations: E0061, E0554, E0557.
[INFO] [stdout] 
[INFO] [stdout] For more information about an error, try `rustc --explain E0061`.
[INFO] [stdout] 
[INFO] [stderr] error: could not compile `osaka` due to 6 previous errors
[INFO] [stderr] warning: build failed, waiting for other jobs to finish...
[INFO] [stderr] error: build failed
[INFO] running `Command { std: "docker" "inspect" "e078ee1ece9050ea54caaeb8db6f0f58345de74d9ebb730624e796f0ffd7c933", kill_on_drop: false }`
[INFO] running `Command { std: "docker" "rm" "-f" "e078ee1ece9050ea54caaeb8db6f0f58345de74d9ebb730624e796f0ffd7c933", kill_on_drop: false }`
[INFO] [stdout] e078ee1ece9050ea54caaeb8db6f0f58345de74d9ebb730624e796f0ffd7c933
