[INFO] fetching crate cargo-contract 0.13.0...
[INFO] testing cargo-contract-0.13.0 against beta-2021-08-01 for beta-1.55-1
[INFO] extracting crate cargo-contract 0.13.0 into /workspace/builds/worker-52/source
[INFO] validating manifest of crates.io crate cargo-contract 0.13.0 on toolchain beta-2021-08-01
[INFO] running `Command { std: "/workspace/cargo-home/bin/cargo" "+beta-2021-08-01" "metadata" "--manifest-path" "Cargo.toml" "--no-deps", kill_on_drop: false }`
[INFO] started tweaking crates.io crate cargo-contract 0.13.0
[INFO] finished tweaking crates.io crate cargo-contract 0.13.0
[INFO] tweaked toml for crates.io crate cargo-contract 0.13.0 written to /workspace/builds/worker-52/source/Cargo.toml
[INFO] crate crates.io crate cargo-contract 0.13.0 already has a lockfile, it will not be regenerated
[INFO] running `Command { std: "/workspace/cargo-home/bin/cargo" "+beta-2021-08-01" "fetch" "--manifest-path" "Cargo.toml", kill_on_drop: false }`
[INFO] [stderr]     Blocking waiting for file lock on package cache
[INFO] [stderr]     Blocking waiting for file lock on package cache
[INFO] [stderr]  Downloading crates ...
[INFO] [stderr]   Downloaded trie-db v0.22.3
[INFO] [stderr]   Downloaded substrate-subxt-proc-macro v0.14.0
[INFO] [stderr]   Downloaded curve25519-dalek v2.1.2
[INFO] [stderr]   Downloaded sp-staking v2.0.1
[INFO] [stderr]   Downloaded pallet-timestamp v2.0.1
[INFO] [stderr]   Downloaded linregress v0.1.7
[INFO] [stderr]   Downloaded bs58 v0.3.1
[INFO] [stderr]   Downloaded jsonrpsee-proc-macros v0.1.0
[INFO] [stderr]   Downloaded sp-keyring v2.0.1
[INFO] [stderr]   Downloaded nalgebra v0.18.1
[INFO] [stderr]   Downloaded parity-wasm v0.42.2
[INFO] [stderr]   Downloaded parity-scale-codec v2.1.1
[INFO] [stderr]   Downloaded async-tls v0.6.0
[INFO] [stderr]   Downloaded parity-scale-codec-derive v2.1.0
[INFO] [stderr]   Downloaded contract-metadata v0.3.0
[INFO] [stderr]   Downloaded soketto v0.3.2
[INFO] [stderr]   Downloaded sp-api-proc-macro v2.0.1
[INFO] [stderr]   Downloaded pallet-staking v2.0.1
[INFO] [stderr]   Downloaded sp-timestamp v2.0.1
[INFO] [stderr]   Downloaded pallet-indices v2.0.1
[INFO] [stderr]   Downloaded sp-api v2.0.1
[INFO] [stderr]   Downloaded sp-npos-elections-compact v2.0.1
[INFO] [stderr]   Downloaded sp-rpc v2.0.1
[INFO] [stderr]   Downloaded wabt-sys v0.8.0
[INFO] [stderr]   Downloaded pallet-authorship v2.0.1
[INFO] [stderr]   Downloaded wabt v0.10.0
[INFO] [stderr]   Downloaded substrate-build-script-utils v3.0.0
[INFO] [stderr]   Downloaded jsonrpsee v0.1.0
[INFO] [stderr]   Downloaded statrs v0.10.0
[INFO] [stderr]   Downloaded sp-authorship v2.0.1
[INFO] [stderr]   Downloaded frame-benchmarking v2.0.1
[INFO] [stderr]   Downloaded sp-session v2.0.1
[INFO] [stderr]   Downloaded pallet-session v2.0.1
[INFO] [stderr]   Downloaded sp-npos-elections v2.0.1
[INFO] [stderr]   Downloaded substrate-subxt v0.14.0
[INFO] running `Command { std: "docker" "create" "-v" "/var/lib/crater-agent-workspace/builds/worker-52/target:/opt/rustwide/target:rw,Z" "-v" "/var/lib/crater-agent-workspace/builds/worker-52/source:/opt/rustwide/workdir:ro,Z" "-v" "/var/lib/crater-agent-workspace/cargo-home:/opt/rustwide/cargo-home:ro,Z" "-v" "/var/lib/crater-agent-workspace/rustup-home:/opt/rustwide/rustup-home:ro,Z" "-e" "SOURCE_DIR=/opt/rustwide/workdir" "-e" "CARGO_TARGET_DIR=/opt/rustwide/target" "-e" "CARGO_HOME=/opt/rustwide/cargo-home" "-e" "RUSTUP_HOME=/opt/rustwide/rustup-home" "-w" "/opt/rustwide/workdir" "-m" "1610612736" "--user" "0:0" "--network" "none" "ghcr.io/rust-lang/crates-build-env/linux@sha256:34b6a614d2c27851fe6cbf88fbd1137609cefab8b10d0615aaeb6fd47975d74e" "/opt/rustwide/cargo-home/bin/cargo" "+beta-2021-08-01" "metadata" "--no-deps" "--format-version=1", kill_on_drop: false }`
[INFO] [stdout] 447b991defc684ef83e417960044ad7d9bd90254413a523a19ddb362f9598dd0
[INFO] running `Command { std: "docker" "start" "-a" "447b991defc684ef83e417960044ad7d9bd90254413a523a19ddb362f9598dd0", kill_on_drop: false }`
[INFO] running `Command { std: "docker" "inspect" "447b991defc684ef83e417960044ad7d9bd90254413a523a19ddb362f9598dd0", kill_on_drop: false }`
[INFO] running `Command { std: "docker" "rm" "-f" "447b991defc684ef83e417960044ad7d9bd90254413a523a19ddb362f9598dd0", kill_on_drop: false }`
[INFO] [stdout] 447b991defc684ef83e417960044ad7d9bd90254413a523a19ddb362f9598dd0
[INFO] running `Command { std: "docker" "create" "-v" "/var/lib/crater-agent-workspace/builds/worker-52/target:/opt/rustwide/target:rw,Z" "-v" "/var/lib/crater-agent-workspace/builds/worker-52/source:/opt/rustwide/workdir:ro,Z" "-v" "/var/lib/crater-agent-workspace/cargo-home:/opt/rustwide/cargo-home:ro,Z" "-v" "/var/lib/crater-agent-workspace/rustup-home:/opt/rustwide/rustup-home:ro,Z" "-e" "SOURCE_DIR=/opt/rustwide/workdir" "-e" "CARGO_TARGET_DIR=/opt/rustwide/target" "-e" "CARGO_INCREMENTAL=0" "-e" "RUST_BACKTRACE=full" "-e" "RUSTFLAGS=--cap-lints=warn" "-e" "CARGO_HOME=/opt/rustwide/cargo-home" "-e" "RUSTUP_HOME=/opt/rustwide/rustup-home" "-w" "/opt/rustwide/workdir" "-m" "1610612736" "--user" "0:0" "--network" "none" "ghcr.io/rust-lang/crates-build-env/linux@sha256:34b6a614d2c27851fe6cbf88fbd1137609cefab8b10d0615aaeb6fd47975d74e" "/opt/rustwide/cargo-home/bin/cargo" "+beta-2021-08-01" "build" "--frozen" "--message-format=json", kill_on_drop: false }`
[INFO] [stdout] 49eff1a67be288996dc156928c7e9975fac89e99833643b7d7a2a0a26440d153
[INFO] running `Command { std: "docker" "start" "-a" "49eff1a67be288996dc156928c7e9975fac89e99833643b7d7a2a0a26440d153", kill_on_drop: false }`
[INFO] [stderr]     Blocking waiting for file lock on package cache
[INFO] [stderr]    Compiling proc-macro2 v1.0.27
[INFO] [stderr]    Compiling syn v1.0.72
[INFO] [stderr]    Compiling serde_derive v1.0.126
[INFO] [stderr]    Compiling serde v1.0.126
[INFO] [stderr]    Compiling libc v0.2.94
[INFO] [stderr]    Compiling platforms v1.1.0
[INFO] [stderr]    Compiling crc32fast v1.2.1
[INFO] [stderr]    Compiling tinyvec_macros v0.1.0
[INFO] [stderr]    Compiling semver v1.0.3
[INFO] [stderr]    Compiling radium v0.6.2
[INFO] [stderr]    Compiling anyhow v1.0.42
[INFO] [stderr]    Compiling serde_json v1.0.64
[INFO] [stderr]    Compiling unicode-segmentation v1.7.1
[INFO] [stderr]    Compiling camino v1.0.4
[INFO] [stderr]    Compiling log v0.4.14
[INFO] [stderr]    Compiling subtle v2.4.0
[INFO] [stderr]    Compiling funty v1.1.0
[INFO] [stderr]    Compiling tap v1.0.1
[INFO] [stderr]    Compiling wyz v0.2.0
[INFO] [stderr]    Compiling regex-syntax v0.6.25
[INFO] [stderr]    Compiling arrayvec v0.7.0
[INFO] [stderr]    Compiling humantime v2.1.0
[INFO] [stderr]    Compiling either v1.6.1
[INFO] [stderr]    Compiling byte-slice-cast v1.0.0
[INFO] [stderr]    Compiling opaque-debug v0.3.0
[INFO] [stderr]    Compiling termcolor v1.1.2
[INFO] [stderr]    Compiling remove_dir_all v0.5.3
[INFO] [stderr]    Compiling parity-wasm v0.42.2
[INFO] [stderr]    Compiling proc-macro-error-attr v1.0.4
[INFO] [stderr]    Compiling proc-macro-error v1.0.4
[INFO] [stderr]    Compiling unicode-bidi v0.3.5
[INFO] [stderr]    Compiling walkdir v2.3.2
[INFO] [stderr]    Compiling form_urlencoded v1.0.1
[INFO] [stderr]    Compiling aho-corasick v0.7.18
[INFO] [stderr]    Compiling digest v0.9.0
[INFO] [stderr]    Compiling tinyvec v1.2.0
[INFO] [stderr]    Compiling crypto-mac v0.8.0
[INFO] [stderr]    Compiling blake2 v0.9.1
[INFO] [stderr]    Compiling heck v0.3.3
[INFO] [stderr]    Compiling bitvec v0.20.4
[INFO] [stderr]    Compiling quote v1.0.9
[INFO] [stderr]    Compiling substrate-build-script-utils v3.0.0
[INFO] [stderr]    Compiling unicode-normalization v0.1.17
[INFO] [stderr]    Compiling getrandom v0.2.3
[INFO] [stderr]    Compiling atty v0.2.14
[INFO] [stderr]    Compiling which v4.1.0
[INFO] [stderr]    Compiling clap v2.33.3
[INFO] [stderr]    Compiling colored v2.0.0
[INFO] [stderr]    Compiling rand_core v0.6.2
[INFO] [stderr]    Compiling rand_chacha v0.3.0
[INFO] [stderr]    Compiling idna v0.2.3
[INFO] [stderr]    Compiling regex v1.5.4
[INFO] [stderr]    Compiling rand v0.8.3
[INFO] [stderr]    Compiling tempfile v3.2.0
[INFO] [stderr]    Compiling env_logger v0.9.0
[INFO] [stderr]    Compiling thiserror-impl v1.0.25
[INFO] [stderr]    Compiling structopt-derive v0.4.15
[INFO] [stderr]    Compiling thiserror v1.0.25
[INFO] [stderr]    Compiling zip v0.5.13
[INFO] [stderr]    Compiling structopt v0.3.22
[INFO] [stderr]    Compiling cargo-contract v0.13.0 (/opt/rustwide/workdir)
[INFO] [stderr] warning: Git command failed with status: exit status: 128
[INFO] [stderr] warning: Could not find `.git/HEAD` searching from `/opt/rustwide/workdir` upwards!
[INFO] [stderr]    Compiling toml v0.5.8
[INFO] [stderr]    Compiling url v2.2.2
[INFO] [stderr]    Compiling cargo-platform v0.1.1
[INFO] [stderr]    Compiling impl-serde v0.3.1
[INFO] [stderr]    Compiling rustc_version v0.4.0
[INFO] [stderr]    Compiling cargo_metadata v0.14.0
[INFO] [stderr]    Compiling contract-metadata v0.3.0
[INFO] [stderr]    Compiling proc-macro-crate v0.1.5
[INFO] [stderr]    Compiling parity-scale-codec-derive v2.1.0
[INFO] [stderr]    Compiling parity-scale-codec v2.1.1
[INFO] [stderr]     Finished dev [unoptimized + debuginfo] target(s) in 48.98s
[INFO] running `Command { std: "docker" "inspect" "49eff1a67be288996dc156928c7e9975fac89e99833643b7d7a2a0a26440d153", kill_on_drop: false }`
[INFO] running `Command { std: "docker" "rm" "-f" "49eff1a67be288996dc156928c7e9975fac89e99833643b7d7a2a0a26440d153", kill_on_drop: false }`
[INFO] [stdout] 49eff1a67be288996dc156928c7e9975fac89e99833643b7d7a2a0a26440d153
[INFO] running `Command { std: "docker" "create" "-v" "/var/lib/crater-agent-workspace/builds/worker-52/target:/opt/rustwide/target:rw,Z" "-v" "/var/lib/crater-agent-workspace/builds/worker-52/source:/opt/rustwide/workdir:ro,Z" "-v" "/var/lib/crater-agent-workspace/cargo-home:/opt/rustwide/cargo-home:ro,Z" "-v" "/var/lib/crater-agent-workspace/rustup-home:/opt/rustwide/rustup-home:ro,Z" "-e" "SOURCE_DIR=/opt/rustwide/workdir" "-e" "CARGO_TARGET_DIR=/opt/rustwide/target" "-e" "CARGO_INCREMENTAL=0" "-e" "RUST_BACKTRACE=full" "-e" "RUSTFLAGS=--cap-lints=warn" "-e" "CARGO_HOME=/opt/rustwide/cargo-home" "-e" "RUSTUP_HOME=/opt/rustwide/rustup-home" "-w" "/opt/rustwide/workdir" "-m" "1610612736" "--user" "0:0" "--network" "none" "ghcr.io/rust-lang/crates-build-env/linux@sha256:34b6a614d2c27851fe6cbf88fbd1137609cefab8b10d0615aaeb6fd47975d74e" "/opt/rustwide/cargo-home/bin/cargo" "+beta-2021-08-01" "test" "--frozen" "--no-run" "--message-format=json", kill_on_drop: false }`
[INFO] [stdout] df004abf40f009f28b10dd53938358d75d5c9cfe98319edcc77e3d36ad95aab5
[INFO] running `Command { std: "docker" "start" "-a" "df004abf40f009f28b10dd53938358d75d5c9cfe98319edcc77e3d36ad95aab5", kill_on_drop: false }`
[INFO] [stderr]    Compiling cc v1.0.68
[INFO] [stderr]    Compiling diff v0.1.12
[INFO] [stderr]    Compiling assert_matches v1.5.0
[INFO] [stderr] warning: Git command failed with status: exit status: 128
[INFO] [stderr] warning: Could not find `.git/HEAD` searching from `/opt/rustwide/workdir` upwards!
[INFO] [stderr]    Compiling pretty_assertions v0.7.2
[INFO] [stderr]    Compiling cmake v0.1.45
[INFO] [stderr]    Compiling wabt-sys v0.8.0
[INFO] [stderr] error: failed to run custom build command for `wabt-sys v0.8.0`
[INFO] [stderr] 
[INFO] [stderr] Caused by:
[INFO] [stderr]   process didn't exit successfully: `/opt/rustwide/target/debug/build/wabt-sys-a4afd79839d29307/build-script-build` (exit status: 101)
[INFO] [stderr]   --- stdout
[INFO] [stderr]   cargo:rerun-if-env-changed=WABT_CXXSTDLIB
[INFO] [stderr]   cargo:rerun-if-env-changed=CXXSTDLIB
[INFO] [stderr]   running: "cmake" "/opt/rustwide/cargo-home/registry/src/github.com-1ecc6299db9ec823/wabt-sys-0.8.0/wabt" "-DBUILD_TESTS=OFF" "-DBUILD_TOOLS=OFF" "-DCMAKE_INSTALL_PREFIX=/opt/rustwide/target/debug/build/wabt-sys-a9cda6704680be57/out" "-DCMAKE_C_FLAGS= -ffunction-sections -fdata-sections -fPIC -m64" "-DCMAKE_C_COMPILER=/usr/bin/cc" "-DCMAKE_CXX_FLAGS= -ffunction-sections -fdata-sections -fPIC -m64" "-DCMAKE_CXX_COMPILER=/usr/bin/c++" "-DCMAKE_ASM_FLAGS= -ffunction-sections -fdata-sections -fPIC -m64" "-DCMAKE_ASM_COMPILER=/usr/bin/cc" "-DCMAKE_BUILD_TYPE=Debug"
[INFO] [stderr]   -- The C compiler identification is GNU 9.3.0
[INFO] [stderr]   -- The CXX compiler identification is GNU 9.3.0
[INFO] [stderr]   -- Check for working C compiler: /usr/bin/cc
[INFO] [stderr]   -- Check for working C compiler: /usr/bin/cc -- works
[INFO] [stderr]   -- Detecting C compiler ABI info
[INFO] [stderr]   -- Detecting C compiler ABI info - done
[INFO] [stderr]   -- Detecting C compile features
[INFO] [stderr]   -- Detecting C compile features - done
[INFO] [stderr]   -- Check for working CXX compiler: /usr/bin/c++
[INFO] [stderr]   -- Check for working CXX compiler: /usr/bin/c++ -- works
[INFO] [stderr]   -- Detecting CXX compiler ABI info
[INFO] [stderr]   -- Detecting CXX compiler ABI info - done
[INFO] [stderr]   -- Detecting CXX compile features
[INFO] [stderr]   -- Detecting CXX compile features - done
[INFO] [stderr]   -- Looking for alloca.h
[INFO] [stderr]   -- Looking for alloca.h - found
[INFO] [stderr]   -- Looking for unistd.h
[INFO] [stderr]   -- Looking for unistd.h - found
[INFO] [stderr]   -- Looking for snprintf
[INFO] [stderr]   -- Looking for snprintf - found
[INFO] [stderr]   -- Looking for strcasecmp
[INFO] [stderr]   -- Looking for strcasecmp - found
[INFO] [stderr]   -- Looking for sys/types.h
[INFO] [stderr]   -- Looking for sys/types.h - found
[INFO] [stderr]   -- Looking for stdint.h
[INFO] [stderr]   -- Looking for stdint.h - found
[INFO] [stderr]   -- Looking for stddef.h
[INFO] [stderr]   -- Looking for stddef.h - found
[INFO] [stderr]   -- Check size of ssize_t
[INFO] [stderr]   -- Check size of ssize_t - done
[INFO] [stderr]   -- Check size of size_t
[INFO] [stderr]   -- Check size of size_t - done
[INFO] [stderr]   -- Found PythonInterp: /usr/bin/python3 (found suitable version "3.8.10", minimum required is "3.5") 
[INFO] [stderr]   -- Looking for pthread.h
[INFO] [stderr]   -- Looking for pthread.h - found
[INFO] [stderr]   -- Performing Test CMAKE_HAVE_LIBC_PTHREAD
[INFO] [stderr]   -- Performing Test CMAKE_HAVE_LIBC_PTHREAD - Failed
[INFO] [stderr]   -- Looking for pthread_create in pthreads
[INFO] [stderr]   -- Looking for pthread_create in pthreads - not found
[INFO] [stderr]   -- Looking for pthread_create in pthread
[INFO] [stderr]   -- Looking for pthread_create in pthread - found
[INFO] [stderr]   -- Found Threads: TRUE  
[INFO] [stderr]   -- Configuring done
[INFO] [stderr]   -- Generating done
[INFO] [stderr]   -- Build files have been written to: /opt/rustwide/target/debug/build/wabt-sys-a9cda6704680be57/out/build
[INFO] [stderr]   running: "cmake" "--build" "." "--config" "Debug" "--"
[INFO] [stderr]   Scanning dependencies of target wabt
[INFO] [stderr]   [  1%] Building CXX object CMakeFiles/wabt.dir/src/binary.cc.o
[INFO] [stderr]   [  2%] Building CXX object CMakeFiles/wabt.dir/src/binary-reader.cc.o
[INFO] [stderr]   [  3%] Building CXX object CMakeFiles/wabt.dir/src/binary-reader-logging.cc.o
[INFO] [stderr]   [  5%] Building CXX object CMakeFiles/wabt.dir/src/binary-writer.cc.o
[INFO] [stderr]   [  5%] Building CXX object CMakeFiles/wabt.dir/src/apply-names.cc.o
[INFO] [stderr]   [  6%] Building CXX object CMakeFiles/wabt.dir/src/binary-reader-ir.cc.o
[INFO] [stderr]   [  7%] Building CXX object CMakeFiles/wabt.dir/src/binary-writer-spec.cc.o
[INFO] [stderr]   [  8%] Building CXX object CMakeFiles/wabt.dir/src/config.cc.o
[INFO] [stderr]   [ 11%] Building CXX object CMakeFiles/wabt.dir/src/generate-names.cc.o
[INFO] [stderr]   [ 12%] Building CXX object CMakeFiles/wabt.dir/src/color.cc.o
[INFO] [stderr]   [ 12%] Building CXX object CMakeFiles/wabt.dir/src/binding-hash.cc.o
[INFO] [stderr]   [ 13%] Building CXX object CMakeFiles/wabt.dir/src/common.cc.o
[INFO] [stderr]   [ 14%] Building CXX object CMakeFiles/wabt.dir/src/filenames.cc.o
[INFO] [stderr]   [ 15%] Building CXX object CMakeFiles/wabt.dir/src/decompiler.cc.o
[INFO] [stderr]   [ 16%] Building CXX object CMakeFiles/wabt.dir/src/expr-visitor.cc.o
[INFO] [stderr]   [ 19%] Building CXX object CMakeFiles/wabt.dir/src/feature.cc.o
[INFO] [stderr]   [ 19%] Building CXX object CMakeFiles/wabt.dir/src/ir.cc.o
[INFO] [stderr]   [ 20%] Building CXX object CMakeFiles/wabt.dir/src/error-formatter.cc.o
[INFO] [stderr]   [ 21%] Building CXX object CMakeFiles/wabt.dir/src/ir-util.cc.o
[INFO] [stderr]   [ 22%] Building CXX object CMakeFiles/wabt.dir/src/hash-util.cc.o
[INFO] [stderr]   [ 23%] Building CXX object CMakeFiles/wabt.dir/src/leb128.cc.o
[INFO] [stderr]   [ 24%] Building CXX object CMakeFiles/wabt.dir/src/lexer-source.cc.o
[INFO] [stderr]   [ 25%] Building CXX object CMakeFiles/wabt.dir/src/literal.cc.o
[INFO] [stderr]   [ 26%] Building CXX object CMakeFiles/wabt.dir/src/lexer-source-line-finder.cc.o
[INFO] [stderr]   [ 28%] Building C object CMakeFiles/wabt.dir/src/opcode-code-table.c.o
[INFO] [stderr]   [ 29%] Building CXX object CMakeFiles/wabt.dir/src/shared-validator.cc.o
[INFO] [stderr]   [ 31%] Building CXX object CMakeFiles/wabt.dir/src/string-view.cc.o
[INFO] [stderr]   [ 31%] Building CXX object CMakeFiles/wabt.dir/src/opcode.cc.o
[INFO] [stderr]   [ 33%] Building CXX object CMakeFiles/wabt.dir/src/stream.cc.o
[INFO] [stderr]   [ 34%] Building CXX object CMakeFiles/wabt.dir/src/option-parser.cc.o
[INFO] [stderr]   [ 34%] Building CXX object CMakeFiles/wabt.dir/src/resolve-names.cc.o
[INFO] [stderr]   [ 35%] Building CXX object CMakeFiles/wabt.dir/src/tracing.cc.o
[INFO] [stderr]   [ 38%] Building CXX object CMakeFiles/wabt.dir/src/token.cc.o
[INFO] [stderr]   [ 40%] Building CXX object CMakeFiles/wabt.dir/src/type-checker.cc.o
[INFO] [stderr]   [ 40%] Building CXX object CMakeFiles/wabt.dir/src/utf8.cc.o
[INFO] [stderr]   [ 43%] Building CXX object CMakeFiles/wabt.dir/src/wat-writer.cc.o
[INFO] [stderr]   [ 43%] Building CXX object CMakeFiles/wabt.dir/src/wast-lexer.cc.o
[INFO] [stderr]   [ 43%] Building CXX object CMakeFiles/wabt.dir/src/wast-parser.cc.o
[INFO] [stderr]   [ 43%] Building CXX object CMakeFiles/wabt.dir/src/validator.cc.o
[INFO] [stderr]   [ 44%] Building CXX object CMakeFiles/wabt.dir/src/interp/interp.cc.o
[INFO] [stderr]   [ 46%] Building CXX object CMakeFiles/wabt.dir/src/interp/istream.cc.o
[INFO] [stderr]   [ 47%] Building CXX object CMakeFiles/wabt.dir/src/interp/interp-util.cc.o
[INFO] [stderr]   [ 48%] Building CXX object CMakeFiles/wabt.dir/src/interp/binary-reader-interp.cc.o
[INFO] [stderr] 
[INFO] [stderr]   --- stderr
[INFO] [stderr]   CMake Warning:
[INFO] [stderr]     Manually-specified variables were not used by the project:
[INFO] [stderr] 
[INFO] [stderr]       CMAKE_ASM_COMPILER
[INFO] [stderr]       CMAKE_ASM_FLAGS
[INFO] [stderr] 
[INFO] [stderr] 
[INFO] [stderr]   c++: fatal error: Killed signal terminated program cc1plus
[INFO] [stderr]   compilation terminated.
[INFO] [stderr]   make[2]: *** [CMakeFiles/wabt.dir/build.make:206: CMakeFiles/wabt.dir/src/decompiler.cc.o] Error 1
[INFO] [stderr]   make[2]: *** Waiting for unfinished jobs....
[INFO] [stderr]   c++: fatal error: Killed signal terminated program cc1plus
[INFO] [stderr]   compilation terminated.
[INFO] [stderr]   make[2]: *** [CMakeFiles/wabt.dir/build.make:583: CMakeFiles/wabt.dir/src/interp/interp.cc.o] Error 1
[INFO] [stderr]   c++: fatal error: Killed signal terminated program cc1plus
[INFO] [stderr]   compilation terminated.
[INFO] [stderr]   make[2]: *** [CMakeFiles/wabt.dir/build.make:115: CMakeFiles/wabt.dir/src/binary-reader-logging.cc.o] Error 1
[INFO] [stderr]   c++: fatal error: Killed signal terminated program cc1plus
[INFO] [stderr]   compilation terminated.
[INFO] [stderr]   make[2]: *** [CMakeFiles/wabt.dir/build.make:128: CMakeFiles/wabt.dir/src/binary-writer.cc.o] Error 1
[INFO] [stderr]   c++: fatal error: Killed signal terminated program cc1plus
[INFO] [stderr]   compilation terminated.
[INFO] [stderr]   make[2]: *** [CMakeFiles/wabt.dir/build.make:609: CMakeFiles/wabt.dir/src/interp/istream.cc.o] Error 1
[INFO] [stderr]   c++: fatal error: Killed signal terminated program cc1plus
[INFO] [stderr]   compilation terminated.
[INFO] [stderr]   make[2]: *** [CMakeFiles/wabt.dir/build.make:102: CMakeFiles/wabt.dir/src/binary-reader-ir.cc.o] Error 1
[INFO] [stderr]   c++: fatal error: Killed signal terminated program cc1plus
[INFO] [stderr]   compilation terminated.
[INFO] [stderr]   make[2]: *** [CMakeFiles/wabt.dir/build.make:466: CMakeFiles/wabt.dir/src/token.cc.o] Error 1
[INFO] [stderr]   c++: fatal error: Killed signal terminated program cc1plus
[INFO] [stderr]   compilation terminated.
[INFO] [stderr]   make[2]: *** [CMakeFiles/wabt.dir/build.make:141: CMakeFiles/wabt.dir/src/binary-writer-spec.cc.o] Error 1
[INFO] [stderr]   c++: fatal error: Killed signal terminated program cc1plus
[INFO] [stderr]   compilation terminated.
[INFO] [stderr]   make[2]: *** [CMakeFiles/wabt.dir/build.make:440: CMakeFiles/wabt.dir/src/stream.cc.o] Error 1
[INFO] [stderr]   c++: fatal error: Killed signal terminated program cc1plus
[INFO] [stderr]   compilation terminated.
[INFO] [stderr]   make[2]: *** [CMakeFiles/wabt.dir/build.make:63: CMakeFiles/wabt.dir/src/apply-names.cc.o] Error 1
[INFO] [stderr]   c++: fatal error: Killed signal terminated program cc1plus
[INFO] [stderr]   compilation terminated.
[INFO] [stderr]   make[2]: *** [CMakeFiles/wabt.dir/build.make:167: CMakeFiles/wabt.dir/src/color.cc.o] Error 1
[INFO] [stderr]   c++: fatal error: Killed signal terminated program cc1plus
[INFO] [stderr]   compilation terminated.
[INFO] [stderr]   make[2]: *** [CMakeFiles/wabt.dir/build.make:232: CMakeFiles/wabt.dir/src/expr-visitor.cc.o] Error 1
[INFO] [stderr]   c++: fatal error: Killed signal terminated program cc1plus
[INFO] [stderr]   compilation terminated.
[INFO] [stderr]   make[2]: *** [CMakeFiles/wabt.dir/build.make:544: CMakeFiles/wabt.dir/src/wast-parser.cc.o] Error 1
[INFO] [stderr]   c++: fatal error: Killed signal terminated program cc1plus
[INFO] [stderr]   compilation terminated.
[INFO] [stderr]   make[2]: *** [CMakeFiles/wabt.dir/build.make:518: CMakeFiles/wabt.dir/src/validator.cc.o] Error 1
[INFO] [stderr]   make[1]: *** [CMakeFiles/Makefile2:106: CMakeFiles/wabt.dir/all] Error 2
[INFO] [stderr]   make: *** [Makefile:84: all] Error 2
[INFO] [stderr]   thread 'main' panicked at '
[INFO] [stderr]   command did not execute successfully, got: exit status: 2
[INFO] [stderr] 
[INFO] [stderr]   build script failed, must exit now', /opt/rustwide/cargo-home/registry/src/github.com-1ecc6299db9ec823/cmake-0.1.45/src/lib.rs:894:5
[INFO] [stderr]   stack backtrace:
[INFO] [stderr]      0:     0x558f9eaa6a50 - std::backtrace_rs::backtrace::libunwind::trace::hff4d1766e93f64f1
[INFO] [stderr]                                  at /rustc/53fd98ca776cb875bc9e5514f56b52eb74f9e7a9/library/std/src/../../backtrace/src/backtrace/libunwind.rs:90:5
[INFO] [stderr]      1:     0x558f9eaa6a50 - std::backtrace_rs::backtrace::trace_unsynchronized::h56bbc8eb78770bcb
[INFO] [stderr]                                  at /rustc/53fd98ca776cb875bc9e5514f56b52eb74f9e7a9/library/std/src/../../backtrace/src/backtrace/mod.rs:66:5
[INFO] [stderr]      2:     0x558f9eaa6a50 - std::sys_common::backtrace::_print_fmt::h5c8e75464faca780
[INFO] [stderr]                                  at /rustc/53fd98ca776cb875bc9e5514f56b52eb74f9e7a9/library/std/src/sys_common/backtrace.rs:67:5
[INFO] [stderr]      3:     0x558f9eaa6a50 - <std::sys_common::backtrace::_print::DisplayBacktrace as core::fmt::Display>::fmt::h48b88277def8b362
[INFO] [stderr]                                  at /rustc/53fd98ca776cb875bc9e5514f56b52eb74f9e7a9/library/std/src/sys_common/backtrace.rs:46:22
[INFO] [stderr]      4:     0x558f9eac73bc - core::fmt::write::h3381b3176fe2b3d3
[INFO] [stderr]                                  at /rustc/53fd98ca776cb875bc9e5514f56b52eb74f9e7a9/library/core/src/fmt/mod.rs:1115:17
[INFO] [stderr]      5:     0x558f9eaa3205 - std::io::Write::write_fmt::hd42607e5d8e44db0
[INFO] [stderr]                                  at /rustc/53fd98ca776cb875bc9e5514f56b52eb74f9e7a9/library/std/src/io/mod.rs:1665:15
[INFO] [stderr]      6:     0x558f9eaa908b - std::sys_common::backtrace::_print::ha537687d6c17dd0d
[INFO] [stderr]                                  at /rustc/53fd98ca776cb875bc9e5514f56b52eb74f9e7a9/library/std/src/sys_common/backtrace.rs:49:5
[INFO] [stderr]      7:     0x558f9eaa908b - std::sys_common::backtrace::print::h61376ae57d131d72
[INFO] [stderr]                                  at /rustc/53fd98ca776cb875bc9e5514f56b52eb74f9e7a9/library/std/src/sys_common/backtrace.rs:36:9
[INFO] [stderr]      8:     0x558f9eaa908b - std::panicking::default_hook::{{closure}}::h0f7208c0b9644a54
[INFO] [stderr]                                  at /rustc/53fd98ca776cb875bc9e5514f56b52eb74f9e7a9/library/std/src/panicking.rs:208:50
[INFO] [stderr]      9:     0x558f9eaa8b61 - std::panicking::default_hook::hdac7fc06578c14ce
[INFO] [stderr]                                  at /rustc/53fd98ca776cb875bc9e5514f56b52eb74f9e7a9/library/std/src/panicking.rs:225:9
[INFO] [stderr]     10:     0x558f9eaa9754 - std::panicking::rust_panic_with_hook::h72b21c283da3d1ef
[INFO] [stderr]                                  at /rustc/53fd98ca776cb875bc9e5514f56b52eb74f9e7a9/library/std/src/panicking.rs:622:17
[INFO] [stderr]     11:     0x558f9eaa9237 - std::panicking::begin_panic_handler::{{closure}}::he5778f1729cff84a
[INFO] [stderr]                                  at /rustc/53fd98ca776cb875bc9e5514f56b52eb74f9e7a9/library/std/src/panicking.rs:519:13
[INFO] [stderr]     12:     0x558f9eaa6f2c - std::sys_common::backtrace::__rust_end_short_backtrace::h2d11ca8b453b4b1d
[INFO] [stderr]                                  at /rustc/53fd98ca776cb875bc9e5514f56b52eb74f9e7a9/library/std/src/sys_common/backtrace.rs:141:18
[INFO] [stderr]     13:     0x558f9eaa9199 - rust_begin_unwind
[INFO] [stderr]                                  at /rustc/53fd98ca776cb875bc9e5514f56b52eb74f9e7a9/library/std/src/panicking.rs:515:5
[INFO] [stderr]     14:     0x558f9ea17c1b - std::panicking::begin_panic_fmt::h746518bde832d259
[INFO] [stderr]                                  at /rustc/53fd98ca776cb875bc9e5514f56b52eb74f9e7a9/library/std/src/panicking.rs:457:5
[INFO] [stderr]     15:     0x558f9ea232a3 - cmake::fail::h98ab222a01ebce48
[INFO] [stderr]                                  at /opt/rustwide/cargo-home/registry/src/github.com-1ecc6299db9ec823/cmake-0.1.45/src/lib.rs:894:5
[INFO] [stderr]     16:     0x558f9ea22cb1 - cmake::run::h102ad788ccd90bfd
[INFO] [stderr]                                  at /opt/rustwide/cargo-home/registry/src/github.com-1ecc6299db9ec823/cmake-0.1.45/src/lib.rs:872:9
[INFO] [stderr]     17:     0x558f9ea206f1 - cmake::Config::build::hd1f99cad63bea54d
[INFO] [stderr]                                  at /opt/rustwide/cargo-home/registry/src/github.com-1ecc6299db9ec823/cmake-0.1.45/src/lib.rs:778:9
[INFO] [stderr]     18:     0x558f9ea191c5 - build_script_build::main::h936b6e10b207f507
[INFO] [stderr]                                  at /opt/rustwide/cargo-home/registry/src/github.com-1ecc6299db9ec823/wabt-sys-0.8.0/build.rs:39:15
[INFO] [stderr]     19:     0x558f9ea1b56b - core::ops::function::FnOnce::call_once::hcf5e6510ebafc617
[INFO] [stderr]                                  at /rustc/53fd98ca776cb875bc9e5514f56b52eb74f9e7a9/library/core/src/ops/function.rs:227:5
[INFO] [stderr]     20:     0x558f9ea1a17e - std::sys_common::backtrace::__rust_begin_short_backtrace::h249b88195dfbda33
[INFO] [stderr]                                  at /rustc/53fd98ca776cb875bc9e5514f56b52eb74f9e7a9/library/std/src/sys_common/backtrace.rs:125:18
[INFO] [stderr]     21:     0x558f9ea1b8f1 - std::rt::lang_start::{{closure}}::hb6aed7f8c7902337
[INFO] [stderr]                                  at /rustc/53fd98ca776cb875bc9e5514f56b52eb74f9e7a9/library/std/src/rt.rs:63:18
[INFO] [stderr]     22:     0x558f9eaa9c5a - core::ops::function::impls::<impl core::ops::function::FnOnce<A> for &F>::call_once::ha88a7d1a4d24e549
[INFO] [stderr]                                  at /rustc/53fd98ca776cb875bc9e5514f56b52eb74f9e7a9/library/core/src/ops/function.rs:259:13
[INFO] [stderr]     23:     0x558f9eaa9c5a - std::panicking::try::do_call::hd3b1d7740607ccc7
[INFO] [stderr]                                  at /rustc/53fd98ca776cb875bc9e5514f56b52eb74f9e7a9/library/std/src/panicking.rs:401:40
[INFO] [stderr]     24:     0x558f9eaa9c5a - std::panicking::try::h0ee8c65ac7461507
[INFO] [stderr]                                  at /rustc/53fd98ca776cb875bc9e5514f56b52eb74f9e7a9/library/std/src/panicking.rs:365:19
[INFO] [stderr]     25:     0x558f9eaa9c5a - std::panic::catch_unwind::head47f0de4ccd838
[INFO] [stderr]                                  at /rustc/53fd98ca776cb875bc9e5514f56b52eb74f9e7a9/library/std/src/panic.rs:434:14
[INFO] [stderr]     26:     0x558f9eaa9c5a - std::rt::lang_start_internal::{{closure}}::hbc7de8ec820ac085
[INFO] [stderr]                                  at /rustc/53fd98ca776cb875bc9e5514f56b52eb74f9e7a9/library/std/src/rt.rs:45:48
[INFO] [stderr]     27:     0x558f9eaa9c5a - std::panicking::try::do_call::h2609e52e8bad4a7b
[INFO] [stderr]                                  at /rustc/53fd98ca776cb875bc9e5514f56b52eb74f9e7a9/library/std/src/panicking.rs:401:40
[INFO] [stderr]     28:     0x558f9eaa9c5a - std::panicking::try::hd0929f0b603e0389
[INFO] [stderr]                                  at /rustc/53fd98ca776cb875bc9e5514f56b52eb74f9e7a9/library/std/src/panicking.rs:365:19
[INFO] [stderr]     29:     0x558f9eaa9c5a - std::panic::catch_unwind::h27902b81c3e47571
[INFO] [stderr]                                  at /rustc/53fd98ca776cb875bc9e5514f56b52eb74f9e7a9/library/std/src/panic.rs:434:14
[INFO] [stderr]     30:     0x558f9eaa9c5a - std::rt::lang_start_internal::h3fb2d794dd391e3e
[INFO] [stderr]                                  at /rustc/53fd98ca776cb875bc9e5514f56b52eb74f9e7a9/library/std/src/rt.rs:45:20
[INFO] [stderr]     31:     0x558f9ea1b8c0 - std::rt::lang_start::hdadc2fc0b89ae5d0
[INFO] [stderr]                                  at /rustc/53fd98ca776cb875bc9e5514f56b52eb74f9e7a9/library/std/src/rt.rs:62:5
[INFO] [stderr]     32:     0x558f9ea19ccc - main
[INFO] [stderr]     33:     0x7f1ee85870b3 - __libc_start_main
[INFO] [stderr]     34:     0x558f9ea18b2e - _start
[INFO] [stderr]     35:                0x0 - <unknown>
[INFO] running `Command { std: "docker" "inspect" "df004abf40f009f28b10dd53938358d75d5c9cfe98319edcc77e3d36ad95aab5", kill_on_drop: false }`
[INFO] running `Command { std: "docker" "rm" "-f" "df004abf40f009f28b10dd53938358d75d5c9cfe98319edcc77e3d36ad95aab5", kill_on_drop: false }`
[INFO] [stdout] df004abf40f009f28b10dd53938358d75d5c9cfe98319edcc77e3d36ad95aab5
