[INFO] fetching crate card10-alloc 0.1.1...
[INFO] testing card10-alloc-0.1.1 against beta-2021-08-01 for beta-1.55-1
[INFO] extracting crate card10-alloc 0.1.1 into /workspace/builds/worker-56/source
[INFO] validating manifest of crates.io crate card10-alloc 0.1.1 on toolchain beta-2021-08-01
[INFO] running `Command { std: "/workspace/cargo-home/bin/cargo" "+beta-2021-08-01" "metadata" "--manifest-path" "Cargo.toml" "--no-deps", kill_on_drop: false }`
[INFO] started tweaking crates.io crate card10-alloc 0.1.1
[INFO] finished tweaking crates.io crate card10-alloc 0.1.1
[INFO] tweaked toml for crates.io crate card10-alloc 0.1.1 written to /workspace/builds/worker-56/source/Cargo.toml
[INFO] running `Command { std: "/workspace/cargo-home/bin/cargo" "+beta-2021-08-01" "generate-lockfile" "--manifest-path" "Cargo.toml" "-Zno-index-update", kill_on_drop: false }`
[INFO] running `Command { std: "/workspace/cargo-home/bin/cargo" "+beta-2021-08-01" "fetch" "--manifest-path" "Cargo.toml", kill_on_drop: false }`
[INFO] [stderr]  Downloading crates ...
[INFO] [stderr]   Downloaded volatile-register v0.1.2
[INFO] [stderr]   Downloaded alloc-cortex-m v0.3.5
[INFO] [stderr]   Downloaded cortex-m v0.1.8
[INFO] [stderr]   Downloaded linked_list_allocator v0.6.6
[INFO] running `Command { std: "docker" "create" "-v" "/var/lib/crater-agent-workspace/builds/worker-56/target:/opt/rustwide/target:rw,Z" "-v" "/var/lib/crater-agent-workspace/builds/worker-56/source:/opt/rustwide/workdir:ro,Z" "-v" "/var/lib/crater-agent-workspace/cargo-home:/opt/rustwide/cargo-home:ro,Z" "-v" "/var/lib/crater-agent-workspace/rustup-home:/opt/rustwide/rustup-home:ro,Z" "-e" "SOURCE_DIR=/opt/rustwide/workdir" "-e" "CARGO_TARGET_DIR=/opt/rustwide/target" "-e" "CARGO_HOME=/opt/rustwide/cargo-home" "-e" "RUSTUP_HOME=/opt/rustwide/rustup-home" "-w" "/opt/rustwide/workdir" "-m" "1610612736" "--user" "0:0" "--network" "none" "ghcr.io/rust-lang/crates-build-env/linux@sha256:34b6a614d2c27851fe6cbf88fbd1137609cefab8b10d0615aaeb6fd47975d74e" "/opt/rustwide/cargo-home/bin/cargo" "+beta-2021-08-01" "metadata" "--no-deps" "--format-version=1", kill_on_drop: false }`
[INFO] [stdout] 7eea431686ac3bef79c169d08a5290be6e04ecb90c17a41836a3f827018ce379
[INFO] running `Command { std: "docker" "start" "-a" "7eea431686ac3bef79c169d08a5290be6e04ecb90c17a41836a3f827018ce379", kill_on_drop: false }`
[INFO] running `Command { std: "docker" "inspect" "7eea431686ac3bef79c169d08a5290be6e04ecb90c17a41836a3f827018ce379", kill_on_drop: false }`
[INFO] running `Command { std: "docker" "rm" "-f" "7eea431686ac3bef79c169d08a5290be6e04ecb90c17a41836a3f827018ce379", kill_on_drop: false }`
[INFO] [stdout] 7eea431686ac3bef79c169d08a5290be6e04ecb90c17a41836a3f827018ce379
[INFO] running `Command { std: "docker" "create" "-v" "/var/lib/crater-agent-workspace/builds/worker-56/target:/opt/rustwide/target:rw,Z" "-v" "/var/lib/crater-agent-workspace/builds/worker-56/source:/opt/rustwide/workdir:ro,Z" "-v" "/var/lib/crater-agent-workspace/cargo-home:/opt/rustwide/cargo-home:ro,Z" "-v" "/var/lib/crater-agent-workspace/rustup-home:/opt/rustwide/rustup-home:ro,Z" "-e" "SOURCE_DIR=/opt/rustwide/workdir" "-e" "CARGO_TARGET_DIR=/opt/rustwide/target" "-e" "CARGO_INCREMENTAL=0" "-e" "RUST_BACKTRACE=full" "-e" "RUSTFLAGS=--cap-lints=warn" "-e" "CARGO_HOME=/opt/rustwide/cargo-home" "-e" "RUSTUP_HOME=/opt/rustwide/rustup-home" "-w" "/opt/rustwide/workdir" "-m" "1610612736" "--user" "0:0" "--network" "none" "ghcr.io/rust-lang/crates-build-env/linux@sha256:34b6a614d2c27851fe6cbf88fbd1137609cefab8b10d0615aaeb6fd47975d74e" "/opt/rustwide/cargo-home/bin/cargo" "+beta-2021-08-01" "build" "--frozen" "--message-format=json", kill_on_drop: false }`
[INFO] [stdout] 18fd3b20d4b5757f386649cf0dc5e17630f8c4186ae6618061f70a423e4ba5d6
[INFO] running `Command { std: "docker" "start" "-a" "18fd3b20d4b5757f386649cf0dc5e17630f8c4186ae6618061f70a423e4ba5d6", kill_on_drop: false }`
[INFO] [stderr]     Blocking waiting for file lock on package cache
[INFO] [stderr]    Compiling memchr v2.4.0
[INFO] [stderr]    Compiling version_check v0.1.5
[INFO] [stderr]    Compiling glob v0.3.0
[INFO] [stderr]    Compiling cc v1.0.69
[INFO] [stderr]    Compiling bitflags v1.2.1
[INFO] [stderr]    Compiling proc-macro2 v1.0.28
[INFO] [stderr]    Compiling quick-error v1.2.3
[INFO] [stderr]    Compiling unicode-xid v0.2.2
[INFO] [stderr]    Compiling regex-syntax v0.6.25
[INFO] [stderr]    Compiling unicode-width v0.1.8
[INFO] [stderr]    Compiling termcolor v1.1.2
[INFO] [stderr]    Compiling ansi_term v0.11.0
[INFO] [stderr]    Compiling vec_map v0.8.2
[INFO] [stderr]    Compiling strsim v0.8.0
[INFO] [stderr]    Compiling bindgen v0.51.1
[INFO] [stderr]    Compiling cfg-if v0.1.10
[INFO] [stderr]    Compiling shlex v0.1.1
[INFO] [stderr]    Compiling rustc-hash v1.1.0
[INFO] [stderr]    Compiling peeking_take_while v0.1.2
[INFO] [stderr]    Compiling lazy_static v1.4.0
[INFO] [stderr]    Compiling volatile-register v0.1.2
[INFO] [stderr]    Compiling panic-abort v0.3.2
[INFO] [stderr]    Compiling linked_list_allocator v0.6.6
[INFO] [stderr]    Compiling r0 v0.2.2
[INFO] [stderr]    Compiling atty v0.2.14
[INFO] [stderr]    Compiling which v3.1.1
[INFO] [stderr]    Compiling textwrap v0.11.0
[INFO] [stdout] error[E0554]: `#![feature]` may not be used on the beta release channel
[INFO] [stdout]   --> /opt/rustwide/cargo-home/registry/src/github.com-1ecc6299db9ec823/panic-abort-0.3.2/src/lib.rs:40:1
[INFO] [stdout]    |
[INFO] [stdout] 40 | #![feature(core_intrinsics)]
[INFO] [stdout]    | ^^^^^^^^^^^^^^^^^^^^^^^^^^^^
[INFO] [stdout] 
[INFO] [stdout] 
[INFO] [stdout] error[E0554]: `#![feature]` may not be used on the beta release channel
[INFO] [stdout]   --> /opt/rustwide/cargo-home/registry/src/github.com-1ecc6299db9ec823/panic-abort-0.3.2/src/lib.rs:41:1
[INFO] [stdout]    |
[INFO] [stdout] 41 | #![feature(panic_handler)]
[INFO] [stdout]    | ^^^^^^^^^^^^^^^^^^^^^^^^^^ help: remove the attribute
[INFO] [stdout]    |
[INFO] [stdout]    = help: the feature `panic_handler` has been stable since 1.30.0 and no longer requires an attribute to enable
[INFO] [stdout] 
[INFO] [stdout] 
[INFO] [stdout] error: aborting due to 2 previous errors
[INFO] [stdout] 
[INFO] [stdout] 
[INFO] [stdout] For more information about this error, try `rustc --explain E0554`.
[INFO] [stdout] 
[INFO] [stderr] error: could not compile `panic-abort` due to 3 previous errors
[INFO] [stderr] warning: build failed, waiting for other jobs to finish...
[INFO] [stdout] error[E0557]: feature has been removed
[INFO] [stdout]  --> /opt/rustwide/cargo-home/registry/src/github.com-1ecc6299db9ec823/linked_list_allocator-0.6.6/src/lib.rs:1:12
[INFO] [stdout]   |
[INFO] [stdout] 1 | #![feature(const_fn)]
[INFO] [stdout]   |            ^^^^^^^^ feature has been removed
[INFO] [stdout]   |
[INFO] [stdout]   = note: split into finer-grained feature gates
[INFO] [stdout] 
[INFO] [stdout] 
[INFO] [stdout] error[E0432]: unresolved imports `alloc::alloc::AllocRef`, `alloc::alloc::AllocErr`
[INFO] [stdout]   --> /opt/rustwide/cargo-home/registry/src/github.com-1ecc6299db9ec823/linked_list_allocator-0.6.6/src/lib.rs:14:20
[INFO] [stdout]    |
[INFO] [stdout] 14 | use alloc::alloc::{AllocRef, AllocErr, Layout};
[INFO] [stdout]    |                    ^^^^^^^^  ^^^^^^^^
[INFO] [stdout]    |                    |         |
[INFO] [stdout]    |                    |         no `AllocErr` in `alloc`
[INFO] [stdout]    |                    |         help: a similar name exists in the module: `AllocError`
[INFO] [stdout]    |                    no `AllocRef` in `alloc`
[INFO] [stdout] 
[INFO] [stdout] 
[INFO] [stdout] error[E0432]: unresolved import `alloc::alloc::AllocErr`
[INFO] [stdout]  --> /opt/rustwide/cargo-home/registry/src/github.com-1ecc6299db9ec823/linked_list_allocator-0.6.6/src/hole.rs:1:20
[INFO] [stdout]   |
[INFO] [stdout] 1 | use alloc::alloc::{AllocErr, Layout};
[INFO] [stdout]   |                    ^^^^^^^^
[INFO] [stdout]   |                    |
[INFO] [stdout]   |                    no `AllocErr` in `alloc`
[INFO] [stdout]   |                    help: a similar name exists in the module: `AllocError`
[INFO] [stdout] 
[INFO] [stdout] 
[INFO] [stdout] error[E0554]: `#![feature]` may not be used on the beta release channel
[INFO] [stdout]  --> /opt/rustwide/cargo-home/registry/src/github.com-1ecc6299db9ec823/linked_list_allocator-0.6.6/src/lib.rs:1:1
[INFO] [stdout]   |
[INFO] [stdout] 1 | #![feature(const_fn)]
[INFO] [stdout]   | ^^^^^^^^^^^^^^^^^^^^^
[INFO] [stdout] 
[INFO] [stdout] 
[INFO] [stdout] error[E0554]: `#![feature]` may not be used on the beta release channel
[INFO] [stdout]  --> /opt/rustwide/cargo-home/registry/src/github.com-1ecc6299db9ec823/linked_list_allocator-0.6.6/src/lib.rs:2:1
[INFO] [stdout]   |
[INFO] [stdout] 2 | #![feature(allocator_api)]
[INFO] [stdout]   | ^^^^^^^^^^^^^^^^^^^^^^^^^^
[INFO] [stdout] 
[INFO] [stdout] 
[INFO] [stdout] error: aborting due to 5 previous errors
[INFO] [stdout] 
[INFO] [stdout] 
[INFO] [stdout] Some errors have detailed explanations: E0432, E0554, E0557.
[INFO] [stdout] 
[INFO] [stdout] For more information about an error, try `rustc --explain E0432`.
[INFO] [stdout] 
[INFO] [stderr] error: build failed
[INFO] running `Command { std: "docker" "inspect" "18fd3b20d4b5757f386649cf0dc5e17630f8c4186ae6618061f70a423e4ba5d6", kill_on_drop: false }`
[INFO] running `Command { std: "docker" "rm" "-f" "18fd3b20d4b5757f386649cf0dc5e17630f8c4186ae6618061f70a423e4ba5d6", kill_on_drop: false }`
[INFO] [stdout] 18fd3b20d4b5757f386649cf0dc5e17630f8c4186ae6618061f70a423e4ba5d6
