[INFO] fetching crate brewmaster 0.1.0...
[INFO] testing brewmaster-0.1.0 against 1.54.0 for beta-1.55-1
[INFO] extracting crate brewmaster 0.1.0 into /workspace/builds/worker-55/source
[INFO] validating manifest of crates.io crate brewmaster 0.1.0 on toolchain 1.54.0
[INFO] running `Command { std: "/workspace/cargo-home/bin/cargo" "+1.54.0" "metadata" "--manifest-path" "Cargo.toml" "--no-deps", kill_on_drop: false }`
[INFO] started tweaking crates.io crate brewmaster 0.1.0
[INFO] finished tweaking crates.io crate brewmaster 0.1.0
[INFO] tweaked toml for crates.io crate brewmaster 0.1.0 written to /workspace/builds/worker-55/source/Cargo.toml
[INFO] crate crates.io crate brewmaster 0.1.0 already has a lockfile, it will not be regenerated
[INFO] running `Command { std: "/workspace/cargo-home/bin/cargo" "+1.54.0" "fetch" "--manifest-path" "Cargo.toml", kill_on_drop: false }`
[INFO] [stderr]     Blocking waiting for file lock on package cache
[INFO] [stderr]     Blocking waiting for file lock on package cache
[INFO] running `Command { std: "docker" "create" "-v" "/var/lib/crater-agent-workspace/builds/worker-55/target:/opt/rustwide/target:rw,Z" "-v" "/var/lib/crater-agent-workspace/builds/worker-55/source:/opt/rustwide/workdir:ro,Z" "-v" "/var/lib/crater-agent-workspace/cargo-home:/opt/rustwide/cargo-home:ro,Z" "-v" "/var/lib/crater-agent-workspace/rustup-home:/opt/rustwide/rustup-home:ro,Z" "-e" "SOURCE_DIR=/opt/rustwide/workdir" "-e" "CARGO_TARGET_DIR=/opt/rustwide/target" "-e" "CARGO_HOME=/opt/rustwide/cargo-home" "-e" "RUSTUP_HOME=/opt/rustwide/rustup-home" "-w" "/opt/rustwide/workdir" "-m" "1610612736" "--user" "0:0" "--network" "none" "ghcr.io/rust-lang/crates-build-env/linux@sha256:34b6a614d2c27851fe6cbf88fbd1137609cefab8b10d0615aaeb6fd47975d74e" "/opt/rustwide/cargo-home/bin/cargo" "+1.54.0" "metadata" "--no-deps" "--format-version=1", kill_on_drop: false }`
[INFO] [stdout] 394da9e7809b71e301150eb42ef62a6af6d8b7c4997039468dadf8ab21d11a75
[INFO] running `Command { std: "docker" "start" "-a" "394da9e7809b71e301150eb42ef62a6af6d8b7c4997039468dadf8ab21d11a75", kill_on_drop: false }`
[INFO] running `Command { std: "docker" "inspect" "394da9e7809b71e301150eb42ef62a6af6d8b7c4997039468dadf8ab21d11a75", kill_on_drop: false }`
[INFO] running `Command { std: "docker" "rm" "-f" "394da9e7809b71e301150eb42ef62a6af6d8b7c4997039468dadf8ab21d11a75", kill_on_drop: false }`
[INFO] [stdout] 394da9e7809b71e301150eb42ef62a6af6d8b7c4997039468dadf8ab21d11a75
[INFO] running `Command { std: "docker" "create" "-v" "/var/lib/crater-agent-workspace/builds/worker-55/target:/opt/rustwide/target:rw,Z" "-v" "/var/lib/crater-agent-workspace/builds/worker-55/source:/opt/rustwide/workdir:ro,Z" "-v" "/var/lib/crater-agent-workspace/cargo-home:/opt/rustwide/cargo-home:ro,Z" "-v" "/var/lib/crater-agent-workspace/rustup-home:/opt/rustwide/rustup-home:ro,Z" "-e" "SOURCE_DIR=/opt/rustwide/workdir" "-e" "CARGO_TARGET_DIR=/opt/rustwide/target" "-e" "CARGO_INCREMENTAL=0" "-e" "RUST_BACKTRACE=full" "-e" "RUSTFLAGS=--cap-lints=warn" "-e" "CARGO_HOME=/opt/rustwide/cargo-home" "-e" "RUSTUP_HOME=/opt/rustwide/rustup-home" "-w" "/opt/rustwide/workdir" "-m" "1610612736" "--user" "0:0" "--network" "none" "ghcr.io/rust-lang/crates-build-env/linux@sha256:34b6a614d2c27851fe6cbf88fbd1137609cefab8b10d0615aaeb6fd47975d74e" "/opt/rustwide/cargo-home/bin/cargo" "+1.54.0" "build" "--frozen" "--message-format=json", kill_on_drop: false }`
[INFO] [stdout] 81f9404d97a20b3100f10cecf8a8cea68b7f267d4f79563a039ea28c2a0415d1
[INFO] running `Command { std: "docker" "start" "-a" "81f9404d97a20b3100f10cecf8a8cea68b7f267d4f79563a039ea28c2a0415d1", kill_on_drop: false }`
[INFO] [stderr]    Compiling libc v0.2.86
[INFO] [stderr]    Compiling autocfg v1.0.1
[INFO] [stderr]    Compiling proc-macro2 v1.0.24
[INFO] [stderr]    Compiling pkg-config v0.3.19
[INFO] [stderr]    Compiling unicode-xid v0.2.1
[INFO] [stderr]    Compiling syn v1.0.60
[INFO] [stderr]    Compiling memchr v2.3.4
[INFO] [stderr]    Compiling log v0.4.14
[INFO] [stderr]    Compiling lazy_static v1.4.0
[INFO] [stderr]    Compiling once_cell v1.5.2
[INFO] [stderr]    Compiling adler v0.2.3
[INFO] [stderr]    Compiling bitflags v1.2.1
[INFO] [stderr]    Compiling regex-syntax v0.6.22
[INFO] [stderr]    Compiling const_fn v0.4.5
[INFO] [stderr]    Compiling serde_derive v1.0.123
[INFO] [stderr]    Compiling gimli v0.23.0
[INFO] [stderr]    Compiling failure_derive v0.1.8
[INFO] [stderr]    Compiling syn v0.15.44
[INFO] [stderr]    Compiling object v0.23.0
[INFO] [stderr]    Compiling rayon-core v1.9.0
[INFO] [stderr]    Compiling matches v0.1.8
[INFO] [stderr]    Compiling unicode-segmentation v1.7.1
[INFO] [stderr]    Compiling rustc-demangle v0.1.18
[INFO] [stderr]    Compiling unicode-width v0.1.8
[INFO] [stderr]    Compiling serde v1.0.123
[INFO] [stderr]    Compiling tinyvec_macros v0.1.0
[INFO] [stderr]    Compiling scopeguard v1.1.0
[INFO] [stderr]    Compiling quick-error v1.2.3
[INFO] [stderr]    Compiling fnv v1.0.7
[INFO] [stderr]    Compiling same-file v1.0.6
[INFO] [stderr]    Compiling ansi_term v0.11.0
[INFO] [stderr]    Compiling vec_map v0.8.2
[INFO] [stderr]    Compiling strsim v0.8.0
[INFO] [stderr]    Compiling crc32fast v1.2.1
[INFO] [stderr]    Compiling termcolor v1.1.2
[INFO] [stderr]    Compiling percent-encoding v2.1.0
[INFO] [stderr]    Compiling linked-hash-map v0.5.4
[INFO] [stderr]    Compiling either v1.6.1
[INFO] [stderr]    Compiling openssl-probe v0.1.2
[INFO] [stderr]    Compiling semver-parser v0.7.0
[INFO] [stderr]    Compiling remove_dir_all v0.5.3
[INFO] [stderr]    Compiling dtoa v0.4.7
[INFO] [stderr]    Compiling unicode-bidi v0.3.4
[INFO] [stderr]    Compiling tinyvec v1.1.1
[INFO] [stderr]    Compiling textwrap v0.11.0
[INFO] [stderr]    Compiling thread_local v1.1.3
[INFO] [stderr]    Compiling walkdir v2.3.1
[INFO] [stderr]    Compiling humantime v1.3.0
[INFO] [stderr]    Compiling yaml-rust v0.4.5
[INFO] [stderr]    Compiling heck v0.3.2
[INFO] [stderr]    Compiling form_urlencoded v1.0.0
[INFO] [stderr]    Compiling crossbeam-utils v0.8.1
[INFO] [stderr]    Compiling miniz_oxide v0.4.3
[INFO] [stderr]    Compiling memoffset v0.6.1
[INFO] [stderr]    Compiling rayon v1.5.0
[INFO] [stderr]    Compiling aho-corasick v0.7.15
[INFO] [stderr]    Compiling bstr v0.2.15
[INFO] [stderr]    Compiling unicode-normalization v0.1.17
[INFO] [stderr]    Compiling quote v1.0.8
[INFO] [stderr]    Compiling jobserver v0.1.21
[INFO] [stderr]    Compiling atty v0.2.14
[INFO] [stderr]    Compiling num_cpus v1.13.0
[INFO] [stderr]    Compiling filetime v0.2.14
[INFO] [stderr]    Compiling xattr v0.2.2
[INFO] [stderr]    Compiling clap v2.33.3
[INFO] [stderr]    Compiling tar v0.4.32
[INFO] [stderr]    Compiling cc v1.0.66
[INFO] [stderr]    Compiling flate2 v1.0.20
[INFO] [stderr]    Compiling crossbeam-epoch v0.9.1
[INFO] [stderr]    Compiling crossbeam-channel v0.5.0
[INFO] [stderr]    Compiling idna v0.2.1
[INFO] [stderr]    Compiling crossbeam-deque v0.8.0
[INFO] [stderr]    Compiling regex v1.4.3
[INFO] [stderr]    Compiling addr2line v0.14.1
[INFO] [stderr]    Compiling libz-sys v1.1.2
[INFO] [stderr]    Compiling openssl-sys v0.9.60
[INFO] [stderr]    Compiling libssh2-sys v0.2.21
[INFO] [stderr]    Compiling libgit2-sys v0.12.18+1.1.0
[INFO] [stderr]    Compiling url v2.2.0
[INFO] [stderr]    Compiling structopt-derive v0.2.18
[INFO] [stderr]    Compiling backtrace v0.3.56
[INFO] [stderr]    Compiling globset v0.4.6
[INFO] [stderr]    Compiling env_logger v0.5.13
[INFO] [stderr]    Compiling synstructure v0.12.4
[INFO] [stderr]    Compiling ignore v0.4.17
[INFO] [stderr]    Compiling structopt v0.2.18
[INFO] [stderr] error: could not compile `clap`
[INFO] [stderr] 
[INFO] [stderr] Caused by:
[INFO] [stderr]   process didn't exit successfully: `rustc --crate-name clap /opt/rustwide/cargo-home/registry/src/github.com-1ecc6299db9ec823/clap-2.33.3/src/lib.rs --error-format=json --json=diagnostic-rendered-ansi,artifacts --crate-type lib --emit=dep-info,metadata,link -C embed-bitcode=no -C debuginfo=2 --cfg 'feature="ansi_term"' --cfg 'feature="atty"' --cfg 'feature="color"' --cfg 'feature="default"' --cfg 'feature="strsim"' --cfg 'feature="suggestions"' --cfg 'feature="vec_map"' -C metadata=aaa9fef22b3c3c5e -C extra-filename=-aaa9fef22b3c3c5e --out-dir /opt/rustwide/target/debug/deps -L dependency=/opt/rustwide/target/debug/deps --extern ansi_term=/opt/rustwide/target/debug/deps/libansi_term-e2a35aae900e64a8.rmeta --extern atty=/opt/rustwide/target/debug/deps/libatty-543870f52204d11c.rmeta --extern bitflags=/opt/rustwide/target/debug/deps/libbitflags-f89ae4b715176e2d.rmeta --extern strsim=/opt/rustwide/target/debug/deps/libstrsim-b10957d572414a9c.rmeta --extern textwrap=/opt/rustwide/target/debug/deps/libtextwrap-3bb22fb43a400e8d.rmeta --extern unicode_width=/opt/rustwide/target/debug/deps/libunicode_width-5cf7ed896e8bb5a9.rmeta --extern vec_map=/opt/rustwide/target/debug/deps/libvec_map-07385fbe5fb99a77.rmeta --cap-lints allow --cap-lints=warn` (signal: 9, SIGKILL: kill)
[INFO] [stderr] warning: build failed, waiting for other jobs to finish...
[INFO] [stderr] The following warnings were emitted during compilation:
[INFO] [stderr] 
[INFO] [stderr] warning: cc: fatal error: Killed signal terminated program cc1
[INFO] [stderr] warning: compilation terminated.
[INFO] [stderr] warning: cc: fatal error: Killed signal terminated program cc1
[INFO] [stderr] warning: compilation terminated.
[INFO] [stderr] warning: cc: fatal error: Killed signal terminated program cc1
[INFO] [stderr] warning: compilation terminated.
[INFO] [stderr] warning: cc: fatal error: Killed signal terminated program cc1
[INFO] [stderr] warning: compilation terminated.
[INFO] [stderr] 
[INFO] [stderr] error: build failed
[INFO] running `Command { std: "docker" "inspect" "81f9404d97a20b3100f10cecf8a8cea68b7f267d4f79563a039ea28c2a0415d1", kill_on_drop: false }`
[INFO] running `Command { std: "docker" "rm" "-f" "81f9404d97a20b3100f10cecf8a8cea68b7f267d4f79563a039ea28c2a0415d1", kill_on_drop: false }`
[INFO] [stdout] 81f9404d97a20b3100f10cecf8a8cea68b7f267d4f79563a039ea28c2a0415d1
