[INFO] fetching crate bool 0.3.0...
[INFO] testing bool-0.3.0 against beta-2021-08-01 for beta-1.55-1
[INFO] extracting crate bool 0.3.0 into /workspace/builds/worker-113/source
[INFO] validating manifest of crates.io crate bool 0.3.0 on toolchain beta-2021-08-01
[INFO] running `Command { std: "/workspace/cargo-home/bin/cargo" "+beta-2021-08-01" "metadata" "--manifest-path" "Cargo.toml" "--no-deps", kill_on_drop: false }`
[INFO] started tweaking crates.io crate bool 0.3.0
[INFO] finished tweaking crates.io crate bool 0.3.0
[INFO] tweaked toml for crates.io crate bool 0.3.0 written to /workspace/builds/worker-113/source/Cargo.toml
[INFO] running `Command { std: "/workspace/cargo-home/bin/cargo" "+beta-2021-08-01" "generate-lockfile" "--manifest-path" "Cargo.toml" "-Zno-index-update", kill_on_drop: false }`
[INFO] [stderr]     Blocking waiting for file lock on package cache
[INFO] running `Command { std: "/workspace/cargo-home/bin/cargo" "+beta-2021-08-01" "fetch" "--manifest-path" "Cargo.toml", kill_on_drop: false }`
[INFO] [stderr]     Blocking waiting for file lock on package cache
[INFO] [stderr]     Blocking waiting for file lock on package cache
[INFO] running `Command { std: "docker" "create" "-v" "/var/lib/crater-agent-workspace/builds/worker-113/target:/opt/rustwide/target:rw,Z" "-v" "/var/lib/crater-agent-workspace/builds/worker-113/source:/opt/rustwide/workdir:ro,Z" "-v" "/var/lib/crater-agent-workspace/cargo-home:/opt/rustwide/cargo-home:ro,Z" "-v" "/var/lib/crater-agent-workspace/rustup-home:/opt/rustwide/rustup-home:ro,Z" "-e" "SOURCE_DIR=/opt/rustwide/workdir" "-e" "CARGO_TARGET_DIR=/opt/rustwide/target" "-e" "CARGO_HOME=/opt/rustwide/cargo-home" "-e" "RUSTUP_HOME=/opt/rustwide/rustup-home" "-w" "/opt/rustwide/workdir" "-m" "1610612736" "--user" "0:0" "--network" "none" "ghcr.io/rust-lang/crates-build-env/linux@sha256:34b6a614d2c27851fe6cbf88fbd1137609cefab8b10d0615aaeb6fd47975d74e" "/opt/rustwide/cargo-home/bin/cargo" "+beta-2021-08-01" "metadata" "--no-deps" "--format-version=1", kill_on_drop: false }`
[INFO] [stdout] 2454ae4f9d907927c46d83ddb4e3fba552b0ccea990b89c6c79165b5725384fc
[INFO] running `Command { std: "docker" "start" "-a" "2454ae4f9d907927c46d83ddb4e3fba552b0ccea990b89c6c79165b5725384fc", kill_on_drop: false }`
[INFO] running `Command { std: "docker" "inspect" "2454ae4f9d907927c46d83ddb4e3fba552b0ccea990b89c6c79165b5725384fc", kill_on_drop: false }`
[INFO] running `Command { std: "docker" "rm" "-f" "2454ae4f9d907927c46d83ddb4e3fba552b0ccea990b89c6c79165b5725384fc", kill_on_drop: false }`
[INFO] [stdout] 2454ae4f9d907927c46d83ddb4e3fba552b0ccea990b89c6c79165b5725384fc
[INFO] running `Command { std: "docker" "create" "-v" "/var/lib/crater-agent-workspace/builds/worker-113/target:/opt/rustwide/target:rw,Z" "-v" "/var/lib/crater-agent-workspace/builds/worker-113/source:/opt/rustwide/workdir:ro,Z" "-v" "/var/lib/crater-agent-workspace/cargo-home:/opt/rustwide/cargo-home:ro,Z" "-v" "/var/lib/crater-agent-workspace/rustup-home:/opt/rustwide/rustup-home:ro,Z" "-e" "SOURCE_DIR=/opt/rustwide/workdir" "-e" "CARGO_TARGET_DIR=/opt/rustwide/target" "-e" "CARGO_INCREMENTAL=0" "-e" "RUST_BACKTRACE=full" "-e" "RUSTFLAGS=--cap-lints=warn" "-e" "CARGO_HOME=/opt/rustwide/cargo-home" "-e" "RUSTUP_HOME=/opt/rustwide/rustup-home" "-w" "/opt/rustwide/workdir" "-m" "1610612736" "--user" "0:0" "--network" "none" "ghcr.io/rust-lang/crates-build-env/linux@sha256:34b6a614d2c27851fe6cbf88fbd1137609cefab8b10d0615aaeb6fd47975d74e" "/opt/rustwide/cargo-home/bin/cargo" "+beta-2021-08-01" "build" "--frozen" "--message-format=json", kill_on_drop: false }`
[INFO] [stdout] 650b8ca866b4365da1def7f2988c6e4cba22ec86134768ed60613929da5c7a32
[INFO] running `Command { std: "docker" "start" "-a" "650b8ca866b4365da1def7f2988c6e4cba22ec86134768ed60613929da5c7a32", kill_on_drop: false }`
[INFO] [stderr]    Compiling bool v0.3.0 (/opt/rustwide/workdir)
[INFO] [stderr]     Finished dev [unoptimized + debuginfo] target(s) in 0.54s
[INFO] running `Command { std: "docker" "inspect" "650b8ca866b4365da1def7f2988c6e4cba22ec86134768ed60613929da5c7a32", kill_on_drop: false }`
[INFO] running `Command { std: "docker" "rm" "-f" "650b8ca866b4365da1def7f2988c6e4cba22ec86134768ed60613929da5c7a32", kill_on_drop: false }`
[INFO] [stdout] 650b8ca866b4365da1def7f2988c6e4cba22ec86134768ed60613929da5c7a32
[INFO] running `Command { std: "docker" "create" "-v" "/var/lib/crater-agent-workspace/builds/worker-113/target:/opt/rustwide/target:rw,Z" "-v" "/var/lib/crater-agent-workspace/builds/worker-113/source:/opt/rustwide/workdir:ro,Z" "-v" "/var/lib/crater-agent-workspace/cargo-home:/opt/rustwide/cargo-home:ro,Z" "-v" "/var/lib/crater-agent-workspace/rustup-home:/opt/rustwide/rustup-home:ro,Z" "-e" "SOURCE_DIR=/opt/rustwide/workdir" "-e" "CARGO_TARGET_DIR=/opt/rustwide/target" "-e" "CARGO_INCREMENTAL=0" "-e" "RUST_BACKTRACE=full" "-e" "RUSTFLAGS=--cap-lints=warn" "-e" "CARGO_HOME=/opt/rustwide/cargo-home" "-e" "RUSTUP_HOME=/opt/rustwide/rustup-home" "-w" "/opt/rustwide/workdir" "-m" "1610612736" "--user" "0:0" "--network" "none" "ghcr.io/rust-lang/crates-build-env/linux@sha256:34b6a614d2c27851fe6cbf88fbd1137609cefab8b10d0615aaeb6fd47975d74e" "/opt/rustwide/cargo-home/bin/cargo" "+beta-2021-08-01" "test" "--frozen" "--no-run" "--message-format=json", kill_on_drop: false }`
[INFO] [stdout] 6a24811a902256b5473d3d25386623f2d25e493610406f0119a7bf8441a8ffbe
[INFO] running `Command { std: "docker" "start" "-a" "6a24811a902256b5473d3d25386623f2d25e493610406f0119a7bf8441a8ffbe", kill_on_drop: false }`
[INFO] [stderr]    Compiling syn v1.0.74
[INFO] [stderr]    Compiling parameterized-macro v0.1.1
[INFO] [stdout] error[E0433]: failed to resolve: could not find `export` in `syn`
[INFO] [stdout]   --> /opt/rustwide/cargo-home/registry/src/github.com-1ecc6299db9ec823/parameterized-macro-0.1.1/src/lib.rs:11:10
[INFO] [stdout]    |
[INFO] [stdout] 11 | use syn::export::fmt::Display;
[INFO] [stdout]    |          ^^^^^^ could not find `export` in `syn`
[INFO] [stdout] 
[INFO] [stdout] 
[INFO] [stdout] error[E0432]: unresolved import `syn::export`
[INFO] [stdout]  --> /opt/rustwide/cargo-home/registry/src/github.com-1ecc6299db9ec823/parameterized-macro-0.1.1/src/attribute.rs:2:10
[INFO] [stdout]   |
[INFO] [stdout] 2 | use syn::export::Formatter;
[INFO] [stdout]   |          ^^^^^^ could not find `export` in `syn`
[INFO] [stdout] 
[INFO] [stdout] 
[INFO] [stdout] error[E0405]: cannot find trait `Display` in this scope
[INFO] [stdout]    --> /opt/rustwide/cargo-home/registry/src/github.com-1ecc6299db9ec823/parameterized-macro-0.1.1/src/lib.rs:182:37
[INFO] [stdout]     |
[INFO] [stdout] 182 | fn panic_on_inequal_length<K: Ord + Display, V>(map: impl IntoIterator<Item = (K, V)>) {
[INFO] [stdout]     |                                     ^^^^^^^ not found in this scope
[INFO] [stdout]     |
[INFO] [stdout] help: consider importing one of these items
[INFO] [stdout]     |
[INFO] [stdout] 5   | use core::fmt::Display;
[INFO] [stdout]     |
[INFO] [stdout] 5   | use std::fmt::Display;
[INFO] [stdout]     |
[INFO] [stdout] 5   | use syn::__private::fmt::Display;
[INFO] [stdout]     |
[INFO] [stdout] 
[INFO] [stdout] 
[INFO] [stdout] error: aborting due to 3 previous errors
[INFO] [stdout] 
[INFO] [stdout] 
[INFO] [stdout] Some errors have detailed explanations: E0405, E0432, E0433.
[INFO] [stdout] 
[INFO] [stdout] For more information about an error, try `rustc --explain E0405`.
[INFO] [stdout] 
[INFO] [stderr] error: could not compile `parameterized-macro` due to 4 previous errors
[INFO] running `Command { std: "docker" "inspect" "6a24811a902256b5473d3d25386623f2d25e493610406f0119a7bf8441a8ffbe", kill_on_drop: false }`
[INFO] running `Command { std: "docker" "rm" "-f" "6a24811a902256b5473d3d25386623f2d25e493610406f0119a7bf8441a8ffbe", kill_on_drop: false }`
[INFO] [stdout] 6a24811a902256b5473d3d25386623f2d25e493610406f0119a7bf8441a8ffbe
