[INFO] fetching crate bloom_filter_plush 0.1.6...
[INFO] testing bloom_filter_plush-0.1.6 against 1.54.0 for beta-1.55-1
[INFO] extracting crate bloom_filter_plush 0.1.6 into /workspace/builds/worker-66/source
[INFO] validating manifest of crates.io crate bloom_filter_plush 0.1.6 on toolchain 1.54.0
[INFO] running `Command { std: "/workspace/cargo-home/bin/cargo" "+1.54.0" "metadata" "--manifest-path" "Cargo.toml" "--no-deps", kill_on_drop: false }`
[INFO] started tweaking crates.io crate bloom_filter_plush 0.1.6
[INFO] finished tweaking crates.io crate bloom_filter_plush 0.1.6
[INFO] tweaked toml for crates.io crate bloom_filter_plush 0.1.6 written to /workspace/builds/worker-66/source/Cargo.toml
[INFO] crate crates.io crate bloom_filter_plush 0.1.6 already has a lockfile, it will not be regenerated
[INFO] running `Command { std: "/workspace/cargo-home/bin/cargo" "+1.54.0" "fetch" "--manifest-path" "Cargo.toml", kill_on_drop: false }`
[INFO] [stderr]     Blocking waiting for file lock on package cache
[INFO] [stderr]     Blocking waiting for file lock on package cache
[INFO] running `Command { std: "docker" "create" "-v" "/var/lib/crater-agent-workspace/builds/worker-66/target:/opt/rustwide/target:rw,Z" "-v" "/var/lib/crater-agent-workspace/builds/worker-66/source:/opt/rustwide/workdir:ro,Z" "-v" "/var/lib/crater-agent-workspace/cargo-home:/opt/rustwide/cargo-home:ro,Z" "-v" "/var/lib/crater-agent-workspace/rustup-home:/opt/rustwide/rustup-home:ro,Z" "-e" "SOURCE_DIR=/opt/rustwide/workdir" "-e" "CARGO_TARGET_DIR=/opt/rustwide/target" "-e" "CARGO_HOME=/opt/rustwide/cargo-home" "-e" "RUSTUP_HOME=/opt/rustwide/rustup-home" "-w" "/opt/rustwide/workdir" "-m" "1610612736" "--user" "0:0" "--network" "none" "ghcr.io/rust-lang/crates-build-env/linux@sha256:34b6a614d2c27851fe6cbf88fbd1137609cefab8b10d0615aaeb6fd47975d74e" "/opt/rustwide/cargo-home/bin/cargo" "+1.54.0" "metadata" "--no-deps" "--format-version=1", kill_on_drop: false }`
[INFO] [stdout] b9c82e866abe2bc27165526c46af2539378bdff70ee6e57f67913111aa4c6d84
[INFO] running `Command { std: "docker" "start" "-a" "b9c82e866abe2bc27165526c46af2539378bdff70ee6e57f67913111aa4c6d84", kill_on_drop: false }`
[INFO] running `Command { std: "docker" "inspect" "b9c82e866abe2bc27165526c46af2539378bdff70ee6e57f67913111aa4c6d84", kill_on_drop: false }`
[INFO] running `Command { std: "docker" "rm" "-f" "b9c82e866abe2bc27165526c46af2539378bdff70ee6e57f67913111aa4c6d84", kill_on_drop: false }`
[INFO] [stdout] b9c82e866abe2bc27165526c46af2539378bdff70ee6e57f67913111aa4c6d84
[INFO] running `Command { std: "docker" "create" "-v" "/var/lib/crater-agent-workspace/builds/worker-66/target:/opt/rustwide/target:rw,Z" "-v" "/var/lib/crater-agent-workspace/builds/worker-66/source:/opt/rustwide/workdir:ro,Z" "-v" "/var/lib/crater-agent-workspace/cargo-home:/opt/rustwide/cargo-home:ro,Z" "-v" "/var/lib/crater-agent-workspace/rustup-home:/opt/rustwide/rustup-home:ro,Z" "-e" "SOURCE_DIR=/opt/rustwide/workdir" "-e" "CARGO_TARGET_DIR=/opt/rustwide/target" "-e" "CARGO_INCREMENTAL=0" "-e" "RUST_BACKTRACE=full" "-e" "RUSTFLAGS=--cap-lints=warn" "-e" "CARGO_HOME=/opt/rustwide/cargo-home" "-e" "RUSTUP_HOME=/opt/rustwide/rustup-home" "-w" "/opt/rustwide/workdir" "-m" "1610612736" "--user" "0:0" "--network" "none" "ghcr.io/rust-lang/crates-build-env/linux@sha256:34b6a614d2c27851fe6cbf88fbd1137609cefab8b10d0615aaeb6fd47975d74e" "/opt/rustwide/cargo-home/bin/cargo" "+1.54.0" "build" "--frozen" "--message-format=json", kill_on_drop: false }`
[INFO] [stdout] 8830aff73361d542de2a46ebb64a024410023251b378750c651c2dcafd26119d
[INFO] running `Command { std: "docker" "start" "-a" "8830aff73361d542de2a46ebb64a024410023251b378750c651c2dcafd26119d", kill_on_drop: false }`
[INFO] [stderr]     Blocking waiting for file lock on package cache
[INFO] [stderr]    Compiling bloom_filter_plush v0.1.6 (/opt/rustwide/workdir)
[INFO] [stderr]     Finished dev [unoptimized + debuginfo] target(s) in 5.68s
[INFO] running `Command { std: "docker" "inspect" "8830aff73361d542de2a46ebb64a024410023251b378750c651c2dcafd26119d", kill_on_drop: false }`
[INFO] running `Command { std: "docker" "rm" "-f" "8830aff73361d542de2a46ebb64a024410023251b378750c651c2dcafd26119d", kill_on_drop: false }`
[INFO] [stdout] 8830aff73361d542de2a46ebb64a024410023251b378750c651c2dcafd26119d
[INFO] running `Command { std: "docker" "create" "-v" "/var/lib/crater-agent-workspace/builds/worker-66/target:/opt/rustwide/target:rw,Z" "-v" "/var/lib/crater-agent-workspace/builds/worker-66/source:/opt/rustwide/workdir:ro,Z" "-v" "/var/lib/crater-agent-workspace/cargo-home:/opt/rustwide/cargo-home:ro,Z" "-v" "/var/lib/crater-agent-workspace/rustup-home:/opt/rustwide/rustup-home:ro,Z" "-e" "SOURCE_DIR=/opt/rustwide/workdir" "-e" "CARGO_TARGET_DIR=/opt/rustwide/target" "-e" "CARGO_INCREMENTAL=0" "-e" "RUST_BACKTRACE=full" "-e" "RUSTFLAGS=--cap-lints=warn" "-e" "CARGO_HOME=/opt/rustwide/cargo-home" "-e" "RUSTUP_HOME=/opt/rustwide/rustup-home" "-w" "/opt/rustwide/workdir" "-m" "1610612736" "--user" "0:0" "--network" "none" "ghcr.io/rust-lang/crates-build-env/linux@sha256:34b6a614d2c27851fe6cbf88fbd1137609cefab8b10d0615aaeb6fd47975d74e" "/opt/rustwide/cargo-home/bin/cargo" "+1.54.0" "test" "--frozen" "--no-run" "--message-format=json", kill_on_drop: false }`
[INFO] [stdout] e5a0d955c62ac9d40914d888684c3e824bdca7288c94a236bc455aca7516bf8d
[INFO] running `Command { std: "docker" "start" "-a" "e5a0d955c62ac9d40914d888684c3e824bdca7288c94a236bc455aca7516bf8d", kill_on_drop: false }`
[INFO] [stderr]    Compiling bloom_filter_plush v0.1.6 (/opt/rustwide/workdir)
[INFO] [stdout] error[E0432]: unresolved import `bloom_filter_plus`
[INFO] [stdout]  --> examples/test.rs:1:5
[INFO] [stdout]   |
[INFO] [stdout] 1 | use bloom_filter_plus::*;
[INFO] [stdout]   |     ^^^^^^^^^^^^^^^^^ use of undeclared crate or module `bloom_filter_plus`
[INFO] [stdout] 
[INFO] [stdout] 
[INFO] [stdout] error[E0433]: failed to resolve: use of undeclared type `BloomFilter`
[INFO] [stdout]  --> examples/test.rs:5:22
[INFO] [stdout]   |
[INFO] [stdout] 5 |     let mut filter = BloomFilter::new();
[INFO] [stdout]   |                      ^^^^^^^^^^^ not found in this scope
[INFO] [stdout]   |
[INFO] [stdout] help: consider importing this struct
[INFO] [stdout]   |
[INFO] [stdout] 1 | use bloom_filter_plush::BloomFilter;
[INFO] [stdout]   |
[INFO] [stdout] 
[INFO] [stdout] 
[INFO] [stdout] error[E0433]: failed to resolve: use of undeclared type `BloomFilter`
[INFO] [stdout]   --> examples/test.rs:11:23
[INFO] [stdout]    |
[INFO] [stdout] 11 |     let mut filter2 = BloomFilter::new().set_size(10);
[INFO] [stdout]    |                       ^^^^^^^^^^^ not found in this scope
[INFO] [stdout]    |
[INFO] [stdout] help: consider importing this struct
[INFO] [stdout]    |
[INFO] [stdout] 1  | use bloom_filter_plush::BloomFilter;
[INFO] [stdout]    |
[INFO] [stdout] 
[INFO] [stdout] 
[INFO] [stdout] error: aborting due to 3 previous errors
[INFO] [stdout] 
[INFO] [stdout] 
[INFO] [stdout] Some errors have detailed explanations: E0432, E0433.
[INFO] [stdout] 
[INFO] [stdout] For more information about an error, try `rustc --explain E0432`.
[INFO] [stdout] 
[INFO] [stderr] error: could not compile `bloom_filter_plush`
[INFO] [stderr] 
[INFO] [stderr] To learn more, run the command again with --verbose.
[INFO] [stderr] warning: build failed, waiting for other jobs to finish...
[INFO] [stderr] error: build failed
[INFO] running `Command { std: "docker" "inspect" "e5a0d955c62ac9d40914d888684c3e824bdca7288c94a236bc455aca7516bf8d", kill_on_drop: false }`
[INFO] running `Command { std: "docker" "rm" "-f" "e5a0d955c62ac9d40914d888684c3e824bdca7288c94a236bc455aca7516bf8d", kill_on_drop: false }`
[INFO] [stdout] e5a0d955c62ac9d40914d888684c3e824bdca7288c94a236bc455aca7516bf8d
