[INFO] fetching crate blis-src 0.2.0...
[INFO] testing blis-src-0.2.0 against beta-2021-08-01 for beta-1.55-1
[INFO] extracting crate blis-src 0.2.0 into /workspace/builds/worker-10/source
[INFO] validating manifest of crates.io crate blis-src 0.2.0 on toolchain beta-2021-08-01
[INFO] running `Command { std: "/workspace/cargo-home/bin/cargo" "+beta-2021-08-01" "metadata" "--manifest-path" "Cargo.toml" "--no-deps", kill_on_drop: false }`
[INFO] started tweaking crates.io crate blis-src 0.2.0
[INFO] finished tweaking crates.io crate blis-src 0.2.0
[INFO] tweaked toml for crates.io crate blis-src 0.2.0 written to /workspace/builds/worker-10/source/Cargo.toml
[INFO] running `Command { std: "/workspace/cargo-home/bin/cargo" "+beta-2021-08-01" "generate-lockfile" "--manifest-path" "Cargo.toml" "-Zno-index-update", kill_on_drop: false }`
[INFO] [stderr]     Blocking waiting for file lock on package cache
[INFO] running `Command { std: "/workspace/cargo-home/bin/cargo" "+beta-2021-08-01" "fetch" "--manifest-path" "Cargo.toml", kill_on_drop: false }`
[INFO] [stderr]     Blocking waiting for file lock on package cache
[INFO] [stderr]  Downloading crates ...
[INFO] [stderr]   Downloaded cblas-sys v0.1.4
[INFO] [stderr]   Downloaded blas-sys v0.7.1
[INFO] running `Command { std: "docker" "create" "-v" "/var/lib/crater-agent-workspace/builds/worker-10/target:/opt/rustwide/target:rw,Z" "-v" "/var/lib/crater-agent-workspace/builds/worker-10/source:/opt/rustwide/workdir:ro,Z" "-v" "/var/lib/crater-agent-workspace/cargo-home:/opt/rustwide/cargo-home:ro,Z" "-v" "/var/lib/crater-agent-workspace/rustup-home:/opt/rustwide/rustup-home:ro,Z" "-e" "SOURCE_DIR=/opt/rustwide/workdir" "-e" "CARGO_TARGET_DIR=/opt/rustwide/target" "-e" "CARGO_HOME=/opt/rustwide/cargo-home" "-e" "RUSTUP_HOME=/opt/rustwide/rustup-home" "-w" "/opt/rustwide/workdir" "-m" "1610612736" "--user" "0:0" "--network" "none" "ghcr.io/rust-lang/crates-build-env/linux@sha256:34b6a614d2c27851fe6cbf88fbd1137609cefab8b10d0615aaeb6fd47975d74e" "/opt/rustwide/cargo-home/bin/cargo" "+beta-2021-08-01" "metadata" "--no-deps" "--format-version=1", kill_on_drop: false }`
[INFO] [stdout] 94125f33dec1196ee005e4c96b92ef08ead4623704396498274ce42197236d76
[INFO] running `Command { std: "docker" "start" "-a" "94125f33dec1196ee005e4c96b92ef08ead4623704396498274ce42197236d76", kill_on_drop: false }`
[INFO] running `Command { std: "docker" "inspect" "94125f33dec1196ee005e4c96b92ef08ead4623704396498274ce42197236d76", kill_on_drop: false }`
[INFO] running `Command { std: "docker" "rm" "-f" "94125f33dec1196ee005e4c96b92ef08ead4623704396498274ce42197236d76", kill_on_drop: false }`
[INFO] [stdout] 94125f33dec1196ee005e4c96b92ef08ead4623704396498274ce42197236d76
[INFO] running `Command { std: "docker" "create" "-v" "/var/lib/crater-agent-workspace/builds/worker-10/target:/opt/rustwide/target:rw,Z" "-v" "/var/lib/crater-agent-workspace/builds/worker-10/source:/opt/rustwide/workdir:ro,Z" "-v" "/var/lib/crater-agent-workspace/cargo-home:/opt/rustwide/cargo-home:ro,Z" "-v" "/var/lib/crater-agent-workspace/rustup-home:/opt/rustwide/rustup-home:ro,Z" "-e" "SOURCE_DIR=/opt/rustwide/workdir" "-e" "CARGO_TARGET_DIR=/opt/rustwide/target" "-e" "CARGO_INCREMENTAL=0" "-e" "RUST_BACKTRACE=full" "-e" "RUSTFLAGS=--cap-lints=warn" "-e" "CARGO_HOME=/opt/rustwide/cargo-home" "-e" "RUSTUP_HOME=/opt/rustwide/rustup-home" "-w" "/opt/rustwide/workdir" "-m" "1610612736" "--user" "0:0" "--network" "none" "ghcr.io/rust-lang/crates-build-env/linux@sha256:34b6a614d2c27851fe6cbf88fbd1137609cefab8b10d0615aaeb6fd47975d74e" "/opt/rustwide/cargo-home/bin/cargo" "+beta-2021-08-01" "build" "--frozen" "--message-format=json", kill_on_drop: false }`
[INFO] [stdout] b47bdacfa21084c78106bcf8a17e8a7ce1ff9db6ec913af18bad303d0bb352f6
[INFO] running `Command { std: "docker" "start" "-a" "b47bdacfa21084c78106bcf8a17e8a7ce1ff9db6ec913af18bad303d0bb352f6", kill_on_drop: false }`
[INFO] [stderr]     Blocking waiting for file lock on package cache
[INFO] [stderr]    Compiling blis-src v0.2.0 (/opt/rustwide/workdir)
[INFO] [stderr] error: failed to run custom build command for `blis-src v0.2.0 (/opt/rustwide/workdir)`
[INFO] [stderr] 
[INFO] [stderr] Caused by:
[INFO] [stderr]   process didn't exit successfully: `/opt/rustwide/target/debug/build/blis-src-ee1940358c24d99d/build-script-build` (exit status: 101)
[INFO] [stderr]   --- stdout
[INFO] [stderr]   Running: `"cp" "-R" "upstream" "/opt/rustwide/target/debug/build/blis-src-c39898e61c9e93be/out/blis_x86_64-unknown-linux-gnu"`
[INFO] [stderr]   Running: `"/opt/rustwide/target/debug/build/blis-src-c39898e61c9e93be/out/blis_x86_64-unknown-linux-gnu/configure" "--prefix=/opt/rustwide/target/debug/build/blis-src-c39898e61c9e93be/out" "--enable-cblas" "--enable-threading=pthreads" "--disable-static" "--enable-shared" "x86_64"`
[INFO] [stderr]   configure: detected Linux kernel version 5.8.0-1038-gcp.
[INFO] [stderr]   configure: python interpeter search list is: python python3 python2.
[INFO] [stderr]   configure: using 'python' python interpreter.
[INFO] [stderr]   configure: found python version 2.7.18 (maj: 2, min: 7, rev: 18).
[INFO] [stderr]   configure: python 2.7.18 appears to be supported.
[INFO] [stderr]   configure: C compiler search list is: gcc clang cc.
[INFO] [stderr]   configure: using 'gcc' C compiler.
[INFO] [stderr]   configure: C++ compiler search list is: g++ clang++ c++.
[INFO] [stderr]   configure: using 'g++' C++ compiler (for sandbox only).
[INFO] [stderr]   configure: found gcc version 9.3.0 (maj: 9, min: 3, rev: 0).
[INFO] [stderr]   configure: checking for blacklisted configurations due to gcc 9.3.0.
[INFO] [stderr]   configure: checking gcc 9.3.0 against known consequential version ranges.
[INFO] [stderr]   configure: found assembler ('as') version 2.34 (maj: 2, min: 34, rev: ).
[INFO] [stderr]   configure: checking for blacklisted configurations due to as 2.34.
[INFO] [stderr]   configure: reading configuration registry...done.
[INFO] [stderr]   configure: determining default version string.
[INFO] [stderr]   configure: could not find '.git' directory; using unmodified version file.
[INFO] [stderr]   configure: starting configuration of BLIS 0.8.0.
[INFO] [stderr]   configure: configuring with official version string.
[INFO] [stderr]   configure: found shared library .so version '3.0.0'.
[INFO] [stderr]   configure:   .so major version: 3
[INFO] [stderr]   configure:   .so minor.build version: 0.0
[INFO] [stderr]   configure: manual configuration requested; configuring with 'x86_64'.
[INFO] [stderr]   configure: checking configuration against contents of 'config_registry'.
[INFO] [stderr]   configure: configuration 'x86_64' is registered.
[INFO] [stderr]   configure: 'x86_64' is defined as having the following sub-configurations:
[INFO] [stderr]   configure:    skx knl haswell sandybridge penryn zen2 zen excavator steamroller piledriver bulldozer generic
[INFO] [stderr]   configure: which collectively require the following kernels:
[INFO] [stderr]   configure:    skx knl sandybridge penryn zen2 haswell zen piledriver bulldozer generic
[INFO] [stderr]   configure: checking sub-configurations:
[INFO] [stderr]   configure:   'skx' is registered...and exists.
[INFO] [stderr]   configure:   'knl' is registered...and exists.
[INFO] [stderr]   configure:   'haswell' is registered...and exists.
[INFO] [stderr]   configure:   'sandybridge' is registered...and exists.
[INFO] [stderr]   configure:   'penryn' is registered...and exists.
[INFO] [stderr]   configure:   'zen2' is registered...and exists.
[INFO] [stderr]   configure:   'zen' is registered...and exists.
[INFO] [stderr]   configure:   'excavator' is registered...and exists.
[INFO] [stderr]   configure:   'steamroller' is registered...and exists.
[INFO] [stderr]   configure:   'piledriver' is registered...and exists.
[INFO] [stderr]   configure:   'bulldozer' is registered...and exists.
[INFO] [stderr]   configure:   'generic' is registered...and exists.
[INFO] [stderr]   configure: checking sub-configurations' requisite kernels:
[INFO] [stderr]   configure:   'skx' kernels...exist.
[INFO] [stderr]   configure:   'knl' kernels...exist.
[INFO] [stderr]   configure:   'sandybridge' kernels...exist.
[INFO] [stderr]   configure:   'penryn' kernels...exist.
[INFO] [stderr]   configure:   'zen2' kernels...exist.
[INFO] [stderr]   configure:   'haswell' kernels...exist.
[INFO] [stderr]   configure:   'zen' kernels...exist.
[INFO] [stderr]   configure:   'piledriver' kernels...exist.
[INFO] [stderr]   configure:   'bulldozer' kernels...exist.
[INFO] [stderr]   configure:   'generic' kernels...exist.
[INFO] [stderr]   configure: detected --prefix='/opt/rustwide/target/debug/build/blis-src-c39898e61c9e93be/out'.
[INFO] [stderr]   configure: no install exec_prefix option given; defaulting to PREFIX.
[INFO] [stderr]   configure: no install libdir option given; defaulting to EXECPREFIX/lib.
[INFO] [stderr]   configure: no install includedir option given; defaulting to PREFIX/include.
[INFO] [stderr]   configure: no install sharedir option given; defaulting to PREFIX/share.
[INFO] [stderr]   configure: final installation directories:
[INFO] [stderr]   configure:   prefix:      /opt/rustwide/target/debug/build/blis-src-c39898e61c9e93be/out
[INFO] [stderr]   configure:   exec_prefix: ${prefix}
[INFO] [stderr]   configure:   libdir:      ${exec_prefix}/lib
[INFO] [stderr]   configure:   includedir:  ${prefix}/include
[INFO] [stderr]   configure:   sharedir:    ${prefix}/share
[INFO] [stderr]   configure: NOTE: the variables above can be overridden when running make.
[INFO] [stderr]   configure: no preset CFLAGS detected.
[INFO] [stderr]   configure: no preset LDFLAGS detected.
[INFO] [stderr]   configure: debug symbols disabled.
[INFO] [stderr]   configure: disabling verbose make output. (enable with 'make V=1'.)
[INFO] [stderr]   configure: disabling ARG_MAX hack.
[INFO] [stderr]   configure: building BLIS as a shared library (static library disabled).
[INFO] [stderr]   configure: exporting only public symbols within shared library.
[INFO] [stderr]   configure: using POSIX threads for threading.
[INFO] [stderr]   configure: requesting slab threading in jr and ir loops.
[INFO] [stderr]   configure: internal memory pools for packing blocks are enabled.
[INFO] [stderr]   configure: internal memory pools for small blocks are enabled.
[INFO] [stderr]   configure: memory tracing output is disabled.
[INFO] [stderr]   configure: libmemkind not found; disabling.
[INFO] [stderr]   configure: compiler appears to support #pragma omp simd.
[INFO] [stderr]   configure: the BLAS compatibility layer is enabled.
[INFO] [stderr]   configure: the CBLAS compatibility layer is enabled.
[INFO] [stderr]   configure: mixed datatype support is enabled.
[INFO] [stderr]   configure: mixed datatype optimizations requiring extra memory are enabled.
[INFO] [stderr]   configure: small matrix handling is enabled.
[INFO] [stderr]   configure: the BLIS API integer size is automatically determined.
[INFO] [stderr]   configure: the BLAS/CBLAS API integer size is 32-bit.
[INFO] [stderr]   configure: configuring for conventional gemm implementation.
[INFO] [stderr]   configure: configuring complex return type as "gnu".
[INFO] [stderr]   configure: creating ./config.mk from /opt/rustwide/target/debug/build/blis-src-c39898e61c9e93be/out/blis_x86_64-unknown-linux-gnu/build/config.mk.in
[INFO] [stderr]   configure: creating ./bli_config.h from /opt/rustwide/target/debug/build/blis-src-c39898e61c9e93be/out/blis_x86_64-unknown-linux-gnu/build/bli_config.h.in
[INFO] [stderr]   configure: creating ./obj/x86_64
[INFO] [stderr]   configure: creating ./obj/x86_64/config/skx
[INFO] [stderr]   configure: creating ./obj/x86_64/config/knl
[INFO] [stderr]   configure: creating ./obj/x86_64/config/haswell
[INFO] [stderr]   configure: creating ./obj/x86_64/config/sandybridge
[INFO] [stderr]   configure: creating ./obj/x86_64/config/penryn
[INFO] [stderr]   configure: creating ./obj/x86_64/config/zen2
[INFO] [stderr]   configure: creating ./obj/x86_64/config/zen
[INFO] [stderr]   configure: creating ./obj/x86_64/config/excavator
[INFO] [stderr]   configure: creating ./obj/x86_64/config/steamroller
[INFO] [stderr]   configure: creating ./obj/x86_64/config/piledriver
[INFO] [stderr]   configure: creating ./obj/x86_64/config/bulldozer
[INFO] [stderr]   configure: creating ./obj/x86_64/config/generic
[INFO] [stderr]   configure: creating ./obj/x86_64/kernels/skx
[INFO] [stderr]   configure: creating ./obj/x86_64/kernels/knl
[INFO] [stderr]   configure: creating ./obj/x86_64/kernels/sandybridge
[INFO] [stderr]   configure: creating ./obj/x86_64/kernels/penryn
[INFO] [stderr]   configure: creating ./obj/x86_64/kernels/zen2
[INFO] [stderr]   configure: creating ./obj/x86_64/kernels/haswell
[INFO] [stderr]   configure: creating ./obj/x86_64/kernels/zen
[INFO] [stderr]   configure: creating ./obj/x86_64/kernels/piledriver
[INFO] [stderr]   configure: creating ./obj/x86_64/kernels/bulldozer
[INFO] [stderr]   configure: creating ./obj/x86_64/kernels/generic
[INFO] [stderr]   configure: creating ./obj/x86_64/ref_kernels/skx
[INFO] [stderr]   configure: creating ./obj/x86_64/ref_kernels/knl
[INFO] [stderr]   configure: creating ./obj/x86_64/ref_kernels/haswell
[INFO] [stderr]   configure: creating ./obj/x86_64/ref_kernels/sandybridge
[INFO] [stderr]   configure: creating ./obj/x86_64/ref_kernels/penryn
[INFO] [stderr]   configure: creating ./obj/x86_64/ref_kernels/zen2
[INFO] [stderr]   configure: creating ./obj/x86_64/ref_kernels/zen
[INFO] [stderr]   configure: creating ./obj/x86_64/ref_kernels/excavator
[INFO] [stderr]   configure: creating ./obj/x86_64/ref_kernels/steamroller
[INFO] [stderr]   configure: creating ./obj/x86_64/ref_kernels/piledriver
[INFO] [stderr]   configure: creating ./obj/x86_64/ref_kernels/bulldozer
[INFO] [stderr]   configure: creating ./obj/x86_64/ref_kernels/generic
[INFO] [stderr]   configure: creating ./obj/x86_64/frame
[INFO] [stderr]   configure: creating ./obj/x86_64/blastest
[INFO] [stderr]   configure: creating ./obj/x86_64/testsuite
[INFO] [stderr]   configure: creating ./lib/x86_64
[INFO] [stderr]   configure: creating ./include/x86_64
[INFO] [stderr]   configure: mirroring /opt/rustwide/target/debug/build/blis-src-c39898e61c9e93be/out/blis_x86_64-unknown-linux-gnu/config/skx to ./obj/x86_64/config/skx
[INFO] [stderr]   configure: mirroring /opt/rustwide/target/debug/build/blis-src-c39898e61c9e93be/out/blis_x86_64-unknown-linux-gnu/config/knl to ./obj/x86_64/config/knl
[INFO] [stderr]   configure: mirroring /opt/rustwide/target/debug/build/blis-src-c39898e61c9e93be/out/blis_x86_64-unknown-linux-gnu/config/haswell to ./obj/x86_64/config/haswell
[INFO] [stderr]   configure: mirroring /opt/rustwide/target/debug/build/blis-src-c39898e61c9e93be/out/blis_x86_64-unknown-linux-gnu/config/sandybridge to ./obj/x86_64/config/sandybridge
[INFO] [stderr]   configure: mirroring /opt/rustwide/target/debug/build/blis-src-c39898e61c9e93be/out/blis_x86_64-unknown-linux-gnu/config/penryn to ./obj/x86_64/config/penryn
[INFO] [stderr]   configure: mirroring /opt/rustwide/target/debug/build/blis-src-c39898e61c9e93be/out/blis_x86_64-unknown-linux-gnu/config/zen2 to ./obj/x86_64/config/zen2
[INFO] [stderr]   configure: mirroring /opt/rustwide/target/debug/build/blis-src-c39898e61c9e93be/out/blis_x86_64-unknown-linux-gnu/config/zen to ./obj/x86_64/config/zen
[INFO] [stderr]   configure: mirroring /opt/rustwide/target/debug/build/blis-src-c39898e61c9e93be/out/blis_x86_64-unknown-linux-gnu/config/excavator to ./obj/x86_64/config/excavator
[INFO] [stderr]   configure: mirroring /opt/rustwide/target/debug/build/blis-src-c39898e61c9e93be/out/blis_x86_64-unknown-linux-gnu/config/steamroller to ./obj/x86_64/config/steamroller
[INFO] [stderr]   configure: mirroring /opt/rustwide/target/debug/build/blis-src-c39898e61c9e93be/out/blis_x86_64-unknown-linux-gnu/config/piledriver to ./obj/x86_64/config/piledriver
[INFO] [stderr]   configure: mirroring /opt/rustwide/target/debug/build/blis-src-c39898e61c9e93be/out/blis_x86_64-unknown-linux-gnu/config/bulldozer to ./obj/x86_64/config/bulldozer
[INFO] [stderr]   configure: mirroring /opt/rustwide/target/debug/build/blis-src-c39898e61c9e93be/out/blis_x86_64-unknown-linux-gnu/config/generic to ./obj/x86_64/config/generic
[INFO] [stderr]   configure: mirroring /opt/rustwide/target/debug/build/blis-src-c39898e61c9e93be/out/blis_x86_64-unknown-linux-gnu/config/x86_64 to ./obj/x86_64/config/x86_64
[INFO] [stderr]   configure: mirroring /opt/rustwide/target/debug/build/blis-src-c39898e61c9e93be/out/blis_x86_64-unknown-linux-gnu/kernels/skx to ./obj/x86_64/kernels/skx
[INFO] [stderr]   configure: mirroring /opt/rustwide/target/debug/build/blis-src-c39898e61c9e93be/out/blis_x86_64-unknown-linux-gnu/kernels/knl to ./obj/x86_64/kernels/knl
[INFO] [stderr]   configure: mirroring /opt/rustwide/target/debug/build/blis-src-c39898e61c9e93be/out/blis_x86_64-unknown-linux-gnu/kernels/sandybridge to ./obj/x86_64/kernels/sandybridge
[INFO] [stderr]   configure: mirroring /opt/rustwide/target/debug/build/blis-src-c39898e61c9e93be/out/blis_x86_64-unknown-linux-gnu/kernels/penryn to ./obj/x86_64/kernels/penryn
[INFO] [stderr]   configure: mirroring /opt/rustwide/target/debug/build/blis-src-c39898e61c9e93be/out/blis_x86_64-unknown-linux-gnu/kernels/zen2 to ./obj/x86_64/kernels/zen2
[INFO] [stderr]   configure: mirroring /opt/rustwide/target/debug/build/blis-src-c39898e61c9e93be/out/blis_x86_64-unknown-linux-gnu/kernels/haswell to ./obj/x86_64/kernels/haswell
[INFO] [stderr]   configure: mirroring /opt/rustwide/target/debug/build/blis-src-c39898e61c9e93be/out/blis_x86_64-unknown-linux-gnu/kernels/zen to ./obj/x86_64/kernels/zen
[INFO] [stderr]   configure: mirroring /opt/rustwide/target/debug/build/blis-src-c39898e61c9e93be/out/blis_x86_64-unknown-linux-gnu/kernels/piledriver to ./obj/x86_64/kernels/piledriver
[INFO] [stderr]   configure: mirroring /opt/rustwide/target/debug/build/blis-src-c39898e61c9e93be/out/blis_x86_64-unknown-linux-gnu/kernels/bulldozer to ./obj/x86_64/kernels/bulldozer
[INFO] [stderr]   configure: mirroring /opt/rustwide/target/debug/build/blis-src-c39898e61c9e93be/out/blis_x86_64-unknown-linux-gnu/kernels/generic to ./obj/x86_64/kernels/generic
[INFO] [stderr]   configure: mirroring /opt/rustwide/target/debug/build/blis-src-c39898e61c9e93be/out/blis_x86_64-unknown-linux-gnu/ref_kernels to ./obj/x86_64/ref_kernels
[INFO] [stderr]   configure: mirroring /opt/rustwide/target/debug/build/blis-src-c39898e61c9e93be/out/blis_x86_64-unknown-linux-gnu/ref_kernels to ./obj/x86_64/ref_kernels/skx
[INFO] [stderr]   configure: mirroring /opt/rustwide/target/debug/build/blis-src-c39898e61c9e93be/out/blis_x86_64-unknown-linux-gnu/ref_kernels to ./obj/x86_64/ref_kernels/knl
[INFO] [stderr]   configure: mirroring /opt/rustwide/target/debug/build/blis-src-c39898e61c9e93be/out/blis_x86_64-unknown-linux-gnu/ref_kernels to ./obj/x86_64/ref_kernels/haswell
[INFO] [stderr]   configure: mirroring /opt/rustwide/target/debug/build/blis-src-c39898e61c9e93be/out/blis_x86_64-unknown-linux-gnu/ref_kernels to ./obj/x86_64/ref_kernels/sandybridge
[INFO] [stderr]   configure: mirroring /opt/rustwide/target/debug/build/blis-src-c39898e61c9e93be/out/blis_x86_64-unknown-linux-gnu/ref_kernels to ./obj/x86_64/ref_kernels/penryn
[INFO] [stderr]   configure: mirroring /opt/rustwide/target/debug/build/blis-src-c39898e61c9e93be/out/blis_x86_64-unknown-linux-gnu/ref_kernels to ./obj/x86_64/ref_kernels/zen2
[INFO] [stderr]   configure: mirroring /opt/rustwide/target/debug/build/blis-src-c39898e61c9e93be/out/blis_x86_64-unknown-linux-gnu/ref_kernels to ./obj/x86_64/ref_kernels/zen
[INFO] [stderr]   configure: mirroring /opt/rustwide/target/debug/build/blis-src-c39898e61c9e93be/out/blis_x86_64-unknown-linux-gnu/ref_kernels to ./obj/x86_64/ref_kernels/excavator
[INFO] [stderr]   configure: mirroring /opt/rustwide/target/debug/build/blis-src-c39898e61c9e93be/out/blis_x86_64-unknown-linux-gnu/ref_kernels to ./obj/x86_64/ref_kernels/steamroller
[INFO] [stderr]   configure: mirroring /opt/rustwide/target/debug/build/blis-src-c39898e61c9e93be/out/blis_x86_64-unknown-linux-gnu/ref_kernels to ./obj/x86_64/ref_kernels/piledriver
[INFO] [stderr]   configure: mirroring /opt/rustwide/target/debug/build/blis-src-c39898e61c9e93be/out/blis_x86_64-unknown-linux-gnu/ref_kernels to ./obj/x86_64/ref_kernels/bulldozer
[INFO] [stderr]   configure: mirroring /opt/rustwide/target/debug/build/blis-src-c39898e61c9e93be/out/blis_x86_64-unknown-linux-gnu/ref_kernels to ./obj/x86_64/ref_kernels/generic
[INFO] [stderr]   configure: mirroring /opt/rustwide/target/debug/build/blis-src-c39898e61c9e93be/out/blis_x86_64-unknown-linux-gnu/frame to ./obj/x86_64/frame
[INFO] [stderr]   configure: creating makefile fragments in ./obj/x86_64/config/x86_64
[INFO] [stderr]   configure: creating makefile fragments in ./obj/x86_64/config/skx
[INFO] [stderr]   configure: creating makefile fragments in ./obj/x86_64/config/knl
[INFO] [stderr]   configure: creating makefile fragments in ./obj/x86_64/config/haswell
[INFO] [stderr]   configure: creating makefile fragments in ./obj/x86_64/config/sandybridge
[INFO] [stderr]   configure: creating makefile fragments in ./obj/x86_64/config/penryn
[INFO] [stderr]   configure: creating makefile fragments in ./obj/x86_64/config/zen2
[INFO] [stderr]   configure: creating makefile fragments in ./obj/x86_64/config/zen
[INFO] [stderr]   configure: creating makefile fragments in ./obj/x86_64/config/excavator
[INFO] [stderr]   configure: creating makefile fragments in ./obj/x86_64/config/steamroller
[INFO] [stderr]   configure: creating makefile fragments in ./obj/x86_64/config/piledriver
[INFO] [stderr]   configure: creating makefile fragments in ./obj/x86_64/config/bulldozer
[INFO] [stderr]   configure: creating makefile fragments in ./obj/x86_64/config/generic
[INFO] [stderr]   configure: creating makefile fragments in ./obj/x86_64/kernels/skx
[INFO] [stderr]   configure: creating makefile fragments in ./obj/x86_64/kernels/knl
[INFO] [stderr]   configure: creating makefile fragments in ./obj/x86_64/kernels/sandybridge
[INFO] [stderr]   configure: creating makefile fragments in ./obj/x86_64/kernels/penryn
[INFO] [stderr]   configure: creating makefile fragments in ./obj/x86_64/kernels/zen2
[INFO] [stderr]   configure: creating makefile fragments in ./obj/x86_64/kernels/haswell
[INFO] [stderr]   configure: creating makefile fragments in ./obj/x86_64/kernels/zen
[INFO] [stderr]   configure: creating makefile fragments in ./obj/x86_64/kernels/piledriver
[INFO] [stderr]   configure: creating makefile fragments in ./obj/x86_64/kernels/bulldozer
[INFO] [stderr]   configure: creating makefile fragments in ./obj/x86_64/kernels/generic
[INFO] [stderr]   configure: creating makefile fragments in ./obj/x86_64/ref_kernels
[INFO] [stderr]   configure: creating makefile fragments in ./obj/x86_64/frame
[INFO] [stderr]   configure: configured to build within top-level directory of source distribution.
[INFO] [stderr]   Running: `"make" "install"`
[INFO] [stderr]   Generating monolithic blis.hGenerating monolithic cblas.hInstalling config.mk common.mk into /opt/rustwide/target/debug/build/blis-src-c39898e61c9e93be/out/share/blis/
[INFO] [stderr]   Installing config/x86_64/make_defs.mk into /opt/rustwide/target/debug/build/blis-src-c39898e61c9e93be/out/share/blis/config/x86_64
[INFO] [stderr]   .................
[INFO] [stderr]   ....Generated include/x86_64/cblas.h
[INFO] [stderr]   ...........................................................................................................................................................................................................................................................................................................................................................................................................................................................................................................................................................
[INFO] [stderr]   Generated include/x86_64/blis.h
[INFO] [stderr]   Compiling obj/x86_64/config/bulldozer/bli_cntx_init_bulldozer.o ('bulldozer' CFLAGS for config code)
[INFO] [stderr]   Compiling obj/x86_64/config/excavator/bli_cntx_init_excavator.o ('excavator' CFLAGS for config code)
[INFO] [stderr]   Compiling obj/x86_64/config/generic/bli_cntx_init_generic.o ('generic' CFLAGS for config code)
[INFO] [stderr]   Compiling obj/x86_64/config/haswell/bli_cntx_init_haswell.o ('haswell' CFLAGS for config code)
[INFO] [stderr]   Compiling obj/x86_64/config/knl/bli_cntx_init_knl.o ('knl' CFLAGS for config code)
[INFO] [stderr]   Compiling obj/x86_64/config/penryn/bli_cntx_init_penryn.o ('penryn' CFLAGS for config code)
[INFO] [stderr]   Compiling obj/x86_64/config/piledriver/bli_cntx_init_piledriver.o ('piledriver' CFLAGS for config code)
[INFO] [stderr]   Compiling obj/x86_64/config/sandybridge/bli_cntx_init_sandybridge.o ('sandybridge' CFLAGS for config code)
[INFO] [stderr]   Compiling obj/x86_64/config/skx/bli_cntx_init_skx.o ('skx' CFLAGS for config code)
[INFO] [stderr]   Compiling obj/x86_64/config/zen/bli_cntx_init_zen.o ('zen' CFLAGS for config code)
[INFO] [stderr]   Compiling obj/x86_64/config/steamroller/bli_cntx_init_steamroller.o ('steamroller' CFLAGS for config code)
[INFO] [stderr]   Compiling obj/x86_64/config/zen2/bli_cntx_init_zen2.o ('zen2' CFLAGS for config code)
[INFO] [stderr]   Compiling obj/x86_64/kernels/skx/3/bli_dgemm_skx_asm_16x12_l2.o ('skx' CFLAGS for kernels)
[INFO] [stderr]   Compiling obj/x86_64/kernels/skx/3/bli_dgemm_skx_asm_16x14.o ('skx' CFLAGS for kernels)
[INFO] [stderr]   Compiling obj/x86_64/kernels/knl/1m/bli_dpackm_knl_asm_24x8.o ('knl' CFLAGS for kernels)
[INFO] [stderr]   Compiling obj/x86_64/kernels/knl/3/bli_dgemm_knl_asm_24x8.o ('knl' CFLAGS for kernels)
[INFO] [stderr]   Compiling obj/x86_64/kernels/skx/3/bli_sgemm_skx_asm_32x12_l2.o ('skx' CFLAGS for kernels)
[INFO] [stderr]   Compiling obj/x86_64/kernels/knl/1m/bli_spackm_knl_asm_24x16.o ('knl' CFLAGS for kernels)
[INFO] [stderr]   Compiling obj/x86_64/kernels/knl/3/bli_sgemm_knl_asm_24x16.o ('knl' CFLAGS for kernels)
[INFO] [stderr]   Compiling obj/x86_64/kernels/sandybridge/3/bli_gemm_sandybridge_asm_d8x4.o ('sandybridge' CFLAGS for kernels)
[INFO] [stderr]   Compiling obj/x86_64/kernels/sandybridge/3/bli_gemm_sandybridge_int_d8x4.o ('sandybridge' CFLAGS for kernels)
[INFO] [stderr]   Compiling obj/x86_64/kernels/penryn/1/bli_axpyv_penryn_int.o ('penryn' CFLAGS for kernels)
[INFO] [stderr]   Compiling obj/x86_64/kernels/penryn/1/bli_dotv_penryn_int.o ('penryn' CFLAGS for kernels)
[INFO] [stderr]   Compiling obj/x86_64/kernels/penryn/1f/bli_axpy2v_penryn_int.o ('penryn' CFLAGS for kernels)
[INFO] [stderr]   Compiling obj/x86_64/kernels/penryn/1f/bli_axpyf_penryn_int.o ('penryn' CFLAGS for kernels)
[INFO] [stderr]   Compiling obj/x86_64/kernels/penryn/1f/bli_dotxaxpyf_penryn_int.o ('penryn' CFLAGS for kernels)
[INFO] [stderr]   Compiling obj/x86_64/kernels/penryn/1f/bli_dotaxpyv_penryn_int.o ('penryn' CFLAGS for kernels)
[INFO] [stderr]   Compiling obj/x86_64/kernels/penryn/1f/bli_dotxf_penryn_int.o ('penryn' CFLAGS for kernels)
[INFO] [stderr]   Compiling obj/x86_64/kernels/penryn/3/bli_gemm_penryn_asm_d4x4.o ('penryn' CFLAGS for kernels)
[INFO] [stderr]   Compiling obj/x86_64/kernels/penryn/3/bli_gemmtrsm_l_penryn_asm_d4x4.o ('penryn' CFLAGS for kernels)
[INFO] [stderr]   Compiling obj/x86_64/kernels/penryn/3/bli_gemmtrsm_u_penryn_asm_d4x4.o ('penryn' CFLAGS for kernels)
[INFO] [stderr]   Compiling obj/x86_64/kernels/penryn/3/bli_trsm_l_penryn_asm_d4x4.o ('penryn' CFLAGS for kernels)
[INFO] [stderr]   Compiling obj/x86_64/kernels/zen2/1f/bli_axpyf_zen_int_5.o ('zen2' CFLAGS for kernels)
[INFO] [stderr]   Compiling obj/x86_64/kernels/penryn/3/bli_trsm_u_penryn_asm_d4x4.o ('penryn' CFLAGS for kernels)
[INFO] [stderr]   Compiling obj/x86_64/kernels/haswell/3/bli_gemm_haswell_asm_d8x6.o ('haswell' CFLAGS for kernels)
[INFO] [stderr]   Compiling obj/x86_64/kernels/haswell/3/bli_gemm_haswell_asm_d6x8.o ('haswell' CFLAGS for kernels)
[INFO] [stderr]   Compiling obj/x86_64/kernels/haswell/3/bli_gemmtrsm_u_haswell_asm_d6x8.o ('haswell' CFLAGS for kernels)
[INFO] [stderr]   Compiling obj/x86_64/kernels/haswell/3/bli_gemmtrsm_l_haswell_asm_d6x8.o ('haswell' CFLAGS for kernels)
[INFO] [stderr]   Compiling obj/x86_64/kernels/haswell/3/sup/bli_gemmsup_rd_haswell_asm_d6x8m.o ('haswell' CFLAGS for kernels)
[INFO] [stderr]   Compiling obj/x86_64/kernels/haswell/3/sup/bli_gemmsup_rd_haswell_asm_d6x8n.o ('haswell' CFLAGS for kernels)
[INFO] [stderr]   Compiling obj/x86_64/kernels/haswell/3/sup/bli_gemmsup_rd_haswell_asm_s6x16m.o ('haswell' CFLAGS for kernels)
[INFO] [stderr]   Compiling obj/x86_64/kernels/haswell/3/sup/bli_gemmsup_rd_haswell_asm_s6x16n.o ('haswell' CFLAGS for kernels)
[INFO] [stderr]   Compiling obj/x86_64/kernels/haswell/3/sup/bli_gemmsup_rv_haswell_asm_d6x8m.o ('haswell' CFLAGS for kernels)
[INFO] [stderr]   Compiling obj/x86_64/kernels/haswell/3/sup/bli_gemmsup_rv_haswell_asm_d6x8n.o ('haswell' CFLAGS for kernels)
[INFO] [stderr]   Compiling obj/x86_64/kernels/haswell/3/sup/bli_gemmsup_rv_haswell_asm_s6x16m.o ('haswell' CFLAGS for kernels)
[INFO] [stderr]   Compiling obj/x86_64/kernels/haswell/3/sup/bli_gemmsup_rv_haswell_asm_s6x16n.o ('haswell' CFLAGS for kernels)
[INFO] [stderr]   Compiling obj/x86_64/kernels/haswell/3/sup/d6x8/bli_gemmsup_r_haswell_ref_dMx1.o ('haswell' CFLAGS for kernels)
[INFO] [stderr]   Compiling obj/x86_64/kernels/haswell/3/sup/d6x8/bli_gemmsup_rd_haswell_asm_dMx1.o ('haswell' CFLAGS for kernels)
[INFO] [stderr]   Compiling obj/x86_64/kernels/haswell/3/sup/d6x8/bli_gemmsup_rd_haswell_asm_dMx2.o ('haswell' CFLAGS for kernels)
[INFO] [stderr]   Compiling obj/x86_64/kernels/haswell/3/sup/d6x8/bli_gemmsup_rd_haswell_asm_dMx4.o ('haswell' CFLAGS for kernels)
[INFO] [stderr]   Compiling obj/x86_64/kernels/haswell/3/sup/d6x8/bli_gemmsup_rd_haswell_asm_dMx8.o ('haswell' CFLAGS for kernels)
[INFO] [stderr]   Compiling obj/x86_64/kernels/haswell/3/sup/d6x8/bli_gemmsup_rv_haswell_asm_dMx2.o ('haswell' CFLAGS for kernels)
[INFO] [stderr]   Compiling obj/x86_64/kernels/haswell/3/sup/d6x8/bli_gemmsup_rv_haswell_asm_dMx4.o ('haswell' CFLAGS for kernels)
[INFO] [stderr]   Compiling obj/x86_64/kernels/haswell/3/sup/d6x8/bli_gemmsup_rv_haswell_asm_dMx6.o ('haswell' CFLAGS for kernels)
[INFO] [stderr]   Compiling obj/x86_64/kernels/haswell/3/sup/d6x8/bli_gemmsup_rv_haswell_asm_dMx8.o ('haswell' CFLAGS for kernels)
[INFO] [stderr]   Compiling obj/x86_64/kernels/haswell/3/sup/s6x16/bli_gemmsup_r_haswell_ref_sMx1.o ('haswell' CFLAGS for kernels)
[INFO] [stderr]   Compiling obj/x86_64/kernels/haswell/3/sup/s6x16/bli_gemmsup_rd_haswell_asm_sMx1.o ('haswell' CFLAGS for kernels)
[INFO] [stderr]   Compiling obj/x86_64/kernels/haswell/3/sup/s6x16/bli_gemmsup_rd_haswell_asm_sMx12.o ('haswell' CFLAGS for kernels)
[INFO] [stderr]   Compiling obj/x86_64/kernels/haswell/3/sup/s6x16/bli_gemmsup_rd_haswell_asm_sMx16.o ('haswell' CFLAGS for kernels)
[INFO] [stderr]   Compiling obj/x86_64/kernels/haswell/3/sup/s6x16/bli_gemmsup_rd_haswell_asm_sMx2.o ('haswell' CFLAGS for kernels)
[INFO] [stderr]   Compiling obj/x86_64/kernels/haswell/3/sup/s6x16/bli_gemmsup_rd_haswell_asm_sMx4.o ('haswell' CFLAGS for kernels)
[INFO] [stderr]   Compiling obj/x86_64/kernels/haswell/3/sup/s6x16/bli_gemmsup_rd_haswell_asm_sMx8.o ('haswell' CFLAGS for kernels)
[INFO] [stderr]   Compiling obj/x86_64/kernels/haswell/3/sup/s6x16/bli_gemmsup_rv_haswell_asm_sMx12.o ('haswell' CFLAGS for kernels)
[INFO] [stderr]   Compiling obj/x86_64/kernels/haswell/3/sup/s6x16/bli_gemmsup_rv_haswell_asm_sMx2.o ('haswell' CFLAGS for kernels)
[INFO] [stderr]   Compiling obj/x86_64/kernels/haswell/3/sup/s6x16/bli_gemmsup_rv_haswell_asm_sMx16.o ('haswell' CFLAGS for kernels)
[INFO] [stderr]   Compiling obj/x86_64/kernels/haswell/3/sup/s6x16/bli_gemmsup_rv_haswell_asm_sMx4.o ('haswell' CFLAGS for kernels)
[INFO] [stderr]   Compiling obj/x86_64/kernels/haswell/3/sup/s6x16/bli_gemmsup_rv_haswell_asm_sMx6.o ('haswell' CFLAGS for kernels)
[INFO] [stderr]   Compiling obj/x86_64/kernels/haswell/3/sup/s6x16/bli_gemmsup_rv_haswell_asm_sMx8.o ('haswell' CFLAGS for kernels)
[INFO] [stderr]   Compiling obj/x86_64/kernels/zen/1/bli_amaxv_zen_int.o ('zen' CFLAGS for kernels)
[INFO] [stderr]   Compiling obj/x86_64/kernels/zen/1/bli_axpyv_zen_int.o ('zen' CFLAGS for kernels)
[INFO] [stderr]   Compiling obj/x86_64/kernels/zen/1/bli_axpyv_zen_int10.o ('zen' CFLAGS for kernels)
[INFO] [stderr]   Compiling obj/x86_64/kernels/zen/1/bli_copyv_zen_int.o ('zen' CFLAGS for kernels)
[INFO] [stderr]   Compiling obj/x86_64/kernels/zen/1/bli_dotv_zen_int.o ('zen' CFLAGS for kernels)
[INFO] [stderr]   Compiling obj/x86_64/kernels/zen/1/bli_scalv_zen_int.o ('zen' CFLAGS for kernels)
[INFO] [stderr]   Compiling obj/x86_64/kernels/zen/1/bli_dotv_zen_int10.o ('zen' CFLAGS for kernels)
[INFO] [stderr]   Compiling obj/x86_64/kernels/zen/1/bli_dotxv_zen_int.o ('zen' CFLAGS for kernels)
[INFO] [stderr]   Compiling obj/x86_64/kernels/zen/1/bli_scalv_zen_int10.o ('zen' CFLAGS for kernels)
[INFO] [stderr]   Compiling obj/x86_64/kernels/zen/1/bli_setv_zen_int.o ('zen' CFLAGS for kernels)
[INFO] [stderr]   Compiling obj/x86_64/kernels/zen/1/bli_swapv_zen_int8.o ('zen' CFLAGS for kernels)
[INFO] [stderr]   Compiling obj/x86_64/kernels/zen/1f/bli_dotxf_zen_int_8.o ('zen' CFLAGS for kernels)
[INFO] [stderr]   Compiling obj/x86_64/kernels/zen/1f/bli_axpyf_zen_int_8.o ('zen' CFLAGS for kernels)
[INFO] [stderr]   Compiling obj/x86_64/kernels/zen/3/bli_syrk_small.o ('zen' CFLAGS for kernels)
[INFO] [stderr]   Compiling obj/x86_64/kernels/zen/3/bli_trsm_small.o ('zen' CFLAGS for kernels)
[INFO] [stderr]   Compiling obj/x86_64/kernels/piledriver/3/bli_gemm_piledriver_asm_d8x3.o ('piledriver' CFLAGS for kernels)
[INFO] [stderr]   Compiling obj/x86_64/kernels/bulldozer/3/bli_gemm_bulldozer_asm_d4x6_fma4.o ('bulldozer' CFLAGS for kernels)
[INFO] [stderr]   Compiling obj/x86_64/kernels/zen/3/bli_gemm_small.o ('zen' CFLAGS for kernels)
[INFO] [stderr]   Compiling obj/x86_64/ref_kernels/skx/1/bli_addv_skx_ref.o ('skx' CFLAGS for ref. kernels)
[INFO] [stderr]   Compiling obj/x86_64/ref_kernels/skx/bli_cntx_skx_ref.o ('skx' CFLAGS for ref. kernel init)
[INFO] [stderr]   Compiling obj/x86_64/ref_kernels/skx/1/bli_amaxv_skx_ref.o ('skx' CFLAGS for ref. kernels)
[INFO] [stderr]   Compiling obj/x86_64/ref_kernels/skx/1/bli_axpbyv_skx_ref.o ('skx' CFLAGS for ref. kernels)
[INFO] [stderr]   Compiling obj/x86_64/ref_kernels/skx/1/bli_copyv_skx_ref.o ('skx' CFLAGS for ref. kernels)
[INFO] [stderr]   Compiling obj/x86_64/ref_kernels/skx/1/bli_dotv_skx_ref.o ('skx' CFLAGS for ref. kernels)
[INFO] [stderr]   Compiling obj/x86_64/ref_kernels/skx/1/bli_axpyv_skx_ref.o ('skx' CFLAGS for ref. kernels)
[INFO] [stderr]   Compiling obj/x86_64/ref_kernels/skx/1/bli_dotxv_skx_ref.o ('skx' CFLAGS for ref. kernels)
[INFO] [stderr]   Compiling obj/x86_64/ref_kernels/skx/1/bli_invertv_skx_ref.o ('skx' CFLAGS for ref. kernels)
[INFO] [stderr]   Compiling obj/x86_64/ref_kernels/skx/1/bli_scal2v_skx_ref.o ('skx' CFLAGS for ref. kernels)
[INFO] [stderr]   Compiling obj/x86_64/ref_kernels/skx/1/bli_scalv_skx_ref.o ('skx' CFLAGS for ref. kernels)
[INFO] [stderr]   Compiling obj/x86_64/ref_kernels/skx/1/bli_swapv_skx_ref.o ('skx' CFLAGS for ref. kernels)
[INFO] [stderr]   Compiling obj/x86_64/ref_kernels/skx/1/bli_setv_skx_ref.o ('skx' CFLAGS for ref. kernels)
[INFO] [stderr]   Compiling obj/x86_64/ref_kernels/skx/1/bli_xpbyv_skx_ref.o ('skx' CFLAGS for ref. kernels)
[INFO] [stderr]   Compiling obj/x86_64/ref_kernels/skx/1f/bli_axpy2v_skx_ref.o ('skx' CFLAGS for ref. kernels)
[INFO] [stderr]   Compiling obj/x86_64/ref_kernels/skx/1/bli_subv_skx_ref.o ('skx' CFLAGS for ref. kernels)
[INFO] [stderr] 
[INFO] [stderr]   --- stderr
[INFO] [stderr]   gcc: fatal error: Killed signal terminated program cc1
[INFO] [stderr]   compilation terminated.
[INFO] [stderr]   make: *** [Makefile:599: obj/x86_64/kernels/haswell/3/sup/bli_gemmsup_rv_haswell_asm_s6x16m.o] Error 1
[INFO] [stderr]   make: *** Waiting for unfinished jobs....
[INFO] [stderr]   gcc: fatal error: Killed signal terminated program cc1
[INFO] [stderr]   compilation terminated.
[INFO] [stderr]   make: *** [Makefile:580: obj/x86_64/config/zen/bli_cntx_init_zen.o] Error 1
[INFO] [stderr]   gcc: fatal error: Killed signal terminated program cc1
[INFO] [stderr]   compilation terminated.
[INFO] [stderr]   make: *** [Makefile:599: obj/x86_64/kernels/penryn/1f/bli_axpy2v_penryn_int.o] Error 1
[INFO] [stderr]   gcc: fatal error: Killed signal terminated program cc1
[INFO] [stderr]   compilation terminated.
[INFO] [stderr]   make: *** [Makefile:580: obj/x86_64/config/skx/bli_cntx_init_skx.o] Error 1
[INFO] [stderr]   gcc: fatal error: Killed signal terminated program cc1
[INFO] [stderr]   compilation terminated.
[INFO] [stderr]   make: *** [Makefile:599: obj/x86_64/kernels/knl/1m/bli_dpackm_knl_asm_24x8.o] Error 1
[INFO] [stderr]   gcc: fatal error: Killed signal terminated program cc1
[INFO] [stderr]   compilation terminated.
[INFO] [stderr]   make: *** [Makefile:599: obj/x86_64/kernels/haswell/3/sup/s6x16/bli_gemmsup_rv_haswell_asm_sMx8.o] Error 1
[INFO] [stderr]   gcc: fatal error: Killed signal terminated program cc1
[INFO] [stderr]   compilation terminated.
[INFO] [stderr]   make: *** [Makefile:580: obj/x86_64/config/piledriver/bli_cntx_init_piledriver.o] Error 1
[INFO] [stderr]   gcc: fatal error: Killed signal terminated program cc1
[INFO] [stderr]   compilation terminated.
[INFO] [stderr]   make: *** [Makefile:599: obj/x86_64/kernels/haswell/3/bli_gemm_haswell_asm_d8x6.o] Error 1
[INFO] [stderr]   gcc: fatal error: Killed signal terminated program cc1
[INFO] [stderr]   compilation terminated.
[INFO] [stderr]   make: *** [Makefile:580: obj/x86_64/config/bulldozer/bli_cntx_init_bulldozer.o] Error 1
[INFO] [stderr]   gcc: fatal error: Killed signal terminated program cc1
[INFO] [stderr]   compilation terminated.
[INFO] [stderr]   gcc: fatal error: Killed signal terminated program cc1
[INFO] [stderr]   compilation terminated.
[INFO] [stderr]   make: *** [Makefile:599: obj/x86_64/kernels/haswell/3/bli_gemmtrsm_u_haswell_asm_d6x8.o] Error 1
[INFO] [stderr]   make: *** [Makefile:599: obj/x86_64/kernels/haswell/3/sup/d6x8/bli_gemmsup_rv_haswell_asm_dMx2.o] Error 1
[INFO] [stderr]   gcc: fatal error: Killed signal terminated program cc1
[INFO] [stderr]   compilation terminated.
[INFO] [stderr]   make: *** [Makefile:598: obj/x86_64/kernels/skx/3/bli_dgemm_skx_asm_16x14.o] Error 1
[INFO] [stderr]   gcc: fatal error: Killed signal terminated program cc1
[INFO] [stderr]   compilation terminated.
[INFO] [stderr]   make: *** [Makefile:599: obj/x86_64/kernels/sandybridge/3/bli_gemm_sandybridge_int_d8x4.o] Error 1
[INFO] [stderr]   gcc: fatal error: Killed signal terminated program cc1
[INFO] [stderr]   compilation terminated.
[INFO] [stderr]   make: *** [Makefile:598: obj/x86_64/kernels/knl/1m/bli_spackm_knl_asm_24x16.o] Error 1
[INFO] [stderr]   gcc: fatal error: Killed signal terminated program cc1
[INFO] [stderr]   compilation terminated.
[INFO] [stderr]   make: *** [Makefile:599: obj/x86_64/kernels/zen/1/bli_amaxv_zen_int.o] Error 1
[INFO] [stderr]   gcc: fatal error: Killed signal terminated program cc1
[INFO] [stderr]   compilation terminated.
[INFO] [stderr]   make: *** [Makefile:598: obj/x86_64/kernels/knl/3/bli_dgemm_knl_asm_24x8.o] Error 1
[INFO] [stderr]   gcc: fatal error: Killed signal terminated program cc1
[INFO] [stderr]   compilation terminated.
[INFO] [stderr]   gcc: fatal error: Killed signal terminated program cc1
[INFO] [stderr]   compilation terminated.
[INFO] [stderr]   make: *** [Makefile:599: obj/x86_64/kernels/haswell/3/sup/bli_gemmsup_rd_haswell_asm_s6x16m.o] Error 1
[INFO] [stderr]   make: *** [Makefile:599: obj/x86_64/kernels/haswell/3/sup/d6x8/bli_gemmsup_rv_haswell_asm_dMx4.o] Error 1
[INFO] [stderr]   gcc: fatal error: Killed signal terminated program cc1
[INFO] [stderr]   compilation terminated.
[INFO] [stderr]   make: *** [Makefile:599: obj/x86_64/kernels/zen/1f/bli_dotxf_zen_int_8.o] Error 1
[INFO] [stderr]   gcc: fatal error: Killed signal terminated program cc1
[INFO] [stderr]   compilation terminated.
[INFO] [stderr]   make: *** [Makefile:599: obj/x86_64/kernels/zen/1/bli_scalv_zen_int.o] Error 1
[INFO] [stderr]   gcc: fatal error: Killed signal terminated program cc1
[INFO] [stderr]   compilation terminated.
[INFO] [stderr]   make: *** [Makefile:599: obj/x86_64/kernels/haswell/3/sup/bli_gemmsup_rd_haswell_asm_d6x8m.o] Error 1
[INFO] [stderr]   gcc: fatal error: Killed signal terminated program cc1
[INFO] [stderr]   compilation terminated.
[INFO] [stderr]   make: *** [Makefile:598: obj/x86_64/kernels/penryn/3/bli_gemm_penryn_asm_d4x4.o] Error 1
[INFO] [stderr]   gcc: fatal error: Killed signal terminated program cc1
[INFO] [stderr]   compilation terminated.
[INFO] [stderr]   make: *** [Makefile:598: obj/x86_64/kernels/skx/3/bli_sgemm_skx_asm_32x12_l2.o] Error 1
[INFO] [stderr]   gcc: fatal error: Killed signal terminated program cc1
[INFO] [stderr]   compilation terminated.
[INFO] [stderr]   make: *** [Makefile:599: obj/x86_64/kernels/zen2/1f/bli_axpyf_zen_int_5.o] Error 1
[INFO] [stderr]   gcc: fatal error: Killed signal terminated program cc1
[INFO] [stderr]   compilation terminated.
[INFO] [stderr]   make: *** [Makefile:594: obj/x86_64/ref_kernels/skx/1/bli_swapv_skx_ref.o] Error 1
[INFO] [stderr]   gcc: fatal error: Killed signal terminated program cc1
[INFO] [stderr]   compilation terminated.
[INFO] [stderr]   make: *** [Makefile:599: obj/x86_64/kernels/haswell/3/sup/s6x16/bli_gemmsup_rd_haswell_asm_sMx2.o] Error 1
[INFO] [stderr]   gcc: fatal error: Killed signal terminated program cc1
[INFO] [stderr]   compilation terminated.
[INFO] [stderr]   make: *** [Makefile:599: obj/x86_64/kernels/haswell/3/sup/s6x16/bli_gemmsup_rv_haswell_asm_sMx16.o] Error 1
[INFO] [stderr]   gcc: fatal error: Killed signal terminated program cc1
[INFO] [stderr]   compilation terminated.
[INFO] [stderr]   make: *** [Makefile:599: obj/x86_64/kernels/haswell/3/bli_gemm_haswell_asm_d6x8.o] Error 1
[INFO] [stderr]   gcc: fatal error: Killed signal terminated program cc1
[INFO] [stderr]   compilation terminated.
[INFO] [stderr]   make: *** [Makefile:594: obj/x86_64/ref_kernels/skx/1/bli_dotxv_skx_ref.o] Error 1
[INFO] [stderr]   gcc: fatal error: Killed signal terminated program cc1
[INFO] [stderr]   compilation terminated.
[INFO] [stderr]   make: *** [Makefile:598: obj/x86_64/kernels/haswell/3/sup/s6x16/bli_gemmsup_rv_haswell_asm_sMx2.o] Error 1
[INFO] [stderr]   gcc: fatal error: Killed signal terminated program cc1
[INFO] [stderr]   compilation terminated.
[INFO] [stderr]   make: *** [Makefile:599: obj/x86_64/kernels/bulldozer/3/bli_gemm_bulldozer_asm_d4x6_fma4.o] Error 1
[INFO] [stderr]   gcc: fatal error: Killed signal terminated program cc1
[INFO] [stderr]   compilation terminated.
[INFO] [stderr]   make: *** [Makefile:598: obj/x86_64/kernels/haswell/3/sup/bli_gemmsup_rv_haswell_asm_s6x16n.o] Error 1
[INFO] [stderr]   gcc: fatal error: Killed signal terminated program cc1
[INFO] [stderr]   compilation terminated.
[INFO] [stderr]   make: *** [Makefile:599: obj/x86_64/kernels/zen/1/bli_axpyv_zen_int.o] Error 1
[INFO] [stderr]   gcc: fatal error: Killed signal terminated program cc1
[INFO] [stderr]   compilation terminated.
[INFO] [stderr]   make: *** [Makefile:593: obj/x86_64/ref_kernels/skx/1/bli_axpbyv_skx_ref.o] Error 1
[INFO] [stderr]   gcc: fatal error: Killed signal terminated program cc1
[INFO] [stderr]   compilation terminated.
[INFO] [stderr]   make: *** [Makefile:598: obj/x86_64/kernels/haswell/3/sup/s6x16/bli_gemmsup_r_haswell_ref_sMx1.o] Error 1
[INFO] [stderr]   gcc: fatal error: Killed signal terminated program cc1
[INFO] [stderr]   compilation terminated.
[INFO] [stderr]   make: *** [Makefile:593: obj/x86_64/ref_kernels/skx/1/bli_scal2v_skx_ref.o] Error 1
[INFO] [stderr]   gcc: fatal error: Killed signal terminated program cc1
[INFO] [stderr]   compilation terminated.
[INFO] [stderr]   make: *** [Makefile:599: obj/x86_64/kernels/zen/1/bli_dotxv_zen_int.o] Error 1
[INFO] [stderr]   gcc: fatal error: Killed signal terminated program cc1
[INFO] [stderr]   compilation terminated.
[INFO] [stderr]   make: *** [Makefile:599: obj/x86_64/kernels/zen/1/bli_dotv_zen_int.o] Error 1
[INFO] [stderr]   gcc: fatal error: Killed signal terminated program cc1
[INFO] [stderr]   compilation terminated.
[INFO] [stderr]   make: *** [Makefile:599: obj/x86_64/kernels/zen/1/bli_setv_zen_int.o] Error 1
[INFO] [stderr]   gcc: fatal error: Killed signal terminated program cc1
[INFO] [stderr]   compilation terminated.
[INFO] [stderr]   make: *** [Makefile:598: obj/x86_64/kernels/haswell/3/sup/bli_gemmsup_rd_haswell_asm_d6x8n.o] Error 1
[INFO] [stderr]   thread 'main' panicked at 'assertion failed: command.status().unwrap().success()', build.rs:99:5
[INFO] [stderr]   stack backtrace:
[INFO] [stderr]      0:     0x556d432b2870 - std::backtrace_rs::backtrace::libunwind::trace::hff4d1766e93f64f1
[INFO] [stderr]                                  at /rustc/53fd98ca776cb875bc9e5514f56b52eb74f9e7a9/library/std/src/../../backtrace/src/backtrace/libunwind.rs:90:5
[INFO] [stderr]      1:     0x556d432b2870 - std::backtrace_rs::backtrace::trace_unsynchronized::h56bbc8eb78770bcb
[INFO] [stderr]                                  at /rustc/53fd98ca776cb875bc9e5514f56b52eb74f9e7a9/library/std/src/../../backtrace/src/backtrace/mod.rs:66:5
[INFO] [stderr]      2:     0x556d432b2870 - std::sys_common::backtrace::_print_fmt::h5c8e75464faca780
[INFO] [stderr]                                  at /rustc/53fd98ca776cb875bc9e5514f56b52eb74f9e7a9/library/std/src/sys_common/backtrace.rs:67:5
[INFO] [stderr]      3:     0x556d432b2870 - <std::sys_common::backtrace::_print::DisplayBacktrace as core::fmt::Display>::fmt::h48b88277def8b362
[INFO] [stderr]                                  at /rustc/53fd98ca776cb875bc9e5514f56b52eb74f9e7a9/library/std/src/sys_common/backtrace.rs:46:22
[INFO] [stderr]      4:     0x556d432d113c - core::fmt::write::h3381b3176fe2b3d3
[INFO] [stderr]                                  at /rustc/53fd98ca776cb875bc9e5514f56b52eb74f9e7a9/library/core/src/fmt/mod.rs:1115:17
[INFO] [stderr]      5:     0x556d432b0ed5 - std::io::Write::write_fmt::hd42607e5d8e44db0
[INFO] [stderr]                                  at /rustc/53fd98ca776cb875bc9e5514f56b52eb74f9e7a9/library/std/src/io/mod.rs:1665:15
[INFO] [stderr]      6:     0x556d432b4a4b - std::sys_common::backtrace::_print::ha537687d6c17dd0d
[INFO] [stderr]                                  at /rustc/53fd98ca776cb875bc9e5514f56b52eb74f9e7a9/library/std/src/sys_common/backtrace.rs:49:5
[INFO] [stderr]      7:     0x556d432b4a4b - std::sys_common::backtrace::print::h61376ae57d131d72
[INFO] [stderr]                                  at /rustc/53fd98ca776cb875bc9e5514f56b52eb74f9e7a9/library/std/src/sys_common/backtrace.rs:36:9
[INFO] [stderr]      8:     0x556d432b4a4b - std::panicking::default_hook::{{closure}}::h0f7208c0b9644a54
[INFO] [stderr]                                  at /rustc/53fd98ca776cb875bc9e5514f56b52eb74f9e7a9/library/std/src/panicking.rs:208:50
[INFO] [stderr]      9:     0x556d432b4521 - std::panicking::default_hook::hdac7fc06578c14ce
[INFO] [stderr]                                  at /rustc/53fd98ca776cb875bc9e5514f56b52eb74f9e7a9/library/std/src/panicking.rs:225:9
[INFO] [stderr]     10:     0x556d432b5114 - std::panicking::rust_panic_with_hook::h72b21c283da3d1ef
[INFO] [stderr]                                  at /rustc/53fd98ca776cb875bc9e5514f56b52eb74f9e7a9/library/std/src/panicking.rs:622:17
[INFO] [stderr]     11:     0x556d432b4bc7 - std::panicking::begin_panic_handler::{{closure}}::he5778f1729cff84a
[INFO] [stderr]                                  at /rustc/53fd98ca776cb875bc9e5514f56b52eb74f9e7a9/library/std/src/panicking.rs:517:13
[INFO] [stderr]     12:     0x556d432b2d4c - std::sys_common::backtrace::__rust_end_short_backtrace::h2d11ca8b453b4b1d
[INFO] [stderr]                                  at /rustc/53fd98ca776cb875bc9e5514f56b52eb74f9e7a9/library/std/src/sys_common/backtrace.rs:141:18
[INFO] [stderr]     13:     0x556d432b4b59 - rust_begin_unwind
[INFO] [stderr]                                  at /rustc/53fd98ca776cb875bc9e5514f56b52eb74f9e7a9/library/std/src/panicking.rs:515:5
[INFO] [stderr]     14:     0x556d432951f1 - core::panicking::panic_fmt::hf9de31d4acbce4db
[INFO] [stderr]                                  at /rustc/53fd98ca776cb875bc9e5514f56b52eb74f9e7a9/library/core/src/panicking.rs:92:14
[INFO] [stderr]     15:     0x556d4329513d - core::panicking::panic::h8a6bc58a21c6c095
[INFO] [stderr]                                  at /rustc/53fd98ca776cb875bc9e5514f56b52eb74f9e7a9/library/core/src/panicking.rs:50:5
[INFO] [stderr]     16:     0x556d4329bbbb - build_script_build::run::h6199a6b2e3221dfc
[INFO] [stderr]                                  at /opt/rustwide/workdir/build.rs:99:5
[INFO] [stderr]     17:     0x556d4329b056 - build_script_build::compile::h9c2e3a20e62ab680
[INFO] [stderr]                                  at /opt/rustwide/workdir/build.rs:60:5
[INFO] [stderr]     18:     0x556d4329b7f5 - build_script_build::main::h7064cb4795a6ef3f
[INFO] [stderr]                                  at /opt/rustwide/workdir/build.rs:81:13
[INFO] [stderr]     19:     0x556d432975bb - core::ops::function::FnOnce::call_once::h8661869744b9d647
[INFO] [stderr]                                  at /rustc/53fd98ca776cb875bc9e5514f56b52eb74f9e7a9/library/core/src/ops/function.rs:227:5
[INFO] [stderr]     20:     0x556d43298cfe - std::sys_common::backtrace::__rust_begin_short_backtrace::hed07f366606fffab
[INFO] [stderr]                                  at /rustc/53fd98ca776cb875bc9e5514f56b52eb74f9e7a9/library/std/src/sys_common/backtrace.rs:125:18
[INFO] [stderr]     21:     0x556d43298d91 - std::rt::lang_start::{{closure}}::h0341e93adb644d62
[INFO] [stderr]                                  at /rustc/53fd98ca776cb875bc9e5514f56b52eb74f9e7a9/library/std/src/rt.rs:63:18
[INFO] [stderr]     22:     0x556d432b561a - core::ops::function::impls::<impl core::ops::function::FnOnce<A> for &F>::call_once::ha88a7d1a4d24e549
[INFO] [stderr]                                  at /rustc/53fd98ca776cb875bc9e5514f56b52eb74f9e7a9/library/core/src/ops/function.rs:259:13
[INFO] [stderr]     23:     0x556d432b561a - std::panicking::try::do_call::hd3b1d7740607ccc7
[INFO] [stderr]                                  at /rustc/53fd98ca776cb875bc9e5514f56b52eb74f9e7a9/library/std/src/panicking.rs:401:40
[INFO] [stderr]     24:     0x556d432b561a - std::panicking::try::h0ee8c65ac7461507
[INFO] [stderr]                                  at /rustc/53fd98ca776cb875bc9e5514f56b52eb74f9e7a9/library/std/src/panicking.rs:365:19
[INFO] [stderr]     25:     0x556d432b561a - std::panic::catch_unwind::head47f0de4ccd838
[INFO] [stderr]                                  at /rustc/53fd98ca776cb875bc9e5514f56b52eb74f9e7a9/library/std/src/panic.rs:434:14
[INFO] [stderr]     26:     0x556d432b561a - std::rt::lang_start_internal::{{closure}}::hbc7de8ec820ac085
[INFO] [stderr]                                  at /rustc/53fd98ca776cb875bc9e5514f56b52eb74f9e7a9/library/std/src/rt.rs:45:48
[INFO] [stderr]     27:     0x556d432b561a - std::panicking::try::do_call::h2609e52e8bad4a7b
[INFO] [stderr]                                  at /rustc/53fd98ca776cb875bc9e5514f56b52eb74f9e7a9/library/std/src/panicking.rs:401:40
[INFO] [stderr]     28:     0x556d432b561a - std::panicking::try::hd0929f0b603e0389
[INFO] [stderr]                                  at /rustc/53fd98ca776cb875bc9e5514f56b52eb74f9e7a9/library/std/src/panicking.rs:365:19
[INFO] [stderr]     29:     0x556d432b561a - std::panic::catch_unwind::h27902b81c3e47571
[INFO] [stderr]                                  at /rustc/53fd98ca776cb875bc9e5514f56b52eb74f9e7a9/library/std/src/panic.rs:434:14
[INFO] [stderr]     30:     0x556d432b561a - std::rt::lang_start_internal::h3fb2d794dd391e3e
[INFO] [stderr]                                  at /rustc/53fd98ca776cb875bc9e5514f56b52eb74f9e7a9/library/std/src/rt.rs:45:20
[INFO] [stderr]     31:     0x556d43298d60 - std::rt::lang_start::h36143e0eed2d9dc1
[INFO] [stderr]                                  at /rustc/53fd98ca776cb875bc9e5514f56b52eb74f9e7a9/library/std/src/rt.rs:62:5
[INFO] [stderr]     32:     0x556d4329bbdc - main
[INFO] [stderr]     33:     0x7fbaf5f2f0b3 - __libc_start_main
[INFO] [stderr]     34:     0x556d4329594e - _start
[INFO] [stderr]     35:                0x0 - <unknown>
[INFO] running `Command { std: "docker" "inspect" "b47bdacfa21084c78106bcf8a17e8a7ce1ff9db6ec913af18bad303d0bb352f6", kill_on_drop: false }`
[INFO] running `Command { std: "docker" "rm" "-f" "b47bdacfa21084c78106bcf8a17e8a7ce1ff9db6ec913af18bad303d0bb352f6", kill_on_drop: false }`
[INFO] [stdout] b47bdacfa21084c78106bcf8a17e8a7ce1ff9db6ec913af18bad303d0bb352f6
