[INFO] fetching crate bitstream 0.1.1...
[INFO] testing bitstream-0.1.1 against beta-2021-08-01 for beta-1.55-1
[INFO] extracting crate bitstream 0.1.1 into /workspace/builds/worker-35/source
[INFO] validating manifest of crates.io crate bitstream 0.1.1 on toolchain beta-2021-08-01
[INFO] running `Command { std: "/workspace/cargo-home/bin/cargo" "+beta-2021-08-01" "metadata" "--manifest-path" "Cargo.toml" "--no-deps", kill_on_drop: false }`
[INFO] started tweaking crates.io crate bitstream 0.1.1
[INFO] finished tweaking crates.io crate bitstream 0.1.1
[INFO] tweaked toml for crates.io crate bitstream 0.1.1 written to /workspace/builds/worker-35/source/Cargo.toml
[INFO] running `Command { std: "/workspace/cargo-home/bin/cargo" "+beta-2021-08-01" "generate-lockfile" "--manifest-path" "Cargo.toml" "-Zno-index-update", kill_on_drop: false }`
[INFO] running `Command { std: "/workspace/cargo-home/bin/cargo" "+beta-2021-08-01" "fetch" "--manifest-path" "Cargo.toml", kill_on_drop: false }`
[INFO] [stderr]     Blocking waiting for file lock on package cache
[INFO] running `Command { std: "docker" "create" "-v" "/var/lib/crater-agent-workspace/builds/worker-35/target:/opt/rustwide/target:rw,Z" "-v" "/var/lib/crater-agent-workspace/builds/worker-35/source:/opt/rustwide/workdir:ro,Z" "-v" "/var/lib/crater-agent-workspace/cargo-home:/opt/rustwide/cargo-home:ro,Z" "-v" "/var/lib/crater-agent-workspace/rustup-home:/opt/rustwide/rustup-home:ro,Z" "-e" "SOURCE_DIR=/opt/rustwide/workdir" "-e" "CARGO_TARGET_DIR=/opt/rustwide/target" "-e" "CARGO_HOME=/opt/rustwide/cargo-home" "-e" "RUSTUP_HOME=/opt/rustwide/rustup-home" "-w" "/opt/rustwide/workdir" "-m" "1610612736" "--user" "0:0" "--network" "none" "ghcr.io/rust-lang/crates-build-env/linux@sha256:34b6a614d2c27851fe6cbf88fbd1137609cefab8b10d0615aaeb6fd47975d74e" "/opt/rustwide/cargo-home/bin/cargo" "+beta-2021-08-01" "metadata" "--no-deps" "--format-version=1", kill_on_drop: false }`
[INFO] [stdout] 78cbd1f6c5d2b59fa768ae721af6db55610ed42c03f9b25a0704852fb273fe98
[INFO] running `Command { std: "docker" "start" "-a" "78cbd1f6c5d2b59fa768ae721af6db55610ed42c03f9b25a0704852fb273fe98", kill_on_drop: false }`
[INFO] running `Command { std: "docker" "inspect" "78cbd1f6c5d2b59fa768ae721af6db55610ed42c03f9b25a0704852fb273fe98", kill_on_drop: false }`
[INFO] running `Command { std: "docker" "rm" "-f" "78cbd1f6c5d2b59fa768ae721af6db55610ed42c03f9b25a0704852fb273fe98", kill_on_drop: false }`
[INFO] [stdout] 78cbd1f6c5d2b59fa768ae721af6db55610ed42c03f9b25a0704852fb273fe98
[INFO] running `Command { std: "docker" "create" "-v" "/var/lib/crater-agent-workspace/builds/worker-35/target:/opt/rustwide/target:rw,Z" "-v" "/var/lib/crater-agent-workspace/builds/worker-35/source:/opt/rustwide/workdir:ro,Z" "-v" "/var/lib/crater-agent-workspace/cargo-home:/opt/rustwide/cargo-home:ro,Z" "-v" "/var/lib/crater-agent-workspace/rustup-home:/opt/rustwide/rustup-home:ro,Z" "-e" "SOURCE_DIR=/opt/rustwide/workdir" "-e" "CARGO_TARGET_DIR=/opt/rustwide/target" "-e" "CARGO_INCREMENTAL=0" "-e" "RUST_BACKTRACE=full" "-e" "RUSTFLAGS=--cap-lints=warn" "-e" "CARGO_HOME=/opt/rustwide/cargo-home" "-e" "RUSTUP_HOME=/opt/rustwide/rustup-home" "-w" "/opt/rustwide/workdir" "-m" "1610612736" "--user" "0:0" "--network" "none" "ghcr.io/rust-lang/crates-build-env/linux@sha256:34b6a614d2c27851fe6cbf88fbd1137609cefab8b10d0615aaeb6fd47975d74e" "/opt/rustwide/cargo-home/bin/cargo" "+beta-2021-08-01" "build" "--frozen" "--message-format=json", kill_on_drop: false }`
[INFO] [stdout] deb777d25e6357716d0da1aae135802e3070d3246a2b5b721e316951870377a4
[INFO] running `Command { std: "docker" "start" "-a" "deb777d25e6357716d0da1aae135802e3070d3246a2b5b721e316951870377a4", kill_on_drop: false }`
[INFO] [stderr]    Compiling bitstream v0.1.1 (/opt/rustwide/workdir)
[INFO] [stdout] error[E0432]: unresolved import `alloc::heap`
[INFO] [stdout]   --> src/lib.rs:13:20
[INFO] [stdout]    |
[INFO] [stdout] 13 |         use alloc::heap::allocate;
[INFO] [stdout]    |                    ^^^^ could not find `heap` in `alloc`
[INFO] [stdout] 
[INFO] [stdout] 
[INFO] [stdout] error[E0432]: unresolved import `alloc::heap`
[INFO] [stdout]   --> src/lib.rs:19:20
[INFO] [stdout]    |
[INFO] [stdout] 19 |         use alloc::heap::deallocate;
[INFO] [stdout]    |                    ^^^^ could not find `heap` in `alloc`
[INFO] [stdout] 
[INFO] [stdout] 
[INFO] [stdout] error[E0554]: `#![feature]` may not be used on the beta release channel
[INFO] [stdout]  --> src/lib.rs:1:1
[INFO] [stdout]   |
[INFO] [stdout] 1 | #![feature(alloc, heap_api)]
[INFO] [stdout]   | ^^^^^^^^^^^^^^^^^^^^^^^^^^^^
[INFO] [stdout] 
[INFO] [stdout] 
[INFO] [stdout] warning: trait objects without an explicit `dyn` are deprecated
[INFO] [stdout]   --> src/reader.rs:42:32
[INFO] [stdout]    |
[INFO] [stdout] 42 |     fn cause(&self) -> Option<&error::Error> {
[INFO] [stdout]    |                                ^^^^^^^^^^^^ help: use `dyn`: `dyn error::Error`
[INFO] [stdout]    |
[INFO] [stdout]    = note: `#[warn(bare_trait_objects)]` on by default
[INFO] [stdout]    = warning: this is accepted in the current edition (Rust 2015) but is a hard error in Rust 2021!
[INFO] [stdout]    = note: for more information, see issue #80165 <https://github.com/rust-lang/rust/issues/80165>
[INFO] [stdout] 
[INFO] [stdout] 
[INFO] [stdout] warning: use of deprecated macro `try`: use the `?` operator instead
[INFO] [stdout]    --> src/reader.rs:161:13
[INFO] [stdout]     |
[INFO] [stdout] 161 |             try!(self.fill_buffer());
[INFO] [stdout]     |             ^^^
[INFO] [stdout]     |
[INFO] [stdout]     = note: `#[warn(deprecated)]` on by default
[INFO] [stdout] 
[INFO] [stdout] 
[INFO] [stdout] warning: use of deprecated macro `try`: use the `?` operator instead
[INFO] [stdout]    --> src/reader.rs:188:17
[INFO] [stdout]     |
[INFO] [stdout] 188 |         let v = try!(self.read_usize(bits));
[INFO] [stdout]     |                 ^^^
[INFO] [stdout] 
[INFO] [stdout] 
[INFO] [stdout] warning: use of deprecated macro `try`: use the `?` operator instead
[INFO] [stdout]    --> src/reader.rs:206:16
[INFO] [stdout]     |
[INFO] [stdout] 206 |             Ok(try!(self.read_usize(bits as u8)) as u64)
[INFO] [stdout]     |                ^^^
[INFO] [stdout] 
[INFO] [stdout] 
[INFO] [stdout] warning: use of deprecated macro `try`: use the `?` operator instead
[INFO] [stdout]    --> src/reader.rs:209:25
[INFO] [stdout]     |
[INFO] [stdout] 209 |             let first = try!(self.read_usize(word_bits() as u8));
[INFO] [stdout]     |                         ^^^
[INFO] [stdout] 
[INFO] [stdout] 
[INFO] [stdout] warning: use of deprecated macro `try`: use the `?` operator instead
[INFO] [stdout]    --> src/reader.rs:210:26
[INFO] [stdout]     |
[INFO] [stdout] 210 |             let second = try!(self.read_usize((bits - word_bits()) as u8));
[INFO] [stdout]     |                          ^^^
[INFO] [stdout] 
[INFO] [stdout] 
[INFO] [stdout] warning: use of deprecated macro `try`: use the `?` operator instead
[INFO] [stdout]    --> src/reader.rs:221:16
[INFO] [stdout]     |
[INFO] [stdout] 221 |             Ok(try!(self.read_isize(bits as u8)) as i64)
[INFO] [stdout]     |                ^^^
[INFO] [stdout] 
[INFO] [stdout] 
[INFO] [stdout] warning: use of deprecated macro `try`: use the `?` operator instead
[INFO] [stdout]    --> src/reader.rs:223:25
[INFO] [stdout]     |
[INFO] [stdout] 223 |             let first = try!(self.read_usize(word_bits() as u8));
[INFO] [stdout]     |                         ^^^
[INFO] [stdout] 
[INFO] [stdout] 
[INFO] [stdout] warning: use of deprecated macro `try`: use the `?` operator instead
[INFO] [stdout]    --> src/reader.rs:224:26
[INFO] [stdout]     |
[INFO] [stdout] 224 |             let second = try!(self.read_usize((bits - word_bits()) as u8));
[INFO] [stdout]     |                          ^^^
[INFO] [stdout] 
[INFO] [stdout] 
[INFO] [stdout] warning: use of deprecated macro `try`: use the `?` operator instead
[INFO] [stdout]    --> src/reader.rs:277:12
[INFO] [stdout]     |
[INFO] [stdout] 277 |         Ok(try!(self.read_usize(1)) != 0)
[INFO] [stdout]     |            ^^^
[INFO] [stdout] 
[INFO] [stdout] 
[INFO] [stdout] warning: use of deprecated macro `try`: use the `?` operator instead
[INFO] [stdout]    --> src/reader.rs:286:21
[INFO] [stdout]     |
[INFO] [stdout] 286 |                 if !try!(self.read_bit()) {
[INFO] [stdout]     |                     ^^^
[INFO] [stdout] 
[INFO] [stdout] 
[INFO] [stdout] warning: use of deprecated macro `try`: use the `?` operator instead
[INFO] [stdout]    --> src/reader.rs:334:17
[INFO] [stdout]     |
[INFO] [stdout] 334 |                 try!(self.fill_buffer());
[INFO] [stdout]     |                 ^^^
[INFO] [stdout] 
[INFO] [stdout] 
[INFO] [stdout] warning: use of deprecated macro `try`: use the `?` operator instead
[INFO] [stdout]    --> src/reader.rs:379:25
[INFO] [stdout]     |
[INFO] [stdout] 379 |                 let n = try!(self.inner.read(slice));
[INFO] [stdout]     |                         ^^^
[INFO] [stdout] 
[INFO] [stdout] 
[INFO] [stdout] warning: use of deprecated associated function `std::error::Error::description`: use the Display impl or to_string()
[INFO] [stdout]   --> src/reader.rs:38:37
[INFO] [stdout]    |
[INFO] [stdout] 38 |             Error::Io(ref io) => io.description()
[INFO] [stdout]    |                                     ^^^^^^^^^^^
[INFO] [stdout] 
[INFO] [stdout] 
[INFO] [stdout] error: aborting due to 3 previous errors; 14 warnings emitted
[INFO] [stdout] 
[INFO] [stdout] 
[INFO] [stdout] Some errors have detailed explanations: E0432, E0554.
[INFO] [stdout] 
[INFO] [stdout] For more information about an error, try `rustc --explain E0432`.
[INFO] [stdout] 
[INFO] [stderr] error: could not compile `bitstream` due to 4 previous errors; 14 warnings emitted
[INFO] running `Command { std: "docker" "inspect" "deb777d25e6357716d0da1aae135802e3070d3246a2b5b721e316951870377a4", kill_on_drop: false }`
[INFO] running `Command { std: "docker" "rm" "-f" "deb777d25e6357716d0da1aae135802e3070d3246a2b5b721e316951870377a4", kill_on_drop: false }`
[INFO] [stdout] deb777d25e6357716d0da1aae135802e3070d3246a2b5b721e316951870377a4
