[INFO] fetching crate bitcoin-cash-code 1.0.0-beta.0...
[INFO] testing bitcoin-cash-code-1.0.0-beta.0 against beta-2021-08-01 for beta-1.55-1
[INFO] extracting crate bitcoin-cash-code 1.0.0-beta.0 into /workspace/builds/worker-115/source
[INFO] validating manifest of crates.io crate bitcoin-cash-code 1.0.0-beta.0 on toolchain beta-2021-08-01
[INFO] running `Command { std: "/workspace/cargo-home/bin/cargo" "+beta-2021-08-01" "metadata" "--manifest-path" "Cargo.toml" "--no-deps", kill_on_drop: false }`
[INFO] started tweaking crates.io crate bitcoin-cash-code 1.0.0-beta.0
[INFO] finished tweaking crates.io crate bitcoin-cash-code 1.0.0-beta.0
[INFO] tweaked toml for crates.io crate bitcoin-cash-code 1.0.0-beta.0 written to /workspace/builds/worker-115/source/Cargo.toml
[INFO] running `Command { std: "/workspace/cargo-home/bin/cargo" "+beta-2021-08-01" "generate-lockfile" "--manifest-path" "Cargo.toml" "-Zno-index-update", kill_on_drop: false }`
[INFO] [stderr]     Blocking waiting for file lock on package cache
[INFO] running `Command { std: "/workspace/cargo-home/bin/cargo" "+beta-2021-08-01" "fetch" "--manifest-path" "Cargo.toml", kill_on_drop: false }`
[INFO] running `Command { std: "docker" "create" "-v" "/var/lib/crater-agent-workspace/builds/worker-115/target:/opt/rustwide/target:rw,Z" "-v" "/var/lib/crater-agent-workspace/builds/worker-115/source:/opt/rustwide/workdir:ro,Z" "-v" "/var/lib/crater-agent-workspace/cargo-home:/opt/rustwide/cargo-home:ro,Z" "-v" "/var/lib/crater-agent-workspace/rustup-home:/opt/rustwide/rustup-home:ro,Z" "-e" "SOURCE_DIR=/opt/rustwide/workdir" "-e" "CARGO_TARGET_DIR=/opt/rustwide/target" "-e" "CARGO_HOME=/opt/rustwide/cargo-home" "-e" "RUSTUP_HOME=/opt/rustwide/rustup-home" "-w" "/opt/rustwide/workdir" "-m" "1610612736" "--user" "0:0" "--network" "none" "ghcr.io/rust-lang/crates-build-env/linux@sha256:34b6a614d2c27851fe6cbf88fbd1137609cefab8b10d0615aaeb6fd47975d74e" "/opt/rustwide/cargo-home/bin/cargo" "+beta-2021-08-01" "metadata" "--no-deps" "--format-version=1", kill_on_drop: false }`
[INFO] [stdout] c432b1df02824953d0d68e5ca43ce946d1dda009a8c551b766f013065bfe4c24
[INFO] running `Command { std: "docker" "start" "-a" "c432b1df02824953d0d68e5ca43ce946d1dda009a8c551b766f013065bfe4c24", kill_on_drop: false }`
[INFO] running `Command { std: "docker" "inspect" "c432b1df02824953d0d68e5ca43ce946d1dda009a8c551b766f013065bfe4c24", kill_on_drop: false }`
[INFO] running `Command { std: "docker" "rm" "-f" "c432b1df02824953d0d68e5ca43ce946d1dda009a8c551b766f013065bfe4c24", kill_on_drop: false }`
[INFO] [stdout] c432b1df02824953d0d68e5ca43ce946d1dda009a8c551b766f013065bfe4c24
[INFO] running `Command { std: "docker" "create" "-v" "/var/lib/crater-agent-workspace/builds/worker-115/target:/opt/rustwide/target:rw,Z" "-v" "/var/lib/crater-agent-workspace/builds/worker-115/source:/opt/rustwide/workdir:ro,Z" "-v" "/var/lib/crater-agent-workspace/cargo-home:/opt/rustwide/cargo-home:ro,Z" "-v" "/var/lib/crater-agent-workspace/rustup-home:/opt/rustwide/rustup-home:ro,Z" "-e" "SOURCE_DIR=/opt/rustwide/workdir" "-e" "CARGO_TARGET_DIR=/opt/rustwide/target" "-e" "CARGO_INCREMENTAL=0" "-e" "RUST_BACKTRACE=full" "-e" "RUSTFLAGS=--cap-lints=warn" "-e" "CARGO_HOME=/opt/rustwide/cargo-home" "-e" "RUSTUP_HOME=/opt/rustwide/rustup-home" "-w" "/opt/rustwide/workdir" "-m" "1610612736" "--user" "0:0" "--network" "none" "ghcr.io/rust-lang/crates-build-env/linux@sha256:34b6a614d2c27851fe6cbf88fbd1137609cefab8b10d0615aaeb6fd47975d74e" "/opt/rustwide/cargo-home/bin/cargo" "+beta-2021-08-01" "build" "--frozen" "--message-format=json", kill_on_drop: false }`
[INFO] [stdout] 6aa567b63b602e6c6493d780239d7d795c9bffb6e8138237cbe58d742b7cb764
[INFO] running `Command { std: "docker" "start" "-a" "6aa567b63b602e6c6493d780239d7d795c9bffb6e8138237cbe58d742b7cb764", kill_on_drop: false }`
[INFO] [stderr]     Blocking waiting for file lock on package cache
[INFO] [stderr]    Compiling syn v1.0.74
[INFO] [stderr]    Compiling bitcoin-cash-code v1.0.0-beta.0 (/opt/rustwide/workdir)
[INFO] [stderr]     Finished dev [unoptimized + debuginfo] target(s) in 10.92s
[INFO] running `Command { std: "docker" "inspect" "6aa567b63b602e6c6493d780239d7d795c9bffb6e8138237cbe58d742b7cb764", kill_on_drop: false }`
[INFO] running `Command { std: "docker" "rm" "-f" "6aa567b63b602e6c6493d780239d7d795c9bffb6e8138237cbe58d742b7cb764", kill_on_drop: false }`
[INFO] [stdout] 6aa567b63b602e6c6493d780239d7d795c9bffb6e8138237cbe58d742b7cb764
[INFO] running `Command { std: "docker" "create" "-v" "/var/lib/crater-agent-workspace/builds/worker-115/target:/opt/rustwide/target:rw,Z" "-v" "/var/lib/crater-agent-workspace/builds/worker-115/source:/opt/rustwide/workdir:ro,Z" "-v" "/var/lib/crater-agent-workspace/cargo-home:/opt/rustwide/cargo-home:ro,Z" "-v" "/var/lib/crater-agent-workspace/rustup-home:/opt/rustwide/rustup-home:ro,Z" "-e" "SOURCE_DIR=/opt/rustwide/workdir" "-e" "CARGO_TARGET_DIR=/opt/rustwide/target" "-e" "CARGO_INCREMENTAL=0" "-e" "RUST_BACKTRACE=full" "-e" "RUSTFLAGS=--cap-lints=warn" "-e" "CARGO_HOME=/opt/rustwide/cargo-home" "-e" "RUSTUP_HOME=/opt/rustwide/rustup-home" "-w" "/opt/rustwide/workdir" "-m" "1610612736" "--user" "0:0" "--network" "none" "ghcr.io/rust-lang/crates-build-env/linux@sha256:34b6a614d2c27851fe6cbf88fbd1137609cefab8b10d0615aaeb6fd47975d74e" "/opt/rustwide/cargo-home/bin/cargo" "+beta-2021-08-01" "test" "--frozen" "--no-run" "--message-format=json", kill_on_drop: false }`
[INFO] [stdout] 7e4bbdf5ce41710a7cdd62745d849ed327458fae56ec0d8b67b8dbe06adb4dee
[INFO] running `Command { std: "docker" "start" "-a" "7e4bbdf5ce41710a7cdd62745d849ed327458fae56ec0d8b67b8dbe06adb4dee", kill_on_drop: false }`
[INFO] [stderr]     Blocking waiting for file lock on package cache
[INFO] [stderr]    Compiling serde v1.0.127
[INFO] [stderr]    Compiling same-file v1.0.6
[INFO] [stderr]    Compiling semver-parser v0.7.0
[INFO] [stderr]    Compiling hex v0.4.3
[INFO] [stderr]    Compiling cpufeatures v0.1.5
[INFO] [stderr]    Compiling bimap v0.5.3
[INFO] [stderr]    Compiling base64 v0.12.3
[INFO] [stderr]    Compiling hex-literal v0.3.3
[INFO] [stderr]    Compiling num-integer v0.1.44
[INFO] [stderr]    Compiling num-bigint v0.3.2
[INFO] [stderr]    Compiling num-rational v0.3.2
[INFO] [stderr]    Compiling num-iter v0.1.42
[INFO] [stderr]    Compiling error-chain v0.12.4
[INFO] [stderr]    Compiling getrandom v0.2.3
[INFO] [stderr]    Compiling dirs v1.0.5
[INFO] [stderr]    Compiling object v0.26.0
[INFO] [stderr]    Compiling num-complex v0.3.1
[INFO] [stderr]    Compiling serde_derive v1.0.127
[INFO] [stderr]    Compiling num-derive v0.3.3
[INFO] [stderr]    Compiling walkdir v2.3.2
[INFO] [stderr]    Compiling sha-1 v0.9.7
[INFO] [stderr]    Compiling sha2 v0.9.5
[INFO] [stderr]    Compiling rand_core v0.6.3
[INFO] [stderr]    Compiling semver v0.9.0
[INFO] [stderr]    Compiling rand_chacha v0.3.1
[INFO] [stderr]    Compiling toolchain_find v0.1.4
[INFO] [stderr]    Compiling rand v0.8.4
[INFO] [stderr]    Compiling tempfile v3.2.0
[INFO] [stderr]    Compiling backtrace v0.3.61
[INFO] [stderr]    Compiling num v0.3.1
[INFO] [stderr]    Compiling serde_json v1.0.66
[INFO] [stderr]    Compiling bitcoin-cash-base v0.2.0
[INFO] [stderr]    Compiling bitcoin-cash-script-macro v0.2.0
[INFO] [stderr]    Compiling bitcoin-cash v0.2.3
[INFO] [stdout] error: No rustfmt could be found.
[INFO] [stdout]   --> /opt/rustwide/cargo-home/registry/src/github.com-1ecc6299db9ec823/bitcoin-cash-0.2.3/src/scripts.rs:13:5
[INFO] [stdout]    |
[INFO] [stdout] 13 | pub fn p2pkh_script(address: &Address, sig: ByteArray, pubkey: ByteArray) {
[INFO] [stdout]    |     ^^
[INFO] [stdout] 
[INFO] [stdout] 
[INFO] [stdout] error: No rustfmt could be found.
[INFO] [stdout]   --> /opt/rustwide/cargo-home/registry/src/github.com-1ecc6299db9ec823/bitcoin-cash-0.2.3/src/scripts.rs:22:5
[INFO] [stdout]    |
[INFO] [stdout] 22 | pub fn p2sh_script(address: &Address, redeem_script: ByteArray) {
[INFO] [stdout]    |     ^^
[INFO] [stdout] 
[INFO] [stdout] 
[INFO] [stdout] error[E0425]: cannot find function `p2sh_script` in this scope
[INFO] [stdout]   --> /opt/rustwide/cargo-home/registry/src/github.com-1ecc6299db9ec823/bitcoin-cash-0.2.3/src/scripts.rs:31:34
[INFO] [stdout]    |
[INFO] [stdout] 31 |             AddressType::P2SH => p2sh_script(self).into(),
[INFO] [stdout]    |                                  ^^^^^^^^^^^------
[INFO] [stdout]    |                                  |
[INFO] [stdout]    |                                  help: try calling `p2sh_script` as a method: `self.p2sh_script()`
[INFO] [stdout] 
[INFO] [stdout] 
[INFO] [stdout] error[E0425]: cannot find function `p2pkh_script` in this scope
[INFO] [stdout]   --> /opt/rustwide/cargo-home/registry/src/github.com-1ecc6299db9ec823/bitcoin-cash-0.2.3/src/scripts.rs:32:35
[INFO] [stdout]    |
[INFO] [stdout] 32 |             AddressType::P2PKH => p2pkh_script(self).into(),
[INFO] [stdout]    |                                   ^^^^^^^^^^^^------
[INFO] [stdout]    |                                   |
[INFO] [stdout]    |                                   help: try calling `p2pkh_script` as a method: `self.p2pkh_script()`
[INFO] [stdout] 
[INFO] [stdout] 
[INFO] [stdout] error[E0425]: cannot find function `p2sh_script` in this scope
[INFO] [stdout]   --> /opt/rustwide/cargo-home/registry/src/github.com-1ecc6299db9ec823/bitcoin-cash-0.2.3/src/scripts.rs:40:34
[INFO] [stdout]    |
[INFO] [stdout] 40 |             AddressType::P2SH => p2sh_script(&self).into(),
[INFO] [stdout]    |                                  ^^^^^^^^^^^-------
[INFO] [stdout]    |                                  |
[INFO] [stdout]    |                                  help: try calling `p2sh_script` as a method: `self.p2sh_script()`
[INFO] [stdout] 
[INFO] [stdout] 
[INFO] [stdout] error[E0425]: cannot find function `p2pkh_script` in this scope
[INFO] [stdout]   --> /opt/rustwide/cargo-home/registry/src/github.com-1ecc6299db9ec823/bitcoin-cash-0.2.3/src/scripts.rs:41:35
[INFO] [stdout]    |
[INFO] [stdout] 41 |             AddressType::P2PKH => p2pkh_script(&self).into(),
[INFO] [stdout]    |                                   ^^^^^^^^^^^^-------
[INFO] [stdout]    |                                   |
[INFO] [stdout]    |                                   help: try calling `p2pkh_script` as a method: `self.p2pkh_script()`
[INFO] [stdout] 
[INFO] [stdout] 
[INFO] [stdout] error[E0412]: cannot find type `P2PKHInputs` in this scope
[INFO] [stdout]   --> /opt/rustwide/cargo-home/registry/src/github.com-1ecc6299db9ec823/bitcoin-cash-0.2.3/src/scripts.rs:47:19
[INFO] [stdout]    |
[INFO] [stdout] 47 |     type Script = P2PKHInputs;
[INFO] [stdout]    |                   ^^^^^^^^^^^ not found in this scope
[INFO] [stdout] 
[INFO] [stdout] 
[INFO] [stdout] error[E0422]: cannot find struct, variant or union type `P2PKHInputs` in this scope
[INFO] [stdout]   --> /opt/rustwide/cargo-home/registry/src/github.com-1ecc6299db9ec823/bitcoin-cash-0.2.3/src/scripts.rs:63:9
[INFO] [stdout]    |
[INFO] [stdout] 63 |         P2PKHInputs {
[INFO] [stdout]    |         ^^^^^^^^^^^ not found in this scope
[INFO] [stdout] 
[INFO] [stdout] 
[INFO] [stdout] error: aborting due to 8 previous errors
[INFO] [stdout] 
[INFO] [stdout] 
[INFO] [stdout] Some errors have detailed explanations: E0412, E0422, E0425.
[INFO] [stdout] 
[INFO] [stdout] For more information about an error, try `rustc --explain E0412`.
[INFO] [stdout] 
[INFO] [stderr] error: could not compile `bitcoin-cash` due to 9 previous errors
[INFO] running `Command { std: "docker" "inspect" "7e4bbdf5ce41710a7cdd62745d849ed327458fae56ec0d8b67b8dbe06adb4dee", kill_on_drop: false }`
[INFO] running `Command { std: "docker" "rm" "-f" "7e4bbdf5ce41710a7cdd62745d849ed327458fae56ec0d8b67b8dbe06adb4dee", kill_on_drop: false }`
[INFO] [stdout] 7e4bbdf5ce41710a7cdd62745d849ed327458fae56ec0d8b67b8dbe06adb4dee
