[INFO] fetching crate bitbuf 1.0.0...
[INFO] testing bitbuf-1.0.0 against beta-2021-08-01 for beta-1.55-1
[INFO] extracting crate bitbuf 1.0.0 into /workspace/builds/worker-0/source
[INFO] validating manifest of crates.io crate bitbuf 1.0.0 on toolchain beta-2021-08-01
[INFO] running `Command { std: "/workspace/cargo-home/bin/cargo" "+beta-2021-08-01" "metadata" "--manifest-path" "Cargo.toml" "--no-deps", kill_on_drop: false }`
[INFO] started tweaking crates.io crate bitbuf 1.0.0
[INFO] finished tweaking crates.io crate bitbuf 1.0.0
[INFO] tweaked toml for crates.io crate bitbuf 1.0.0 written to /workspace/builds/worker-0/source/Cargo.toml
[INFO] running `Command { std: "/workspace/cargo-home/bin/cargo" "+beta-2021-08-01" "generate-lockfile" "--manifest-path" "Cargo.toml" "-Zno-index-update", kill_on_drop: false }`
[INFO] running `Command { std: "/workspace/cargo-home/bin/cargo" "+beta-2021-08-01" "fetch" "--manifest-path" "Cargo.toml", kill_on_drop: false }`
[INFO] running `Command { std: "docker" "create" "-v" "/var/lib/crater-agent-workspace/builds/worker-0/target:/opt/rustwide/target:rw,Z" "-v" "/var/lib/crater-agent-workspace/builds/worker-0/source:/opt/rustwide/workdir:ro,Z" "-v" "/var/lib/crater-agent-workspace/cargo-home:/opt/rustwide/cargo-home:ro,Z" "-v" "/var/lib/crater-agent-workspace/rustup-home:/opt/rustwide/rustup-home:ro,Z" "-e" "SOURCE_DIR=/opt/rustwide/workdir" "-e" "CARGO_TARGET_DIR=/opt/rustwide/target" "-e" "CARGO_HOME=/opt/rustwide/cargo-home" "-e" "RUSTUP_HOME=/opt/rustwide/rustup-home" "-w" "/opt/rustwide/workdir" "-m" "1610612736" "--user" "0:0" "--network" "none" "ghcr.io/rust-lang/crates-build-env/linux@sha256:34b6a614d2c27851fe6cbf88fbd1137609cefab8b10d0615aaeb6fd47975d74e" "/opt/rustwide/cargo-home/bin/cargo" "+beta-2021-08-01" "metadata" "--no-deps" "--format-version=1", kill_on_drop: false }`
[INFO] [stdout] 54cac8b152d5d1adafd0def83fbf54f714cb8ec4c9161a7fd29feb5bdc6c3eb7
[INFO] running `Command { std: "docker" "start" "-a" "54cac8b152d5d1adafd0def83fbf54f714cb8ec4c9161a7fd29feb5bdc6c3eb7", kill_on_drop: false }`
[INFO] running `Command { std: "docker" "inspect" "54cac8b152d5d1adafd0def83fbf54f714cb8ec4c9161a7fd29feb5bdc6c3eb7", kill_on_drop: false }`
[INFO] running `Command { std: "docker" "rm" "-f" "54cac8b152d5d1adafd0def83fbf54f714cb8ec4c9161a7fd29feb5bdc6c3eb7", kill_on_drop: false }`
[INFO] [stdout] 54cac8b152d5d1adafd0def83fbf54f714cb8ec4c9161a7fd29feb5bdc6c3eb7
[INFO] running `Command { std: "docker" "create" "-v" "/var/lib/crater-agent-workspace/builds/worker-0/target:/opt/rustwide/target:rw,Z" "-v" "/var/lib/crater-agent-workspace/builds/worker-0/source:/opt/rustwide/workdir:ro,Z" "-v" "/var/lib/crater-agent-workspace/cargo-home:/opt/rustwide/cargo-home:ro,Z" "-v" "/var/lib/crater-agent-workspace/rustup-home:/opt/rustwide/rustup-home:ro,Z" "-e" "SOURCE_DIR=/opt/rustwide/workdir" "-e" "CARGO_TARGET_DIR=/opt/rustwide/target" "-e" "CARGO_INCREMENTAL=0" "-e" "RUST_BACKTRACE=full" "-e" "RUSTFLAGS=--cap-lints=warn" "-e" "CARGO_HOME=/opt/rustwide/cargo-home" "-e" "RUSTUP_HOME=/opt/rustwide/rustup-home" "-w" "/opt/rustwide/workdir" "-m" "1610612736" "--user" "0:0" "--network" "none" "ghcr.io/rust-lang/crates-build-env/linux@sha256:34b6a614d2c27851fe6cbf88fbd1137609cefab8b10d0615aaeb6fd47975d74e" "/opt/rustwide/cargo-home/bin/cargo" "+beta-2021-08-01" "build" "--frozen" "--message-format=json", kill_on_drop: false }`
[INFO] [stdout] 1df9614b2ca68aa26f71e622e6069ea56ba5117b58efaf89c45eae2483c53e55
[INFO] running `Command { std: "docker" "start" "-a" "1df9614b2ca68aa26f71e622e6069ea56ba5117b58efaf89c45eae2483c53e55", kill_on_drop: false }`
[INFO] [stderr]     Blocking waiting for file lock on package cache
[INFO] [stderr]    Compiling bitbuf v1.0.0 (/opt/rustwide/workdir)
[INFO] [stdout] warning: use of unstable library feature 'test': `bench` is a part of custom test frameworks which are unstable
[INFO] [stdout]    --> src/lib.rs:658:3
[INFO] [stdout]     |
[INFO] [stdout] 658 | #[bench]
[INFO] [stdout]     |   ^^^^^
[INFO] [stdout]     |
[INFO] [stdout]     = note: `#[warn(soft_unstable)]` on by default
[INFO] [stdout]     = warning: this was previously accepted by the compiler but is being phased out; it will become a hard error in a future release!
[INFO] [stdout]     = note: for more information, see issue #64266 <https://github.com/rust-lang/rust/issues/64266>
[INFO] [stdout] 
[INFO] [stdout] 
[INFO] [stdout] warning: use of unstable library feature 'test': `bench` is a part of custom test frameworks which are unstable
[INFO] [stdout]    --> src/lib.rs:676:3
[INFO] [stdout]     |
[INFO] [stdout] 676 | #[bench]
[INFO] [stdout]     |   ^^^^^
[INFO] [stdout]     |
[INFO] [stdout]     = warning: this was previously accepted by the compiler but is being phased out; it will become a hard error in a future release!
[INFO] [stdout]     = note: for more information, see issue #64266 <https://github.com/rust-lang/rust/issues/64266>
[INFO] [stdout] 
[INFO] [stdout] 
[INFO] [stdout] warning: use of unstable library feature 'test': `bench` is a part of custom test frameworks which are unstable
[INFO] [stdout]    --> src/lib.rs:697:3
[INFO] [stdout]     |
[INFO] [stdout] 697 | #[bench]
[INFO] [stdout]     |   ^^^^^
[INFO] [stdout]     |
[INFO] [stdout]     = warning: this was previously accepted by the compiler but is being phased out; it will become a hard error in a future release!
[INFO] [stdout]     = note: for more information, see issue #64266 <https://github.com/rust-lang/rust/issues/64266>
[INFO] [stdout] 
[INFO] [stdout] 
[INFO] [stdout] warning: use of unstable library feature 'test': `bench` is a part of custom test frameworks which are unstable
[INFO] [stdout]    --> src/lib.rs:704:3
[INFO] [stdout]     |
[INFO] [stdout] 704 | #[bench]
[INFO] [stdout]     |   ^^^^^
[INFO] [stdout]     |
[INFO] [stdout]     = warning: this was previously accepted by the compiler but is being phased out; it will become a hard error in a future release!
[INFO] [stdout]     = note: for more information, see issue #64266 <https://github.com/rust-lang/rust/issues/64266>
[INFO] [stdout] 
[INFO] [stdout] 
[INFO] [stdout] warning: use of unstable library feature 'test': `bench` is a part of custom test frameworks which are unstable
[INFO] [stdout]    --> src/lib.rs:715:3
[INFO] [stdout]     |
[INFO] [stdout] 715 | #[bench]
[INFO] [stdout]     |   ^^^^^
[INFO] [stdout]     |
[INFO] [stdout]     = warning: this was previously accepted by the compiler but is being phased out; it will become a hard error in a future release!
[INFO] [stdout]     = note: for more information, see issue #64266 <https://github.com/rust-lang/rust/issues/64266>
[INFO] [stdout] 
[INFO] [stdout] 
[INFO] [stdout] warning: use of unstable library feature 'test': `bench` is a part of custom test frameworks which are unstable
[INFO] [stdout]    --> src/lib.rs:729:3
[INFO] [stdout]     |
[INFO] [stdout] 729 | #[bench]
[INFO] [stdout]     |   ^^^^^
[INFO] [stdout]     |
[INFO] [stdout]     = warning: this was previously accepted by the compiler but is being phased out; it will become a hard error in a future release!
[INFO] [stdout]     = note: for more information, see issue #64266 <https://github.com/rust-lang/rust/issues/64266>
[INFO] [stdout] 
[INFO] [stdout] 
[INFO] [stdout] warning: use of unstable library feature 'test': `bench` is a part of custom test frameworks which are unstable
[INFO] [stdout]    --> src/lib.rs:740:3
[INFO] [stdout]     |
[INFO] [stdout] 740 | #[bench]
[INFO] [stdout]     |   ^^^^^
[INFO] [stdout]     |
[INFO] [stdout]     = warning: this was previously accepted by the compiler but is being phased out; it will become a hard error in a future release!
[INFO] [stdout]     = note: for more information, see issue #64266 <https://github.com/rust-lang/rust/issues/64266>
[INFO] [stdout] 
[INFO] [stdout] 
[INFO] [stdout] warning: use of unstable library feature 'test': `bench` is a part of custom test frameworks which are unstable
[INFO] [stdout]    --> src/lib.rs:754:3
[INFO] [stdout]     |
[INFO] [stdout] 754 | #[bench]
[INFO] [stdout]     |   ^^^^^
[INFO] [stdout]     |
[INFO] [stdout]     = warning: this was previously accepted by the compiler but is being phased out; it will become a hard error in a future release!
[INFO] [stdout]     = note: for more information, see issue #64266 <https://github.com/rust-lang/rust/issues/64266>
[INFO] [stdout] 
[INFO] [stdout] 
[INFO] [stdout] warning: use of unstable library feature 'test': `bench` is a part of custom test frameworks which are unstable
[INFO] [stdout]    --> src/lib.rs:765:3
[INFO] [stdout]     |
[INFO] [stdout] 765 | #[bench]
[INFO] [stdout]     |   ^^^^^
[INFO] [stdout]     |
[INFO] [stdout]     = warning: this was previously accepted by the compiler but is being phased out; it will become a hard error in a future release!
[INFO] [stdout]     = note: for more information, see issue #64266 <https://github.com/rust-lang/rust/issues/64266>
[INFO] [stdout] 
[INFO] [stdout] 
[INFO] [stdout] warning: use of unstable library feature 'test': `bench` is a part of custom test frameworks which are unstable
[INFO] [stdout]    --> src/lib.rs:776:3
[INFO] [stdout]     |
[INFO] [stdout] 776 | #[bench]
[INFO] [stdout]     |   ^^^^^
[INFO] [stdout]     |
[INFO] [stdout]     = warning: this was previously accepted by the compiler but is being phased out; it will become a hard error in a future release!
[INFO] [stdout]     = note: for more information, see issue #64266 <https://github.com/rust-lang/rust/issues/64266>
[INFO] [stdout] 
[INFO] [stdout] 
[INFO] [stdout] warning: use of unstable library feature 'test': `bench` is a part of custom test frameworks which are unstable
[INFO] [stdout]    --> src/lib.rs:790:3
[INFO] [stdout]     |
[INFO] [stdout] 790 | #[bench]
[INFO] [stdout]     |   ^^^^^
[INFO] [stdout]     |
[INFO] [stdout]     = warning: this was previously accepted by the compiler but is being phased out; it will become a hard error in a future release!
[INFO] [stdout]     = note: for more information, see issue #64266 <https://github.com/rust-lang/rust/issues/64266>
[INFO] [stdout] 
[INFO] [stdout] 
[INFO] [stdout] warning: use of unstable library feature 'test': `bench` is a part of custom test frameworks which are unstable
[INFO] [stdout]    --> src/lib.rs:801:3
[INFO] [stdout]     |
[INFO] [stdout] 801 | #[bench]
[INFO] [stdout]     |   ^^^^^
[INFO] [stdout]     |
[INFO] [stdout]     = warning: this was previously accepted by the compiler but is being phased out; it will become a hard error in a future release!
[INFO] [stdout]     = note: for more information, see issue #64266 <https://github.com/rust-lang/rust/issues/64266>
[INFO] [stdout] 
[INFO] [stdout] 
[INFO] [stdout] warning: use of unstable library feature 'test': `bench` is a part of custom test frameworks which are unstable
[INFO] [stdout]    --> src/lib.rs:812:3
[INFO] [stdout]     |
[INFO] [stdout] 812 | #[bench]
[INFO] [stdout]     |   ^^^^^
[INFO] [stdout]     |
[INFO] [stdout]     = warning: this was previously accepted by the compiler but is being phased out; it will become a hard error in a future release!
[INFO] [stdout]     = note: for more information, see issue #64266 <https://github.com/rust-lang/rust/issues/64266>
[INFO] [stdout] 
[INFO] [stdout] 
[INFO] [stdout] warning: unnecessary parentheses around method argument
[INFO] [stdout]    --> src/lib.rs:101:28
[INFO] [stdout]     |
[INFO] [stdout] 101 |         self.in_write_byte((if value {1} else {0}), 1);
[INFO] [stdout]     |                            ^^^^^^^^^^^^^^^^^^^^^^^ help: remove these parentheses
[INFO] [stdout]     |
[INFO] [stdout]     = note: `#[warn(unused_parens)]` on by default
[INFO] [stdout] 
[INFO] [stdout] 
[INFO] [stdout] warning: associated function is never used: `write_i64_part`
[INFO] [stdout]    --> src/lib.rs:325:8
[INFO] [stdout]     |
[INFO] [stdout] 325 |     fn write_i64_part(&mut self, value: i64, bits: u8) {
[INFO] [stdout]     |        ^^^^^^^^^^^^^^
[INFO] [stdout]     |
[INFO] [stdout]     = note: `#[warn(dead_code)]` on by default
[INFO] [stdout] 
[INFO] [stdout] 
[INFO] [stdout] warning: associated function is never used: `read_i64_part`
[INFO] [stdout]    --> src/lib.rs:329:8
[INFO] [stdout]     |
[INFO] [stdout] 329 |     fn read_i64_part(&mut self, bits: u8) -> i64 {
[INFO] [stdout]     |        ^^^^^^^^^^^^^
[INFO] [stdout] 
[INFO] [stdout] 
[INFO] [stdout] warning: 16 warnings emitted
[INFO] [stdout] 
[INFO] [stdout] 
[INFO] [stderr]     Finished dev [unoptimized + debuginfo] target(s) in 2.71s
[INFO] running `Command { std: "docker" "inspect" "1df9614b2ca68aa26f71e622e6069ea56ba5117b58efaf89c45eae2483c53e55", kill_on_drop: false }`
[INFO] running `Command { std: "docker" "rm" "-f" "1df9614b2ca68aa26f71e622e6069ea56ba5117b58efaf89c45eae2483c53e55", kill_on_drop: false }`
[INFO] [stdout] 1df9614b2ca68aa26f71e622e6069ea56ba5117b58efaf89c45eae2483c53e55
[INFO] running `Command { std: "docker" "create" "-v" "/var/lib/crater-agent-workspace/builds/worker-0/target:/opt/rustwide/target:rw,Z" "-v" "/var/lib/crater-agent-workspace/builds/worker-0/source:/opt/rustwide/workdir:ro,Z" "-v" "/var/lib/crater-agent-workspace/cargo-home:/opt/rustwide/cargo-home:ro,Z" "-v" "/var/lib/crater-agent-workspace/rustup-home:/opt/rustwide/rustup-home:ro,Z" "-e" "SOURCE_DIR=/opt/rustwide/workdir" "-e" "CARGO_TARGET_DIR=/opt/rustwide/target" "-e" "CARGO_INCREMENTAL=0" "-e" "RUST_BACKTRACE=full" "-e" "RUSTFLAGS=--cap-lints=warn" "-e" "CARGO_HOME=/opt/rustwide/cargo-home" "-e" "RUSTUP_HOME=/opt/rustwide/rustup-home" "-w" "/opt/rustwide/workdir" "-m" "1610612736" "--user" "0:0" "--network" "none" "ghcr.io/rust-lang/crates-build-env/linux@sha256:34b6a614d2c27851fe6cbf88fbd1137609cefab8b10d0615aaeb6fd47975d74e" "/opt/rustwide/cargo-home/bin/cargo" "+beta-2021-08-01" "test" "--frozen" "--no-run" "--message-format=json", kill_on_drop: false }`
[INFO] [stdout] 97b9d4458d7d7d032ca8d2a330e079a286fd806cb1b4f19d7b0e415b134972fe
[INFO] running `Command { std: "docker" "start" "-a" "97b9d4458d7d7d032ca8d2a330e079a286fd806cb1b4f19d7b0e415b134972fe", kill_on_drop: false }`
[INFO] [stdout] warning: use of unstable library feature 'test': `bench` is a part of custom test frameworks which are unstable
[INFO] [stdout]    --> src/lib.rs:658:3
[INFO] [stdout]     |
[INFO] [stdout] 658 | #[bench]
[INFO] [stdout]     |   ^^^^^
[INFO] [stdout]     |
[INFO] [stdout]     = note: `#[warn(soft_unstable)]` on by default
[INFO] [stdout]     = warning: this was previously accepted by the compiler but is being phased out; it will become a hard error in a future release!
[INFO] [stdout]     = note: for more information, see issue #64266 <https://github.com/rust-lang/rust/issues/64266>
[INFO] [stdout] 
[INFO] [stdout] 
[INFO] [stdout] warning: use of unstable library feature 'test': `bench` is a part of custom test frameworks which are unstable
[INFO] [stdout]    --> src/lib.rs:676:3
[INFO] [stdout]     |
[INFO] [stdout] 676 | #[bench]
[INFO] [stdout]     |   ^^^^^
[INFO] [stdout]     |
[INFO] [stdout]     = warning: this was previously accepted by the compiler but is being phased out; it will become a hard error in a future release!
[INFO] [stdout]     = note: for more information, see issue #64266 <https://github.com/rust-lang/rust/issues/64266>
[INFO] [stdout] 
[INFO] [stdout] 
[INFO] [stderr]    Compiling bitbuf v1.0.0 (/opt/rustwide/workdir)
[INFO] [stdout] warning: use of unstable library feature 'test': `bench` is a part of custom test frameworks which are unstable
[INFO] [stdout]    --> src/lib.rs:697:3
[INFO] [stdout]     |
[INFO] [stdout] 697 | #[bench]
[INFO] [stdout]     |   ^^^^^
[INFO] [stdout]     |
[INFO] [stdout]     = warning: this was previously accepted by the compiler but is being phased out; it will become a hard error in a future release!
[INFO] [stdout]     = note: for more information, see issue #64266 <https://github.com/rust-lang/rust/issues/64266>
[INFO] [stdout] 
[INFO] [stdout] 
[INFO] [stdout] warning: use of unstable library feature 'test': `bench` is a part of custom test frameworks which are unstable
[INFO] [stdout]    --> src/lib.rs:704:3
[INFO] [stdout]     |
[INFO] [stdout] 704 | #[bench]
[INFO] [stdout]     |   ^^^^^
[INFO] [stdout]     |
[INFO] [stdout]     = warning: this was previously accepted by the compiler but is being phased out; it will become a hard error in a future release!
[INFO] [stdout]     = note: for more information, see issue #64266 <https://github.com/rust-lang/rust/issues/64266>
[INFO] [stdout] 
[INFO] [stdout] 
[INFO] [stdout] warning: use of unstable library feature 'test': `bench` is a part of custom test frameworks which are unstable
[INFO] [stdout]    --> src/lib.rs:715:3
[INFO] [stdout]     |
[INFO] [stdout] 715 | #[bench]
[INFO] [stdout]     |   ^^^^^
[INFO] [stdout]     |
[INFO] [stdout]     = warning: this was previously accepted by the compiler but is being phased out; it will become a hard error in a future release!
[INFO] [stdout]     = note: for more information, see issue #64266 <https://github.com/rust-lang/rust/issues/64266>
[INFO] [stdout] 
[INFO] [stdout] 
[INFO] [stdout] warning: use of unstable library feature 'test': `bench` is a part of custom test frameworks which are unstable
[INFO] [stdout]    --> src/lib.rs:729:3
[INFO] [stdout]     |
[INFO] [stdout] 729 | #[bench]
[INFO] [stdout]     |   ^^^^^
[INFO] [stdout]     |
[INFO] [stdout]     = warning: this was previously accepted by the compiler but is being phased out; it will become a hard error in a future release!
[INFO] [stdout]     = note: for more information, see issue #64266 <https://github.com/rust-lang/rust/issues/64266>
[INFO] [stdout] 
[INFO] [stdout] 
[INFO] [stdout] warning: use of unstable library feature 'test': `bench` is a part of custom test frameworks which are unstable
[INFO] [stdout]    --> src/lib.rs:740:3
[INFO] [stdout]     |
[INFO] [stdout] 740 | #[bench]
[INFO] [stdout]     |   ^^^^^
[INFO] [stdout]     |
[INFO] [stdout]     = warning: this was previously accepted by the compiler but is being phased out; it will become a hard error in a future release!
[INFO] [stdout]     = note: for more information, see issue #64266 <https://github.com/rust-lang/rust/issues/64266>
[INFO] [stdout] 
[INFO] [stdout] 
[INFO] [stdout] warning: use of unstable library feature 'test': `bench` is a part of custom test frameworks which are unstable
[INFO] [stdout]    --> src/lib.rs:754:3
[INFO] [stdout]     |
[INFO] [stdout] 754 | #[bench]
[INFO] [stdout]     |   ^^^^^
[INFO] [stdout]     |
[INFO] [stdout]     = warning: this was previously accepted by the compiler but is being phased out; it will become a hard error in a future release!
[INFO] [stdout]     = note: for more information, see issue #64266 <https://github.com/rust-lang/rust/issues/64266>
[INFO] [stdout] 
[INFO] [stdout] 
[INFO] [stdout] warning: use of unstable library feature 'test': `bench` is a part of custom test frameworks which are unstable
[INFO] [stdout]    --> src/lib.rs:765:3
[INFO] [stdout]     |
[INFO] [stdout] 765 | #[bench]
[INFO] [stdout]     |   ^^^^^
[INFO] [stdout]     |
[INFO] [stdout]     = warning: this was previously accepted by the compiler but is being phased out; it will become a hard error in a future release!
[INFO] [stdout]     = note: for more information, see issue #64266 <https://github.com/rust-lang/rust/issues/64266>
[INFO] [stdout] 
[INFO] [stdout] 
[INFO] [stdout] warning: use of unstable library feature 'test': `bench` is a part of custom test frameworks which are unstable
[INFO] [stdout]    --> src/lib.rs:776:3
[INFO] [stdout]     |
[INFO] [stdout] 776 | #[bench]
[INFO] [stdout]     |   ^^^^^
[INFO] [stdout]     |
[INFO] [stdout]     = warning: this was previously accepted by the compiler but is being phased out; it will become a hard error in a future release!
[INFO] [stdout]     = note: for more information, see issue #64266 <https://github.com/rust-lang/rust/issues/64266>
[INFO] [stdout] 
[INFO] [stdout] 
[INFO] [stdout] warning: use of unstable library feature 'test': `bench` is a part of custom test frameworks which are unstable
[INFO] [stdout]    --> src/lib.rs:790:3
[INFO] [stdout]     |
[INFO] [stdout] 790 | #[bench]
[INFO] [stdout]     |   ^^^^^
[INFO] [stdout]     |
[INFO] [stdout]     = warning: this was previously accepted by the compiler but is being phased out; it will become a hard error in a future release!
[INFO] [stdout]     = note: for more information, see issue #64266 <https://github.com/rust-lang/rust/issues/64266>
[INFO] [stdout] 
[INFO] [stdout] 
[INFO] [stdout] warning: use of unstable library feature 'test': `bench` is a part of custom test frameworks which are unstable
[INFO] [stdout]    --> src/lib.rs:801:3
[INFO] [stdout]     |
[INFO] [stdout] 801 | #[bench]
[INFO] [stdout]     |   ^^^^^
[INFO] [stdout]     |
[INFO] [stdout]     = warning: this was previously accepted by the compiler but is being phased out; it will become a hard error in a future release!
[INFO] [stdout]     = note: for more information, see issue #64266 <https://github.com/rust-lang/rust/issues/64266>
[INFO] [stdout] 
[INFO] [stdout] 
[INFO] [stdout] warning: use of unstable library feature 'test': `bench` is a part of custom test frameworks which are unstable
[INFO] [stdout]    --> src/lib.rs:812:3
[INFO] [stdout]     |
[INFO] [stdout] 812 | #[bench]
[INFO] [stdout]     |   ^^^^^
[INFO] [stdout]     |
[INFO] [stdout]     = warning: this was previously accepted by the compiler but is being phased out; it will become a hard error in a future release!
[INFO] [stdout]     = note: for more information, see issue #64266 <https://github.com/rust-lang/rust/issues/64266>
[INFO] [stdout] 
[INFO] [stdout] 
[INFO] [stdout] warning: unnecessary parentheses around method argument
[INFO] [stdout]    --> src/lib.rs:101:28
[INFO] [stdout]     |
[INFO] [stdout] 101 |         self.in_write_byte((if value {1} else {0}), 1);
[INFO] [stdout]     |                            ^^^^^^^^^^^^^^^^^^^^^^^ help: remove these parentheses
[INFO] [stdout]     |
[INFO] [stdout]     = note: `#[warn(unused_parens)]` on by default
[INFO] [stdout] 
[INFO] [stdout] 
[INFO] [stdout] warning: associated function is never used: `write_i64_part`
[INFO] [stdout]    --> src/lib.rs:325:8
[INFO] [stdout]     |
[INFO] [stdout] 325 |     fn write_i64_part(&mut self, value: i64, bits: u8) {
[INFO] [stdout]     |        ^^^^^^^^^^^^^^
[INFO] [stdout]     |
[INFO] [stdout]     = note: `#[warn(dead_code)]` on by default
[INFO] [stdout] 
[INFO] [stdout] 
[INFO] [stdout] warning: associated function is never used: `read_i64_part`
[INFO] [stdout]    --> src/lib.rs:329:8
[INFO] [stdout]     |
[INFO] [stdout] 329 |     fn read_i64_part(&mut self, bits: u8) -> i64 {
[INFO] [stdout]     |        ^^^^^^^^^^^^^
[INFO] [stdout] 
[INFO] [stdout] 
[INFO] [stdout] warning: 16 warnings emitted
[INFO] [stdout] 
[INFO] [stdout] 
[INFO] [stdout] error[E0412]: cannot find type `Bencher` in this scope
[INFO] [stdout]    --> src/lib.rs:659:40
[INFO] [stdout]     |
[INFO] [stdout] 659 | fn benchperson_write1400_bench(b: &mut Bencher) {
[INFO] [stdout]     |                                        ^^^^^^^ not found in this scope
[INFO] [stdout]     |
[INFO] [stdout] help: consider importing this struct
[INFO] [stdout]     |
[INFO] [stdout] 1   | use test::Bencher;
[INFO] [stdout]     |
[INFO] [stdout] 
[INFO] [stdout] 
[INFO] [stdout] error[E0412]: cannot find type `Bencher` in this scope
[INFO] [stdout]    --> src/lib.rs:677:39
[INFO] [stdout]     |
[INFO] [stdout] 677 | fn benchperson_read1400_bench(b: &mut Bencher) {
[INFO] [stdout]     |                                       ^^^^^^^ not found in this scope
[INFO] [stdout]     |
[INFO] [stdout] help: consider importing this struct
[INFO] [stdout]     |
[INFO] [stdout] 1   | use test::Bencher;
[INFO] [stdout]     |
[INFO] [stdout] 
[INFO] [stdout] 
[INFO] [stdout] error[E0412]: cannot find type `Bencher` in this scope
[INFO] [stdout]    --> src/lib.rs:698:32
[INFO] [stdout]     |
[INFO] [stdout] 698 | fn bitbuf_create_bench(b: &mut Bencher) {
[INFO] [stdout]     |                                ^^^^^^^ not found in this scope
[INFO] [stdout]     |
[INFO] [stdout] help: consider importing this struct
[INFO] [stdout]     |
[INFO] [stdout] 1   | use test::Bencher;
[INFO] [stdout]     |
[INFO] [stdout] 
[INFO] [stdout] 
[INFO] [stdout] error[E0412]: cannot find type `Bencher` in this scope
[INFO] [stdout]    --> src/lib.rs:705:36
[INFO] [stdout]     |
[INFO] [stdout] 705 | fn in_byte_write1400_bench(b: &mut Bencher) {
[INFO] [stdout]     |                                    ^^^^^^^ not found in this scope
[INFO] [stdout]     |
[INFO] [stdout] help: consider importing this struct
[INFO] [stdout]     |
[INFO] [stdout] 1   | use test::Bencher;
[INFO] [stdout]     |
[INFO] [stdout] 
[INFO] [stdout] 
[INFO] [stdout] error[E0412]: cannot find type `Bencher` in this scope
[INFO] [stdout]    --> src/lib.rs:716:35
[INFO] [stdout]     |
[INFO] [stdout] 716 | fn in_byte_read1400_bench(b: &mut Bencher) {
[INFO] [stdout]     |                                   ^^^^^^^ not found in this scope
[INFO] [stdout]     |
[INFO] [stdout] help: consider importing this struct
[INFO] [stdout]     |
[INFO] [stdout] 1   | use test::Bencher;
[INFO] [stdout]     |
[INFO] [stdout] 
[INFO] [stdout] 
[INFO] [stdout] error[E0412]: cannot find type `Bencher` in this scope
[INFO] [stdout]    --> src/lib.rs:730:35
[INFO] [stdout]     |
[INFO] [stdout] 730 | fn string_write1400_bench(b: &mut Bencher) {
[INFO] [stdout]     |                                   ^^^^^^^ not found in this scope
[INFO] [stdout]     |
[INFO] [stdout] help: consider importing this struct
[INFO] [stdout]     |
[INFO] [stdout] 1   | use test::Bencher;
[INFO] [stdout]     |
[INFO] [stdout] 
[INFO] [stdout] 
[INFO] [stdout] error[E0412]: cannot find type `Bencher` in this scope
[INFO] [stdout]    --> src/lib.rs:741:34
[INFO] [stdout]     |
[INFO] [stdout] 741 | fn string_read1400_bench(b: &mut Bencher) {
[INFO] [stdout]     |                                  ^^^^^^^ not found in this scope
[INFO] [stdout]     |
[INFO] [stdout] help: consider importing this struct
[INFO] [stdout]     |
[INFO] [stdout] 1   | use test::Bencher;
[INFO] [stdout]     |
[INFO] [stdout] 
[INFO] [stdout] 
[INFO] [stdout] error[E0412]: cannot find type `Bencher` in this scope
[INFO] [stdout]    --> src/lib.rs:755:32
[INFO] [stdout]     |
[INFO] [stdout] 755 | fn i32_write1400_bench(b: &mut Bencher) {
[INFO] [stdout]     |                                ^^^^^^^ not found in this scope
[INFO] [stdout]     |
[INFO] [stdout] help: consider importing this struct
[INFO] [stdout]     |
[INFO] [stdout] 1   | use test::Bencher;
[INFO] [stdout]     |
[INFO] [stdout] 
[INFO] [stdout] 
[INFO] [stdout] error[E0412]: cannot find type `Bencher` in this scope
[INFO] [stdout]    --> src/lib.rs:766:32
[INFO] [stdout]     |
[INFO] [stdout] 766 | fn i64_write1400_bench(b: &mut Bencher) {
[INFO] [stdout]     |                                ^^^^^^^ not found in this scope
[INFO] [stdout]     |
[INFO] [stdout] help: consider importing this struct
[INFO] [stdout]     |
[INFO] [stdout] 1   | use test::Bencher;
[INFO] [stdout]     |
[INFO] [stdout] 
[INFO] [stdout] 
[INFO] [stdout] error[E0412]: cannot find type `Bencher` in this scope
[INFO] [stdout]    --> src/lib.rs:777:31
[INFO] [stdout]     |
[INFO] [stdout] 777 | fn i64_read1400_bench(b: &mut Bencher) {
[INFO] [stdout]     |                               ^^^^^^^ not found in this scope
[INFO] [stdout]     |
[INFO] [stdout] help: consider importing this struct
[INFO] [stdout]     |
[INFO] [stdout] 1   | use test::Bencher;
[INFO] [stdout]     |
[INFO] [stdout] 
[INFO] [stdout] 
[INFO] [stdout] error[E0412]: cannot find type `Bencher` in this scope
[INFO] [stdout]    --> src/lib.rs:791:32
[INFO] [stdout]     |
[INFO] [stdout] 791 | fn f32_write1400_bench(b: &mut Bencher) {
[INFO] [stdout]     |                                ^^^^^^^ not found in this scope
[INFO] [stdout]     |
[INFO] [stdout] help: consider importing this struct
[INFO] [stdout]     |
[INFO] [stdout] 1   | use test::Bencher;
[INFO] [stdout]     |
[INFO] [stdout] 
[INFO] [stdout] 
[INFO] [stdout] error[E0412]: cannot find type `Bencher` in this scope
[INFO] [stdout]    --> src/lib.rs:802:32
[INFO] [stdout]     |
[INFO] [stdout] 802 | fn f64_write1400_bench(b: &mut Bencher) {
[INFO] [stdout]     |                                ^^^^^^^ not found in this scope
[INFO] [stdout]     |
[INFO] [stdout] help: consider importing this struct
[INFO] [stdout]     |
[INFO] [stdout] 1   | use test::Bencher;
[INFO] [stdout]     |
[INFO] [stdout] 
[INFO] [stdout] 
[INFO] [stdout] error[E0412]: cannot find type `Bencher` in this scope
[INFO] [stdout]    --> src/lib.rs:813:31
[INFO] [stdout]     |
[INFO] [stdout] 813 | fn f64_read1400_bench(b: &mut Bencher) {
[INFO] [stdout]     |                               ^^^^^^^ not found in this scope
[INFO] [stdout]     |
[INFO] [stdout] help: consider importing this struct
[INFO] [stdout]     |
[INFO] [stdout] 1   | use test::Bencher;
[INFO] [stdout]     |
[INFO] [stdout] 
[INFO] [stdout] 
[INFO] [stdout] warning: use of unstable library feature 'test': `bench` is a part of custom test frameworks which are unstable
[INFO] [stdout]    --> src/lib.rs:658:3
[INFO] [stdout]     |
[INFO] [stdout] 658 | #[bench]
[INFO] [stdout]     |   ^^^^^
[INFO] [stdout]     |
[INFO] [stdout]     = note: `#[warn(soft_unstable)]` on by default
[INFO] [stdout]     = warning: this was previously accepted by the compiler but is being phased out; it will become a hard error in a future release!
[INFO] [stdout]     = note: for more information, see issue #64266 <https://github.com/rust-lang/rust/issues/64266>
[INFO] [stdout] 
[INFO] [stdout] 
[INFO] [stdout] warning: use of unstable library feature 'test': `bench` is a part of custom test frameworks which are unstable
[INFO] [stdout]    --> src/lib.rs:676:3
[INFO] [stdout]     |
[INFO] [stdout] 676 | #[bench]
[INFO] [stdout]     |   ^^^^^
[INFO] [stdout]     |
[INFO] [stdout]     = warning: this was previously accepted by the compiler but is being phased out; it will become a hard error in a future release!
[INFO] [stdout]     = note: for more information, see issue #64266 <https://github.com/rust-lang/rust/issues/64266>
[INFO] [stdout] 
[INFO] [stdout] 
[INFO] [stdout] warning: use of unstable library feature 'test': `bench` is a part of custom test frameworks which are unstable
[INFO] [stdout]    --> src/lib.rs:697:3
[INFO] [stdout]     |
[INFO] [stdout] 697 | #[bench]
[INFO] [stdout]     |   ^^^^^
[INFO] [stdout]     |
[INFO] [stdout]     = warning: this was previously accepted by the compiler but is being phased out; it will become a hard error in a future release!
[INFO] [stdout]     = note: for more information, see issue #64266 <https://github.com/rust-lang/rust/issues/64266>
[INFO] [stdout] 
[INFO] [stdout] 
[INFO] [stdout] warning: use of unstable library feature 'test': `bench` is a part of custom test frameworks which are unstable
[INFO] [stdout]    --> src/lib.rs:704:3
[INFO] [stdout]     |
[INFO] [stdout] 704 | #[bench]
[INFO] [stdout]     |   ^^^^^
[INFO] [stdout]     |
[INFO] [stdout]     = warning: this was previously accepted by the compiler but is being phased out; it will become a hard error in a future release!
[INFO] [stdout]     = note: for more information, see issue #64266 <https://github.com/rust-lang/rust/issues/64266>
[INFO] [stdout] 
[INFO] [stdout] 
[INFO] [stdout] warning: use of unstable library feature 'test': `bench` is a part of custom test frameworks which are unstable
[INFO] [stdout]    --> src/lib.rs:715:3
[INFO] [stdout]     |
[INFO] [stdout] 715 | #[bench]
[INFO] [stdout]     |   ^^^^^
[INFO] [stdout]     |
[INFO] [stdout]     = warning: this was previously accepted by the compiler but is being phased out; it will become a hard error in a future release!
[INFO] [stdout]     = note: for more information, see issue #64266 <https://github.com/rust-lang/rust/issues/64266>
[INFO] [stdout] 
[INFO] [stdout] 
[INFO] [stdout] warning: use of unstable library feature 'test': `bench` is a part of custom test frameworks which are unstable
[INFO] [stdout]    --> src/lib.rs:729:3
[INFO] [stdout]     |
[INFO] [stdout] 729 | #[bench]
[INFO] [stdout]     |   ^^^^^
[INFO] [stdout]     |
[INFO] [stdout]     = warning: this was previously accepted by the compiler but is being phased out; it will become a hard error in a future release!
[INFO] [stdout]     = note: for more information, see issue #64266 <https://github.com/rust-lang/rust/issues/64266>
[INFO] [stdout] 
[INFO] [stdout] 
[INFO] [stdout] warning: use of unstable library feature 'test': `bench` is a part of custom test frameworks which are unstable
[INFO] [stdout]    --> src/lib.rs:740:3
[INFO] [stdout]     |
[INFO] [stdout] 740 | #[bench]
[INFO] [stdout]     |   ^^^^^
[INFO] [stdout]     |
[INFO] [stdout]     = warning: this was previously accepted by the compiler but is being phased out; it will become a hard error in a future release!
[INFO] [stdout]     = note: for more information, see issue #64266 <https://github.com/rust-lang/rust/issues/64266>
[INFO] [stdout] 
[INFO] [stdout] 
[INFO] [stdout] warning: use of unstable library feature 'test': `bench` is a part of custom test frameworks which are unstable
[INFO] [stdout]    --> src/lib.rs:754:3
[INFO] [stdout]     |
[INFO] [stdout] 754 | #[bench]
[INFO] [stdout]     |   ^^^^^
[INFO] [stdout]     |
[INFO] [stdout]     = warning: this was previously accepted by the compiler but is being phased out; it will become a hard error in a future release!
[INFO] [stdout]     = note: for more information, see issue #64266 <https://github.com/rust-lang/rust/issues/64266>
[INFO] [stdout] 
[INFO] [stdout] 
[INFO] [stdout] warning: use of unstable library feature 'test': `bench` is a part of custom test frameworks which are unstable
[INFO] [stdout]    --> src/lib.rs:765:3
[INFO] [stdout]     |
[INFO] [stdout] 765 | #[bench]
[INFO] [stdout]     |   ^^^^^
[INFO] [stdout]     |
[INFO] [stdout]     = warning: this was previously accepted by the compiler but is being phased out; it will become a hard error in a future release!
[INFO] [stdout]     = note: for more information, see issue #64266 <https://github.com/rust-lang/rust/issues/64266>
[INFO] [stdout] 
[INFO] [stdout] 
[INFO] [stdout] warning: use of unstable library feature 'test': `bench` is a part of custom test frameworks which are unstable
[INFO] [stdout]    --> src/lib.rs:776:3
[INFO] [stdout]     |
[INFO] [stdout] 776 | #[bench]
[INFO] [stdout]     |   ^^^^^
[INFO] [stdout]     |
[INFO] [stdout]     = warning: this was previously accepted by the compiler but is being phased out; it will become a hard error in a future release!
[INFO] [stdout]     = note: for more information, see issue #64266 <https://github.com/rust-lang/rust/issues/64266>
[INFO] [stdout] 
[INFO] [stdout] 
[INFO] [stdout] warning: use of unstable library feature 'test': `bench` is a part of custom test frameworks which are unstable
[INFO] [stdout]    --> src/lib.rs:790:3
[INFO] [stdout]     |
[INFO] [stdout] 790 | #[bench]
[INFO] [stdout]     |   ^^^^^
[INFO] [stdout]     |
[INFO] [stdout]     = warning: this was previously accepted by the compiler but is being phased out; it will become a hard error in a future release!
[INFO] [stdout]     = note: for more information, see issue #64266 <https://github.com/rust-lang/rust/issues/64266>
[INFO] [stdout] 
[INFO] [stdout] 
[INFO] [stdout] warning: use of unstable library feature 'test': `bench` is a part of custom test frameworks which are unstable
[INFO] [stdout]    --> src/lib.rs:801:3
[INFO] [stdout]     |
[INFO] [stdout] 801 | #[bench]
[INFO] [stdout]     |   ^^^^^
[INFO] [stdout]     |
[INFO] [stdout]     = warning: this was previously accepted by the compiler but is being phased out; it will become a hard error in a future release!
[INFO] [stdout]     = note: for more information, see issue #64266 <https://github.com/rust-lang/rust/issues/64266>
[INFO] [stdout] 
[INFO] [stdout] 
[INFO] [stdout] warning: use of unstable library feature 'test': `bench` is a part of custom test frameworks which are unstable
[INFO] [stdout]    --> src/lib.rs:812:3
[INFO] [stdout]     |
[INFO] [stdout] 812 | #[bench]
[INFO] [stdout]     |   ^^^^^
[INFO] [stdout]     |
[INFO] [stdout]     = warning: this was previously accepted by the compiler but is being phased out; it will become a hard error in a future release!
[INFO] [stdout]     = note: for more information, see issue #64266 <https://github.com/rust-lang/rust/issues/64266>
[INFO] [stdout] 
[INFO] [stdout] 
[INFO] [stdout] warning: unnecessary parentheses around method argument
[INFO] [stdout]    --> src/lib.rs:101:28
[INFO] [stdout]     |
[INFO] [stdout] 101 |         self.in_write_byte((if value {1} else {0}), 1);
[INFO] [stdout]     |                            ^^^^^^^^^^^^^^^^^^^^^^^ help: remove these parentheses
[INFO] [stdout]     |
[INFO] [stdout]     = note: `#[warn(unused_parens)]` on by default
[INFO] [stdout] 
[INFO] [stdout] 
[INFO] [stdout] error[E0599]: no function or associated item named `from_str` found for struct `String` in the current scope
[INFO] [stdout]    --> src/lib.rs:662:29
[INFO] [stdout]     |
[INFO] [stdout] 662 |         first_name: String::from_str("John"),
[INFO] [stdout]     |                             ^^^^^^^^ function or associated item not found in `String`
[INFO] [stdout]     |
[INFO] [stdout]     = help: items from traits can only be used if the trait is in scope
[INFO] [stdout] help: the following trait is implemented but not in scope; perhaps add a `use` for it:
[INFO] [stdout]     |
[INFO] [stdout] 1   | use std::str::FromStr;
[INFO] [stdout]     |
[INFO] [stdout] 
[INFO] [stdout] 
[INFO] [stdout] error[E0599]: no function or associated item named `from_str` found for struct `String` in the current scope
[INFO] [stdout]    --> src/lib.rs:663:28
[INFO] [stdout]     |
[INFO] [stdout] 663 |         last_name: String::from_str("Johnson"),
[INFO] [stdout]     |                            ^^^^^^^^ function or associated item not found in `String`
[INFO] [stdout]     |
[INFO] [stdout]     = help: items from traits can only be used if the trait is in scope
[INFO] [stdout] help: the following trait is implemented but not in scope; perhaps add a `use` for it:
[INFO] [stdout]     |
[INFO] [stdout] 1   | use std::str::FromStr;
[INFO] [stdout]     |
[INFO] [stdout] 
[INFO] [stdout] 
[INFO] [stdout] error[E0599]: no function or associated item named `from_str` found for struct `String` in the current scope
[INFO] [stdout]    --> src/lib.rs:680:29
[INFO] [stdout]     |
[INFO] [stdout] 680 |         first_name: String::from_str("John"),
[INFO] [stdout]     |                             ^^^^^^^^ function or associated item not found in `String`
[INFO] [stdout]     |
[INFO] [stdout]     = help: items from traits can only be used if the trait is in scope
[INFO] [stdout] help: the following trait is implemented but not in scope; perhaps add a `use` for it:
[INFO] [stdout]     |
[INFO] [stdout] 1   | use std::str::FromStr;
[INFO] [stdout]     |
[INFO] [stdout] 
[INFO] [stdout] 
[INFO] [stdout] error[E0599]: no function or associated item named `from_str` found for struct `String` in the current scope
[INFO] [stdout]    --> src/lib.rs:681:28
[INFO] [stdout]     |
[INFO] [stdout] 681 |         last_name: String::from_str("Johnson"),
[INFO] [stdout]     |                            ^^^^^^^^ function or associated item not found in `String`
[INFO] [stdout]     |
[INFO] [stdout]     = help: items from traits can only be used if the trait is in scope
[INFO] [stdout] help: the following trait is implemented but not in scope; perhaps add a `use` for it:
[INFO] [stdout]     |
[INFO] [stdout] 1   | use std::str::FromStr;
[INFO] [stdout]     |
[INFO] [stdout] 
[INFO] [stdout] 
[INFO] [stdout] error: aborting due to 17 previous errors; 14 warnings emitted
[INFO] [stdout] 
[INFO] [stdout] 
[INFO] [stdout] Some errors have detailed explanations: E0412, E0599.
[INFO] [stdout] 
[INFO] [stdout] For more information about an error, try `rustc --explain E0412`.
[INFO] [stdout] 
[INFO] [stderr] error: could not compile `bitbuf` due to 18 previous errors; 14 warnings emitted
[INFO] running `Command { std: "docker" "inspect" "97b9d4458d7d7d032ca8d2a330e079a286fd806cb1b4f19d7b0e415b134972fe", kill_on_drop: false }`
[INFO] running `Command { std: "docker" "rm" "-f" "97b9d4458d7d7d032ca8d2a330e079a286fd806cb1b4f19d7b0e415b134972fe", kill_on_drop: false }`
[INFO] [stdout] 97b9d4458d7d7d032ca8d2a330e079a286fd806cb1b4f19d7b0e415b134972fe
