[INFO] fetching crate bincode_ext 0.0.7...
[INFO] testing bincode_ext-0.0.7 against 1.54.0 for beta-1.55-1
[INFO] extracting crate bincode_ext 0.0.7 into /workspace/builds/worker-104/source
[INFO] validating manifest of crates.io crate bincode_ext 0.0.7 on toolchain 1.54.0
[INFO] running `Command { std: "/workspace/cargo-home/bin/cargo" "+1.54.0" "metadata" "--manifest-path" "Cargo.toml" "--no-deps", kill_on_drop: false }`
[INFO] started tweaking crates.io crate bincode_ext 0.0.7
[INFO] finished tweaking crates.io crate bincode_ext 0.0.7
[INFO] tweaked toml for crates.io crate bincode_ext 0.0.7 written to /workspace/builds/worker-104/source/Cargo.toml
[INFO] running `Command { std: "/workspace/cargo-home/bin/cargo" "+1.54.0" "generate-lockfile" "--manifest-path" "Cargo.toml" "-Zno-index-update", kill_on_drop: false }`
[INFO] running `Command { std: "/workspace/cargo-home/bin/cargo" "+1.54.0" "fetch" "--manifest-path" "Cargo.toml", kill_on_drop: false }`
[INFO] [stderr]     Blocking waiting for file lock on package cache
[INFO] running `Command { std: "docker" "create" "-v" "/var/lib/crater-agent-workspace/builds/worker-104/target:/opt/rustwide/target:rw,Z" "-v" "/var/lib/crater-agent-workspace/builds/worker-104/source:/opt/rustwide/workdir:ro,Z" "-v" "/var/lib/crater-agent-workspace/cargo-home:/opt/rustwide/cargo-home:ro,Z" "-v" "/var/lib/crater-agent-workspace/rustup-home:/opt/rustwide/rustup-home:ro,Z" "-e" "SOURCE_DIR=/opt/rustwide/workdir" "-e" "CARGO_TARGET_DIR=/opt/rustwide/target" "-e" "CARGO_HOME=/opt/rustwide/cargo-home" "-e" "RUSTUP_HOME=/opt/rustwide/rustup-home" "-w" "/opt/rustwide/workdir" "-m" "1610612736" "--user" "0:0" "--network" "none" "ghcr.io/rust-lang/crates-build-env/linux@sha256:34b6a614d2c27851fe6cbf88fbd1137609cefab8b10d0615aaeb6fd47975d74e" "/opt/rustwide/cargo-home/bin/cargo" "+1.54.0" "metadata" "--no-deps" "--format-version=1", kill_on_drop: false }`
[INFO] [stdout] 9a8ba35fd26b5c373c9302987a267c6ab6e059495f85382912a8b29c3b1d5807
[INFO] running `Command { std: "docker" "start" "-a" "9a8ba35fd26b5c373c9302987a267c6ab6e059495f85382912a8b29c3b1d5807", kill_on_drop: false }`
[INFO] running `Command { std: "docker" "inspect" "9a8ba35fd26b5c373c9302987a267c6ab6e059495f85382912a8b29c3b1d5807", kill_on_drop: false }`
[INFO] running `Command { std: "docker" "rm" "-f" "9a8ba35fd26b5c373c9302987a267c6ab6e059495f85382912a8b29c3b1d5807", kill_on_drop: false }`
[INFO] [stdout] 9a8ba35fd26b5c373c9302987a267c6ab6e059495f85382912a8b29c3b1d5807
[INFO] running `Command { std: "docker" "create" "-v" "/var/lib/crater-agent-workspace/builds/worker-104/target:/opt/rustwide/target:rw,Z" "-v" "/var/lib/crater-agent-workspace/builds/worker-104/source:/opt/rustwide/workdir:ro,Z" "-v" "/var/lib/crater-agent-workspace/cargo-home:/opt/rustwide/cargo-home:ro,Z" "-v" "/var/lib/crater-agent-workspace/rustup-home:/opt/rustwide/rustup-home:ro,Z" "-e" "SOURCE_DIR=/opt/rustwide/workdir" "-e" "CARGO_TARGET_DIR=/opt/rustwide/target" "-e" "CARGO_INCREMENTAL=0" "-e" "RUST_BACKTRACE=full" "-e" "RUSTFLAGS=--cap-lints=warn" "-e" "CARGO_HOME=/opt/rustwide/cargo-home" "-e" "RUSTUP_HOME=/opt/rustwide/rustup-home" "-w" "/opt/rustwide/workdir" "-m" "1610612736" "--user" "0:0" "--network" "none" "ghcr.io/rust-lang/crates-build-env/linux@sha256:34b6a614d2c27851fe6cbf88fbd1137609cefab8b10d0615aaeb6fd47975d74e" "/opt/rustwide/cargo-home/bin/cargo" "+1.54.0" "build" "--frozen" "--message-format=json", kill_on_drop: false }`
[INFO] [stdout] 6fba000e4455023471aaeb6a30b478af03c52b815d96858a6ab41cebb453b46a
[INFO] running `Command { std: "docker" "start" "-a" "6fba000e4455023471aaeb6a30b478af03c52b815d96858a6ab41cebb453b46a", kill_on_drop: false }`
[INFO] [stderr]    Compiling bincode_ext v0.0.7 (/opt/rustwide/workdir)
[INFO] [stdout] warning: use of deprecated macro `try`: use the `?` operator instead
[INFO] [stdout]   --> src/byte_order.rs:24:31
[INFO] [stdout]    |
[INFO] [stdout] 24 |                 let r: $int = try!(Decodable::decode(d));
[INFO] [stdout]    |                               ^^^
[INFO] [stdout] ...
[INFO] [stdout] 37 | define_le! { u16 }
[INFO] [stdout]    | ------------------ in this macro invocation
[INFO] [stdout]    |
[INFO] [stdout]    = note: `#[warn(deprecated)]` on by default
[INFO] [stdout]    = note: this warning originates in the macro `define_le` (in Nightly builds, run with -Z macro-backtrace for more info)
[INFO] [stdout] 
[INFO] [stdout] 
[INFO] [stdout] warning: use of deprecated macro `try`: use the `?` operator instead
[INFO] [stdout]   --> src/byte_order.rs:24:31
[INFO] [stdout]    |
[INFO] [stdout] 24 |                 let r: $int = try!(Decodable::decode(d));
[INFO] [stdout]    |                               ^^^
[INFO] [stdout] ...
[INFO] [stdout] 38 | define_le! { u32 }
[INFO] [stdout]    | ------------------ in this macro invocation
[INFO] [stdout]    |
[INFO] [stdout]    = note: this warning originates in the macro `define_le` (in Nightly builds, run with -Z macro-backtrace for more info)
[INFO] [stdout] 
[INFO] [stdout] 
[INFO] [stdout] warning: use of deprecated macro `try`: use the `?` operator instead
[INFO] [stdout]   --> src/byte_order.rs:24:31
[INFO] [stdout]    |
[INFO] [stdout] 24 |                 let r: $int = try!(Decodable::decode(d));
[INFO] [stdout]    |                               ^^^
[INFO] [stdout] ...
[INFO] [stdout] 39 | define_le! { u64 }
[INFO] [stdout]    | ------------------ in this macro invocation
[INFO] [stdout]    |
[INFO] [stdout]    = note: this warning originates in the macro `define_le` (in Nightly builds, run with -Z macro-backtrace for more info)
[INFO] [stdout] 
[INFO] [stdout] 
[INFO] [stdout] warning: use of deprecated macro `try`: use the `?` operator instead
[INFO] [stdout]   --> src/slice.rs:59:27
[INFO] [stdout]    |
[INFO] [stdout] 59 |                      v[i] = try!(Decodable::decode(d));
[INFO] [stdout]    |                             ^^^
[INFO] [stdout] ...
[INFO] [stdout] 77 | / def_fixed! {0 1 2 3 4 5 6 7 8 9 10 11 12 13 14 15 16 17 18 19 20 21 22 23 24 25 26 27 28 29 30 31
[INFO] [stdout] 78 | |     32}
[INFO] [stdout]    | |_______- in this macro invocation
[INFO] [stdout]    |
[INFO] [stdout]    = note: this warning originates in the macro `def_fixed` (in Nightly builds, run with -Z macro-backtrace for more info)
[INFO] [stdout] 
[INFO] [stdout] 
[INFO] [stdout] warning: use of deprecated macro `try`: use the `?` operator instead
[INFO] [stdout]   --> src/slice.rs:69:21
[INFO] [stdout]    |
[INFO] [stdout] 69 |                       try!(self.0[i].encode(s));
[INFO] [stdout]    |                       ^^^
[INFO] [stdout] ...
[INFO] [stdout] 77 | / def_fixed! {0 1 2 3 4 5 6 7 8 9 10 11 12 13 14 15 16 17 18 19 20 21 22 23 24 25 26 27 28 29 30 31
[INFO] [stdout] 78 | |     32}
[INFO] [stdout]    | |_______- in this macro invocation
[INFO] [stdout]    |
[INFO] [stdout]    = note: this warning originates in the macro `def_fixed` (in Nightly builds, run with -Z macro-backtrace for more info)
[INFO] [stdout] 
[INFO] [stdout] 
[INFO] [stdout] warning: use of deprecated function `std::mem::uninitialized`: use `mem::MaybeUninit` instead
[INFO] [stdout]   --> src/slice.rs:57:48
[INFO] [stdout]    |
[INFO] [stdout] 57 |                   let mut v : [T; $n] = unsafe { mem::uninitialized() };
[INFO] [stdout]    |                                                  ^^^^^^^^^^^^^^^^^^
[INFO] [stdout] ...
[INFO] [stdout] 77 | / def_fixed! {0 1 2 3 4 5 6 7 8 9 10 11 12 13 14 15 16 17 18 19 20 21 22 23 24 25 26 27 28 29 30 31
[INFO] [stdout] 78 | |     32}
[INFO] [stdout]    | |_______- in this macro invocation
[INFO] [stdout]    |
[INFO] [stdout]    = note: this warning originates in the macro `def_fixed` (in Nightly builds, run with -Z macro-backtrace for more info)
[INFO] [stdout] 
[INFO] [stdout] 
[INFO] [stdout] warning: 6 warnings emitted
[INFO] [stdout] 
[INFO] [stdout] 
[INFO] [stderr]     Finished dev [unoptimized + debuginfo] target(s) in 0.54s
[INFO] running `Command { std: "docker" "inspect" "6fba000e4455023471aaeb6a30b478af03c52b815d96858a6ab41cebb453b46a", kill_on_drop: false }`
[INFO] running `Command { std: "docker" "rm" "-f" "6fba000e4455023471aaeb6a30b478af03c52b815d96858a6ab41cebb453b46a", kill_on_drop: false }`
[INFO] [stdout] 6fba000e4455023471aaeb6a30b478af03c52b815d96858a6ab41cebb453b46a
[INFO] running `Command { std: "docker" "create" "-v" "/var/lib/crater-agent-workspace/builds/worker-104/target:/opt/rustwide/target:rw,Z" "-v" "/var/lib/crater-agent-workspace/builds/worker-104/source:/opt/rustwide/workdir:ro,Z" "-v" "/var/lib/crater-agent-workspace/cargo-home:/opt/rustwide/cargo-home:ro,Z" "-v" "/var/lib/crater-agent-workspace/rustup-home:/opt/rustwide/rustup-home:ro,Z" "-e" "SOURCE_DIR=/opt/rustwide/workdir" "-e" "CARGO_TARGET_DIR=/opt/rustwide/target" "-e" "CARGO_INCREMENTAL=0" "-e" "RUST_BACKTRACE=full" "-e" "RUSTFLAGS=--cap-lints=warn" "-e" "CARGO_HOME=/opt/rustwide/cargo-home" "-e" "RUSTUP_HOME=/opt/rustwide/rustup-home" "-w" "/opt/rustwide/workdir" "-m" "1610612736" "--user" "0:0" "--network" "none" "ghcr.io/rust-lang/crates-build-env/linux@sha256:34b6a614d2c27851fe6cbf88fbd1137609cefab8b10d0615aaeb6fd47975d74e" "/opt/rustwide/cargo-home/bin/cargo" "+1.54.0" "test" "--frozen" "--no-run" "--message-format=json", kill_on_drop: false }`
[INFO] [stdout] e207743a77917d4b589a6c8fb5f9fe0f5d982b99e9244bb7cabe28cf1f4545ae
[INFO] running `Command { std: "docker" "start" "-a" "e207743a77917d4b589a6c8fb5f9fe0f5d982b99e9244bb7cabe28cf1f4545ae", kill_on_drop: false }`
[INFO] [stderr]    Compiling serde v1.0.127
[INFO] [stdout] warning: use of deprecated macro `try`: use the `?` operator instead
[INFO] [stdout]   --> src/byte_order.rs:24:31
[INFO] [stdout]    |
[INFO] [stdout] 24 |                 let r: $int = try!(Decodable::decode(d));
[INFO] [stdout]    |                               ^^^
[INFO] [stdout] ...
[INFO] [stdout] 37 | define_le! { u16 }
[INFO] [stdout]    | ------------------ in this macro invocation
[INFO] [stdout]    |
[INFO] [stdout]    = note: `#[warn(deprecated)]` on by default
[INFO] [stdout]    = note: this warning originates in the macro `define_le` (in Nightly builds, run with -Z macro-backtrace for more info)
[INFO] [stdout] 
[INFO] [stdout] 
[INFO] [stdout] warning: use of deprecated macro `try`: use the `?` operator instead
[INFO] [stdout]   --> src/byte_order.rs:24:31
[INFO] [stdout]    |
[INFO] [stdout] 24 |                 let r: $int = try!(Decodable::decode(d));
[INFO] [stdout]    |                               ^^^
[INFO] [stdout] ...
[INFO] [stdout] 38 | define_le! { u32 }
[INFO] [stdout]    | ------------------ in this macro invocation
[INFO] [stdout]    |
[INFO] [stdout]    = note: this warning originates in the macro `define_le` (in Nightly builds, run with -Z macro-backtrace for more info)
[INFO] [stdout] 
[INFO] [stdout] 
[INFO] [stdout] warning: use of deprecated macro `try`: use the `?` operator instead
[INFO] [stdout]   --> src/byte_order.rs:24:31
[INFO] [stdout]    |
[INFO] [stdout] 24 |                 let r: $int = try!(Decodable::decode(d));
[INFO] [stdout]    |                               ^^^
[INFO] [stdout] ...
[INFO] [stdout] 39 | define_le! { u64 }
[INFO] [stdout]    | ------------------ in this macro invocation
[INFO] [stdout]    |
[INFO] [stdout]    = note: this warning originates in the macro `define_le` (in Nightly builds, run with -Z macro-backtrace for more info)
[INFO] [stdout] 
[INFO] [stdout] 
[INFO] [stdout] warning: use of deprecated macro `try`: use the `?` operator instead
[INFO] [stdout]   --> src/slice.rs:59:27
[INFO] [stdout]    |
[INFO] [stdout] 59 |                      v[i] = try!(Decodable::decode(d));
[INFO] [stdout]    |                             ^^^
[INFO] [stdout] ...
[INFO] [stdout] 77 | / def_fixed! {0 1 2 3 4 5 6 7 8 9 10 11 12 13 14 15 16 17 18 19 20 21 22 23 24 25 26 27 28 29 30 31
[INFO] [stdout] 78 | |     32}
[INFO] [stdout]    | |_______- in this macro invocation
[INFO] [stdout]    |
[INFO] [stdout]    = note: this warning originates in the macro `def_fixed` (in Nightly builds, run with -Z macro-backtrace for more info)
[INFO] [stdout] 
[INFO] [stdout] 
[INFO] [stdout] warning: use of deprecated macro `try`: use the `?` operator instead
[INFO] [stdout]   --> src/slice.rs:69:21
[INFO] [stdout]    |
[INFO] [stdout] 69 |                       try!(self.0[i].encode(s));
[INFO] [stdout]    |                       ^^^
[INFO] [stdout] ...
[INFO] [stdout] 77 | / def_fixed! {0 1 2 3 4 5 6 7 8 9 10 11 12 13 14 15 16 17 18 19 20 21 22 23 24 25 26 27 28 29 30 31
[INFO] [stdout] 78 | |     32}
[INFO] [stdout]    | |_______- in this macro invocation
[INFO] [stdout]    |
[INFO] [stdout]    = note: this warning originates in the macro `def_fixed` (in Nightly builds, run with -Z macro-backtrace for more info)
[INFO] [stdout] 
[INFO] [stdout] 
[INFO] [stdout] warning: use of deprecated function `std::mem::uninitialized`: use `mem::MaybeUninit` instead
[INFO] [stdout]   --> src/slice.rs:57:48
[INFO] [stdout]    |
[INFO] [stdout] 57 |                   let mut v : [T; $n] = unsafe { mem::uninitialized() };
[INFO] [stdout]    |                                                  ^^^^^^^^^^^^^^^^^^
[INFO] [stdout] ...
[INFO] [stdout] 77 | / def_fixed! {0 1 2 3 4 5 6 7 8 9 10 11 12 13 14 15 16 17 18 19 20 21 22 23 24 25 26 27 28 29 30 31
[INFO] [stdout] 78 | |     32}
[INFO] [stdout]    | |_______- in this macro invocation
[INFO] [stdout]    |
[INFO] [stdout]    = note: this warning originates in the macro `def_fixed` (in Nightly builds, run with -Z macro-backtrace for more info)
[INFO] [stdout] 
[INFO] [stdout] 
[INFO] [stdout] warning: 6 warnings emitted
[INFO] [stdout] 
[INFO] [stdout] 
[INFO] [stderr]    Compiling bincode v1.3.3
[INFO] [stderr]    Compiling bincode_ext v0.0.7 (/opt/rustwide/workdir)
[INFO] [stdout] error[E0433]: failed to resolve: could not find `SizeLimit` in `bincode`
[INFO] [stdout]   --> src/test.rs:16:52
[INFO] [stdout]    |
[INFO] [stdout] 16 |     let e : Vec<u8> = bincode::encode(&x, bincode::SizeLimit::Infinite).unwrap();
[INFO] [stdout]    |                                                    ^^^^^^^^^ could not find `SizeLimit` in `bincode`
[INFO] [stdout] 
[INFO] [stdout] 
[INFO] [stdout] error[E0433]: failed to resolve: could not find `SizeLimit` in `bincode`
[INFO] [stdout]   --> src/test.rs:33:52
[INFO] [stdout]    |
[INFO] [stdout] 33 |     let e : Vec<u8> = bincode::encode(&x, bincode::SizeLimit::Infinite).unwrap();
[INFO] [stdout]    |                                                    ^^^^^^^^^ could not find `SizeLimit` in `bincode`
[INFO] [stdout] 
[INFO] [stdout] 
[INFO] [stdout] error[E0425]: cannot find function `encode` in crate `bincode`
[INFO] [stdout]   --> src/test.rs:16:32
[INFO] [stdout]    |
[INFO] [stdout] 16 |     let e : Vec<u8> = bincode::encode(&x, bincode::SizeLimit::Infinite).unwrap();
[INFO] [stdout]    |                                ^^^^^^ not found in `bincode`
[INFO] [stdout]    |
[INFO] [stdout] help: consider importing this function
[INFO] [stdout]    |
[INFO] [stdout] 3  | use rustc_serialize::json::encode;
[INFO] [stdout]    |
[INFO] [stdout] 
[INFO] [stdout] 
[INFO] [stdout] error[E0425]: cannot find function `decode` in crate `bincode`
[INFO] [stdout]   --> src/test.rs:18:26
[INFO] [stdout]    |
[INFO] [stdout] 18 |     let d : X = bincode::decode(&e).unwrap();
[INFO] [stdout]    |                          ^^^^^^ not found in `bincode`
[INFO] [stdout]    |
[INFO] [stdout] help: consider importing this function
[INFO] [stdout]    |
[INFO] [stdout] 3  | use rustc_serialize::json::decode;
[INFO] [stdout]    |
[INFO] [stdout] 
[INFO] [stdout] 
[INFO] [stdout] error[E0425]: cannot find function `encode` in crate `bincode`
[INFO] [stdout]   --> src/test.rs:33:32
[INFO] [stdout]    |
[INFO] [stdout] 33 |     let e : Vec<u8> = bincode::encode(&x, bincode::SizeLimit::Infinite).unwrap();
[INFO] [stdout]    |                                ^^^^^^ not found in `bincode`
[INFO] [stdout]    |
[INFO] [stdout] help: consider importing this function
[INFO] [stdout]    |
[INFO] [stdout] 3  | use rustc_serialize::json::encode;
[INFO] [stdout]    |
[INFO] [stdout] 
[INFO] [stdout] 
[INFO] [stdout] error[E0425]: cannot find function `decode` in crate `bincode`
[INFO] [stdout]   --> src/test.rs:35:26
[INFO] [stdout]    |
[INFO] [stdout] 35 |     let d : Y = bincode::decode(&e).unwrap();
[INFO] [stdout]    |                          ^^^^^^ not found in `bincode`
[INFO] [stdout]    |
[INFO] [stdout] help: consider importing this function
[INFO] [stdout]    |
[INFO] [stdout] 3  | use rustc_serialize::json::decode;
[INFO] [stdout]    |
[INFO] [stdout] 
[INFO] [stdout] 
[INFO] [stdout] warning: use of deprecated macro `try`: use the `?` operator instead
[INFO] [stdout]   --> src/byte_order.rs:24:31
[INFO] [stdout]    |
[INFO] [stdout] 24 |                 let r: $int = try!(Decodable::decode(d));
[INFO] [stdout]    |                               ^^^
[INFO] [stdout] ...
[INFO] [stdout] 37 | define_le! { u16 }
[INFO] [stdout]    | ------------------ in this macro invocation
[INFO] [stdout]    |
[INFO] [stdout]    = note: `#[warn(deprecated)]` on by default
[INFO] [stdout]    = note: this warning originates in the macro `define_le` (in Nightly builds, run with -Z macro-backtrace for more info)
[INFO] [stdout] 
[INFO] [stdout] 
[INFO] [stdout] warning: use of deprecated macro `try`: use the `?` operator instead
[INFO] [stdout]   --> src/byte_order.rs:24:31
[INFO] [stdout]    |
[INFO] [stdout] 24 |                 let r: $int = try!(Decodable::decode(d));
[INFO] [stdout]    |                               ^^^
[INFO] [stdout] ...
[INFO] [stdout] 38 | define_le! { u32 }
[INFO] [stdout]    | ------------------ in this macro invocation
[INFO] [stdout]    |
[INFO] [stdout]    = note: this warning originates in the macro `define_le` (in Nightly builds, run with -Z macro-backtrace for more info)
[INFO] [stdout] 
[INFO] [stdout] 
[INFO] [stdout] warning: use of deprecated macro `try`: use the `?` operator instead
[INFO] [stdout]   --> src/byte_order.rs:24:31
[INFO] [stdout]    |
[INFO] [stdout] 24 |                 let r: $int = try!(Decodable::decode(d));
[INFO] [stdout]    |                               ^^^
[INFO] [stdout] ...
[INFO] [stdout] 39 | define_le! { u64 }
[INFO] [stdout]    | ------------------ in this macro invocation
[INFO] [stdout]    |
[INFO] [stdout]    = note: this warning originates in the macro `define_le` (in Nightly builds, run with -Z macro-backtrace for more info)
[INFO] [stdout] 
[INFO] [stdout] 
[INFO] [stdout] warning: use of deprecated macro `try`: use the `?` operator instead
[INFO] [stdout]   --> src/slice.rs:59:27
[INFO] [stdout]    |
[INFO] [stdout] 59 |                      v[i] = try!(Decodable::decode(d));
[INFO] [stdout]    |                             ^^^
[INFO] [stdout] ...
[INFO] [stdout] 77 | / def_fixed! {0 1 2 3 4 5 6 7 8 9 10 11 12 13 14 15 16 17 18 19 20 21 22 23 24 25 26 27 28 29 30 31
[INFO] [stdout] 78 | |     32}
[INFO] [stdout]    | |_______- in this macro invocation
[INFO] [stdout]    |
[INFO] [stdout]    = note: this warning originates in the macro `def_fixed` (in Nightly builds, run with -Z macro-backtrace for more info)
[INFO] [stdout] 
[INFO] [stdout] 
[INFO] [stdout] warning: use of deprecated macro `try`: use the `?` operator instead
[INFO] [stdout]   --> src/slice.rs:69:21
[INFO] [stdout]    |
[INFO] [stdout] 69 |                       try!(self.0[i].encode(s));
[INFO] [stdout]    |                       ^^^
[INFO] [stdout] ...
[INFO] [stdout] 77 | / def_fixed! {0 1 2 3 4 5 6 7 8 9 10 11 12 13 14 15 16 17 18 19 20 21 22 23 24 25 26 27 28 29 30 31
[INFO] [stdout] 78 | |     32}
[INFO] [stdout]    | |_______- in this macro invocation
[INFO] [stdout]    |
[INFO] [stdout]    = note: this warning originates in the macro `def_fixed` (in Nightly builds, run with -Z macro-backtrace for more info)
[INFO] [stdout] 
[INFO] [stdout] 
[INFO] [stdout] warning: use of deprecated macro `RustcDecodable`: rustc-serialize is deprecated and no longer supported
[INFO] [stdout]  --> src/test.rs:6:10
[INFO] [stdout]   |
[INFO] [stdout] 6 | #[derive(RustcDecodable, RustcEncodable, PartialEq, PartialOrd, Debug)]
[INFO] [stdout]   |          ^^^^^^^^^^^^^^
[INFO] [stdout] 
[INFO] [stdout] 
[INFO] [stdout] warning: use of deprecated macro `RustcEncodable`: rustc-serialize is deprecated and no longer supported
[INFO] [stdout]  --> src/test.rs:6:26
[INFO] [stdout]   |
[INFO] [stdout] 6 | #[derive(RustcDecodable, RustcEncodable, PartialEq, PartialOrd, Debug)]
[INFO] [stdout]   |                          ^^^^^^^^^^^^^^
[INFO] [stdout] 
[INFO] [stdout] 
[INFO] [stdout] warning: unused import: `rustc_serialize::Encodable`
[INFO] [stdout]  --> src/test.rs:3:5
[INFO] [stdout]   |
[INFO] [stdout] 3 | use rustc_serialize::Encodable;
[INFO] [stdout]   |     ^^^^^^^^^^^^^^^^^^^^^^^^^^
[INFO] [stdout]   |
[INFO] [stdout]   = note: `#[warn(unused_imports)]` on by default
[INFO] [stdout] 
[INFO] [stdout] 
[INFO] [stdout] warning: use of deprecated macro `RustcDecodable`: rustc-serialize is deprecated and no longer supported
[INFO] [stdout]   --> src/test.rs:26:14
[INFO] [stdout]    |
[INFO] [stdout] 26 |     #[derive(RustcDecodable, RustcEncodable, PartialEq, Debug)]
[INFO] [stdout]    |              ^^^^^^^^^^^^^^
[INFO] [stdout] 
[INFO] [stdout] 
[INFO] [stdout] warning: use of deprecated macro `RustcEncodable`: rustc-serialize is deprecated and no longer supported
[INFO] [stdout]   --> src/test.rs:26:30
[INFO] [stdout]    |
[INFO] [stdout] 26 |     #[derive(RustcDecodable, RustcEncodable, PartialEq, Debug)]
[INFO] [stdout]    |                              ^^^^^^^^^^^^^^
[INFO] [stdout] 
[INFO] [stdout] 
[INFO] [stdout] warning: use of deprecated function `std::mem::uninitialized`: use `mem::MaybeUninit` instead
[INFO] [stdout]   --> src/slice.rs:57:48
[INFO] [stdout]    |
[INFO] [stdout] 57 |                   let mut v : [T; $n] = unsafe { mem::uninitialized() };
[INFO] [stdout]    |                                                  ^^^^^^^^^^^^^^^^^^
[INFO] [stdout] ...
[INFO] [stdout] 77 | / def_fixed! {0 1 2 3 4 5 6 7 8 9 10 11 12 13 14 15 16 17 18 19 20 21 22 23 24 25 26 27 28 29 30 31
[INFO] [stdout] 78 | |     32}
[INFO] [stdout]    | |_______- in this macro invocation
[INFO] [stdout]    |
[INFO] [stdout]    = note: this warning originates in the macro `def_fixed` (in Nightly builds, run with -Z macro-backtrace for more info)
[INFO] [stdout] 
[INFO] [stdout] 
[INFO] [stdout] error: aborting due to 6 previous errors; 11 warnings emitted
[INFO] [stdout] 
[INFO] [stdout] 
[INFO] [stdout] Some errors have detailed explanations: E0425, E0433.
[INFO] [stdout] 
[INFO] [stdout] For more information about an error, try `rustc --explain E0425`.
[INFO] [stdout] 
[INFO] [stderr] error: could not compile `bincode_ext`
[INFO] [stderr] 
[INFO] [stderr] To learn more, run the command again with --verbose.
[INFO] running `Command { std: "docker" "inspect" "e207743a77917d4b589a6c8fb5f9fe0f5d982b99e9244bb7cabe28cf1f4545ae", kill_on_drop: false }`
[INFO] running `Command { std: "docker" "rm" "-f" "e207743a77917d4b589a6c8fb5f9fe0f5d982b99e9244bb7cabe28cf1f4545ae", kill_on_drop: false }`
[INFO] [stdout] e207743a77917d4b589a6c8fb5f9fe0f5d982b99e9244bb7cabe28cf1f4545ae
