[INFO] fetching crate bgfx-sys 0.1.0...
[INFO] testing bgfx-sys-0.1.0 against 1.54.0 for beta-1.55-1
[INFO] extracting crate bgfx-sys 0.1.0 into /workspace/builds/worker-55/source
[INFO] validating manifest of crates.io crate bgfx-sys 0.1.0 on toolchain 1.54.0
[INFO] running `Command { std: "/workspace/cargo-home/bin/cargo" "+1.54.0" "metadata" "--manifest-path" "Cargo.toml" "--no-deps", kill_on_drop: false }`
[INFO] started tweaking crates.io crate bgfx-sys 0.1.0
[INFO] finished tweaking crates.io crate bgfx-sys 0.1.0
[INFO] tweaked toml for crates.io crate bgfx-sys 0.1.0 written to /workspace/builds/worker-55/source/Cargo.toml
[INFO] crate crates.io crate bgfx-sys 0.1.0 already has a lockfile, it will not be regenerated
[INFO] running `Command { std: "/workspace/cargo-home/bin/cargo" "+1.54.0" "fetch" "--manifest-path" "Cargo.toml", kill_on_drop: false }`
[INFO] [stderr]     Blocking waiting for file lock on package cache
[INFO] running `Command { std: "docker" "create" "-v" "/var/lib/crater-agent-workspace/builds/worker-55/target:/opt/rustwide/target:rw,Z" "-v" "/var/lib/crater-agent-workspace/builds/worker-55/source:/opt/rustwide/workdir:ro,Z" "-v" "/var/lib/crater-agent-workspace/cargo-home:/opt/rustwide/cargo-home:ro,Z" "-v" "/var/lib/crater-agent-workspace/rustup-home:/opt/rustwide/rustup-home:ro,Z" "-e" "SOURCE_DIR=/opt/rustwide/workdir" "-e" "CARGO_TARGET_DIR=/opt/rustwide/target" "-e" "CARGO_HOME=/opt/rustwide/cargo-home" "-e" "RUSTUP_HOME=/opt/rustwide/rustup-home" "-w" "/opt/rustwide/workdir" "-m" "1610612736" "--user" "0:0" "--network" "none" "ghcr.io/rust-lang/crates-build-env/linux@sha256:34b6a614d2c27851fe6cbf88fbd1137609cefab8b10d0615aaeb6fd47975d74e" "/opt/rustwide/cargo-home/bin/cargo" "+1.54.0" "metadata" "--no-deps" "--format-version=1", kill_on_drop: false }`
[INFO] [stdout] b550d61e7009be7d3ec94f0baf5eb661e1619d89d943ff31f876baaee3044181
[INFO] running `Command { std: "docker" "start" "-a" "b550d61e7009be7d3ec94f0baf5eb661e1619d89d943ff31f876baaee3044181", kill_on_drop: false }`
[INFO] running `Command { std: "docker" "inspect" "b550d61e7009be7d3ec94f0baf5eb661e1619d89d943ff31f876baaee3044181", kill_on_drop: false }`
[INFO] running `Command { std: "docker" "rm" "-f" "b550d61e7009be7d3ec94f0baf5eb661e1619d89d943ff31f876baaee3044181", kill_on_drop: false }`
[INFO] [stdout] b550d61e7009be7d3ec94f0baf5eb661e1619d89d943ff31f876baaee3044181
[INFO] running `Command { std: "docker" "create" "-v" "/var/lib/crater-agent-workspace/builds/worker-55/target:/opt/rustwide/target:rw,Z" "-v" "/var/lib/crater-agent-workspace/builds/worker-55/source:/opt/rustwide/workdir:ro,Z" "-v" "/var/lib/crater-agent-workspace/cargo-home:/opt/rustwide/cargo-home:ro,Z" "-v" "/var/lib/crater-agent-workspace/rustup-home:/opt/rustwide/rustup-home:ro,Z" "-e" "SOURCE_DIR=/opt/rustwide/workdir" "-e" "CARGO_TARGET_DIR=/opt/rustwide/target" "-e" "CARGO_INCREMENTAL=0" "-e" "RUST_BACKTRACE=full" "-e" "RUSTFLAGS=--cap-lints=warn" "-e" "CARGO_HOME=/opt/rustwide/cargo-home" "-e" "RUSTUP_HOME=/opt/rustwide/rustup-home" "-w" "/opt/rustwide/workdir" "-m" "1610612736" "--user" "0:0" "--network" "none" "ghcr.io/rust-lang/crates-build-env/linux@sha256:34b6a614d2c27851fe6cbf88fbd1137609cefab8b10d0615aaeb6fd47975d74e" "/opt/rustwide/cargo-home/bin/cargo" "+1.54.0" "build" "--frozen" "--message-format=json", kill_on_drop: false }`
[INFO] [stdout] 0dee033d976937e3e9b3db7ff2024c3d7233b64a7644dbf6f35050f6809908d7
[INFO] running `Command { std: "docker" "start" "-a" "0dee033d976937e3e9b3db7ff2024c3d7233b64a7644dbf6f35050f6809908d7", kill_on_drop: false }`
[INFO] [stderr]     Blocking waiting for file lock on package cache
[INFO] [stderr]    Compiling libc v0.2.95
[INFO] [stderr]    Compiling jobserver v0.1.22
[INFO] [stderr]    Compiling cc v1.0.68
[INFO] [stderr]    Compiling bgfx-sys v0.1.0 (/opt/rustwide/workdir)
[INFO] [stderr]     Finished dev [unoptimized + debuginfo] target(s) in 15.42s
[INFO] running `Command { std: "docker" "inspect" "0dee033d976937e3e9b3db7ff2024c3d7233b64a7644dbf6f35050f6809908d7", kill_on_drop: false }`
[INFO] running `Command { std: "docker" "rm" "-f" "0dee033d976937e3e9b3db7ff2024c3d7233b64a7644dbf6f35050f6809908d7", kill_on_drop: false }`
[INFO] [stdout] 0dee033d976937e3e9b3db7ff2024c3d7233b64a7644dbf6f35050f6809908d7
[INFO] running `Command { std: "docker" "create" "-v" "/var/lib/crater-agent-workspace/builds/worker-55/target:/opt/rustwide/target:rw,Z" "-v" "/var/lib/crater-agent-workspace/builds/worker-55/source:/opt/rustwide/workdir:ro,Z" "-v" "/var/lib/crater-agent-workspace/cargo-home:/opt/rustwide/cargo-home:ro,Z" "-v" "/var/lib/crater-agent-workspace/rustup-home:/opt/rustwide/rustup-home:ro,Z" "-e" "SOURCE_DIR=/opt/rustwide/workdir" "-e" "CARGO_TARGET_DIR=/opt/rustwide/target" "-e" "CARGO_INCREMENTAL=0" "-e" "RUST_BACKTRACE=full" "-e" "RUSTFLAGS=--cap-lints=warn" "-e" "CARGO_HOME=/opt/rustwide/cargo-home" "-e" "RUSTUP_HOME=/opt/rustwide/rustup-home" "-w" "/opt/rustwide/workdir" "-m" "1610612736" "--user" "0:0" "--network" "none" "ghcr.io/rust-lang/crates-build-env/linux@sha256:34b6a614d2c27851fe6cbf88fbd1137609cefab8b10d0615aaeb6fd47975d74e" "/opt/rustwide/cargo-home/bin/cargo" "+1.54.0" "test" "--frozen" "--no-run" "--message-format=json", kill_on_drop: false }`
[INFO] [stdout] 16b7464012bb8c2dd12523505a0a2d45cafb5d581b96b0d73f9481dd2412748f
[INFO] running `Command { std: "docker" "start" "-a" "16b7464012bb8c2dd12523505a0a2d45cafb5d581b96b0d73f9481dd2412748f", kill_on_drop: false }`
[INFO] [stderr]     Blocking waiting for file lock on package cache
[INFO] [stderr]    Compiling semver-parser v0.7.0
[INFO] [stderr]    Compiling glam v0.15.2
[INFO] [stderr]    Compiling raw-window-handle v0.3.3
[INFO] [stderr]    Compiling cmake v0.1.45
[INFO] [stderr]    Compiling semver v0.9.0
[INFO] [stderr]    Compiling glfw-sys v3.3.4
[INFO] [stderr]    Compiling glfw v0.41.0
[INFO] [stderr]    Compiling bgfx-sys v0.1.0 (/opt/rustwide/workdir)
[INFO] [stdout] error[E0308]: mismatched types
[INFO] [stdout]   --> examples/helloworld.rs:69:32
[INFO] [stdout]    |
[INFO] [stdout] 69 |         bgfx_set_view_clear(0, BGFX_CLEAR_COLOR | BGFX_CLEAR_DEPTH, 0x103030ff, 1.0, 0);
[INFO] [stdout]    |                                ^^^^^^^^^^^^^^^^^^^^^^^^^^^^^^^^^^^ expected `u16`, found `u32`
[INFO] [stdout]    |
[INFO] [stdout] help: you can convert a `u32` to a `u16` and panic if the converted value doesn't fit
[INFO] [stdout]    |
[INFO] [stdout] 69 |         bgfx_set_view_clear(0, (BGFX_CLEAR_COLOR | BGFX_CLEAR_DEPTH).try_into().unwrap(), 0x103030ff, 1.0, 0);
[INFO] [stdout]    |                                ^^^^^^^^^^^^^^^^^^^^^^^^^^^^^^^^^^^^^^^^^^^^^^^^^^^^^^^^^
[INFO] [stdout] 
[INFO] [stdout] 
[INFO] [stderr] error: could not compile `bgfx-sys`
[INFO] [stderr] 
[INFO] [stderr] To learn more, run the command again with --verbose.
[INFO] [stderr] warning: build failed, waiting for other jobs to finish...
[INFO] [stdout] error: aborting due to previous error
[INFO] [stdout] 
[INFO] [stdout] 
[INFO] [stdout] For more information about this error, try `rustc --explain E0308`.
[INFO] [stdout] 
[INFO] [stdout] error[E0308]: mismatched types
[INFO] [stdout]    --> examples/cubes.rs:153:32
[INFO] [stdout]     |
[INFO] [stdout] 153 |         bgfx_set_view_clear(0, BGFX_CLEAR_COLOR | BGFX_CLEAR_DEPTH, 0x103030ff, 1.0, 0);
[INFO] [stdout]     |                                ^^^^^^^^^^^^^^^^^^^^^^^^^^^^^^^^^^^ expected `u16`, found `u32`
[INFO] [stdout]     |
[INFO] [stdout] help: you can convert a `u32` to a `u16` and panic if the converted value doesn't fit
[INFO] [stdout]     |
[INFO] [stdout] 153 |         bgfx_set_view_clear(0, (BGFX_CLEAR_COLOR | BGFX_CLEAR_DEPTH).try_into().unwrap(), 0x103030ff, 1.0, 0);
[INFO] [stdout]     |                                ^^^^^^^^^^^^^^^^^^^^^^^^^^^^^^^^^^^^^^^^^^^^^^^^^^^^^^^^^
[INFO] [stdout] 
[INFO] [stdout] 
[INFO] [stdout] error[E0308]: mismatched types
[INFO] [stdout]    --> examples/cubes.rs:190:79
[INFO] [stdout]     |
[INFO] [stdout] 190 |         let vbh = bgfx_create_vertex_buffer(vertices_mem, &mut vertex_layout, BGFX_BUFFER_NONE);
[INFO] [stdout]     |                                                                               ^^^^^^^^^^^^^^^^ expected `u16`, found `u32`
[INFO] [stdout]     |
[INFO] [stdout] help: you can convert a `u32` to a `u16` and panic if the converted value doesn't fit
[INFO] [stdout]     |
[INFO] [stdout] 190 |         let vbh = bgfx_create_vertex_buffer(vertices_mem, &mut vertex_layout, BGFX_BUFFER_NONE.try_into().unwrap());
[INFO] [stdout]     |                                                                               ^^^^^^^^^^^^^^^^^^^^^^^^^^^^^^^^^^^^
[INFO] [stdout] 
[INFO] [stdout] 
[INFO] [stdout] error[E0308]: mismatched types
[INFO] [stdout]    --> examples/cubes.rs:191:55
[INFO] [stdout]     |
[INFO] [stdout] 191 |         let ibh = bgfx_create_index_buffer(index_mem, BGFX_BUFFER_NONE);
[INFO] [stdout]     |                                                       ^^^^^^^^^^^^^^^^ expected `u16`, found `u32`
[INFO] [stdout]     |
[INFO] [stdout] help: you can convert a `u32` to a `u16` and panic if the converted value doesn't fit
[INFO] [stdout]     |
[INFO] [stdout] 191 |         let ibh = bgfx_create_index_buffer(index_mem, BGFX_BUFFER_NONE.try_into().unwrap());
[INFO] [stdout]     |                                                       ^^^^^^^^^^^^^^^^^^^^^^^^^^^^^^^^^^^^
[INFO] [stdout] 
[INFO] [stdout] 
[INFO] [stdout] error[E0308]: mismatched types
[INFO] [stdout]    --> examples/cubes.rs:209:15
[INFO] [stdout]     |
[INFO] [stdout] 209 |             | BGFX_STATE_WRITE_Z
[INFO] [stdout]     |               ^^^^^^^^^^^^^^^^^^ expected `u32`, found `u64`
[INFO] [stdout] 
[INFO] [stdout] 
[INFO] [stdout] error[E0277]: no implementation for `u32 | u64`
[INFO] [stdout]    --> examples/cubes.rs:209:13
[INFO] [stdout]     |
[INFO] [stdout] 209 |             | BGFX_STATE_WRITE_Z
[INFO] [stdout]     |             ^ no implementation for `u32 | u64`
[INFO] [stdout]     |
[INFO] [stdout]     = help: the trait `BitOr<u64>` is not implemented for `u32`
[INFO] [stdout] 
[INFO] [stdout] 
[INFO] [stdout] error[E0308]: mismatched types
[INFO] [stdout]    --> examples/cubes.rs:211:15
[INFO] [stdout]     |
[INFO] [stdout] 211 |             | BGFX_STATE_CULL_CW;
[INFO] [stdout]     |               ^^^^^^^^^^^^^^^^^^ expected `u32`, found `u64`
[INFO] [stdout] 
[INFO] [stdout] 
[INFO] [stdout] error[E0277]: no implementation for `u32 | u64`
[INFO] [stdout]    --> examples/cubes.rs:211:13
[INFO] [stdout]     |
[INFO] [stdout] 211 |             | BGFX_STATE_CULL_CW;
[INFO] [stdout]     |             ^ no implementation for `u32 | u64`
[INFO] [stdout]     |
[INFO] [stdout]     = help: the trait `BitOr<u64>` is not implemented for `u32`
[INFO] [stdout] 
[INFO] [stdout] 
[INFO] [stdout] error[E0308]: mismatched types
[INFO] [stdout]    --> examples/cubes.rs:267:36
[INFO] [stdout]     |
[INFO] [stdout] 267 |                     bgfx_set_state(state, 0);
[INFO] [stdout]     |                                    ^^^^^
[INFO] [stdout]     |                                    |
[INFO] [stdout]     |                                    expected `u64`, found `u32`
[INFO] [stdout]     |                                    help: you can convert a `u32` to a `u64`: `state.into()`
[INFO] [stdout] 
[INFO] [stdout] 
[INFO] [stdout] error[E0308]: mismatched types
[INFO] [stdout]    --> examples/cubes.rs:268:55
[INFO] [stdout]     |
[INFO] [stdout] 268 |                     bgfx_submit(0, shader_program, 0, BGFX_DISCARD_ALL);
[INFO] [stdout]     |                                                       ^^^^^^^^^^^^^^^^ expected `u8`, found `u32`
[INFO] [stdout]     |
[INFO] [stdout] help: you can convert a `u32` to a `u8` and panic if the converted value doesn't fit
[INFO] [stdout]     |
[INFO] [stdout] 268 |                     bgfx_submit(0, shader_program, 0, BGFX_DISCARD_ALL.try_into().unwrap());
[INFO] [stdout]     |                                                       ^^^^^^^^^^^^^^^^^^^^^^^^^^^^^^^^^^^^
[INFO] [stdout] 
[INFO] [stdout] 
[INFO] [stdout] error: aborting due to 9 previous errors
[INFO] [stdout] 
[INFO] [stdout] 
[INFO] [stdout] Some errors have detailed explanations: E0277, E0308.
[INFO] [stdout] 
[INFO] [stdout] For more information about an error, try `rustc --explain E0277`.
[INFO] [stdout] 
[INFO] [stderr] error: build failed
[INFO] running `Command { std: "docker" "inspect" "16b7464012bb8c2dd12523505a0a2d45cafb5d581b96b0d73f9481dd2412748f", kill_on_drop: false }`
[INFO] running `Command { std: "docker" "rm" "-f" "16b7464012bb8c2dd12523505a0a2d45cafb5d581b96b0d73f9481dd2412748f", kill_on_drop: false }`
[INFO] [stdout] 16b7464012bb8c2dd12523505a0a2d45cafb5d581b96b0d73f9481dd2412748f
