[INFO] fetching crate bern-conf-type 0.1.1...
[INFO] testing bern-conf-type-0.1.1 against beta-2021-08-01 for beta-1.55-1
[INFO] extracting crate bern-conf-type 0.1.1 into /workspace/builds/worker-3/source
[INFO] validating manifest of crates.io crate bern-conf-type 0.1.1 on toolchain beta-2021-08-01
[INFO] running `Command { std: "/workspace/cargo-home/bin/cargo" "+beta-2021-08-01" "metadata" "--manifest-path" "Cargo.toml" "--no-deps", kill_on_drop: false }`
[INFO] started tweaking crates.io crate bern-conf-type 0.1.1
[INFO] finished tweaking crates.io crate bern-conf-type 0.1.1
[INFO] tweaked toml for crates.io crate bern-conf-type 0.1.1 written to /workspace/builds/worker-3/source/Cargo.toml
[INFO] running `Command { std: "/workspace/cargo-home/bin/cargo" "+beta-2021-08-01" "generate-lockfile" "--manifest-path" "Cargo.toml" "-Zno-index-update", kill_on_drop: false }`
[INFO] running `Command { std: "/workspace/cargo-home/bin/cargo" "+beta-2021-08-01" "fetch" "--manifest-path" "Cargo.toml", kill_on_drop: false }`
[INFO] running `Command { std: "docker" "create" "-v" "/var/lib/crater-agent-workspace/builds/worker-3/target:/opt/rustwide/target:rw,Z" "-v" "/var/lib/crater-agent-workspace/builds/worker-3/source:/opt/rustwide/workdir:ro,Z" "-v" "/var/lib/crater-agent-workspace/cargo-home:/opt/rustwide/cargo-home:ro,Z" "-v" "/var/lib/crater-agent-workspace/rustup-home:/opt/rustwide/rustup-home:ro,Z" "-e" "SOURCE_DIR=/opt/rustwide/workdir" "-e" "CARGO_TARGET_DIR=/opt/rustwide/target" "-e" "CARGO_HOME=/opt/rustwide/cargo-home" "-e" "RUSTUP_HOME=/opt/rustwide/rustup-home" "-w" "/opt/rustwide/workdir" "-m" "1610612736" "--user" "0:0" "--network" "none" "ghcr.io/rust-lang/crates-build-env/linux@sha256:34b6a614d2c27851fe6cbf88fbd1137609cefab8b10d0615aaeb6fd47975d74e" "/opt/rustwide/cargo-home/bin/cargo" "+beta-2021-08-01" "metadata" "--no-deps" "--format-version=1", kill_on_drop: false }`
[INFO] [stdout] 71a8bcc7ee9ad4e0dfea15ca7ae755fd5fc349f11b17852c098595b9f2baa925
[INFO] running `Command { std: "docker" "start" "-a" "71a8bcc7ee9ad4e0dfea15ca7ae755fd5fc349f11b17852c098595b9f2baa925", kill_on_drop: false }`
[INFO] running `Command { std: "docker" "inspect" "71a8bcc7ee9ad4e0dfea15ca7ae755fd5fc349f11b17852c098595b9f2baa925", kill_on_drop: false }`
[INFO] running `Command { std: "docker" "rm" "-f" "71a8bcc7ee9ad4e0dfea15ca7ae755fd5fc349f11b17852c098595b9f2baa925", kill_on_drop: false }`
[INFO] [stdout] 71a8bcc7ee9ad4e0dfea15ca7ae755fd5fc349f11b17852c098595b9f2baa925
[INFO] running `Command { std: "docker" "create" "-v" "/var/lib/crater-agent-workspace/builds/worker-3/target:/opt/rustwide/target:rw,Z" "-v" "/var/lib/crater-agent-workspace/builds/worker-3/source:/opt/rustwide/workdir:ro,Z" "-v" "/var/lib/crater-agent-workspace/cargo-home:/opt/rustwide/cargo-home:ro,Z" "-v" "/var/lib/crater-agent-workspace/rustup-home:/opt/rustwide/rustup-home:ro,Z" "-e" "SOURCE_DIR=/opt/rustwide/workdir" "-e" "CARGO_TARGET_DIR=/opt/rustwide/target" "-e" "CARGO_INCREMENTAL=0" "-e" "RUST_BACKTRACE=full" "-e" "RUSTFLAGS=--cap-lints=warn" "-e" "CARGO_HOME=/opt/rustwide/cargo-home" "-e" "RUSTUP_HOME=/opt/rustwide/rustup-home" "-w" "/opt/rustwide/workdir" "-m" "1610612736" "--user" "0:0" "--network" "none" "ghcr.io/rust-lang/crates-build-env/linux@sha256:34b6a614d2c27851fe6cbf88fbd1137609cefab8b10d0615aaeb6fd47975d74e" "/opt/rustwide/cargo-home/bin/cargo" "+beta-2021-08-01" "build" "--frozen" "--message-format=json", kill_on_drop: false }`
[INFO] [stdout] d6625cfe8b893db70fc6fada14b7385389d3ad8b0ccc10256d6eba5421200883
[INFO] running `Command { std: "docker" "start" "-a" "d6625cfe8b893db70fc6fada14b7385389d3ad8b0ccc10256d6eba5421200883", kill_on_drop: false }`
[INFO] [stderr]    Compiling proc-macro2 v1.0.28
[INFO] [stderr]    Compiling memchr v2.4.0
[INFO] [stderr]    Compiling unicode-xid v0.2.2
[INFO] [stderr]    Compiling syn v1.0.74
[INFO] [stderr]    Compiling predicates-core v1.0.2
[INFO] [stderr]    Compiling regex-syntax v0.6.25
[INFO] [stderr]    Compiling normalize-line-endings v0.3.0
[INFO] [stderr]    Compiling treeline v0.1.0
[INFO] [stderr]    Compiling difference v2.0.0
[INFO] [stderr]    Compiling fragile v1.0.0
[INFO] [stderr]    Compiling downcast v0.10.0
[INFO] [stderr]    Compiling bern-arch v0.2.3
[INFO] [stderr]    Compiling num-traits v0.2.14
[INFO] [stderr]    Compiling predicates-tree v1.0.3
[INFO] [stderr]    Compiling aho-corasick v0.7.18
[INFO] [stderr]    Compiling quote v1.0.9
[INFO] [stderr]    Compiling float-cmp v0.8.0
[INFO] [stderr]    Compiling regex v1.5.4
[INFO] [stderr]    Compiling predicates v1.0.8
[INFO] [stderr]    Compiling mockall_derive v0.9.1
[INFO] [stderr]    Compiling mockall v0.9.1
[INFO] [stdout] error[E0432]: unresolved import `crate::mock::MockArch`
[INFO] [stdout]   --> /opt/rustwide/cargo-home/registry/src/github.com-1ecc6299db9ec823/bern-arch-0.2.3/src/mock/mod.rs:15:9
[INFO] [stdout]    |
[INFO] [stdout] 15 | pub use crate::mock::MockArch as Arch;
[INFO] [stdout]    |         ^^^^^^^^^^^^^^^^^^^^^^^^^^^^^ no `MockArch` in `mock`
[INFO] [stdout] 
[INFO] [stdout] 
[INFO] [stdout] error[E0432]: unresolved import `crate::mock::MockArchCore`
[INFO] [stdout]   --> /opt/rustwide/cargo-home/registry/src/github.com-1ecc6299db9ec823/bern-arch-0.2.3/src/mock/mod.rs:16:9
[INFO] [stdout]    |
[INFO] [stdout] 16 | pub use crate::mock::MockArchCore as ArchCore;
[INFO] [stdout]    |         ^^^^^^^^^^^^^^^^^^^^^^^^^^^^^^^^^^^^^ no `MockArchCore` in `mock`
[INFO] [stdout] 
[INFO] [stdout] 
[INFO] [stdout] error[E0432]: unresolved import `crate::arch::memory_protection`
[INFO] [stdout]  --> /opt/rustwide/cargo-home/registry/src/github.com-1ecc6299db9ec823/bern-arch-0.2.3/src/memory_protection.rs:3:18
[INFO] [stdout]   |
[INFO] [stdout] 3 | use crate::arch::memory_protection::MemoryRegion;
[INFO] [stdout]   |                  ^^^^^^^^^^^^^^^^^ could not find `memory_protection` in `arch`
[INFO] [stdout] 
[INFO] [stdout] 
[INFO] [stdout] error: cannot find attribute `never_type` in this scope
[INFO] [stdout]   --> /opt/rustwide/cargo-home/registry/src/github.com-1ecc6299db9ec823/bern-arch-0.2.3/src/lib.rs:18:38
[INFO] [stdout]    |
[INFO] [stdout] 18 | #![cfg_attr(not(target_os = "none"), never_type)]
[INFO] [stdout]    |                                      ^^^^^^^^^^
[INFO] [stdout] 
[INFO] [stdout] 
[INFO] [stdout] error: cannot determine resolution for the attribute macro `derive`
[INFO] [stdout]  --> /opt/rustwide/cargo-home/registry/src/github.com-1ecc6299db9ec823/bern-arch-0.2.3/src/startup.rs:4:3
[INFO] [stdout]   |
[INFO] [stdout] 4 | #[derive(Copy, Clone)]
[INFO] [stdout]   |   ^^^^^^
[INFO] [stdout]   |
[INFO] [stdout]   = note: import resolution is stuck, try simplifying macro imports
[INFO] [stdout] 
[INFO] [stdout] 
[INFO] [stdout] error: cannot determine resolution for the macro `mock`
[INFO] [stdout]   --> /opt/rustwide/cargo-home/registry/src/github.com-1ecc6299db9ec823/bern-arch-0.2.3/src/mock/mod.rs:18:1
[INFO] [stdout]    |
[INFO] [stdout] 18 | mock!{
[INFO] [stdout]    | ^^^^
[INFO] [stdout]    |
[INFO] [stdout]    = note: import resolution is stuck, try simplifying macro imports
[INFO] [stdout] 
[INFO] [stdout] 
[INFO] [stdout] error: cannot determine resolution for the macro `mock`
[INFO] [stdout]   --> /opt/rustwide/cargo-home/registry/src/github.com-1ecc6299db9ec823/bern-arch-0.2.3/src/mock/mod.rs:41:1
[INFO] [stdout]    |
[INFO] [stdout] 41 | mock!{
[INFO] [stdout]    | ^^^^
[INFO] [stdout]    |
[INFO] [stdout]    = note: import resolution is stuck, try simplifying macro imports
[INFO] [stdout] 
[INFO] [stdout] 
[INFO] [stdout] error[E0554]: `#![feature]` may not be used on the beta release channel
[INFO] [stdout]   --> /opt/rustwide/cargo-home/registry/src/github.com-1ecc6299db9ec823/bern-arch-0.2.3/src/lib.rs:15:1
[INFO] [stdout]    |
[INFO] [stdout] 15 | #![feature(asm)]
[INFO] [stdout]    | ^^^^^^^^^^^^^^^^
[INFO] [stdout] 
[INFO] [stdout] 
[INFO] [stdout] error[E0554]: `#![feature]` may not be used on the beta release channel
[INFO] [stdout]   --> /opt/rustwide/cargo-home/registry/src/github.com-1ecc6299db9ec823/bern-arch-0.2.3/src/lib.rs:16:1
[INFO] [stdout]    |
[INFO] [stdout] 16 | #![feature(naked_functions)]
[INFO] [stdout]    | ^^^^^^^^^^^^^^^^^^^^^^^^^^^^
[INFO] [stdout] 
[INFO] [stdout] 
[INFO] [stdout] error: aborting due to 9 previous errors
[INFO] [stdout] 
[INFO] [stdout] 
[INFO] [stdout] Some errors have detailed explanations: E0432, E0554.
[INFO] [stdout] 
[INFO] [stdout] For more information about an error, try `rustc --explain E0432`.
[INFO] [stdout] 
[INFO] [stderr] error: could not compile `bern-arch` due to 10 previous errors
[INFO] running `Command { std: "docker" "inspect" "d6625cfe8b893db70fc6fada14b7385389d3ad8b0ccc10256d6eba5421200883", kill_on_drop: false }`
[INFO] running `Command { std: "docker" "rm" "-f" "d6625cfe8b893db70fc6fada14b7385389d3ad8b0ccc10256d6eba5421200883", kill_on_drop: false }`
[INFO] [stdout] d6625cfe8b893db70fc6fada14b7385389d3ad8b0ccc10256d6eba5421200883
