[INFO] fetching crate bdd 0.1.0...
[INFO] testing bdd-0.1.0 against beta-2021-08-01 for beta-1.55-1
[INFO] extracting crate bdd 0.1.0 into /workspace/builds/worker-111/source
[INFO] validating manifest of crates.io crate bdd 0.1.0 on toolchain beta-2021-08-01
[INFO] running `Command { std: "/workspace/cargo-home/bin/cargo" "+beta-2021-08-01" "metadata" "--manifest-path" "Cargo.toml" "--no-deps", kill_on_drop: false }`
[INFO] started tweaking crates.io crate bdd 0.1.0
[INFO] finished tweaking crates.io crate bdd 0.1.0
[INFO] tweaked toml for crates.io crate bdd 0.1.0 written to /workspace/builds/worker-111/source/Cargo.toml
[INFO] crate crates.io crate bdd 0.1.0 already has a lockfile, it will not be regenerated
[INFO] running `Command { std: "/workspace/cargo-home/bin/cargo" "+beta-2021-08-01" "fetch" "--manifest-path" "Cargo.toml", kill_on_drop: false }`
[INFO] [stderr]     Blocking waiting for file lock on package cache
[INFO] [stderr]     Blocking waiting for file lock on package cache
[INFO] [stderr]  Downloading crates ...
[INFO] [stderr]   Downloaded proc-macro-error v0.2.6
[INFO] [stderr]   Downloaded structopt-derive v0.3.4
[INFO] [stderr]   Downloaded atomic-option v0.1.2
[INFO] [stderr]   Downloaded structopt v0.3.4
[INFO] [stderr]   Downloaded bus v2.2.2
[INFO] running `Command { std: "docker" "create" "-v" "/var/lib/crater-agent-workspace/builds/worker-111/target:/opt/rustwide/target:rw,Z" "-v" "/var/lib/crater-agent-workspace/builds/worker-111/source:/opt/rustwide/workdir:ro,Z" "-v" "/var/lib/crater-agent-workspace/cargo-home:/opt/rustwide/cargo-home:ro,Z" "-v" "/var/lib/crater-agent-workspace/rustup-home:/opt/rustwide/rustup-home:ro,Z" "-e" "SOURCE_DIR=/opt/rustwide/workdir" "-e" "CARGO_TARGET_DIR=/opt/rustwide/target" "-e" "CARGO_HOME=/opt/rustwide/cargo-home" "-e" "RUSTUP_HOME=/opt/rustwide/rustup-home" "-w" "/opt/rustwide/workdir" "-m" "1610612736" "--user" "0:0" "--network" "none" "ghcr.io/rust-lang/crates-build-env/linux@sha256:34b6a614d2c27851fe6cbf88fbd1137609cefab8b10d0615aaeb6fd47975d74e" "/opt/rustwide/cargo-home/bin/cargo" "+beta-2021-08-01" "metadata" "--no-deps" "--format-version=1", kill_on_drop: false }`
[INFO] [stdout] 4dc9a01dca9120bdc97a7824dd6aef79602e146e760f304f5462caae2af06623
[INFO] running `Command { std: "docker" "start" "-a" "4dc9a01dca9120bdc97a7824dd6aef79602e146e760f304f5462caae2af06623", kill_on_drop: false }`
[INFO] running `Command { std: "docker" "inspect" "4dc9a01dca9120bdc97a7824dd6aef79602e146e760f304f5462caae2af06623", kill_on_drop: false }`
[INFO] running `Command { std: "docker" "rm" "-f" "4dc9a01dca9120bdc97a7824dd6aef79602e146e760f304f5462caae2af06623", kill_on_drop: false }`
[INFO] [stdout] 4dc9a01dca9120bdc97a7824dd6aef79602e146e760f304f5462caae2af06623
[INFO] running `Command { std: "docker" "create" "-v" "/var/lib/crater-agent-workspace/builds/worker-111/target:/opt/rustwide/target:rw,Z" "-v" "/var/lib/crater-agent-workspace/builds/worker-111/source:/opt/rustwide/workdir:ro,Z" "-v" "/var/lib/crater-agent-workspace/cargo-home:/opt/rustwide/cargo-home:ro,Z" "-v" "/var/lib/crater-agent-workspace/rustup-home:/opt/rustwide/rustup-home:ro,Z" "-e" "SOURCE_DIR=/opt/rustwide/workdir" "-e" "CARGO_TARGET_DIR=/opt/rustwide/target" "-e" "CARGO_INCREMENTAL=0" "-e" "RUST_BACKTRACE=full" "-e" "RUSTFLAGS=--cap-lints=warn" "-e" "CARGO_HOME=/opt/rustwide/cargo-home" "-e" "RUSTUP_HOME=/opt/rustwide/rustup-home" "-w" "/opt/rustwide/workdir" "-m" "1610612736" "--user" "0:0" "--network" "none" "ghcr.io/rust-lang/crates-build-env/linux@sha256:34b6a614d2c27851fe6cbf88fbd1137609cefab8b10d0615aaeb6fd47975d74e" "/opt/rustwide/cargo-home/bin/cargo" "+beta-2021-08-01" "build" "--frozen" "--message-format=json", kill_on_drop: false }`
[INFO] [stdout] e70fb15ded9f3273039833b8e0e9aa7f1c893f0cc9ed829bc3bec063fbba1eb7
[INFO] running `Command { std: "docker" "start" "-a" "e70fb15ded9f3273039833b8e0e9aa7f1c893f0cc9ed829bc3bec063fbba1eb7", kill_on_drop: false }`
[INFO] [stderr]    Compiling libc v0.2.65
[INFO] [stderr]    Compiling proc-macro2 v1.0.6
[INFO] [stderr]    Compiling unicode-xid v0.2.0
[INFO] [stderr]    Compiling syn v1.0.8
[INFO] [stderr]    Compiling unicode-segmentation v1.6.0
[INFO] [stderr]    Compiling unicode-width v0.1.6
[INFO] [stderr]    Compiling strsim v0.8.0
[INFO] [stderr]    Compiling vec_map v0.8.1
[INFO] [stderr]    Compiling ansi_term v0.11.0
[INFO] [stderr]    Compiling atomic-option v0.1.2
[INFO] [stderr]    Compiling rand_chacha v0.1.1
[INFO] [stderr]    Compiling crossbeam-utils v0.6.6
[INFO] [stderr]    Compiling rand_pcg v0.1.2
[INFO] [stderr]    Compiling rand v0.6.5
[INFO] [stderr]    Compiling maybe-uninit v2.0.0
[INFO] [stderr]    Compiling parking_lot_core v0.5.0
[INFO] [stderr]    Compiling smallvec v0.6.13
[INFO] [stderr]    Compiling textwrap v0.11.0
[INFO] [stderr]    Compiling crossbeam-channel v0.3.9
[INFO] [stderr]    Compiling heck v0.3.1
[INFO] [stderr]    Compiling quote v1.0.2
[INFO] [stderr]    Compiling rand_os v0.1.3
[INFO] [stderr]    Compiling atty v0.2.13
[INFO] [stderr]    Compiling num_cpus v1.11.1
[INFO] [stderr]    Compiling clap v2.33.0
[INFO] [stderr]    Compiling bus v2.2.2
[INFO] [stderr]    Compiling proc-macro-error v0.2.6
[INFO] [stderr]    Compiling structopt-derive v0.3.4
[INFO] [stderr]    Compiling structopt v0.3.4
[INFO] [stderr]    Compiling bdd v0.1.0 (/opt/rustwide/workdir)
[INFO] [stdout] error[E0554]: `#![feature]` may not be used on the beta release channel
[INFO] [stdout]  --> src/main.rs:1:1
[INFO] [stdout]   |
[INFO] [stdout] 1 | #![feature(seek_convenience)]
[INFO] [stdout]   | ^^^^^^^^^^^^^^^^^^^^^^^^^^^^^
[INFO] [stdout] 
[INFO] [stdout] 
[INFO] [stdout] error[E0658]: use of unstable library feature 'seek_stream_len'
[INFO] [stdout]    --> src/main.rs:141:62
[INFO] [stdout]     |
[INFO] [stdout] 141 |                         while file.stream_position()? < file.stream_len()? {
[INFO] [stdout]     |                                                              ^^^^^^^^^^
[INFO] [stdout]     |
[INFO] [stdout]     = note: see issue #59359 <https://github.com/rust-lang/rust/issues/59359> for more information
[INFO] [stdout] 
[INFO] [stdout] 
[INFO] [stdout] error[E0658]: use of unstable library feature 'seek_stream_len'
[INFO] [stdout]    --> src/main.rs:142:46
[INFO] [stdout]     |
[INFO] [stdout] 142 | ...                   let diff = (file.stream_len()? - file.stream_position()?) as usize;
[INFO] [stdout]     |                                        ^^^^^^^^^^
[INFO] [stdout]     |
[INFO] [stdout]     = note: see issue #59359 <https://github.com/rust-lang/rust/issues/59359> for more information
[INFO] [stdout] 
[INFO] [stdout] 
[INFO] [stdout] error: aborting due to 3 previous errors
[INFO] [stdout] 
[INFO] [stdout] 
[INFO] [stdout] Some errors have detailed explanations: E0554, E0658.
[INFO] [stdout] 
[INFO] [stdout] For more information about an error, try `rustc --explain E0554`.
[INFO] [stdout] 
[INFO] [stderr] error: could not compile `bdd` due to 4 previous errors
[INFO] running `Command { std: "docker" "inspect" "e70fb15ded9f3273039833b8e0e9aa7f1c893f0cc9ed829bc3bec063fbba1eb7", kill_on_drop: false }`
[INFO] running `Command { std: "docker" "rm" "-f" "e70fb15ded9f3273039833b8e0e9aa7f1c893f0cc9ed829bc3bec063fbba1eb7", kill_on_drop: false }`
[INFO] [stdout] e70fb15ded9f3273039833b8e0e9aa7f1c893f0cc9ed829bc3bec063fbba1eb7
