[INFO] fetching crate baru 0.2.0...
[INFO] testing baru-0.2.0 against beta-2021-08-01 for beta-1.55-1
[INFO] extracting crate baru 0.2.0 into /workspace/builds/worker-101/source
[INFO] validating manifest of crates.io crate baru 0.2.0 on toolchain beta-2021-08-01
[INFO] running `Command { std: "/workspace/cargo-home/bin/cargo" "+beta-2021-08-01" "metadata" "--manifest-path" "Cargo.toml" "--no-deps", kill_on_drop: false }`
[INFO] started tweaking crates.io crate baru 0.2.0
[INFO] finished tweaking crates.io crate baru 0.2.0
[INFO] tweaked toml for crates.io crate baru 0.2.0 written to /workspace/builds/worker-101/source/Cargo.toml
[INFO] running `Command { std: "/workspace/cargo-home/bin/cargo" "+beta-2021-08-01" "generate-lockfile" "--manifest-path" "Cargo.toml" "-Zno-index-update", kill_on_drop: false }`
[INFO] running `Command { std: "/workspace/cargo-home/bin/cargo" "+beta-2021-08-01" "fetch" "--manifest-path" "Cargo.toml", kill_on_drop: false }`
[INFO] [stderr]     Blocking waiting for file lock on package cache
[INFO] running `Command { std: "docker" "create" "-v" "/var/lib/crater-agent-workspace/builds/worker-101/target:/opt/rustwide/target:rw,Z" "-v" "/var/lib/crater-agent-workspace/builds/worker-101/source:/opt/rustwide/workdir:ro,Z" "-v" "/var/lib/crater-agent-workspace/cargo-home:/opt/rustwide/cargo-home:ro,Z" "-v" "/var/lib/crater-agent-workspace/rustup-home:/opt/rustwide/rustup-home:ro,Z" "-e" "SOURCE_DIR=/opt/rustwide/workdir" "-e" "CARGO_TARGET_DIR=/opt/rustwide/target" "-e" "CARGO_HOME=/opt/rustwide/cargo-home" "-e" "RUSTUP_HOME=/opt/rustwide/rustup-home" "-w" "/opt/rustwide/workdir" "-m" "1610612736" "--user" "0:0" "--network" "none" "ghcr.io/rust-lang/crates-build-env/linux@sha256:34b6a614d2c27851fe6cbf88fbd1137609cefab8b10d0615aaeb6fd47975d74e" "/opt/rustwide/cargo-home/bin/cargo" "+beta-2021-08-01" "metadata" "--no-deps" "--format-version=1", kill_on_drop: false }`
[INFO] [stdout] 2000500594d01f0826e9cf65ccc279a980b56530fb5e7ddbec3cad5c5a122fe0
[INFO] running `Command { std: "docker" "start" "-a" "2000500594d01f0826e9cf65ccc279a980b56530fb5e7ddbec3cad5c5a122fe0", kill_on_drop: false }`
[INFO] running `Command { std: "docker" "inspect" "2000500594d01f0826e9cf65ccc279a980b56530fb5e7ddbec3cad5c5a122fe0", kill_on_drop: false }`
[INFO] running `Command { std: "docker" "rm" "-f" "2000500594d01f0826e9cf65ccc279a980b56530fb5e7ddbec3cad5c5a122fe0", kill_on_drop: false }`
[INFO] [stdout] 2000500594d01f0826e9cf65ccc279a980b56530fb5e7ddbec3cad5c5a122fe0
[INFO] running `Command { std: "docker" "create" "-v" "/var/lib/crater-agent-workspace/builds/worker-101/target:/opt/rustwide/target:rw,Z" "-v" "/var/lib/crater-agent-workspace/builds/worker-101/source:/opt/rustwide/workdir:ro,Z" "-v" "/var/lib/crater-agent-workspace/cargo-home:/opt/rustwide/cargo-home:ro,Z" "-v" "/var/lib/crater-agent-workspace/rustup-home:/opt/rustwide/rustup-home:ro,Z" "-e" "SOURCE_DIR=/opt/rustwide/workdir" "-e" "CARGO_TARGET_DIR=/opt/rustwide/target" "-e" "CARGO_INCREMENTAL=0" "-e" "RUST_BACKTRACE=full" "-e" "RUSTFLAGS=--cap-lints=warn" "-e" "CARGO_HOME=/opt/rustwide/cargo-home" "-e" "RUSTUP_HOME=/opt/rustwide/rustup-home" "-w" "/opt/rustwide/workdir" "-m" "1610612736" "--user" "0:0" "--network" "none" "ghcr.io/rust-lang/crates-build-env/linux@sha256:34b6a614d2c27851fe6cbf88fbd1137609cefab8b10d0615aaeb6fd47975d74e" "/opt/rustwide/cargo-home/bin/cargo" "+beta-2021-08-01" "build" "--frozen" "--message-format=json", kill_on_drop: false }`
[INFO] [stdout] ae6b8b8bbad59d7755e6ad2fd25c2e88515e2b706a84632262fd0e8dbe37e2f9
[INFO] running `Command { std: "docker" "start" "-a" "ae6b8b8bbad59d7755e6ad2fd25c2e88515e2b706a84632262fd0e8dbe37e2f9", kill_on_drop: false }`
[INFO] [stderr]    Compiling proc-macro2 v1.0.28
[INFO] [stderr]    Compiling autocfg v0.1.7
[INFO] [stderr]    Compiling rand_core v0.4.2
[INFO] [stderr]    Compiling unicode-xid v0.2.2
[INFO] [stderr]    Compiling syn v1.0.74
[INFO] [stderr]    Compiling cc v1.0.69
[INFO] [stderr]    Compiling serde_derive v1.0.127
[INFO] [stderr]    Compiling serde v1.0.127
[INFO] [stderr]    Compiling autocfg v1.0.1
[INFO] [stderr]    Compiling version_check v0.9.3
[INFO] [stderr]    Compiling typenum v1.13.0
[INFO] [stderr]    Compiling bitcoin_hashes v0.9.7
[INFO] [stderr]    Compiling memchr v2.4.0
[INFO] [stderr]    Compiling bech32 v0.8.1
[INFO] [stderr]    Compiling dtoa v0.4.8
[INFO] [stderr]    Compiling itoa v0.3.4
[INFO] [stderr]    Compiling serde v0.9.15
[INFO] [stderr]    Compiling log v0.4.14
[INFO] [stderr]    Compiling bitcoin_hashes v0.7.6
[INFO] [stderr]    Compiling cfg-if v1.0.0
[INFO] [stderr]    Compiling subtle v2.4.1
[INFO] [stderr]    Compiling anyhow v1.0.42
[INFO] [stderr]    Compiling regex-syntax v0.6.25
[INFO] [stderr]    Compiling opaque-debug v0.3.0
[INFO] [stderr]    Compiling cpufeatures v0.1.5
[INFO] [stderr]    Compiling humantime v2.1.0
[INFO] [stderr]    Compiling conquer-util v0.3.0
[INFO] [stderr]    Compiling arrayvec v0.5.2
[INFO] [stderr]    Compiling termcolor v1.1.2
[INFO] [stderr]    Compiling hex v0.4.3
[INFO] [stderr]    Compiling rand_core v0.3.1
[INFO] [stderr]    Compiling rand_os v0.1.3
[INFO] [stderr]    Compiling rand_jitter v0.1.4
[INFO] [stderr]    Compiling conquer-once v0.3.2
[INFO] [stderr]    Compiling rand_pcg v0.1.2
[INFO] [stderr]    Compiling rand_chacha v0.1.1
[INFO] [stderr]    Compiling rand v0.6.5
[INFO] [stderr]    Compiling num-traits v0.2.14
[INFO] [stderr]    Compiling rand_hc v0.1.0
[INFO] [stderr]    Compiling rand_isaac v0.1.1
[INFO] [stderr]    Compiling rand_xorshift v0.1.1
[INFO] [stderr]    Compiling generic-array v0.14.4
[INFO] [stderr]    Compiling secp256k1-sys v0.4.1
[INFO] [stderr]    Compiling secp256k1-zkp-sys v0.4.0
[INFO] [stderr]    Compiling quote v1.0.9
[INFO] [stderr]    Compiling aho-corasick v0.7.18
[INFO] [stderr]    Compiling regex v1.5.4
[INFO] [stderr]    Compiling digest v0.9.0
[INFO] [stderr]    Compiling block-buffer v0.9.0
[INFO] [stderr]    Compiling crypto-mac v0.10.1
[INFO] [stderr]    Compiling num-traits v0.1.43
[INFO] [stderr]    Compiling serde_json v0.9.10
[INFO] [stderr]    Compiling sha2 v0.9.5
[INFO] [stderr]    Compiling hmac v0.10.1
[INFO] [stderr]    Compiling slip21 v0.2.0
[INFO] [stderr]    Compiling env_logger v0.8.4
[INFO] [stderr]    Compiling thiserror-impl v1.0.26
[INFO] [stderr]    Compiling thiserror v1.0.26
[INFO] [stderr]    Compiling secp256k1 v0.20.3
[INFO] [stderr]    Compiling bitcoin_hashes v0.10.0
[INFO] [stderr]    Compiling rust_decimal v1.15.0
[INFO] [stderr]    Compiling secp256k1-zkp v0.4.0
[INFO] [stderr]    Compiling bitcoin v0.27.0
[INFO] [stderr]    Compiling miniscript v6.0.1
[INFO] [stderr]    Compiling elements v0.18.0
[INFO] [stderr]    Compiling elements-miniscript v0.1.0
[INFO] [stderr]    Compiling baru v0.2.0 (/opt/rustwide/workdir)
[INFO] [stderr]     Finished dev [unoptimized + debuginfo] target(s) in 53.36s
[INFO] running `Command { std: "docker" "inspect" "ae6b8b8bbad59d7755e6ad2fd25c2e88515e2b706a84632262fd0e8dbe37e2f9", kill_on_drop: false }`
[INFO] running `Command { std: "docker" "rm" "-f" "ae6b8b8bbad59d7755e6ad2fd25c2e88515e2b706a84632262fd0e8dbe37e2f9", kill_on_drop: false }`
[INFO] [stdout] ae6b8b8bbad59d7755e6ad2fd25c2e88515e2b706a84632262fd0e8dbe37e2f9
[INFO] running `Command { std: "docker" "create" "-v" "/var/lib/crater-agent-workspace/builds/worker-101/target:/opt/rustwide/target:rw,Z" "-v" "/var/lib/crater-agent-workspace/builds/worker-101/source:/opt/rustwide/workdir:ro,Z" "-v" "/var/lib/crater-agent-workspace/cargo-home:/opt/rustwide/cargo-home:ro,Z" "-v" "/var/lib/crater-agent-workspace/rustup-home:/opt/rustwide/rustup-home:ro,Z" "-e" "SOURCE_DIR=/opt/rustwide/workdir" "-e" "CARGO_TARGET_DIR=/opt/rustwide/target" "-e" "CARGO_INCREMENTAL=0" "-e" "RUST_BACKTRACE=full" "-e" "RUSTFLAGS=--cap-lints=warn" "-e" "CARGO_HOME=/opt/rustwide/cargo-home" "-e" "RUSTUP_HOME=/opt/rustwide/rustup-home" "-w" "/opt/rustwide/workdir" "-m" "1610612736" "--user" "0:0" "--network" "none" "ghcr.io/rust-lang/crates-build-env/linux@sha256:34b6a614d2c27851fe6cbf88fbd1137609cefab8b10d0615aaeb6fd47975d74e" "/opt/rustwide/cargo-home/bin/cargo" "+beta-2021-08-01" "test" "--frozen" "--no-run" "--message-format=json", kill_on_drop: false }`
[INFO] [stdout] bacb933accb4a5df153aabf97fd7cc4abd0e3c51e0fc38414f4669f52e6abf71
[INFO] running `Command { std: "docker" "start" "-a" "bacb933accb4a5df153aabf97fd7cc4abd0e3c51e0fc38414f4669f52e6abf71", kill_on_drop: false }`
[INFO] [stderr]    Compiling ryu v1.0.5
[INFO] [stderr]    Compiling ppv-lite86 v0.2.10
[INFO] [stderr]    Compiling serde_json v1.0.66
[INFO] [stderr]    Compiling itoa v0.4.7
[INFO] [stderr]    Compiling pin-project-lite v0.2.7
[INFO] [stderr]    Compiling tokio v1.9.0
[INFO] [stderr]    Compiling getrandom v0.2.3
[INFO] [stderr]    Compiling tokio-macros v1.3.0
[INFO] [stderr]    Compiling rand_core v0.6.3
[INFO] [stderr]    Compiling rand_chacha v0.3.1
[INFO] [stderr]    Compiling rand v0.8.4
[INFO] [stderr]    Compiling testcontainers v0.12.0
[INFO] [stderr]    Compiling baru v0.2.0 (/opt/rustwide/workdir)
[INFO] [stdout] error: The #[tokio::test] macro requires rt or rt-multi-thread.
[INFO] [stdout]   --> tests/swap_happy_path.rs:18:1
[INFO] [stdout]    |
[INFO] [stdout] 18 | #[tokio::test]
[INFO] [stdout]    | ^^^^^^^^^^^^^^
[INFO] [stdout]    |
[INFO] [stdout]    = note: this error originates in the attribute macro `tokio::test` (in Nightly builds, run with -Z macro-backtrace for more info)
[INFO] [stdout] 
[INFO] [stdout] 
[INFO] [stdout] error[E0432]: unresolved import `elements_harness`
[INFO] [stdout]   --> tests/swap_happy_path.rs:12:5
[INFO] [stdout]    |
[INFO] [stdout] 12 | use elements_harness::Elementsd;
[INFO] [stdout]    |     ^^^^^^^^^^^^^^^^ use of undeclared crate or module `elements_harness`
[INFO] [stdout] 
[INFO] [stdout] 
[INFO] [stdout] error[E0432]: unresolved import `elements_rpc`
[INFO] [stdout]   --> tests/swap_happy_path.rs:13:5
[INFO] [stdout]    |
[INFO] [stdout] 13 | use elements_rpc::{Client, ElementsRpc};
[INFO] [stdout]    |     ^^^^^^^^^^^^ use of undeclared crate or module `elements_rpc`
[INFO] [stdout] 
[INFO] [stdout] 
[INFO] [stdout] warning: unused import: `baru::input::Input`
[INFO] [stdout]  --> tests/swap_happy_path.rs:2:5
[INFO] [stdout]   |
[INFO] [stdout] 2 | use baru::input::Input;
[INFO] [stdout]   |     ^^^^^^^^^^^^^^^^^^
[INFO] [stdout]   |
[INFO] [stdout]   = note: `#[warn(unused_imports)]` on by default
[INFO] [stdout] 
[INFO] [stdout] 
[INFO] [stdout] warning: unused imports: `Actor`, `alice_finalize_transaction`, `bob_create_transaction`, `sign_with_key`
[INFO] [stdout]  --> tests/swap_happy_path.rs:3:18
[INFO] [stdout]   |
[INFO] [stdout] 3 | use baru::swap::{alice_finalize_transaction, bob_create_transaction, sign_with_key, Actor};
[INFO] [stdout]   |                  ^^^^^^^^^^^^^^^^^^^^^^^^^^  ^^^^^^^^^^^^^^^^^^^^^^  ^^^^^^^^^^^^^  ^^^^^
[INFO] [stdout] 
[INFO] [stdout] 
[INFO] [stdout] warning: unused import: `bitcoin`
[INFO] [stdout]   --> tests/swap_happy_path.rs:10:5
[INFO] [stdout]    |
[INFO] [stdout] 10 |     bitcoin, opcodes, Address, AddressParams, OutPoint, SigHashType, Transaction, TxIn, TxOut, Txid,
[INFO] [stdout]    |     ^^^^^^^
[INFO] [stdout] 
[INFO] [stdout] 
[INFO] [stdout] warning: unused import: `testcontainers::clients::Cli`
[INFO] [stdout]   --> tests/swap_happy_path.rs:16:5
[INFO] [stdout]    |
[INFO] [stdout] 16 | use testcontainers::clients::Cli;
[INFO] [stdout]    |     ^^^^^^^^^^^^^^^^^^^^^^^^^^^^
[INFO] [stdout] 
[INFO] [stdout] 
[INFO] [stdout] error: The #[tokio::test] macro requires rt or rt-multi-thread.
[INFO] [stdout]   --> src/loan/protocol_tests.rs:23:5
[INFO] [stdout]    |
[INFO] [stdout] 23 |     #[tokio::test]
[INFO] [stdout]    |     ^^^^^^^^^^^^^^
[INFO] [stdout]    |
[INFO] [stdout]    = note: this error originates in the attribute macro `tokio::test` (in Nightly builds, run with -Z macro-backtrace for more info)
[INFO] [stdout] 
[INFO] [stdout] 
[INFO] [stdout] error: The #[tokio::test] macro requires rt or rt-multi-thread.
[INFO] [stdout]    --> src/loan/protocol_tests.rs:180:5
[INFO] [stdout]     |
[INFO] [stdout] 180 |     #[tokio::test]
[INFO] [stdout]     |     ^^^^^^^^^^^^^^
[INFO] [stdout]     |
[INFO] [stdout]     = note: this error originates in the attribute macro `tokio::test` (in Nightly builds, run with -Z macro-backtrace for more info)
[INFO] [stdout] 
[INFO] [stdout] 
[INFO] [stdout] error: The #[tokio::test] macro requires rt or rt-multi-thread.
[INFO] [stdout]    --> src/loan/protocol_tests.rs:329:5
[INFO] [stdout]     |
[INFO] [stdout] 329 |     #[tokio::test]
[INFO] [stdout]     |     ^^^^^^^^^^^^^^
[INFO] [stdout]     |
[INFO] [stdout]     = note: this error originates in the attribute macro `tokio::test` (in Nightly builds, run with -Z macro-backtrace for more info)
[INFO] [stdout] 
[INFO] [stdout] 
[INFO] [stdout] error: aborting due to 3 previous errors; 4 warnings emitted
[INFO] [stdout] 
[INFO] [stdout] 
[INFO] [stdout] For more information about this error, try `rustc --explain E0432`.
[INFO] [stdout] 
[INFO] [stderr] error: could not compile `baru` due to 4 previous errors; 4 warnings emitted
[INFO] [stderr] warning: build failed, waiting for other jobs to finish...
[INFO] [stdout] error[E0432]: unresolved import `elements_harness`
[INFO] [stdout]   --> src/loan/protocol_tests.rs:17:9
[INFO] [stdout]    |
[INFO] [stdout] 17 |     use elements_harness::Elementsd;
[INFO] [stdout]    |         ^^^^^^^^^^^^^^^^ use of undeclared crate or module `elements_harness`
[INFO] [stdout] 
[INFO] [stdout] 
[INFO] [stdout] error[E0432]: unresolved import `elements_rpc`
[INFO] [stdout]   --> src/loan/protocol_tests.rs:18:9
[INFO] [stdout]    |
[INFO] [stdout] 18 |     use elements_rpc::ElementsRpc;
[INFO] [stdout]    |         ^^^^^^^^^^^^ use of undeclared crate or module `elements_rpc`
[INFO] [stdout] 
[INFO] [stdout] 
[INFO] [stdout] error[E0433]: failed to resolve: use of undeclared crate or module `elements_rpc`
[INFO] [stdout]    --> src/loan/protocol_tests.rs:593:36
[INFO] [stdout]     |
[INFO] [stdout] 593 |     async fn blinding_key(client: &elements_rpc::Client, address: &Address) -> Result<SecretKey> {
[INFO] [stdout]     |                                    ^^^^^^^^^^^^ use of undeclared crate or module `elements_rpc`
[INFO] [stdout] 
[INFO] [stdout] 
[INFO] [stdout] error[E0433]: failed to resolve: use of undeclared crate or module `elements_rpc`
[INFO] [stdout]    --> src/loan/protocol_tests.rs:603:18
[INFO] [stdout]     |
[INFO] [stdout] 603 |         client: &elements_rpc::Client,
[INFO] [stdout]     |                  ^^^^^^^^^^^^ use of undeclared crate or module `elements_rpc`
[INFO] [stdout] 
[INFO] [stdout] 
[INFO] [stdout] error[E0433]: failed to resolve: use of undeclared crate or module `elements_rpc`
[INFO] [stdout]    --> src/loan/protocol_tests.rs:680:57
[INFO] [stdout]     |
[INFO] [stdout] 680 |         pub async fn add_known_utxo(&mut self, client: &elements_rpc::Client, txid: Txid) {
[INFO] [stdout]     |                                                         ^^^^^^^^^^^^ use of undeclared crate or module `elements_rpc`
[INFO] [stdout] 
[INFO] [stdout] 
[INFO] [stdout] warning: unused import: `std::time::SystemTime`
[INFO] [stdout]  --> src/loan/protocol_tests.rs:3:9
[INFO] [stdout]   |
[INFO] [stdout] 3 |     use std::time::SystemTime;
[INFO] [stdout]   |         ^^^^^^^^^^^^^^^^^^^^^
[INFO] [stdout]   |
[INFO] [stdout]   = note: `#[warn(unused_imports)]` on by default
[INFO] [stdout] 
[INFO] [stdout] 
[INFO] [stdout] warning: unused imports: `Borrower0`, `Lender0`, `oracle`
[INFO] [stdout]  --> src/loan/protocol_tests.rs:5:23
[INFO] [stdout]   |
[INFO] [stdout] 5 |     use crate::loan::{oracle, Borrower0, Lender0};
[INFO] [stdout]   |                       ^^^^^^  ^^^^^^^^^  ^^^^^^^
[INFO] [stdout] 
[INFO] [stdout] 
[INFO] [stdout] warning: unused import: `SeedableRng`
[INFO] [stdout]   --> src/loan/protocol_tests.rs:19:36
[INFO] [stdout]    |
[INFO] [stdout] 19 |     use rand::{CryptoRng, RngCore, SeedableRng};
[INFO] [stdout]    |                                    ^^^^^^^^^^^
[INFO] [stdout] 
[INFO] [stdout] 
[INFO] [stdout] warning: unused import: `rand_chacha::ChaChaRng`
[INFO] [stdout]   --> src/loan/protocol_tests.rs:20:9
[INFO] [stdout]    |
[INFO] [stdout] 20 |     use rand_chacha::ChaChaRng;
[INFO] [stdout]    |         ^^^^^^^^^^^^^^^^^^^^^^
[INFO] [stdout] 
[INFO] [stdout] 
[INFO] [stdout] warning: unused import: `testcontainers::clients::Cli`
[INFO] [stdout]   --> src/loan/protocol_tests.rs:21:9
[INFO] [stdout]    |
[INFO] [stdout] 21 |     use testcontainers::clients::Cli;
[INFO] [stdout]    |         ^^^^^^^^^^^^^^^^^^^^^^^^^^^^
[INFO] [stdout] 
[INFO] [stdout] 
[INFO] [stdout] error: aborting due to 8 previous errors; 5 warnings emitted
[INFO] [stdout] 
[INFO] [stdout] 
[INFO] [stdout] Some errors have detailed explanations: E0432, E0433.
[INFO] [stdout] 
[INFO] [stdout] For more information about an error, try `rustc --explain E0432`.
[INFO] [stdout] 
[INFO] [stderr] error: build failed
[INFO] running `Command { std: "docker" "inspect" "bacb933accb4a5df153aabf97fd7cc4abd0e3c51e0fc38414f4669f52e6abf71", kill_on_drop: false }`
[INFO] running `Command { std: "docker" "rm" "-f" "bacb933accb4a5df153aabf97fd7cc4abd0e3c51e0fc38414f4669f52e6abf71", kill_on_drop: false }`
[INFO] [stdout] bacb933accb4a5df153aabf97fd7cc4abd0e3c51e0fc38414f4669f52e6abf71
