[INFO] fetching crate bao-pdb 0.2.0...
[INFO] testing bao-pdb-0.2.0 against beta-2021-08-01 for beta-1.55-1
[INFO] extracting crate bao-pdb 0.2.0 into /workspace/builds/worker-7/source
[INFO] validating manifest of crates.io crate bao-pdb 0.2.0 on toolchain beta-2021-08-01
[INFO] running `Command { std: "/workspace/cargo-home/bin/cargo" "+beta-2021-08-01" "metadata" "--manifest-path" "Cargo.toml" "--no-deps", kill_on_drop: false }`
[INFO] started tweaking crates.io crate bao-pdb 0.2.0
[INFO] finished tweaking crates.io crate bao-pdb 0.2.0
[INFO] tweaked toml for crates.io crate bao-pdb 0.2.0 written to /workspace/builds/worker-7/source/Cargo.toml
[INFO] crate crates.io crate bao-pdb 0.2.0 already has a lockfile, it will not be regenerated
[INFO] running `Command { std: "/workspace/cargo-home/bin/cargo" "+beta-2021-08-01" "fetch" "--manifest-path" "Cargo.toml", kill_on_drop: false }`
[INFO] [stderr]     Blocking waiting for file lock on package cache
[INFO] [stderr]     Blocking waiting for file lock on package cache
[INFO] [stderr]  Downloading crates ...
[INFO] [stderr]   Downloaded clang v1.0.3
[INFO] [stderr]   Downloaded goblin v0.2.3
[INFO] [stderr]   Downloaded pdb_wrapper v0.2.0
[INFO] running `Command { std: "docker" "create" "-v" "/var/lib/crater-agent-workspace/builds/worker-7/target:/opt/rustwide/target:rw,Z" "-v" "/var/lib/crater-agent-workspace/builds/worker-7/source:/opt/rustwide/workdir:ro,Z" "-v" "/var/lib/crater-agent-workspace/cargo-home:/opt/rustwide/cargo-home:ro,Z" "-v" "/var/lib/crater-agent-workspace/rustup-home:/opt/rustwide/rustup-home:ro,Z" "-e" "SOURCE_DIR=/opt/rustwide/workdir" "-e" "CARGO_TARGET_DIR=/opt/rustwide/target" "-e" "CARGO_HOME=/opt/rustwide/cargo-home" "-e" "RUSTUP_HOME=/opt/rustwide/rustup-home" "-w" "/opt/rustwide/workdir" "-m" "1610612736" "--user" "0:0" "--network" "none" "ghcr.io/rust-lang/crates-build-env/linux@sha256:34b6a614d2c27851fe6cbf88fbd1137609cefab8b10d0615aaeb6fd47975d74e" "/opt/rustwide/cargo-home/bin/cargo" "+beta-2021-08-01" "metadata" "--no-deps" "--format-version=1", kill_on_drop: false }`
[INFO] [stdout] 00491dcc01fedc7a3254112adfe819cf00bf7a1d3bddc60bcc5a8d8353a56d44
[INFO] running `Command { std: "docker" "start" "-a" "00491dcc01fedc7a3254112adfe819cf00bf7a1d3bddc60bcc5a8d8353a56d44", kill_on_drop: false }`
[INFO] running `Command { std: "docker" "inspect" "00491dcc01fedc7a3254112adfe819cf00bf7a1d3bddc60bcc5a8d8353a56d44", kill_on_drop: false }`
[INFO] running `Command { std: "docker" "rm" "-f" "00491dcc01fedc7a3254112adfe819cf00bf7a1d3bddc60bcc5a8d8353a56d44", kill_on_drop: false }`
[INFO] [stdout] 00491dcc01fedc7a3254112adfe819cf00bf7a1d3bddc60bcc5a8d8353a56d44
[INFO] running `Command { std: "docker" "create" "-v" "/var/lib/crater-agent-workspace/builds/worker-7/target:/opt/rustwide/target:rw,Z" "-v" "/var/lib/crater-agent-workspace/builds/worker-7/source:/opt/rustwide/workdir:ro,Z" "-v" "/var/lib/crater-agent-workspace/cargo-home:/opt/rustwide/cargo-home:ro,Z" "-v" "/var/lib/crater-agent-workspace/rustup-home:/opt/rustwide/rustup-home:ro,Z" "-e" "SOURCE_DIR=/opt/rustwide/workdir" "-e" "CARGO_TARGET_DIR=/opt/rustwide/target" "-e" "CARGO_INCREMENTAL=0" "-e" "RUST_BACKTRACE=full" "-e" "RUSTFLAGS=--cap-lints=warn" "-e" "CARGO_HOME=/opt/rustwide/cargo-home" "-e" "RUSTUP_HOME=/opt/rustwide/rustup-home" "-w" "/opt/rustwide/workdir" "-m" "1610612736" "--user" "0:0" "--network" "none" "ghcr.io/rust-lang/crates-build-env/linux@sha256:34b6a614d2c27851fe6cbf88fbd1137609cefab8b10d0615aaeb6fd47975d74e" "/opt/rustwide/cargo-home/bin/cargo" "+beta-2021-08-01" "build" "--frozen" "--message-format=json", kill_on_drop: false }`
[INFO] [stdout] f54ee528f9c1d0e6691006aa2a904861bb2976989571755f30926c6779752edb
[INFO] running `Command { std: "docker" "start" "-a" "f54ee528f9c1d0e6691006aa2a904861bb2976989571755f30926c6779752edb", kill_on_drop: false }`
[INFO] [stderr]    Compiling libc v0.2.98
[INFO] [stderr]    Compiling proc-macro2 v1.0.28
[INFO] [stderr]    Compiling unicode-xid v0.2.2
[INFO] [stderr]    Compiling glob v0.3.0
[INFO] [stderr]    Compiling syn v1.0.74
[INFO] [stderr]    Compiling version_check v0.9.3
[INFO] [stderr]    Compiling once_cell v1.8.0
[INFO] [stderr]    Compiling unicode-width v0.1.8
[INFO] [stderr]    Compiling ansi_term v0.11.0
[INFO] [stderr]    Compiling strsim v0.8.0
[INFO] [stderr]    Compiling bindgen v0.55.1
[INFO] [stderr]    Compiling vec_map v0.8.2
[INFO] [stderr]    Compiling doc-comment v0.3.3
[INFO] [stderr]    Compiling lazycell v1.3.0
[INFO] [stderr]    Compiling peeking_take_while v0.1.2
[INFO] [stderr]    Compiling rustc-hash v1.1.0
[INFO] [stderr]    Compiling shlex v0.1.1
[INFO] [stderr]    Compiling either v1.6.1
[INFO] [stderr]    Compiling cc v1.0.69
[INFO] [stderr]    Compiling serde v1.0.126
[INFO] [stderr]    Compiling serde_derive v1.0.126
[INFO] [stderr]    Compiling serde_json v1.0.64
[INFO] [stderr]    Compiling plain v0.2.3
[INFO] [stderr]    Compiling bao-pdb v0.2.0 (/opt/rustwide/workdir)
[INFO] [stderr]    Compiling libloading v0.7.0
[INFO] [stderr]    Compiling humantime v1.3.0
[INFO] [stderr]    Compiling num-traits v0.2.14
[INFO] [stderr]    Compiling textwrap v0.11.0
[INFO] [stderr]    Compiling cmake v0.1.45
[INFO] [stderr]    Compiling thread_local v1.1.3
[INFO] [stderr]    Compiling clang-sys v1.2.0
[INFO] [stderr]    Compiling regex v1.3.9
[INFO] [stderr]    Compiling nom v5.1.2
[INFO] [stderr]    Compiling quote v1.0.9
[INFO] [stderr]    Compiling atty v0.2.14
[INFO] [stderr]    Compiling which v3.1.1
[INFO] [stderr]    Compiling which v4.1.0
[INFO] [stderr]    Compiling time v0.1.43
[INFO] [stderr]    Compiling getrandom v0.2.3
[INFO] [stderr]    Compiling clap v2.33.3
[INFO] [stderr]    Compiling uuid v0.8.2
[INFO] [stderr]    Compiling num-integer v0.1.44
[INFO] [stderr]    Compiling env_logger v0.7.1
[INFO] [stderr]    Compiling chrono v0.4.19
[INFO] [stderr]    Compiling simplelog v0.8.0
[INFO] [stderr]    Compiling cexpr v0.4.0
[INFO] [stderr]    Compiling clang v1.0.3
[INFO] [stderr]    Compiling scroll_derive v0.10.5
[INFO] [stderr]    Compiling snafu-derive v0.6.10
[INFO] [stderr]    Compiling scroll v0.10.2
[INFO] [stderr]    Compiling goblin v0.2.3
[INFO] [stderr]    Compiling snafu v0.6.10
[INFO] [stderr]    Compiling pdb_wrapper v0.2.0
[INFO] [stderr] error: failed to run custom build command for `pdb_wrapper v0.2.0`
[INFO] [stderr] 
[INFO] [stderr] Caused by:
[INFO] [stderr]   process didn't exit successfully: `/opt/rustwide/target/debug/build/pdb_wrapper-7b74d745e760db52/build-script-build` (exit status: 101)
[INFO] [stderr]   --- stdout
[INFO] [stderr]   running: "cmake" "/opt/rustwide/cargo-home/registry/src/github.com-1ecc6299db9ec823/pdb_wrapper-0.2.0/libllvm-pdb-wrapper" "-DCMAKE_INSTALL_PREFIX=/opt/rustwide/target/debug/build/pdb_wrapper-9c1ae0cd9c6d916b/out" "-DCMAKE_C_FLAGS= -ffunction-sections -fdata-sections -fPIC -m64" "-DCMAKE_C_COMPILER=/usr/bin/cc" "-DCMAKE_CXX_FLAGS= -ffunction-sections -fdata-sections -fPIC -m64" "-DCMAKE_CXX_COMPILER=/usr/bin/c++" "-DCMAKE_ASM_FLAGS= -ffunction-sections -fdata-sections -fPIC -m64" "-DCMAKE_ASM_COMPILER=/usr/bin/cc" "-DCMAKE_BUILD_TYPE=Debug"
[INFO] [stderr]   -- The CXX compiler identification is GNU 9.3.0
[INFO] [stderr]   -- Check for working CXX compiler: /usr/bin/c++
[INFO] [stderr]   -- Check for working CXX compiler: /usr/bin/c++ -- works
[INFO] [stderr]   -- Detecting CXX compiler ABI info
[INFO] [stderr]   -- Detecting CXX compiler ABI info - done
[INFO] [stderr]   -- Detecting CXX compile features
[INFO] [stderr]   -- Detecting CXX compile features - done
[INFO] [stderr]   -- Found LLVM 6.0.1
[INFO] [stderr]   -- Using LLVMConfig.cmake in: /usr/lib/llvm-6.0/cmake
[INFO] [stderr]   -- Configuring done
[INFO] [stderr]   -- Generating done
[INFO] [stderr]   -- Build files have been written to: /opt/rustwide/target/debug/build/pdb_wrapper-9c1ae0cd9c6d916b/out/build
[INFO] [stderr]   running: "cmake" "--build" "." "--target" "install" "--config" "Debug" "--"
[INFO] [stderr]   Scanning dependencies of target llvm-pdb-wrapper
[INFO] [stderr]   [ 50%] Building CXX object CMakeFiles/llvm-pdb-wrapper.dir/wrapper.cpp.o
[INFO] [stderr] 
[INFO] [stderr]   --- stderr
[INFO] [stderr]   CMake Warning:
[INFO] [stderr]     Manually-specified variables were not used by the project:
[INFO] [stderr] 
[INFO] [stderr]       CMAKE_ASM_COMPILER
[INFO] [stderr]       CMAKE_ASM_FLAGS
[INFO] [stderr]       CMAKE_C_COMPILER
[INFO] [stderr]       CMAKE_C_FLAGS
[INFO] [stderr] 
[INFO] [stderr] 
[INFO] [stderr]   /opt/rustwide/cargo-home/registry/src/github.com-1ecc6299db9ec823/pdb_wrapper-0.2.0/libllvm-pdb-wrapper/wrapper.cpp: In member function 'bool pdb_file::initialize(bool, uint32_t, uint32_t, llvm::codeview::GUID)':
[INFO] [stderr]   /opt/rustwide/cargo-home/registry/src/github.com-1ecc6299db9ec823/pdb_wrapper-0.2.0/libllvm-pdb-wrapper/wrapper.cpp:101:17: error: 'class llvm::pdb::InfoStreamBuilder' has no member named 'setHashPDBContentsToGUID'
[INFO] [stderr]     101 |     InfoBuilder.setHashPDBContentsToGUID(false);
[INFO] [stderr]         |                 ^~~~~~~~~~~~~~~~~~~~~~~~
[INFO] [stderr]   /opt/rustwide/cargo-home/registry/src/github.com-1ecc6299db9ec823/pdb_wrapper-0.2.0/libllvm-pdb-wrapper/wrapper.cpp:106:35: error: 'class llvm::pdb::InfoStreamBuilder' has no member named 'getAge'; did you mean 'setAge'?
[INFO] [stderr]     106 |     DbiBuilder.setAge(InfoBuilder.getAge());
[INFO] [stderr]         |                                   ^~~~~~
[INFO] [stderr]         |                                   setAge
[INFO] [stderr]   /opt/rustwide/cargo-home/registry/src/github.com-1ecc6299db9ec823/pdb_wrapper-0.2.0/libllvm-pdb-wrapper/wrapper.cpp:111:31: error: cannot convert 'const llvm::COFF::MachineTypes' to 'llvm::pdb::PDB_Machine'
[INFO] [stderr]     111 |     DbiBuilder.setMachineType(machine);
[INFO] [stderr]         |                               ^~~~~~~
[INFO] [stderr]         |                               |
[INFO] [stderr]         |                               const llvm::COFF::MachineTypes
[INFO] [stderr]   In file included from /opt/rustwide/cargo-home/registry/src/github.com-1ecc6299db9ec823/pdb_wrapper-0.2.0/libllvm-pdb-wrapper/wrapper.cpp:3:
[INFO] [stderr]   /usr/lib/llvm-6.0/include/llvm/DebugInfo/PDB/Native/DbiStreamBuilder.h:52:35: note:   initializing argument 1 of 'void llvm::pdb::DbiStreamBuilder::setMachineType(llvm::pdb::PDB_Machine)'
[INFO] [stderr]      52 |   void setMachineType(PDB_Machine M);
[INFO] [stderr]         |                       ~~~~~~~~~~~~^
[INFO] [stderr]   /opt/rustwide/cargo-home/registry/src/github.com-1ecc6299db9ec823/pdb_wrapper-0.2.0/libllvm-pdb-wrapper/wrapper.cpp:120:37: error: no matching function for call to 'llvm::pdb::DbiStreamBuilder::setBuildNumber(int, int)'
[INFO] [stderr]     120 |     DbiBuilder.setBuildNumber(14, 11);
[INFO] [stderr]         |                                     ^
[INFO] [stderr]   In file included from /opt/rustwide/cargo-home/registry/src/github.com-1ecc6299db9ec823/pdb_wrapper-0.2.0/libllvm-pdb-wrapper/wrapper.cpp:3:
[INFO] [stderr]   /usr/lib/llvm-6.0/include/llvm/DebugInfo/PDB/Native/DbiStreamBuilder.h:48:8: note: candidate: 'void llvm::pdb::DbiStreamBuilder::setBuildNumber(uint16_t)'
[INFO] [stderr]      48 |   void setBuildNumber(uint16_t B);
[INFO] [stderr]         |        ^~~~~~~~~~~~~~
[INFO] [stderr]   /usr/lib/llvm-6.0/include/llvm/DebugInfo/PDB/Native/DbiStreamBuilder.h:48:8: note:   candidate expects 1 argument, 2 provided
[INFO] [stderr]   /opt/rustwide/cargo-home/registry/src/github.com-1ecc6299db9ec823/pdb_wrapper-0.2.0/libllvm-pdb-wrapper/wrapper.cpp: In member function 'bool pdb_file::commit(const char*, const char*)':
[INFO] [stderr]   /opt/rustwide/cargo-home/registry/src/github.com-1ecc6299db9ec823/pdb_wrapper-0.2.0/libllvm-pdb-wrapper/wrapper.cpp:176:29: error: 'class llvm::pdb::InfoStreamBuilder' has no member named 'getGuid'; did you mean 'setGuid'?
[INFO] [stderr]     176 |     auto guid = InfoBuilder.getGuid();
[INFO] [stderr]         |                             ^~~~~~~
[INFO] [stderr]         |                             setGuid
[INFO] [stderr]   make[2]: *** [CMakeFiles/llvm-pdb-wrapper.dir/build.make:63: CMakeFiles/llvm-pdb-wrapper.dir/wrapper.cpp.o] Error 1
[INFO] [stderr]   make[1]: *** [CMakeFiles/Makefile2:77: CMakeFiles/llvm-pdb-wrapper.dir/all] Error 2
[INFO] [stderr]   make: *** [Makefile:130: all] Error 2
[INFO] [stderr]   thread 'main' panicked at '
[INFO] [stderr]   command did not execute successfully, got: exit status: 2
[INFO] [stderr] 
[INFO] [stderr]   build script failed, must exit now', /opt/rustwide/cargo-home/registry/src/github.com-1ecc6299db9ec823/cmake-0.1.45/src/lib.rs:894:5
[INFO] [stderr]   stack backtrace:
[INFO] [stderr]      0:     0x56266dd01b80 - std::backtrace_rs::backtrace::libunwind::trace::hff4d1766e93f64f1
[INFO] [stderr]                                  at /rustc/53fd98ca776cb875bc9e5514f56b52eb74f9e7a9/library/std/src/../../backtrace/src/backtrace/libunwind.rs:90:5
[INFO] [stderr]      1:     0x56266dd01b80 - std::backtrace_rs::backtrace::trace_unsynchronized::h56bbc8eb78770bcb
[INFO] [stderr]                                  at /rustc/53fd98ca776cb875bc9e5514f56b52eb74f9e7a9/library/std/src/../../backtrace/src/backtrace/mod.rs:66:5
[INFO] [stderr]      2:     0x56266dd01b80 - std::sys_common::backtrace::_print_fmt::h5c8e75464faca780
[INFO] [stderr]                                  at /rustc/53fd98ca776cb875bc9e5514f56b52eb74f9e7a9/library/std/src/sys_common/backtrace.rs:67:5
[INFO] [stderr]      3:     0x56266dd01b80 - <std::sys_common::backtrace::_print::DisplayBacktrace as core::fmt::Display>::fmt::h48b88277def8b362
[INFO] [stderr]                                  at /rustc/53fd98ca776cb875bc9e5514f56b52eb74f9e7a9/library/std/src/sys_common/backtrace.rs:46:22
[INFO] [stderr]      4:     0x56266dd2781c - core::fmt::write::h3381b3176fe2b3d3
[INFO] [stderr]                                  at /rustc/53fd98ca776cb875bc9e5514f56b52eb74f9e7a9/library/core/src/fmt/mod.rs:1115:17
[INFO] [stderr]      5:     0x56266dcfe655 - std::io::Write::write_fmt::hd42607e5d8e44db0
[INFO] [stderr]                                  at /rustc/53fd98ca776cb875bc9e5514f56b52eb74f9e7a9/library/std/src/io/mod.rs:1665:15
[INFO] [stderr]      6:     0x56266dd0452b - std::sys_common::backtrace::_print::ha537687d6c17dd0d
[INFO] [stderr]                                  at /rustc/53fd98ca776cb875bc9e5514f56b52eb74f9e7a9/library/std/src/sys_common/backtrace.rs:49:5
[INFO] [stderr]      7:     0x56266dd0452b - std::sys_common::backtrace::print::h61376ae57d131d72
[INFO] [stderr]                                  at /rustc/53fd98ca776cb875bc9e5514f56b52eb74f9e7a9/library/std/src/sys_common/backtrace.rs:36:9
[INFO] [stderr]      8:     0x56266dd0452b - std::panicking::default_hook::{{closure}}::h0f7208c0b9644a54
[INFO] [stderr]                                  at /rustc/53fd98ca776cb875bc9e5514f56b52eb74f9e7a9/library/std/src/panicking.rs:208:50
[INFO] [stderr]      9:     0x56266dd04001 - std::panicking::default_hook::hdac7fc06578c14ce
[INFO] [stderr]                                  at /rustc/53fd98ca776cb875bc9e5514f56b52eb74f9e7a9/library/std/src/panicking.rs:225:9
[INFO] [stderr]     10:     0x56266dd04bf4 - std::panicking::rust_panic_with_hook::h72b21c283da3d1ef
[INFO] [stderr]                                  at /rustc/53fd98ca776cb875bc9e5514f56b52eb74f9e7a9/library/std/src/panicking.rs:622:17
[INFO] [stderr]     11:     0x56266dd046d7 - std::panicking::begin_panic_handler::{{closure}}::he5778f1729cff84a
[INFO] [stderr]                                  at /rustc/53fd98ca776cb875bc9e5514f56b52eb74f9e7a9/library/std/src/panicking.rs:519:13
[INFO] [stderr]     12:     0x56266dd0205c - std::sys_common::backtrace::__rust_end_short_backtrace::h2d11ca8b453b4b1d
[INFO] [stderr]                                  at /rustc/53fd98ca776cb875bc9e5514f56b52eb74f9e7a9/library/std/src/sys_common/backtrace.rs:141:18
[INFO] [stderr]     13:     0x56266dd04639 - rust_begin_unwind
[INFO] [stderr]                                  at /rustc/53fd98ca776cb875bc9e5514f56b52eb74f9e7a9/library/std/src/panicking.rs:515:5
[INFO] [stderr]     14:     0x56266d762c8b - std::panicking::begin_panic_fmt::h746518bde832d259
[INFO] [stderr]                                  at /rustc/53fd98ca776cb875bc9e5514f56b52eb74f9e7a9/library/std/src/panicking.rs:457:5
[INFO] [stderr]     15:     0x56266dc8c1b3 - cmake::fail::h5b2ff5d8cd54107d
[INFO] [stderr]                                  at /opt/rustwide/cargo-home/registry/src/github.com-1ecc6299db9ec823/cmake-0.1.45/src/lib.rs:894:5
[INFO] [stderr]     16:     0x56266dc8bbc1 - cmake::run::h16e653742ac936ee
[INFO] [stderr]                                  at /opt/rustwide/cargo-home/registry/src/github.com-1ecc6299db9ec823/cmake-0.1.45/src/lib.rs:872:9
[INFO] [stderr]     17:     0x56266dc89601 - cmake::Config::build::h826ab55fb58b5948
[INFO] [stderr]                                  at /opt/rustwide/cargo-home/registry/src/github.com-1ecc6299db9ec823/cmake-0.1.45/src/lib.rs:778:9
[INFO] [stderr]     18:     0x56266d764eaf - build_script_build::main::h51a2348a544a6e4f
[INFO] [stderr]                                  at /opt/rustwide/cargo-home/registry/src/github.com-1ecc6299db9ec823/pdb_wrapper-0.2.0/build.rs:55:15
[INFO] [stderr]     19:     0x56266d7681fb - core::ops::function::FnOnce::call_once::h23b5d3f74a9c3c77
[INFO] [stderr]                                  at /rustc/53fd98ca776cb875bc9e5514f56b52eb74f9e7a9/library/core/src/ops/function.rs:227:5
[INFO] [stderr]     20:     0x56266d768f2e - std::sys_common::backtrace::__rust_begin_short_backtrace::hce25dffde335ad74
[INFO] [stderr]                                  at /rustc/53fd98ca776cb875bc9e5514f56b52eb74f9e7a9/library/std/src/sys_common/backtrace.rs:125:18
[INFO] [stderr]     21:     0x56266d766571 - std::rt::lang_start::{{closure}}::h57971020c2f7cfb6
[INFO] [stderr]                                  at /rustc/53fd98ca776cb875bc9e5514f56b52eb74f9e7a9/library/std/src/rt.rs:63:18
[INFO] [stderr]     22:     0x56266dd051fa - core::ops::function::impls::<impl core::ops::function::FnOnce<A> for &F>::call_once::ha88a7d1a4d24e549
[INFO] [stderr]                                  at /rustc/53fd98ca776cb875bc9e5514f56b52eb74f9e7a9/library/core/src/ops/function.rs:259:13
[INFO] [stderr]     23:     0x56266dd051fa - std::panicking::try::do_call::hd3b1d7740607ccc7
[INFO] [stderr]                                  at /rustc/53fd98ca776cb875bc9e5514f56b52eb74f9e7a9/library/std/src/panicking.rs:401:40
[INFO] [stderr]     24:     0x56266dd051fa - std::panicking::try::h0ee8c65ac7461507
[INFO] [stderr]                                  at /rustc/53fd98ca776cb875bc9e5514f56b52eb74f9e7a9/library/std/src/panicking.rs:365:19
[INFO] [stderr]     25:     0x56266dd051fa - std::panic::catch_unwind::head47f0de4ccd838
[INFO] [stderr]                                  at /rustc/53fd98ca776cb875bc9e5514f56b52eb74f9e7a9/library/std/src/panic.rs:434:14
[INFO] [stderr]     26:     0x56266dd051fa - std::rt::lang_start_internal::{{closure}}::hbc7de8ec820ac085
[INFO] [stderr]                                  at /rustc/53fd98ca776cb875bc9e5514f56b52eb74f9e7a9/library/std/src/rt.rs:45:48
[INFO] [stderr]     27:     0x56266dd051fa - std::panicking::try::do_call::h2609e52e8bad4a7b
[INFO] [stderr]                                  at /rustc/53fd98ca776cb875bc9e5514f56b52eb74f9e7a9/library/std/src/panicking.rs:401:40
[INFO] [stderr]     28:     0x56266dd051fa - std::panicking::try::hd0929f0b603e0389
[INFO] [stderr]                                  at /rustc/53fd98ca776cb875bc9e5514f56b52eb74f9e7a9/library/std/src/panicking.rs:365:19
[INFO] [stderr]     29:     0x56266dd051fa - std::panic::catch_unwind::h27902b81c3e47571
[INFO] [stderr]                                  at /rustc/53fd98ca776cb875bc9e5514f56b52eb74f9e7a9/library/std/src/panic.rs:434:14
[INFO] [stderr]     30:     0x56266dd051fa - std::rt::lang_start_internal::h3fb2d794dd391e3e
[INFO] [stderr]                                  at /rustc/53fd98ca776cb875bc9e5514f56b52eb74f9e7a9/library/std/src/rt.rs:45:20
[INFO] [stderr]     31:     0x56266d766540 - std::rt::lang_start::h2d7b7eebef4e457d
[INFO] [stderr]                                  at /rustc/53fd98ca776cb875bc9e5514f56b52eb74f9e7a9/library/std/src/rt.rs:62:5
[INFO] [stderr]     32:     0x56266d7656dc - main
[INFO] [stderr]     33:     0x7fa0b1af40b3 - __libc_start_main
[INFO] [stderr]     34:     0x56266d76413e - _start
[INFO] [stderr]     35:                0x0 - <unknown>
[INFO] running `Command { std: "docker" "inspect" "f54ee528f9c1d0e6691006aa2a904861bb2976989571755f30926c6779752edb", kill_on_drop: false }`
[INFO] running `Command { std: "docker" "rm" "-f" "f54ee528f9c1d0e6691006aa2a904861bb2976989571755f30926c6779752edb", kill_on_drop: false }`
[INFO] [stdout] f54ee528f9c1d0e6691006aa2a904861bb2976989571755f30926c6779752edb
