[INFO] fetching crate azure_sdk_storage_blob 0.45.3...
[INFO] testing azure_sdk_storage_blob-0.45.3 against beta-2021-08-01 for beta-1.55-1
[INFO] extracting crate azure_sdk_storage_blob 0.45.3 into /workspace/builds/worker-107/source
[INFO] validating manifest of crates.io crate azure_sdk_storage_blob 0.45.3 on toolchain beta-2021-08-01
[INFO] running `Command { std: "/workspace/cargo-home/bin/cargo" "+beta-2021-08-01" "metadata" "--manifest-path" "Cargo.toml" "--no-deps", kill_on_drop: false }`
[INFO] started tweaking crates.io crate azure_sdk_storage_blob 0.45.3
[INFO] finished tweaking crates.io crate azure_sdk_storage_blob 0.45.3
[INFO] tweaked toml for crates.io crate azure_sdk_storage_blob 0.45.3 written to /workspace/builds/worker-107/source/Cargo.toml
[INFO] crate crates.io crate azure_sdk_storage_blob 0.45.3 already has a lockfile, it will not be regenerated
[INFO] running `Command { std: "/workspace/cargo-home/bin/cargo" "+beta-2021-08-01" "fetch" "--manifest-path" "Cargo.toml", kill_on_drop: false }`
[INFO] [stderr]     Blocking waiting for file lock on package cache
[INFO] [stderr]     Blocking waiting for file lock on package cache
[INFO] running `Command { std: "docker" "create" "-v" "/var/lib/crater-agent-workspace/builds/worker-107/target:/opt/rustwide/target:rw,Z" "-v" "/var/lib/crater-agent-workspace/builds/worker-107/source:/opt/rustwide/workdir:ro,Z" "-v" "/var/lib/crater-agent-workspace/cargo-home:/opt/rustwide/cargo-home:ro,Z" "-v" "/var/lib/crater-agent-workspace/rustup-home:/opt/rustwide/rustup-home:ro,Z" "-e" "SOURCE_DIR=/opt/rustwide/workdir" "-e" "CARGO_TARGET_DIR=/opt/rustwide/target" "-e" "CARGO_HOME=/opt/rustwide/cargo-home" "-e" "RUSTUP_HOME=/opt/rustwide/rustup-home" "-w" "/opt/rustwide/workdir" "-m" "1610612736" "--user" "0:0" "--network" "none" "ghcr.io/rust-lang/crates-build-env/linux@sha256:34b6a614d2c27851fe6cbf88fbd1137609cefab8b10d0615aaeb6fd47975d74e" "/opt/rustwide/cargo-home/bin/cargo" "+beta-2021-08-01" "metadata" "--no-deps" "--format-version=1", kill_on_drop: false }`
[INFO] [stdout] 48308f53b731c53ca730166794d291f497762da08898c64c673e68a1c5029321
[INFO] running `Command { std: "docker" "start" "-a" "48308f53b731c53ca730166794d291f497762da08898c64c673e68a1c5029321", kill_on_drop: false }`
[INFO] running `Command { std: "docker" "inspect" "48308f53b731c53ca730166794d291f497762da08898c64c673e68a1c5029321", kill_on_drop: false }`
[INFO] running `Command { std: "docker" "rm" "-f" "48308f53b731c53ca730166794d291f497762da08898c64c673e68a1c5029321", kill_on_drop: false }`
[INFO] [stdout] 48308f53b731c53ca730166794d291f497762da08898c64c673e68a1c5029321
[INFO] running `Command { std: "docker" "create" "-v" "/var/lib/crater-agent-workspace/builds/worker-107/target:/opt/rustwide/target:rw,Z" "-v" "/var/lib/crater-agent-workspace/builds/worker-107/source:/opt/rustwide/workdir:ro,Z" "-v" "/var/lib/crater-agent-workspace/cargo-home:/opt/rustwide/cargo-home:ro,Z" "-v" "/var/lib/crater-agent-workspace/rustup-home:/opt/rustwide/rustup-home:ro,Z" "-e" "SOURCE_DIR=/opt/rustwide/workdir" "-e" "CARGO_TARGET_DIR=/opt/rustwide/target" "-e" "CARGO_INCREMENTAL=0" "-e" "RUST_BACKTRACE=full" "-e" "RUSTFLAGS=--cap-lints=warn" "-e" "CARGO_HOME=/opt/rustwide/cargo-home" "-e" "RUSTUP_HOME=/opt/rustwide/rustup-home" "-w" "/opt/rustwide/workdir" "-m" "1610612736" "--user" "0:0" "--network" "none" "ghcr.io/rust-lang/crates-build-env/linux@sha256:34b6a614d2c27851fe6cbf88fbd1137609cefab8b10d0615aaeb6fd47975d74e" "/opt/rustwide/cargo-home/bin/cargo" "+beta-2021-08-01" "build" "--frozen" "--message-format=json", kill_on_drop: false }`
[INFO] [stdout] d96b74597686f61168fa39401d51c45851bd912ea22b41d52d0f14427d384647
[INFO] running `Command { std: "docker" "start" "-a" "d96b74597686f61168fa39401d51c45851bd912ea22b41d52d0f14427d384647", kill_on_drop: false }`
[INFO] [stderr]     Blocking waiting for file lock on package cache
[INFO] [stderr]    Compiling libc v0.2.77
[INFO] [stderr]    Compiling proc-macro2 v1.0.21
[INFO] [stderr]    Compiling unicode-xid v0.2.1
[INFO] [stderr]    Compiling syn v1.0.40
[INFO] [stderr]    Compiling once_cell v1.4.1
[INFO] [stderr]    Compiling log v0.4.11
[INFO] [stderr]    Compiling memchr v2.3.3
[INFO] [stderr]    Compiling futures-core v0.3.5
[INFO] [stderr]    Compiling cc v1.0.59
[INFO] [stderr]    Compiling proc-macro-hack v0.5.18
[INFO] [stderr]    Compiling pin-project-internal v0.4.23
[INFO] [stderr]    Compiling futures-sink v0.3.5
[INFO] [stderr]    Compiling proc-macro-nested v0.1.6
[INFO] [stderr]    Compiling bytes v0.5.6
[INFO] [stderr]    Compiling version_check v0.9.2
[INFO] [stderr]    Compiling getrandom v0.1.15
[INFO] [stderr]    Compiling itoa v0.4.6
[INFO] [stderr]    Compiling pin-project-lite v0.1.7
[INFO] [stderr]    Compiling futures-io v0.3.5
[INFO] [stderr]    Compiling serde v1.0.115
[INFO] [stderr]    Compiling base64 v0.11.0
[INFO] [stderr]    Compiling hashbrown v0.9.0
[INFO] [stderr]    Compiling ppv-lite86 v0.2.9
[INFO] [stderr]    Compiling failure_derive v0.1.8
[INFO] [stderr]    Compiling gimli v0.22.0
[INFO] [stderr]    Compiling adler v0.2.3
[INFO] [stderr]    Compiling try-lock v0.2.3
[INFO] [stderr]    Compiling tinyvec v0.3.4
[INFO] [stderr]    Compiling object v0.20.0
[INFO] [stderr]    Compiling const_fn v0.4.2
[INFO] [stderr]    Compiling serde_json v1.0.57
[INFO] [stderr]    Compiling tower-service v0.3.0
[INFO] [stderr]    Compiling serde_derive v1.0.115
[INFO] [stderr]    Compiling openssl-probe v0.1.2
[INFO] [stderr]    Compiling xml-rs v0.8.3
[INFO] [stderr]    Compiling RustyXML v0.3.0
[INFO] [stderr]    Compiling base64 v0.12.3
[INFO] [stderr]    Compiling md5 v0.7.0
[INFO] [stderr]    Compiling futures-task v0.3.5
[INFO] [stderr]    Compiling indexmap v1.6.0
[INFO] [stderr]    Compiling num-traits v0.2.12
[INFO] [stderr]    Compiling tracing-core v0.1.16
[INFO] [stderr]    Compiling num-integer v0.1.43
[INFO] [stderr]    Compiling futures-channel v0.3.5
[INFO] [stderr]    Compiling http v0.2.1
[INFO] [stderr]    Compiling miniz_oxide v0.4.1
[INFO] [stderr]    Compiling standback v0.2.10
[INFO] [stderr]    Compiling time v0.2.18
[INFO] [stderr]    Compiling unicode-normalization v0.1.13
[INFO] [stderr]    Compiling ring v0.16.15
[INFO] [stderr]    Compiling idna v0.2.0
[INFO] [stderr]    Compiling addr2line v0.13.0
[INFO] [stderr]    Compiling http-body v0.3.1
[INFO] [stderr]    Compiling tracing v0.1.19
[INFO] [stderr]    Compiling want v0.3.0
[INFO] [stderr]    Compiling url v2.1.1
[INFO] [stderr]    Compiling quote v1.0.7
[INFO] [stderr]    Compiling net2 v0.2.35
[INFO] [stderr]    Compiling iovec v0.1.4
[INFO] [stderr]    Compiling time v0.1.44
[INFO] [stderr]    Compiling socket2 v0.3.15
[INFO] [stderr]    Compiling backtrace v0.3.50
[INFO] [stderr]    Compiling rand_core v0.5.1
[INFO] [stderr]    Compiling mio v0.6.22
[INFO] [stderr]    Compiling chrono v0.4.15
[INFO] [stderr]    Compiling rand_chacha v0.2.2
[INFO] [stderr]    Compiling rand v0.7.3
[INFO] [stderr]    Compiling uuid v0.8.1
[INFO] [stderr]    Compiling sct v0.6.0
[INFO] [stderr]    Compiling webpki v0.21.3
[INFO] [stderr]    Compiling ct-logs v0.6.0
[INFO] [stderr]    Compiling rustls v0.17.0
[INFO] [stderr]    Compiling smallvec v1.4.2
[INFO] [stderr]    Compiling synstructure v0.12.4
[INFO] [stderr]    Compiling rustls-native-certs v0.3.0
[INFO] [stderr]    Compiling futures-macro v0.3.5
[INFO] [stderr]    Compiling tokio-macros v0.2.5
[INFO] [stderr]    Compiling thiserror-impl v1.0.20
[INFO] [stderr]    Compiling time-macros-impl v0.1.1
[INFO] [stderr]    Compiling time-macros v0.1.0
[INFO] [stderr]    Compiling failure v0.1.8
[INFO] [stderr]    Compiling tokio v0.2.22
[INFO] [stderr]    Compiling thiserror v1.0.20
[INFO] [stderr]    Compiling serde-xml-rs v0.4.0
[INFO] [stderr]    Compiling pin-project v0.4.23
[INFO] [stderr]    Compiling futures-util v0.3.5
[INFO] [stderr]    Compiling tokio-util v0.3.1
[INFO] [stderr]    Compiling tokio-rustls v0.13.1
[INFO] [stderr]    Compiling h2 v0.2.6
[INFO] [stderr]    Compiling futures-executor v0.3.5
[INFO] [stderr]    Compiling futures v0.3.5
[INFO] [stderr]    Compiling hyper v0.13.7
[INFO] [stderr]    Compiling hyper-rustls v0.20.0
[INFO] [stderr]    Compiling azure_sdk_core v0.43.6
[INFO] [stderr]    Compiling azure_sdk_storage_core v0.44.3
[INFO] [stderr]    Compiling azure_sdk_storage_blob v0.45.3 (/opt/rustwide/workdir)
[INFO] [stdout] warning: unnecessary trailing semicolon
[INFO] [stdout]    --> src/container/requests/list_blobs_builder.rs:597:10
[INFO] [stdout]     |
[INFO] [stdout] 597 |         };
[INFO] [stdout]     |          ^ help: remove this semicolon
[INFO] [stdout]     |
[INFO] [stdout]     = note: `#[warn(redundant_semicolons)]` on by default
[INFO] [stdout] 
[INFO] [stdout] 
[INFO] [stdout] warning: 1 warning emitted
[INFO] [stdout] 
[INFO] [stdout] 
[INFO] [stderr]     Finished dev [unoptimized + debuginfo] target(s) in 57.77s
[INFO] running `Command { std: "docker" "inspect" "d96b74597686f61168fa39401d51c45851bd912ea22b41d52d0f14427d384647", kill_on_drop: false }`
[INFO] running `Command { std: "docker" "rm" "-f" "d96b74597686f61168fa39401d51c45851bd912ea22b41d52d0f14427d384647", kill_on_drop: false }`
[INFO] [stdout] d96b74597686f61168fa39401d51c45851bd912ea22b41d52d0f14427d384647
[INFO] running `Command { std: "docker" "create" "-v" "/var/lib/crater-agent-workspace/builds/worker-107/target:/opt/rustwide/target:rw,Z" "-v" "/var/lib/crater-agent-workspace/builds/worker-107/source:/opt/rustwide/workdir:ro,Z" "-v" "/var/lib/crater-agent-workspace/cargo-home:/opt/rustwide/cargo-home:ro,Z" "-v" "/var/lib/crater-agent-workspace/rustup-home:/opt/rustwide/rustup-home:ro,Z" "-e" "SOURCE_DIR=/opt/rustwide/workdir" "-e" "CARGO_TARGET_DIR=/opt/rustwide/target" "-e" "CARGO_INCREMENTAL=0" "-e" "RUST_BACKTRACE=full" "-e" "RUSTFLAGS=--cap-lints=warn" "-e" "CARGO_HOME=/opt/rustwide/cargo-home" "-e" "RUSTUP_HOME=/opt/rustwide/rustup-home" "-w" "/opt/rustwide/workdir" "-m" "1610612736" "--user" "0:0" "--network" "none" "ghcr.io/rust-lang/crates-build-env/linux@sha256:34b6a614d2c27851fe6cbf88fbd1137609cefab8b10d0615aaeb6fd47975d74e" "/opt/rustwide/cargo-home/bin/cargo" "+beta-2021-08-01" "test" "--frozen" "--no-run" "--message-format=json", kill_on_drop: false }`
[INFO] [stdout] 42328a28a44e08077ceabf063712cc1e0cf44f129ad93faa4531853918ac1ed2
[INFO] running `Command { std: "docker" "start" "-a" "42328a28a44e08077ceabf063712cc1e0cf44f129ad93faa4531853918ac1ed2", kill_on_drop: false }`
[INFO] [stderr]    Compiling regex-syntax v0.6.18
[INFO] [stderr]    Compiling termcolor v1.1.0
[INFO] [stderr]    Compiling thread_local v1.0.1
[INFO] [stderr]    Compiling humantime v1.3.0
[INFO] [stderr]    Compiling atty v0.2.14
[INFO] [stderr]    Compiling aho-corasick v0.7.13
[INFO] [stdout] warning: unnecessary trailing semicolon
[INFO] [stdout]    --> src/container/requests/list_blobs_builder.rs:597:10
[INFO] [stdout]     |
[INFO] [stdout] 597 |         };
[INFO] [stdout]     |          ^ help: remove this semicolon
[INFO] [stdout]     |
[INFO] [stdout]     = note: `#[warn(redundant_semicolons)]` on by default
[INFO] [stdout] 
[INFO] [stdout] 
[INFO] [stdout] warning: 1 warning emitted
[INFO] [stdout] 
[INFO] [stdout] 
[INFO] [stderr]    Compiling regex v1.3.9
[INFO] [stderr]    Compiling env_logger v0.7.1
[INFO] [stderr]    Compiling azure_sdk_storage_blob v0.45.3 (/opt/rustwide/workdir)
[INFO] [stdout] error[E0432]: unresolved import `azure_sdk_auth_aad`
[INFO] [stdout]  --> examples/blob_05_default_credential.rs:4:5
[INFO] [stdout]   |
[INFO] [stdout] 4 | use azure_sdk_auth_aad::{DefaultCredential, TokenCredential};
[INFO] [stdout]   |     ^^^^^^^^^^^^^^^^^^ use of undeclared crate or module `azure_sdk_auth_aad`
[INFO] [stdout] 
[INFO] [stdout] 
[INFO] [stdout] error: aborting due to previous error
[INFO] [stdout] 
[INFO] [stdout] 
[INFO] [stdout] For more information about this error, try `rustc --explain E0432`.
[INFO] [stdout] 
[INFO] [stderr] error: could not compile `azure_sdk_storage_blob` due to 2 previous errors
[INFO] [stderr] warning: build failed, waiting for other jobs to finish...
[INFO] [stdout] warning: function is never used: `list_blobs_box`
[INFO] [stdout]   --> examples/blob_03_boxed_client.rs:39:10
[INFO] [stdout]    |
[INFO] [stdout] 39 | async fn list_blobs_box<'a>(
[INFO] [stdout]    |          ^^^^^^^^^^^^^^
[INFO] [stdout]    |
[INFO] [stdout]    = note: `#[warn(dead_code)]` on by default
[INFO] [stdout] 
[INFO] [stdout] 
[INFO] [stdout] warning: function is never used: `list_blobs_arc`
[INFO] [stdout]   --> examples/blob_03_boxed_client.rs:53:10
[INFO] [stdout]    |
[INFO] [stdout] 53 | async fn list_blobs_arc<'a>(
[INFO] [stdout]    |          ^^^^^^^^^^^^^^
[INFO] [stdout] 
[INFO] [stdout] 
[INFO] [stdout] warning: unnecessary trailing semicolon
[INFO] [stdout]    --> src/container/requests/list_blobs_builder.rs:597:10
[INFO] [stdout]     |
[INFO] [stdout] 597 |         };
[INFO] [stdout]     |          ^ help: remove this semicolon
[INFO] [stdout]     |
[INFO] [stdout]     = note: `#[warn(redundant_semicolons)]` on by default
[INFO] [stdout] 
[INFO] [stdout] 
[INFO] [stdout] error: linking with `cc` failed: exit status: 1
[INFO] [stdout]   |
[INFO] [stdout]   = note: "cc" "-m64" "/opt/rustwide/target/debug/examples/shared_access_signature-ad575ec35ba6a956.shared_access_signature.4addcc02-cgu.0.rcgu.o" "/opt/rustwide/target/debug/examples/shared_access_signature-ad575ec35ba6a956.shared_access_signature.4addcc02-cgu.1.rcgu.o" "/opt/rustwide/target/debug/examples/shared_access_signature-ad575ec35ba6a956.shared_access_signature.4addcc02-cgu.10.rcgu.o" "/opt/rustwide/target/debug/examples/shared_access_signature-ad575ec35ba6a956.shared_access_signature.4addcc02-cgu.11.rcgu.o" "/opt/rustwide/target/debug/examples/shared_access_signature-ad575ec35ba6a956.shared_access_signature.4addcc02-cgu.12.rcgu.o" "/opt/rustwide/target/debug/examples/shared_access_signature-ad575ec35ba6a956.shared_access_signature.4addcc02-cgu.13.rcgu.o" "/opt/rustwide/target/debug/examples/shared_access_signature-ad575ec35ba6a956.shared_access_signature.4addcc02-cgu.14.rcgu.o" "/opt/rustwide/target/debug/examples/shared_access_signature-ad575ec35ba6a956.shared_access_signature.4addcc02-cgu.15.rcgu.o" "/opt/rustwide/target/debug/examples/shared_access_signature-ad575ec35ba6a956.shared_access_signature.4addcc02-cgu.2.rcgu.o" "/opt/rustwide/target/debug/examples/shared_access_signature-ad575ec35ba6a956.shared_access_signature.4addcc02-cgu.3.rcgu.o" "/opt/rustwide/target/debug/examples/shared_access_signature-ad575ec35ba6a956.shared_access_signature.4addcc02-cgu.4.rcgu.o" "/opt/rustwide/target/debug/examples/shared_access_signature-ad575ec35ba6a956.shared_access_signature.4addcc02-cgu.5.rcgu.o" "/opt/rustwide/target/debug/examples/shared_access_signature-ad575ec35ba6a956.shared_access_signature.4addcc02-cgu.6.rcgu.o" "/opt/rustwide/target/debug/examples/shared_access_signature-ad575ec35ba6a956.shared_access_signature.4addcc02-cgu.7.rcgu.o" "/opt/rustwide/target/debug/examples/shared_access_signature-ad575ec35ba6a956.shared_access_signature.4addcc02-cgu.8.rcgu.o" "/opt/rustwide/target/debug/examples/shared_access_signature-ad575ec35ba6a956.shared_access_signature.4addcc02-cgu.9.rcgu.o" "/opt/rustwide/target/debug/examples/shared_access_signature-ad575ec35ba6a956.4d4outeujylrpwhr.rcgu.o" "-Wl,--as-needed" "-L" "/opt/rustwide/target/debug/deps" "-L" "/opt/rustwide/target/debug/build/ring-c69e52208588389b/out" "-L" "/opt/rustwide/rustup-home/toolchains/beta-2021-08-01-x86_64-unknown-linux-gnu/lib/rustlib/x86_64-unknown-linux-gnu/lib" "-Wl,-Bstatic" "/opt/rustwide/target/debug/deps/libenv_logger-ef6a447e8b5527a4.rlib" "/opt/rustwide/target/debug/deps/libtermcolor-3aba0a29031a465a.rlib" "/opt/rustwide/target/debug/deps/libatty-4ebeec22af442883.rlib" "/opt/rustwide/target/debug/deps/libhumantime-948ffd822b1013e1.rlib" "/opt/rustwide/target/debug/deps/libregex-c5c7ffe18d5aca01.rlib" "/opt/rustwide/target/debug/deps/libthread_local-3b926810dda75ea6.rlib" "/opt/rustwide/target/debug/deps/libregex_syntax-a8678468cb8b8804.rlib" "/opt/rustwide/target/debug/deps/libaho_corasick-4c9f51f146aec7c2.rlib" "/opt/rustwide/target/debug/deps/libazure_sdk_storage_blob-64dd9a98ae46d967.rlib" "/opt/rustwide/target/debug/deps/libmd5-86a9791c86aa087a.rlib" "/opt/rustwide/target/debug/deps/libfutures-f01a7272b888bed9.rlib" "/opt/rustwide/target/debug/deps/libfutures_executor-23a223919b129b3b.rlib" "/opt/rustwide/target/debug/deps/libazure_sdk_storage_core-b2fba9f4410b595a.rlib" "/opt/rustwide/target/debug/deps/libazure_sdk_core-c378a1195a0b3558.rlib" "/opt/rustwide/target/debug/deps/libhyper_rustls-47cb5c99b6afd0c6.rlib" "/opt/rustwide/target/debug/deps/libct_logs-8d2a682508c00c2e.rlib" "/opt/rustwide/target/debug/deps/librustls_native_certs-ed44b72c7f1a7b3d.rlib" "/opt/rustwide/target/debug/deps/libopenssl_probe-f1937205362a8d90.rlib" "/opt/rustwide/target/debug/deps/libtokio_rustls-7ff98707c757c9af.rlib" "/opt/rustwide/target/debug/deps/librustls-23035ee79de07710.rlib" "/opt/rustwide/target/debug/deps/libbase64-0d2aad4fee02048d.rlib" "/opt/rustwide/target/debug/deps/libsct-3e411bda2fe58d13.rlib" "/opt/rustwide/target/debug/deps/libwebpki-c7207e04ce5cfe89.rlib" "/opt/rustwide/target/debug/deps/libring-19ac5cd583f5c283.rlib" "/opt/rustwide/target/debug/deps/libspin-501a55ee73b26019.rlib" "/opt/rustwide/target/debug/deps/libuntrusted-d08bd4e05ed18bd5.rlib" "/opt/rustwide/target/debug/deps/libfailure-3bbac52cb8d3955c.rlib" "/opt/rustwide/target/debug/deps/libbacktrace-b02edcb972db6dbb.rlib" "/opt/rustwide/target/debug/deps/libminiz_oxide-2f6c4e3e167ca28a.rlib" "/opt/rustwide/target/debug/deps/libadler-7d40de1733bfd30c.rlib" "/opt/rustwide/target/debug/deps/libobject-8ad195d958fb02e1.rlib" "/opt/rustwide/target/debug/deps/libaddr2line-f2b2b8573afacfd5.rlib" "/opt/rustwide/target/debug/deps/libgimli-eb98071773c62fc6.rlib" "/opt/rustwide/target/debug/deps/librustc_demangle-e1f96c1a6b5a5723.rlib" "/opt/rustwide/target/debug/deps/libxml-ffa78002b3814aa7.rlib" "/opt/rustwide/target/debug/deps/libuuid-957b50bb52fb5061.rlib" "/opt/rustwide/target/debug/deps/librand-f84bf6124acaa6cf.rlib" "/opt/rustwide/target/debug/deps/librand_chacha-96e4eae0887a3e9a.rlib" "/opt/rustwide/target/debug/deps/libppv_lite86-874c5fb9ecf298b2.rlib" "/opt/rustwide/target/debug/deps/librand_core-131b5ea5efc8ed30.rlib" "/opt/rustwide/target/debug/deps/libgetrandom-0e583c67bffcb0b6.rlib" "/opt/rustwide/target/debug/deps/liburl-e395f89609cda955.rlib" "/opt/rustwide/target/debug/deps/libpercent_encoding-f9199a68e8c135fc.rlib" "/opt/rustwide/target/debug/deps/libidna-15893242e4e660bf.rlib" "/opt/rustwide/target/debug/deps/libunicode_normalization-e051a8bd6501f74f.rlib" "/opt/rustwide/target/debug/deps/libtinyvec-422dadaf16bf6188.rlib" "/opt/rustwide/target/debug/deps/libunicode_bidi-f649dd84372809b8.rlib" "/opt/rustwide/target/debug/deps/libmatches-9cfb84f2ef24c6e0.rlib" "/opt/rustwide/target/debug/deps/libserde_xml_rs-6c017aad62cc082e.rlib" "/opt/rustwide/target/debug/deps/libthiserror-a95c1b568d90e637.rlib" "/opt/rustwide/target/debug/deps/libxml-61bf2cbcdcf2f9b9.rlib" "/opt/rustwide/target/debug/deps/libserde_json-f20bbd990a7e384a.rlib" "/opt/rustwide/target/debug/deps/libryu-58d6bdbbdb00e196.rlib" "/opt/rustwide/target/debug/deps/libserde-baedeeb8a5f55f50.rlib" "/opt/rustwide/target/debug/deps/libhyper-f8fd836ea610228f.rlib" "/opt/rustwide/target/debug/deps/libhttparse-d8040f65969a670a.rlib" "/opt/rustwide/target/debug/deps/libwant-f5713fbf76e38605.rlib" "/opt/rustwide/target/debug/deps/libtry_lock-5413453539618953.rlib" "/opt/rustwide/target/debug/deps/libh2-d589735f0567ecc5.rlib" "/opt/rustwide/target/debug/deps/libindexmap-fdf32a6e9f12dfde.rlib" "/opt/rustwide/target/debug/deps/libhashbrown-957c79dcd9012c9d.rlib" "/opt/rustwide/target/debug/deps/libtokio_util-dde65f809f1b8671.rlib" "/opt/rustwide/target/debug/deps/libsocket2-c9d268c01c00003f.rlib" "/opt/rustwide/target/debug/deps/libtower_service-c947f102bbfcbd85.rlib" "/opt/rustwide/target/debug/deps/libhttp_body-a087d5c9cecc35e3.rlib" "/opt/rustwide/target/debug/deps/libfutures_util-80af41723b4b0b50.rlib" "/opt/rustwide/target/debug/deps/libproc_macro_nested-4a76d1c7a7607881.rlib" "/opt/rustwide/target/debug/deps/libfutures_io-5447ac9674c901dc.rlib" "/opt/rustwide/target/debug/deps/libfutures_channel-2cfc8fd8e29bff80.rlib" "/opt/rustwide/target/debug/deps/libfutures_sink-1420ac800a86f8ac.rlib" "/opt/rustwide/target/debug/deps/libfutures_task-97113829a069e80f.rlib" "/opt/rustwide/target/debug/deps/libonce_cell-ab55a2a7d83ef7a2.rlib" "/opt/rustwide/target/debug/deps/libpin_utils-0d9ad188af5be84f.rlib" "/opt/rustwide/target/debug/deps/libtokio-e641426d763dd8ca.rlib" "/opt/rustwide/target/debug/deps/libmemchr-471a0917c9740522.rlib" "/opt/rustwide/target/debug/deps/libmio-03d231e184150edd.rlib" "/opt/rustwide/target/debug/deps/libslab-19bed823898320f8.rlib" "/opt/rustwide/target/debug/deps/libiovec-c42988f1dd8aa46a.rlib" "/opt/rustwide/target/debug/deps/libnet2-13b135aed638da8f.rlib" "/opt/rustwide/target/debug/deps/libfutures_core-4f8bc554a16e75d5.rlib" "/opt/rustwide/target/debug/deps/libpin_project_lite-f64473e90218eeb7.rlib" "/opt/rustwide/target/debug/deps/libpin_project-c619e136c4af0455.rlib" "/opt/rustwide/target/debug/deps/libtracing-0a648d0599e19f01.rlib" "/opt/rustwide/target/debug/deps/libtracing_core-04d9f9a64d4412a4.rlib" "/opt/rustwide/target/debug/deps/liblazy_static-e92083d5a39a8b50.rlib" "/opt/rustwide/target/debug/deps/libhttp-0b4604abb36bbf39.rlib" "/opt/rustwide/target/debug/deps/libitoa-3b3a95f8ba6296b3.rlib" "/opt/rustwide/target/debug/deps/libbytes-91dab7f8d12d1514.rlib" "/opt/rustwide/target/debug/deps/libfnv-059813dc4f8dd4c8.rlib" "/opt/rustwide/target/debug/deps/libchrono-5ad260ed726509a6.rlib" "/opt/rustwide/target/debug/deps/libnum_integer-191ece2406846b5e.rlib" "/opt/rustwide/target/debug/deps/libnum_traits-d0f47a55fa49d048.rlib" "/opt/rustwide/target/debug/deps/libtime-91b0adf5c183b49e.rlib" "/opt/rustwide/target/debug/deps/liblibc-4d405012f8a2d9b3.rlib" "/opt/rustwide/target/debug/deps/libbase64-ff54734e33e360e9.rlib" "/opt/rustwide/target/debug/deps/libquick_error-9b86aa0409ef900d.rlib" "/opt/rustwide/target/debug/deps/liblog-cfad8b3f08736a8f.rlib" "/opt/rustwide/target/debug/deps/libcfg_if-ffb7f11ad1437080.rlib" "-Wl,--start-group" "/opt/rustwide/rustup-home/toolchains/beta-2021-08-01-x86_64-unknown-linux-gnu/lib/rustlib/x86_64-unknown-linux-gnu/lib/libstd-197d933f09d9a590.rlib" "/opt/rustwide/rustup-home/toolchains/beta-2021-08-01-x86_64-unknown-linux-gnu/lib/rustlib/x86_64-unknown-linux-gnu/lib/libpanic_unwind-46a006cddfd334f0.rlib" "/opt/rustwide/rustup-home/toolchains/beta-2021-08-01-x86_64-unknown-linux-gnu/lib/rustlib/x86_64-unknown-linux-gnu/lib/libminiz_oxide-5b9870310e470b38.rlib" "/opt/rustwide/rustup-home/toolchains/beta-2021-08-01-x86_64-unknown-linux-gnu/lib/rustlib/x86_64-unknown-linux-gnu/lib/libadler-260022ba8f1ab4ee.rlib" "/opt/rustwide/rustup-home/toolchains/beta-2021-08-01-x86_64-unknown-linux-gnu/lib/rustlib/x86_64-unknown-linux-gnu/lib/libobject-71377435a799394f.rlib" "/opt/rustwide/rustup-home/toolchains/beta-2021-08-01-x86_64-unknown-linux-gnu/lib/rustlib/x86_64-unknown-linux-gnu/lib/libaddr2line-658ee5924fde57cd.rlib" "/opt/rustwide/rustup-home/toolchains/beta-2021-08-01-x86_64-unknown-linux-gnu/lib/rustlib/x86_64-unknown-linux-gnu/lib/libgimli-9e8627da6bd1b94a.rlib" "/opt/rustwide/rustup-home/toolchains/beta-2021-08-01-x86_64-unknown-linux-gnu/lib/rustlib/x86_64-unknown-linux-gnu/lib/libstd_detect-19fdaac49f59be84.rlib" "/opt/rustwide/rustup-home/toolchains/beta-2021-08-01-x86_64-unknown-linux-gnu/lib/rustlib/x86_64-unknown-linux-gnu/lib/librustc_demangle-cb00e2691ea45905.rlib" "/opt/rustwide/rustup-home/toolchains/beta-2021-08-01-x86_64-unknown-linux-gnu/lib/rustlib/x86_64-unknown-linux-gnu/lib/libhashbrown-50f6726defae5ae1.rlib" "/opt/rustwide/rustup-home/toolchains/beta-2021-08-01-x86_64-unknown-linux-gnu/lib/rustlib/x86_64-unknown-linux-gnu/lib/librustc_std_workspace_alloc-2afc16311deea26e.rlib" "/opt/rustwide/rustup-home/toolchains/beta-2021-08-01-x86_64-unknown-linux-gnu/lib/rustlib/x86_64-unknown-linux-gnu/lib/libunwind-bb5cb0fe086ee8cf.rlib" "/opt/rustwide/rustup-home/toolchains/beta-2021-08-01-x86_64-unknown-linux-gnu/lib/rustlib/x86_64-unknown-linux-gnu/lib/libcfg_if-896053247b5dfd0b.rlib" "/opt/rustwide/rustup-home/toolchains/beta-2021-08-01-x86_64-unknown-linux-gnu/lib/rustlib/x86_64-unknown-linux-gnu/lib/liblibc-735e1f2ac3cf23be.rlib" "/opt/rustwide/rustup-home/toolchains/beta-2021-08-01-x86_64-unknown-linux-gnu/lib/rustlib/x86_64-unknown-linux-gnu/lib/liballoc-9dfb6622644c732c.rlib" "/opt/rustwide/rustup-home/toolchains/beta-2021-08-01-x86_64-unknown-linux-gnu/lib/rustlib/x86_64-unknown-linux-gnu/lib/librustc_std_workspace_core-beea7d9617fe25c5.rlib" "/opt/rustwide/rustup-home/toolchains/beta-2021-08-01-x86_64-unknown-linux-gnu/lib/rustlib/x86_64-unknown-linux-gnu/lib/libcore-8ef7dd43fc671f88.rlib" "-Wl,--end-group" "/opt/rustwide/rustup-home/toolchains/beta-2021-08-01-x86_64-unknown-linux-gnu/lib/rustlib/x86_64-unknown-linux-gnu/lib/libcompiler_builtins-a9a3b2ad67977f47.rlib" "-Wl,-Bdynamic" "-lutil" "-ldl" "-lutil" "-lgcc_s" "-lutil" "-lrt" "-lpthread" "-lm" "-ldl" "-lc" "-Wl,--eh-frame-hdr" "-Wl,-znoexecstack" "-L" "/opt/rustwide/rustup-home/toolchains/beta-2021-08-01-x86_64-unknown-linux-gnu/lib/rustlib/x86_64-unknown-linux-gnu/lib" "-o" "/opt/rustwide/target/debug/examples/shared_access_signature-ad575ec35ba6a956" "-Wl,--gc-sections" "-pie" "-Wl,-zrelro" "-Wl,-znow" "-nodefaultlibs"
[INFO] [stdout]   = note: collect2: fatal error: ld terminated with signal 9 [Killed]
[INFO] [stdout]           compilation terminated.
[INFO] [stdout]           
[INFO] [stdout] 
[INFO] [stdout] 
[INFO] [stdout] error: aborting due to previous error
[INFO] [stdout] 
[INFO] [stdout] 
[INFO] [stdout] error: linking with `cc` failed: exit status: 1
[INFO] [stdout]   |
[INFO] [stdout]   = note: "cc" "-m64" "/opt/rustwide/target/debug/examples/count_blobs-5518f60fd001caae.count_blobs.2cb52de5-cgu.0.rcgu.o" "/opt/rustwide/target/debug/examples/count_blobs-5518f60fd001caae.count_blobs.2cb52de5-cgu.1.rcgu.o" "/opt/rustwide/target/debug/examples/count_blobs-5518f60fd001caae.count_blobs.2cb52de5-cgu.10.rcgu.o" "/opt/rustwide/target/debug/examples/count_blobs-5518f60fd001caae.count_blobs.2cb52de5-cgu.11.rcgu.o" "/opt/rustwide/target/debug/examples/count_blobs-5518f60fd001caae.count_blobs.2cb52de5-cgu.12.rcgu.o" "/opt/rustwide/target/debug/examples/count_blobs-5518f60fd001caae.count_blobs.2cb52de5-cgu.13.rcgu.o" "/opt/rustwide/target/debug/examples/count_blobs-5518f60fd001caae.count_blobs.2cb52de5-cgu.14.rcgu.o" "/opt/rustwide/target/debug/examples/count_blobs-5518f60fd001caae.count_blobs.2cb52de5-cgu.15.rcgu.o" "/opt/rustwide/target/debug/examples/count_blobs-5518f60fd001caae.count_blobs.2cb52de5-cgu.2.rcgu.o" "/opt/rustwide/target/debug/examples/count_blobs-5518f60fd001caae.count_blobs.2cb52de5-cgu.3.rcgu.o" "/opt/rustwide/target/debug/examples/count_blobs-5518f60fd001caae.count_blobs.2cb52de5-cgu.4.rcgu.o" "/opt/rustwide/target/debug/examples/count_blobs-5518f60fd001caae.count_blobs.2cb52de5-cgu.5.rcgu.o" "/opt/rustwide/target/debug/examples/count_blobs-5518f60fd001caae.count_blobs.2cb52de5-cgu.6.rcgu.o" "/opt/rustwide/target/debug/examples/count_blobs-5518f60fd001caae.count_blobs.2cb52de5-cgu.7.rcgu.o" "/opt/rustwide/target/debug/examples/count_blobs-5518f60fd001caae.count_blobs.2cb52de5-cgu.8.rcgu.o" "/opt/rustwide/target/debug/examples/count_blobs-5518f60fd001caae.count_blobs.2cb52de5-cgu.9.rcgu.o" "/opt/rustwide/target/debug/examples/count_blobs-5518f60fd001caae.2etwwwm3cc72gzob.rcgu.o" "-Wl,--as-needed" "-L" "/opt/rustwide/target/debug/deps" "-L" "/opt/rustwide/target/debug/build/ring-c69e52208588389b/out" "-L" "/opt/rustwide/rustup-home/toolchains/beta-2021-08-01-x86_64-unknown-linux-gnu/lib/rustlib/x86_64-unknown-linux-gnu/lib" "-Wl,-Bstatic" "/opt/rustwide/target/debug/deps/libazure_sdk_storage_blob-64dd9a98ae46d967.rlib" "/opt/rustwide/target/debug/deps/libmd5-86a9791c86aa087a.rlib" "/opt/rustwide/target/debug/deps/libfutures-f01a7272b888bed9.rlib" "/opt/rustwide/target/debug/deps/libfutures_executor-23a223919b129b3b.rlib" "/opt/rustwide/target/debug/deps/libazure_sdk_storage_core-b2fba9f4410b595a.rlib" "/opt/rustwide/target/debug/deps/libazure_sdk_core-c378a1195a0b3558.rlib" "/opt/rustwide/target/debug/deps/libhyper_rustls-47cb5c99b6afd0c6.rlib" "/opt/rustwide/target/debug/deps/libct_logs-8d2a682508c00c2e.rlib" "/opt/rustwide/target/debug/deps/librustls_native_certs-ed44b72c7f1a7b3d.rlib" "/opt/rustwide/target/debug/deps/libopenssl_probe-f1937205362a8d90.rlib" "/opt/rustwide/target/debug/deps/libtokio_rustls-7ff98707c757c9af.rlib" "/opt/rustwide/target/debug/deps/librustls-23035ee79de07710.rlib" "/opt/rustwide/target/debug/deps/libbase64-0d2aad4fee02048d.rlib" "/opt/rustwide/target/debug/deps/libsct-3e411bda2fe58d13.rlib" "/opt/rustwide/target/debug/deps/libwebpki-c7207e04ce5cfe89.rlib" "/opt/rustwide/target/debug/deps/libring-19ac5cd583f5c283.rlib" "/opt/rustwide/target/debug/deps/libspin-501a55ee73b26019.rlib" "/opt/rustwide/target/debug/deps/libuntrusted-d08bd4e05ed18bd5.rlib" "/opt/rustwide/target/debug/deps/libfailure-3bbac52cb8d3955c.rlib" "/opt/rustwide/target/debug/deps/libbacktrace-b02edcb972db6dbb.rlib" "/opt/rustwide/target/debug/deps/libminiz_oxide-2f6c4e3e167ca28a.rlib" "/opt/rustwide/target/debug/deps/libadler-7d40de1733bfd30c.rlib" "/opt/rustwide/target/debug/deps/libobject-8ad195d958fb02e1.rlib" "/opt/rustwide/target/debug/deps/libaddr2line-f2b2b8573afacfd5.rlib" "/opt/rustwide/target/debug/deps/libgimli-eb98071773c62fc6.rlib" "/opt/rustwide/target/debug/deps/librustc_demangle-e1f96c1a6b5a5723.rlib" "/opt/rustwide/target/debug/deps/libxml-ffa78002b3814aa7.rlib" "/opt/rustwide/target/debug/deps/libuuid-957b50bb52fb5061.rlib" "/opt/rustwide/target/debug/deps/librand-f84bf6124acaa6cf.rlib" "/opt/rustwide/target/debug/deps/librand_chacha-96e4eae0887a3e9a.rlib" "/opt/rustwide/target/debug/deps/libppv_lite86-874c5fb9ecf298b2.rlib" "/opt/rustwide/target/debug/deps/librand_core-131b5ea5efc8ed30.rlib" "/opt/rustwide/target/debug/deps/libgetrandom-0e583c67bffcb0b6.rlib" "/opt/rustwide/target/debug/deps/liburl-e395f89609cda955.rlib" "/opt/rustwide/target/debug/deps/libpercent_encoding-f9199a68e8c135fc.rlib" "/opt/rustwide/target/debug/deps/libidna-15893242e4e660bf.rlib" "/opt/rustwide/target/debug/deps/libunicode_normalization-e051a8bd6501f74f.rlib" "/opt/rustwide/target/debug/deps/libtinyvec-422dadaf16bf6188.rlib" "/opt/rustwide/target/debug/deps/libunicode_bidi-f649dd84372809b8.rlib" "/opt/rustwide/target/debug/deps/libmatches-9cfb84f2ef24c6e0.rlib" "/opt/rustwide/target/debug/deps/libserde_xml_rs-6c017aad62cc082e.rlib" "/opt/rustwide/target/debug/deps/libthiserror-a95c1b568d90e637.rlib" "/opt/rustwide/target/debug/deps/libxml-61bf2cbcdcf2f9b9.rlib" "/opt/rustwide/target/debug/deps/libserde_json-f20bbd990a7e384a.rlib" "/opt/rustwide/target/debug/deps/libryu-58d6bdbbdb00e196.rlib" "/opt/rustwide/target/debug/deps/libserde-baedeeb8a5f55f50.rlib" "/opt/rustwide/target/debug/deps/libhyper-f8fd836ea610228f.rlib" "/opt/rustwide/target/debug/deps/libhttparse-d8040f65969a670a.rlib" "/opt/rustwide/target/debug/deps/libwant-f5713fbf76e38605.rlib" "/opt/rustwide/target/debug/deps/libtry_lock-5413453539618953.rlib" "/opt/rustwide/target/debug/deps/libh2-d589735f0567ecc5.rlib" "/opt/rustwide/target/debug/deps/libindexmap-fdf32a6e9f12dfde.rlib" "/opt/rustwide/target/debug/deps/libhashbrown-957c79dcd9012c9d.rlib" "/opt/rustwide/target/debug/deps/libtokio_util-dde65f809f1b8671.rlib" "/opt/rustwide/target/debug/deps/libsocket2-c9d268c01c00003f.rlib" "/opt/rustwide/target/debug/deps/libtower_service-c947f102bbfcbd85.rlib" "/opt/rustwide/target/debug/deps/libhttp_body-a087d5c9cecc35e3.rlib" "/opt/rustwide/target/debug/deps/libfutures_util-80af41723b4b0b50.rlib" "/opt/rustwide/target/debug/deps/libproc_macro_nested-4a76d1c7a7607881.rlib" "/opt/rustwide/target/debug/deps/libfutures_io-5447ac9674c901dc.rlib" "/opt/rustwide/target/debug/deps/libfutures_channel-2cfc8fd8e29bff80.rlib" "/opt/rustwide/target/debug/deps/libfutures_sink-1420ac800a86f8ac.rlib" "/opt/rustwide/target/debug/deps/libfutures_task-97113829a069e80f.rlib" "/opt/rustwide/target/debug/deps/libonce_cell-ab55a2a7d83ef7a2.rlib" "/opt/rustwide/target/debug/deps/libpin_utils-0d9ad188af5be84f.rlib" "/opt/rustwide/target/debug/deps/libtokio-e641426d763dd8ca.rlib" "/opt/rustwide/target/debug/deps/libmemchr-471a0917c9740522.rlib" "/opt/rustwide/target/debug/deps/libmio-03d231e184150edd.rlib" "/opt/rustwide/target/debug/deps/libslab-19bed823898320f8.rlib" "/opt/rustwide/target/debug/deps/libiovec-c42988f1dd8aa46a.rlib" "/opt/rustwide/target/debug/deps/libnet2-13b135aed638da8f.rlib" "/opt/rustwide/target/debug/deps/libfutures_core-4f8bc554a16e75d5.rlib" "/opt/rustwide/target/debug/deps/libpin_project_lite-f64473e90218eeb7.rlib" "/opt/rustwide/target/debug/deps/libpin_project-c619e136c4af0455.rlib" "/opt/rustwide/target/debug/deps/libtracing-0a648d0599e19f01.rlib" "/opt/rustwide/target/debug/deps/libtracing_core-04d9f9a64d4412a4.rlib" "/opt/rustwide/target/debug/deps/liblazy_static-e92083d5a39a8b50.rlib" "/opt/rustwide/target/debug/deps/libhttp-0b4604abb36bbf39.rlib" "/opt/rustwide/target/debug/deps/libitoa-3b3a95f8ba6296b3.rlib" "/opt/rustwide/target/debug/deps/libbytes-91dab7f8d12d1514.rlib" "/opt/rustwide/target/debug/deps/libfnv-059813dc4f8dd4c8.rlib" "/opt/rustwide/target/debug/deps/libchrono-5ad260ed726509a6.rlib" "/opt/rustwide/target/debug/deps/libnum_integer-191ece2406846b5e.rlib" "/opt/rustwide/target/debug/deps/libnum_traits-d0f47a55fa49d048.rlib" "/opt/rustwide/target/debug/deps/libtime-91b0adf5c183b49e.rlib" "/opt/rustwide/target/debug/deps/liblibc-4d405012f8a2d9b3.rlib" "/opt/rustwide/target/debug/deps/libbase64-ff54734e33e360e9.rlib" "/opt/rustwide/target/debug/deps/libquick_error-9b86aa0409ef900d.rlib" "/opt/rustwide/target/debug/deps/liblog-cfad8b3f08736a8f.rlib" "/opt/rustwide/target/debug/deps/libcfg_if-ffb7f11ad1437080.rlib" "-Wl,--start-group" "/opt/rustwide/rustup-home/toolchains/beta-2021-08-01-x86_64-unknown-linux-gnu/lib/rustlib/x86_64-unknown-linux-gnu/lib/libstd-197d933f09d9a590.rlib" "/opt/rustwide/rustup-home/toolchains/beta-2021-08-01-x86_64-unknown-linux-gnu/lib/rustlib/x86_64-unknown-linux-gnu/lib/libpanic_unwind-46a006cddfd334f0.rlib" "/opt/rustwide/rustup-home/toolchains/beta-2021-08-01-x86_64-unknown-linux-gnu/lib/rustlib/x86_64-unknown-linux-gnu/lib/libminiz_oxide-5b9870310e470b38.rlib" "/opt/rustwide/rustup-home/toolchains/beta-2021-08-01-x86_64-unknown-linux-gnu/lib/rustlib/x86_64-unknown-linux-gnu/lib/libadler-260022ba8f1ab4ee.rlib" "/opt/rustwide/rustup-home/toolchains/beta-2021-08-01-x86_64-unknown-linux-gnu/lib/rustlib/x86_64-unknown-linux-gnu/lib/libobject-71377435a799394f.rlib" "/opt/rustwide/rustup-home/toolchains/beta-2021-08-01-x86_64-unknown-linux-gnu/lib/rustlib/x86_64-unknown-linux-gnu/lib/libaddr2line-658ee5924fde57cd.rlib" "/opt/rustwide/rustup-home/toolchains/beta-2021-08-01-x86_64-unknown-linux-gnu/lib/rustlib/x86_64-unknown-linux-gnu/lib/libgimli-9e8627da6bd1b94a.rlib" "/opt/rustwide/rustup-home/toolchains/beta-2021-08-01-x86_64-unknown-linux-gnu/lib/rustlib/x86_64-unknown-linux-gnu/lib/libstd_detect-19fdaac49f59be84.rlib" "/opt/rustwide/rustup-home/toolchains/beta-2021-08-01-x86_64-unknown-linux-gnu/lib/rustlib/x86_64-unknown-linux-gnu/lib/librustc_demangle-cb00e2691ea45905.rlib" "/opt/rustwide/rustup-home/toolchains/beta-2021-08-01-x86_64-unknown-linux-gnu/lib/rustlib/x86_64-unknown-linux-gnu/lib/libhashbrown-50f6726defae5ae1.rlib" "/opt/rustwide/rustup-home/toolchains/beta-2021-08-01-x86_64-unknown-linux-gnu/lib/rustlib/x86_64-unknown-linux-gnu/lib/librustc_std_workspace_alloc-2afc16311deea26e.rlib" "/opt/rustwide/rustup-home/toolchains/beta-2021-08-01-x86_64-unknown-linux-gnu/lib/rustlib/x86_64-unknown-linux-gnu/lib/libunwind-bb5cb0fe086ee8cf.rlib" "/opt/rustwide/rustup-home/toolchains/beta-2021-08-01-x86_64-unknown-linux-gnu/lib/rustlib/x86_64-unknown-linux-gnu/lib/libcfg_if-896053247b5dfd0b.rlib" "/opt/rustwide/rustup-home/toolchains/beta-2021-08-01-x86_64-unknown-linux-gnu/lib/rustlib/x86_64-unknown-linux-gnu/lib/liblibc-735e1f2ac3cf23be.rlib" "/opt/rustwide/rustup-home/toolchains/beta-2021-08-01-x86_64-unknown-linux-gnu/lib/rustlib/x86_64-unknown-linux-gnu/lib/liballoc-9dfb6622644c732c.rlib" "/opt/rustwide/rustup-home/toolchains/beta-2021-08-01-x86_64-unknown-linux-gnu/lib/rustlib/x86_64-unknown-linux-gnu/lib/librustc_std_workspace_core-beea7d9617fe25c5.rlib" "/opt/rustwide/rustup-home/toolchains/beta-2021-08-01-x86_64-unknown-linux-gnu/lib/rustlib/x86_64-unknown-linux-gnu/lib/libcore-8ef7dd43fc671f88.rlib" "-Wl,--end-group" "/opt/rustwide/rustup-home/toolchains/beta-2021-08-01-x86_64-unknown-linux-gnu/lib/rustlib/x86_64-unknown-linux-gnu/lib/libcompiler_builtins-a9a3b2ad67977f47.rlib" "-Wl,-Bdynamic" "-lutil" "-ldl" "-lutil" "-lgcc_s" "-lutil" "-lrt" "-lpthread" "-lm" "-ldl" "-lc" "-Wl,--eh-frame-hdr" "-Wl,-znoexecstack" "-L" "/opt/rustwide/rustup-home/toolchains/beta-2021-08-01-x86_64-unknown-linux-gnu/lib/rustlib/x86_64-unknown-linux-gnu/lib" "-o" "/opt/rustwide/target/debug/examples/count_blobs-5518f60fd001caae" "-Wl,--gc-sections" "-pie" "-Wl,-zrelro" "-Wl,-znow" "-nodefaultlibs"
[INFO] [stdout]   = note: collect2: fatal error: ld terminated with signal 9 [Killed]
[INFO] [stdout]           compilation terminated.
[INFO] [stdout]           
[INFO] [stdout] 
[INFO] [stdout] 
[INFO] [stdout] error: aborting due to previous error
[INFO] [stdout] 
[INFO] [stdout] 
[INFO] [stderr] error: build failed
[INFO] running `Command { std: "docker" "inspect" "42328a28a44e08077ceabf063712cc1e0cf44f129ad93faa4531853918ac1ed2", kill_on_drop: false }`
[INFO] running `Command { std: "docker" "rm" "-f" "42328a28a44e08077ceabf063712cc1e0cf44f129ad93faa4531853918ac1ed2", kill_on_drop: false }`
[INFO] [stdout] 42328a28a44e08077ceabf063712cc1e0cf44f129ad93faa4531853918ac1ed2
