[INFO] fetching crate azure_sdk_cosmos 0.100.3...
[INFO] testing azure_sdk_cosmos-0.100.3 against 1.54.0 for beta-1.55-1
[INFO] extracting crate azure_sdk_cosmos 0.100.3 into /workspace/builds/worker-50/source
[INFO] validating manifest of crates.io crate azure_sdk_cosmos 0.100.3 on toolchain 1.54.0
[INFO] running `Command { std: "/workspace/cargo-home/bin/cargo" "+1.54.0" "metadata" "--manifest-path" "Cargo.toml" "--no-deps", kill_on_drop: false }`
[INFO] started tweaking crates.io crate azure_sdk_cosmos 0.100.3
[INFO] finished tweaking crates.io crate azure_sdk_cosmos 0.100.3
[INFO] tweaked toml for crates.io crate azure_sdk_cosmos 0.100.3 written to /workspace/builds/worker-50/source/Cargo.toml
[INFO] crate crates.io crate azure_sdk_cosmos 0.100.3 already has a lockfile, it will not be regenerated
[INFO] running `Command { std: "/workspace/cargo-home/bin/cargo" "+1.54.0" "fetch" "--manifest-path" "Cargo.toml", kill_on_drop: false }`
[INFO] running `Command { std: "docker" "create" "-v" "/var/lib/crater-agent-workspace/builds/worker-50/target:/opt/rustwide/target:rw,Z" "-v" "/var/lib/crater-agent-workspace/builds/worker-50/source:/opt/rustwide/workdir:ro,Z" "-v" "/var/lib/crater-agent-workspace/cargo-home:/opt/rustwide/cargo-home:ro,Z" "-v" "/var/lib/crater-agent-workspace/rustup-home:/opt/rustwide/rustup-home:ro,Z" "-e" "SOURCE_DIR=/opt/rustwide/workdir" "-e" "CARGO_TARGET_DIR=/opt/rustwide/target" "-e" "CARGO_HOME=/opt/rustwide/cargo-home" "-e" "RUSTUP_HOME=/opt/rustwide/rustup-home" "-w" "/opt/rustwide/workdir" "-m" "1610612736" "--user" "0:0" "--network" "none" "ghcr.io/rust-lang/crates-build-env/linux@sha256:34b6a614d2c27851fe6cbf88fbd1137609cefab8b10d0615aaeb6fd47975d74e" "/opt/rustwide/cargo-home/bin/cargo" "+1.54.0" "metadata" "--no-deps" "--format-version=1", kill_on_drop: false }`
[INFO] [stdout] 936411de12470c673d30af0756bd14d3736594e75ad39e14f428750a2955f9e6
[INFO] running `Command { std: "docker" "start" "-a" "936411de12470c673d30af0756bd14d3736594e75ad39e14f428750a2955f9e6", kill_on_drop: false }`
[INFO] running `Command { std: "docker" "inspect" "936411de12470c673d30af0756bd14d3736594e75ad39e14f428750a2955f9e6", kill_on_drop: false }`
[INFO] running `Command { std: "docker" "rm" "-f" "936411de12470c673d30af0756bd14d3736594e75ad39e14f428750a2955f9e6", kill_on_drop: false }`
[INFO] [stdout] 936411de12470c673d30af0756bd14d3736594e75ad39e14f428750a2955f9e6
[INFO] running `Command { std: "docker" "create" "-v" "/var/lib/crater-agent-workspace/builds/worker-50/target:/opt/rustwide/target:rw,Z" "-v" "/var/lib/crater-agent-workspace/builds/worker-50/source:/opt/rustwide/workdir:ro,Z" "-v" "/var/lib/crater-agent-workspace/cargo-home:/opt/rustwide/cargo-home:ro,Z" "-v" "/var/lib/crater-agent-workspace/rustup-home:/opt/rustwide/rustup-home:ro,Z" "-e" "SOURCE_DIR=/opt/rustwide/workdir" "-e" "CARGO_TARGET_DIR=/opt/rustwide/target" "-e" "CARGO_INCREMENTAL=0" "-e" "RUST_BACKTRACE=full" "-e" "RUSTFLAGS=--cap-lints=warn" "-e" "CARGO_HOME=/opt/rustwide/cargo-home" "-e" "RUSTUP_HOME=/opt/rustwide/rustup-home" "-w" "/opt/rustwide/workdir" "-m" "1610612736" "--user" "0:0" "--network" "none" "ghcr.io/rust-lang/crates-build-env/linux@sha256:34b6a614d2c27851fe6cbf88fbd1137609cefab8b10d0615aaeb6fd47975d74e" "/opt/rustwide/cargo-home/bin/cargo" "+1.54.0" "build" "--frozen" "--message-format=json", kill_on_drop: false }`
[INFO] [stdout] 148c1289a9d56f28a51cea7c3a91a68166976603ab041620799ad107c28d39ae
[INFO] running `Command { std: "docker" "start" "-a" "148c1289a9d56f28a51cea7c3a91a68166976603ab041620799ad107c28d39ae", kill_on_drop: false }`
[INFO] [stderr]     Blocking waiting for file lock on package cache
[INFO] [stderr]    Compiling libc v0.2.71
[INFO] [stderr]    Compiling proc-macro2 v1.0.18
[INFO] [stderr]    Compiling syn v1.0.33
[INFO] [stderr]    Compiling once_cell v1.4.0
[INFO] [stderr]    Compiling autocfg v1.0.0
[INFO] [stderr]    Compiling log v0.4.8
[INFO] [stderr]    Compiling memchr v2.3.3
[INFO] [stderr]    Compiling cc v1.0.55
[INFO] [stderr]    Compiling futures-core v0.3.5
[INFO] [stderr]    Compiling pin-project-internal v0.4.22
[INFO] [stderr]    Compiling proc-macro-nested v0.1.6
[INFO] [stderr]    Compiling bytes v0.5.5
[INFO] [stderr]    Compiling futures-sink v0.3.5
[INFO] [stderr]    Compiling proc-macro-hack v0.5.16
[INFO] [stderr]    Compiling getrandom v0.1.14
[INFO] [stderr]    Compiling itoa v0.4.6
[INFO] [stderr]    Compiling futures-io v0.3.5
[INFO] [stderr]    Compiling pin-project-lite v0.1.7
[INFO] [stderr]    Compiling serde_derive v1.0.114
[INFO] [stderr]    Compiling serde v1.0.114
[INFO] [stderr]    Compiling httparse v1.3.4
[INFO] [stderr]    Compiling base64 v0.11.0
[INFO] [stderr]    Compiling gimli v0.21.0
[INFO] [stderr]    Compiling ppv-lite86 v0.2.8
[INFO] [stderr]    Compiling try-lock v0.2.2
[INFO] [stderr]    Compiling tinyvec v0.3.3
[INFO] [stderr]    Compiling adler32 v1.1.0
[INFO] [stderr]    Compiling failure_derive v0.1.8
[INFO] [stderr]    Compiling object v0.20.0
[INFO] [stderr]    Compiling serde_json v1.0.55
[INFO] [stderr]    Compiling rustc-demangle v0.1.16
[INFO] [stderr]    Compiling tower-service v0.3.0
[INFO] [stderr]    Compiling xml-rs v0.8.3
[INFO] [stderr]    Compiling RustyXML v0.3.0
[INFO] [stderr]    Compiling base64 v0.12.3
[INFO] [stderr]    Compiling futures-task v0.3.5
[INFO] [stderr]    Compiling futures-channel v0.3.5
[INFO] [stderr]    Compiling indexmap v1.4.0
[INFO] [stderr]    Compiling num-traits v0.2.12
[INFO] [stderr]    Compiling num-integer v0.1.43
[INFO] [stderr]    Compiling miniz_oxide v0.3.7
[INFO] [stderr]    Compiling http v0.2.1
[INFO] [stderr]    Compiling unicode-normalization v0.1.13
[INFO] [stderr]    Compiling ring v0.16.15
[INFO] [stderr]    Compiling idna v0.2.0
[INFO] [stderr]    Compiling want v0.3.0
[INFO] [stderr]    Compiling http-body v0.3.1
[INFO] [stderr]    Compiling url v2.1.1
[INFO] [stderr]    Compiling addr2line v0.12.2
[INFO] [stderr]    Compiling net2 v0.2.34
[INFO] [stderr]    Compiling iovec v0.1.4
[INFO] [stderr]    Compiling time v0.1.43
[INFO] [stderr]    Compiling socket2 v0.3.12
[INFO] [stderr]    Compiling backtrace v0.3.49
[INFO] [stderr]    Compiling rand_core v0.5.1
[INFO] [stderr]    Compiling mio v0.6.22
[INFO] [stderr]    Compiling quote v1.0.7
[INFO] [stderr]    Compiling rand_chacha v0.2.2
[INFO] [stderr]    Compiling rand v0.7.3
[INFO] [stderr]    Compiling chrono v0.4.11
[INFO] [stderr]    Compiling uuid v0.8.1
[INFO] [stderr]    Compiling sct v0.6.0
[INFO] [stderr]    Compiling webpki v0.21.3
[INFO] [stderr]    Compiling ct-logs v0.6.0
[INFO] [stderr]    Compiling rustls v0.17.0
[INFO] [stderr]    Compiling synstructure v0.12.4
[INFO] [stderr]    Compiling rustls-native-certs v0.3.0
[INFO] [stderr]    Compiling tokio-macros v0.2.5
[INFO] [stderr]    Compiling futures-macro v0.3.5
[INFO] [stderr]    Compiling thiserror-impl v1.0.20
[INFO] [stderr]    Compiling tokio v0.2.21
[INFO] [stderr]    Compiling thiserror v1.0.20
[INFO] [stderr]    Compiling failure v0.1.8
[INFO] [stderr]    Compiling pin-project v0.4.22
[INFO] [stderr]    Compiling futures-util v0.3.5
[INFO] [stderr]    Compiling tokio-util v0.3.1
[INFO] [stderr]    Compiling tokio-rustls v0.13.1
[INFO] [stderr]    Compiling h2 v0.2.5
[INFO] [stderr]    Compiling futures-executor v0.3.5
[INFO] [stderr]    Compiling futures v0.3.5
[INFO] [stderr]    Compiling hyper v0.13.6
[INFO] [stderr]    Compiling serde-xml-rs v0.4.0
[INFO] [stderr]    Compiling hyper-rustls v0.20.0
[INFO] [stderr]    Compiling azure_sdk_core v0.43.5
[INFO] [stderr]    Compiling azure_sdk_cosmos v0.100.3 (/opt/rustwide/workdir)
[INFO] [stdout] warning: unnecessary trailing semicolon
[INFO] [stdout]    --> src/requests/list_attachments_builder.rs:381:10
[INFO] [stdout]     |
[INFO] [stdout] 381 |         };
[INFO] [stdout]     |          ^ help: remove this semicolon
[INFO] [stdout]     |
[INFO] [stdout]     = note: `#[warn(redundant_semicolons)]` on by default
[INFO] [stdout] 
[INFO] [stdout] 
[INFO] [stdout] warning: unnecessary trailing semicolon
[INFO] [stdout]    --> src/requests/list_collections_builder.rs:236:10
[INFO] [stdout]     |
[INFO] [stdout] 236 |         };
[INFO] [stdout]     |          ^ help: remove this semicolon
[INFO] [stdout] 
[INFO] [stdout] 
[INFO] [stdout] warning: unnecessary trailing semicolon
[INFO] [stdout]    --> src/requests/list_databases_builder.rs:176:10
[INFO] [stdout]     |
[INFO] [stdout] 176 |         };
[INFO] [stdout]     |          ^ help: remove this semicolon
[INFO] [stdout] 
[INFO] [stdout] 
[INFO] [stdout] warning: unnecessary trailing semicolon
[INFO] [stdout]    --> src/requests/list_documents_builder.rs:409:10
[INFO] [stdout]     |
[INFO] [stdout] 409 |         };
[INFO] [stdout]     |          ^ help: remove this semicolon
[INFO] [stdout] 
[INFO] [stdout] 
[INFO] [stdout] warning: unnecessary trailing semicolon
[INFO] [stdout]    --> src/requests/list_permissions_builder.rs:274:10
[INFO] [stdout]     |
[INFO] [stdout] 274 |         };
[INFO] [stdout]     |          ^ help: remove this semicolon
[INFO] [stdout] 
[INFO] [stdout] 
[INFO] [stdout] warning: unnecessary trailing semicolon
[INFO] [stdout]    --> src/requests/list_stored_procedures_builder.rs:274:10
[INFO] [stdout]     |
[INFO] [stdout] 274 |         };
[INFO] [stdout]     |          ^ help: remove this semicolon
[INFO] [stdout] 
[INFO] [stdout] 
[INFO] [stdout] warning: unnecessary trailing semicolon
[INFO] [stdout]    --> src/requests/list_triggers_builder.rs:313:10
[INFO] [stdout]     |
[INFO] [stdout] 313 |         };
[INFO] [stdout]     |          ^ help: remove this semicolon
[INFO] [stdout] 
[INFO] [stdout] 
[INFO] [stdout] warning: unnecessary trailing semicolon
[INFO] [stdout]    --> src/requests/list_user_defined_functions_builder.rs:316:10
[INFO] [stdout]     |
[INFO] [stdout] 316 |         };
[INFO] [stdout]     |          ^ help: remove this semicolon
[INFO] [stdout] 
[INFO] [stdout] 
[INFO] [stdout] warning: unnecessary trailing semicolon
[INFO] [stdout]    --> src/requests/list_users_builder.rs:248:10
[INFO] [stdout]     |
[INFO] [stdout] 248 |         };
[INFO] [stdout]     |          ^ help: remove this semicolon
[INFO] [stdout] 
[INFO] [stdout] 
[INFO] [stdout] warning: unnecessary trailing semicolon
[INFO] [stdout]    --> src/requests/query_documents_builder.rs:624:10
[INFO] [stdout]     |
[INFO] [stdout] 624 |         };
[INFO] [stdout]     |          ^ help: remove this semicolon
[INFO] [stdout] 
[INFO] [stdout] 
[INFO] [stdout] warning: unnecessary trailing semicolon
[INFO] [stdout]    --> src/requests/replace_collection_builder.rs:274:10
[INFO] [stdout]     |
[INFO] [stdout] 274 |         };
[INFO] [stdout]     |          ^ help: remove this semicolon
[INFO] [stdout] 
[INFO] [stdout] 
[INFO] [stdout] warning: 11 warnings emitted
[INFO] [stdout] 
[INFO] [stdout] 
[INFO] [stderr]     Finished dev [unoptimized + debuginfo] target(s) in 56.20s
[INFO] running `Command { std: "docker" "inspect" "148c1289a9d56f28a51cea7c3a91a68166976603ab041620799ad107c28d39ae", kill_on_drop: false }`
[INFO] running `Command { std: "docker" "rm" "-f" "148c1289a9d56f28a51cea7c3a91a68166976603ab041620799ad107c28d39ae", kill_on_drop: false }`
[INFO] [stdout] 148c1289a9d56f28a51cea7c3a91a68166976603ab041620799ad107c28d39ae
[INFO] running `Command { std: "docker" "create" "-v" "/var/lib/crater-agent-workspace/builds/worker-50/target:/opt/rustwide/target:rw,Z" "-v" "/var/lib/crater-agent-workspace/builds/worker-50/source:/opt/rustwide/workdir:ro,Z" "-v" "/var/lib/crater-agent-workspace/cargo-home:/opt/rustwide/cargo-home:ro,Z" "-v" "/var/lib/crater-agent-workspace/rustup-home:/opt/rustwide/rustup-home:ro,Z" "-e" "SOURCE_DIR=/opt/rustwide/workdir" "-e" "CARGO_TARGET_DIR=/opt/rustwide/target" "-e" "CARGO_INCREMENTAL=0" "-e" "RUST_BACKTRACE=full" "-e" "RUSTFLAGS=--cap-lints=warn" "-e" "CARGO_HOME=/opt/rustwide/cargo-home" "-e" "RUSTUP_HOME=/opt/rustwide/rustup-home" "-w" "/opt/rustwide/workdir" "-m" "1610612736" "--user" "0:0" "--network" "none" "ghcr.io/rust-lang/crates-build-env/linux@sha256:34b6a614d2c27851fe6cbf88fbd1137609cefab8b10d0615aaeb6fd47975d74e" "/opt/rustwide/cargo-home/bin/cargo" "+1.54.0" "test" "--frozen" "--no-run" "--message-format=json", kill_on_drop: false }`
[INFO] [stdout] b08dacc6470dc698a458fcc892f949b30364a0a32c97a4b25f8226f62740e40d
[INFO] running `Command { std: "docker" "start" "-a" "b08dacc6470dc698a458fcc892f949b30364a0a32c97a4b25f8226f62740e40d", kill_on_drop: false }`
[INFO] [stderr]    Compiling regex-syntax v0.6.18
[INFO] [stderr]    Compiling termcolor v1.1.0
[INFO] [stderr]    Compiling thread_local v1.0.1
[INFO] [stderr]    Compiling atty v0.2.14
[INFO] [stderr]    Compiling aho-corasick v0.7.13
[INFO] [stdout] warning: unnecessary trailing semicolon
[INFO] [stdout]    --> src/requests/list_attachments_builder.rs:381:10
[INFO] [stdout]     |
[INFO] [stdout] 381 |         };
[INFO] [stdout]     |          ^ help: remove this semicolon
[INFO] [stdout]     |
[INFO] [stdout]     = note: `#[warn(redundant_semicolons)]` on by default
[INFO] [stdout] 
[INFO] [stdout] 
[INFO] [stdout] warning: unnecessary trailing semicolon
[INFO] [stdout]    --> src/requests/list_collections_builder.rs:236:10
[INFO] [stdout]     |
[INFO] [stdout] 236 |         };
[INFO] [stdout]     |          ^ help: remove this semicolon
[INFO] [stdout] 
[INFO] [stdout] 
[INFO] [stdout] warning: unnecessary trailing semicolon
[INFO] [stdout]    --> src/requests/list_databases_builder.rs:176:10
[INFO] [stdout]     |
[INFO] [stdout] 176 |         };
[INFO] [stdout]     |          ^ help: remove this semicolon
[INFO] [stdout] 
[INFO] [stdout] 
[INFO] [stdout] warning: unnecessary trailing semicolon
[INFO] [stdout]    --> src/requests/list_documents_builder.rs:409:10
[INFO] [stdout]     |
[INFO] [stdout] 409 |         };
[INFO] [stdout]     |          ^ help: remove this semicolon
[INFO] [stdout] 
[INFO] [stdout] 
[INFO] [stdout] warning: unnecessary trailing semicolon
[INFO] [stdout]    --> src/requests/list_permissions_builder.rs:274:10
[INFO] [stdout]     |
[INFO] [stdout] 274 |         };
[INFO] [stdout]     |          ^ help: remove this semicolon
[INFO] [stdout] 
[INFO] [stdout] 
[INFO] [stdout] warning: unnecessary trailing semicolon
[INFO] [stdout]    --> src/requests/list_stored_procedures_builder.rs:274:10
[INFO] [stdout]     |
[INFO] [stdout] 274 |         };
[INFO] [stdout]     |          ^ help: remove this semicolon
[INFO] [stdout] 
[INFO] [stdout] 
[INFO] [stdout] warning: unnecessary trailing semicolon
[INFO] [stdout]    --> src/requests/list_triggers_builder.rs:313:10
[INFO] [stdout]     |
[INFO] [stdout] 313 |         };
[INFO] [stdout]     |          ^ help: remove this semicolon
[INFO] [stdout] 
[INFO] [stdout] 
[INFO] [stdout] warning: unnecessary trailing semicolon
[INFO] [stdout]    --> src/requests/list_user_defined_functions_builder.rs:316:10
[INFO] [stdout]     |
[INFO] [stdout] 316 |         };
[INFO] [stdout]     |          ^ help: remove this semicolon
[INFO] [stdout] 
[INFO] [stdout] 
[INFO] [stdout] warning: unnecessary trailing semicolon
[INFO] [stdout]    --> src/requests/list_users_builder.rs:248:10
[INFO] [stdout]     |
[INFO] [stdout] 248 |         };
[INFO] [stdout]     |          ^ help: remove this semicolon
[INFO] [stdout] 
[INFO] [stdout] 
[INFO] [stdout] warning: unnecessary trailing semicolon
[INFO] [stdout]    --> src/requests/query_documents_builder.rs:624:10
[INFO] [stdout]     |
[INFO] [stdout] 624 |         };
[INFO] [stdout]     |          ^ help: remove this semicolon
[INFO] [stdout] 
[INFO] [stdout] 
[INFO] [stdout] warning: unnecessary trailing semicolon
[INFO] [stdout]    --> src/requests/replace_collection_builder.rs:274:10
[INFO] [stdout]     |
[INFO] [stdout] 274 |         };
[INFO] [stdout]     |          ^ help: remove this semicolon
[INFO] [stdout] 
[INFO] [stdout] 
[INFO] [stdout] warning: 11 warnings emitted
[INFO] [stdout] 
[INFO] [stdout] 
[INFO] [stderr]    Compiling regex v1.3.9
[INFO] [stderr]    Compiling env_logger v0.7.1
[INFO] [stderr]    Compiling azure_sdk_cosmos v0.100.3 (/opt/rustwide/workdir)
[INFO] [stdout] warning: unnecessary trailing semicolon
[INFO] [stdout]    --> src/requests/list_attachments_builder.rs:381:10
[INFO] [stdout]     |
[INFO] [stdout] 381 |         };
[INFO] [stdout]     |          ^ help: remove this semicolon
[INFO] [stdout]     |
[INFO] [stdout]     = note: `#[warn(redundant_semicolons)]` on by default
[INFO] [stdout] 
[INFO] [stdout] 
[INFO] [stdout] warning: unnecessary trailing semicolon
[INFO] [stdout]    --> src/requests/list_collections_builder.rs:236:10
[INFO] [stdout]     |
[INFO] [stdout] 236 |         };
[INFO] [stdout]     |          ^ help: remove this semicolon
[INFO] [stdout] 
[INFO] [stdout] 
[INFO] [stdout] warning: unnecessary trailing semicolon
[INFO] [stdout]    --> src/requests/list_databases_builder.rs:176:10
[INFO] [stdout]     |
[INFO] [stdout] 176 |         };
[INFO] [stdout]     |          ^ help: remove this semicolon
[INFO] [stdout] 
[INFO] [stdout] 
[INFO] [stdout] warning: unnecessary trailing semicolon
[INFO] [stdout]    --> src/requests/list_documents_builder.rs:409:10
[INFO] [stdout]     |
[INFO] [stdout] 409 |         };
[INFO] [stdout]     |          ^ help: remove this semicolon
[INFO] [stdout] 
[INFO] [stdout] 
[INFO] [stdout] warning: unnecessary trailing semicolon
[INFO] [stdout]    --> src/requests/list_permissions_builder.rs:274:10
[INFO] [stdout]     |
[INFO] [stdout] 274 |         };
[INFO] [stdout]     |          ^ help: remove this semicolon
[INFO] [stdout] 
[INFO] [stdout] 
[INFO] [stdout] warning: unnecessary trailing semicolon
[INFO] [stdout]    --> src/requests/list_stored_procedures_builder.rs:274:10
[INFO] [stdout]     |
[INFO] [stdout] 274 |         };
[INFO] [stdout]     |          ^ help: remove this semicolon
[INFO] [stdout] 
[INFO] [stdout] 
[INFO] [stdout] warning: unnecessary trailing semicolon
[INFO] [stdout]    --> src/requests/list_triggers_builder.rs:313:10
[INFO] [stdout]     |
[INFO] [stdout] 313 |         };
[INFO] [stdout]     |          ^ help: remove this semicolon
[INFO] [stdout] 
[INFO] [stdout] 
[INFO] [stdout] warning: unnecessary trailing semicolon
[INFO] [stdout]    --> src/requests/list_user_defined_functions_builder.rs:316:10
[INFO] [stdout]     |
[INFO] [stdout] 316 |         };
[INFO] [stdout]     |          ^ help: remove this semicolon
[INFO] [stdout] 
[INFO] [stdout] 
[INFO] [stdout] warning: unnecessary trailing semicolon
[INFO] [stdout]    --> src/requests/list_users_builder.rs:248:10
[INFO] [stdout]     |
[INFO] [stdout] 248 |         };
[INFO] [stdout]     |          ^ help: remove this semicolon
[INFO] [stdout] 
[INFO] [stdout] 
[INFO] [stdout] warning: unnecessary trailing semicolon
[INFO] [stdout]    --> src/requests/query_documents_builder.rs:624:10
[INFO] [stdout]     |
[INFO] [stdout] 624 |         };
[INFO] [stdout]     |          ^ help: remove this semicolon
[INFO] [stdout] 
[INFO] [stdout] 
[INFO] [stdout] warning: unnecessary trailing semicolon
[INFO] [stdout]    --> src/requests/replace_collection_builder.rs:274:10
[INFO] [stdout]     |
[INFO] [stdout] 274 |         };
[INFO] [stdout]     |          ^ help: remove this semicolon
[INFO] [stdout] 
[INFO] [stdout] 
[INFO] [stderr] error: could not compile `azure_sdk_cosmos`
[INFO] [stderr] 
[INFO] [stderr] Caused by:
[INFO] [stderr]   process didn't exit successfully: `rustc --crate-name key_ranges_00 --edition=2018 examples/key_ranges_00.rs --error-format=json --json=diagnostic-rendered-ansi --crate-type bin --emit=dep-info,link -C embed-bitcode=no -C debuginfo=2 -C metadata=984e594b458b21ad -C extra-filename=-984e594b458b21ad --out-dir /opt/rustwide/target/debug/examples -L dependency=/opt/rustwide/target/debug/deps --extern azure_sdk_core=/opt/rustwide/target/debug/deps/libazure_sdk_core-083f3b199c193737.rlib --extern azure_sdk_cosmos=/opt/rustwide/target/debug/deps/libazure_sdk_cosmos-81b79abddce6e12f.rlib --extern base64=/opt/rustwide/target/debug/deps/libbase64-e2a906ac29617111.rlib --extern chrono=/opt/rustwide/target/debug/deps/libchrono-490236f646bb59a6.rlib --extern env_logger=/opt/rustwide/target/debug/deps/libenv_logger-6618ad701ec6fd7a.rlib --extern failure=/opt/rustwide/target/debug/deps/libfailure-47f20063800ef877.rlib --extern futures=/opt/rustwide/target/debug/deps/libfutures-2c3b194886519ded.rlib --extern http=/opt/rustwide/target/debug/deps/libhttp-fa975020651b07bf.rlib --extern hyper=/opt/rustwide/target/debug/deps/libhyper-3cd939ba6ba3fc87.rlib --extern hyper_rustls=/opt/rustwide/target/debug/deps/libhyper_rustls-111f2ef311b13105.rlib --extern log=/opt/rustwide/target/debug/deps/liblog-1acff040ad67833f.rlib --extern ring=/opt/rustwide/target/debug/deps/libring-ae2d2fef368b76eb.rlib --extern serde=/opt/rustwide/target/debug/deps/libserde-2c24bc7c283111ce.rlib --extern serde_derive=/opt/rustwide/target/debug/deps/libserde_derive-a11bc380f9d25ac0.so --extern serde_json=/opt/rustwide/target/debug/deps/libserde_json-f2fff116764eced3.rlib --extern tokio=/opt/rustwide/target/debug/deps/libtokio-c2d733c44529ce4b.rlib --extern url=/opt/rustwide/target/debug/deps/liburl-ba67b301c01aa78b.rlib --extern uuid=/opt/rustwide/target/debug/deps/libuuid-130ea954f61f09a9.rlib --cap-lints=warn -L native=/opt/rustwide/target/debug/build/ring-aeb0b650bf3ee9a2/out` (signal: 9, SIGKILL: kill)
[INFO] [stderr] warning: build failed, waiting for other jobs to finish...
[INFO] [stdout] error: linking with `cc` failed: exit status: 1
[INFO] [stdout]   |
[INFO] [stdout]   = note: "cc" "-m64" "/opt/rustwide/target/debug/examples/permission_00-45b41ab26fd73605.permission_00.e4mllk97-cgu.0.rcgu.o" "/opt/rustwide/target/debug/examples/permission_00-45b41ab26fd73605.permission_00.e4mllk97-cgu.1.rcgu.o" "/opt/rustwide/target/debug/examples/permission_00-45b41ab26fd73605.permission_00.e4mllk97-cgu.10.rcgu.o" "/opt/rustwide/target/debug/examples/permission_00-45b41ab26fd73605.permission_00.e4mllk97-cgu.11.rcgu.o" "/opt/rustwide/target/debug/examples/permission_00-45b41ab26fd73605.permission_00.e4mllk97-cgu.12.rcgu.o" "/opt/rustwide/target/debug/examples/permission_00-45b41ab26fd73605.permission_00.e4mllk97-cgu.13.rcgu.o" "/opt/rustwide/target/debug/examples/permission_00-45b41ab26fd73605.permission_00.e4mllk97-cgu.14.rcgu.o" "/opt/rustwide/target/debug/examples/permission_00-45b41ab26fd73605.permission_00.e4mllk97-cgu.15.rcgu.o" "/opt/rustwide/target/debug/examples/permission_00-45b41ab26fd73605.permission_00.e4mllk97-cgu.2.rcgu.o" "/opt/rustwide/target/debug/examples/permission_00-45b41ab26fd73605.permission_00.e4mllk97-cgu.3.rcgu.o" "/opt/rustwide/target/debug/examples/permission_00-45b41ab26fd73605.permission_00.e4mllk97-cgu.4.rcgu.o" "/opt/rustwide/target/debug/examples/permission_00-45b41ab26fd73605.permission_00.e4mllk97-cgu.5.rcgu.o" "/opt/rustwide/target/debug/examples/permission_00-45b41ab26fd73605.permission_00.e4mllk97-cgu.6.rcgu.o" "/opt/rustwide/target/debug/examples/permission_00-45b41ab26fd73605.permission_00.e4mllk97-cgu.7.rcgu.o" "/opt/rustwide/target/debug/examples/permission_00-45b41ab26fd73605.permission_00.e4mllk97-cgu.8.rcgu.o" "/opt/rustwide/target/debug/examples/permission_00-45b41ab26fd73605.permission_00.e4mllk97-cgu.9.rcgu.o" "/opt/rustwide/target/debug/examples/permission_00-45b41ab26fd73605.7gv4pl7kgmh0z6a.rcgu.o" "-Wl,--as-needed" "-L" "/opt/rustwide/target/debug/deps" "-L" "/opt/rustwide/target/debug/build/ring-aeb0b650bf3ee9a2/out" "-L" "/opt/rustwide/rustup-home/toolchains/1.54.0-x86_64-unknown-linux-gnu/lib/rustlib/x86_64-unknown-linux-gnu/lib" "-Wl,-Bstatic" "/opt/rustwide/target/debug/deps/libazure_sdk_cosmos-81b79abddce6e12f.rlib" "/opt/rustwide/target/debug/deps/libfutures-2c3b194886519ded.rlib" "/opt/rustwide/target/debug/deps/libfutures_executor-8e7a2b415a8beea3.rlib" "/opt/rustwide/target/debug/deps/libazure_sdk_core-083f3b199c193737.rlib" "/opt/rustwide/target/debug/deps/libhyper_rustls-111f2ef311b13105.rlib" "/opt/rustwide/target/debug/deps/libct_logs-41fd76937fc7ea77.rlib" "/opt/rustwide/target/debug/deps/librustls_native_certs-740b1f8369be94e6.rlib" "/opt/rustwide/target/debug/deps/libopenssl_probe-448ee40efb9df675.rlib" "/opt/rustwide/target/debug/deps/libtokio_rustls-0cacb992d110bc6d.rlib" "/opt/rustwide/target/debug/deps/librustls-2ecf5e5abc376333.rlib" "/opt/rustwide/target/debug/deps/libbase64-694bc314fb1cc938.rlib" "/opt/rustwide/target/debug/deps/libsct-dd6b51d1e8f28f67.rlib" "/opt/rustwide/target/debug/deps/libwebpki-429d5cadeabe7fdb.rlib" "/opt/rustwide/target/debug/deps/libring-ae2d2fef368b76eb.rlib" "/opt/rustwide/target/debug/deps/libspin-136df111413e15c8.rlib" "/opt/rustwide/target/debug/deps/libuntrusted-5c50346dcbd6ef19.rlib" "/opt/rustwide/target/debug/deps/libxml-bec2287a1c502ce9.rlib" "/opt/rustwide/target/debug/deps/libuuid-130ea954f61f09a9.rlib" "/opt/rustwide/target/debug/deps/librand-740836fa40f41d8b.rlib" "/opt/rustwide/target/debug/deps/librand_chacha-e1c03bb95ee58fe0.rlib" "/opt/rustwide/target/debug/deps/libppv_lite86-4df7824a247de569.rlib" "/opt/rustwide/target/debug/deps/librand_core-d186a0aca2d6a06c.rlib" "/opt/rustwide/target/debug/deps/libgetrandom-2da1044cfb90e9ed.rlib" "/opt/rustwide/target/debug/deps/liburl-ba67b301c01aa78b.rlib" "/opt/rustwide/target/debug/deps/libpercent_encoding-549c334c22432c49.rlib" "/opt/rustwide/target/debug/deps/libidna-b3a48c7371c59dff.rlib" "/opt/rustwide/target/debug/deps/libunicode_normalization-b0731a22380dd2e5.rlib" "/opt/rustwide/target/debug/deps/libtinyvec-7ebce3fddacff6dc.rlib" "/opt/rustwide/target/debug/deps/libunicode_bidi-658b16b5d9bb5631.rlib" "/opt/rustwide/target/debug/deps/libmatches-5bfcef5685786a07.rlib" "/opt/rustwide/target/debug/deps/libserde_xml_rs-d9982a0fedb713d0.rlib" "/opt/rustwide/target/debug/deps/libthiserror-0092711e751eea4f.rlib" "/opt/rustwide/target/debug/deps/libxml-f0211806b299c0ce.rlib" "/opt/rustwide/target/debug/deps/libserde_json-f2fff116764eced3.rlib" "/opt/rustwide/target/debug/deps/libryu-059aa1fbb24cd15e.rlib" "/opt/rustwide/target/debug/deps/libserde-2c24bc7c283111ce.rlib" "/opt/rustwide/target/debug/deps/libhyper-3cd939ba6ba3fc87.rlib" "/opt/rustwide/target/debug/deps/libhttparse-7d96f3722cd1a069.rlib" "/opt/rustwide/target/debug/deps/libwant-f742a04972792be0.rlib" "/opt/rustwide/target/debug/deps/libtry_lock-c129b4a0d2fd16a1.rlib" "/opt/rustwide/target/debug/deps/libh2-61a5572782361b56.rlib" "/opt/rustwide/target/debug/deps/libindexmap-8d24e2569cce9705.rlib" "/opt/rustwide/target/debug/deps/libtokio_util-fc2ac067f771424b.rlib" "/opt/rustwide/target/debug/deps/libsocket2-ecd50fb1c947ad25.rlib" "/opt/rustwide/target/debug/deps/libtower_service-f2293a18d860c644.rlib" "/opt/rustwide/target/debug/deps/libhttp_body-7fba6ee52dd89ec5.rlib" "/opt/rustwide/target/debug/deps/libfutures_util-434dc7c2589fc691.rlib" "/opt/rustwide/target/debug/deps/libproc_macro_nested-33934ecbf1745751.rlib" "/opt/rustwide/target/debug/deps/libfutures_io-24c9dd06fc912cd3.rlib" "/opt/rustwide/target/debug/deps/libfutures_channel-96e34d0804755ec9.rlib" "/opt/rustwide/target/debug/deps/libfutures_sink-3e4546f22328c093.rlib" "/opt/rustwide/target/debug/deps/libfutures_task-c8d89d06342526cd.rlib" "/opt/rustwide/target/debug/deps/libonce_cell-074479cbc83dec88.rlib" "/opt/rustwide/target/debug/deps/libpin_utils-576e633f12357c97.rlib" "/opt/rustwide/target/debug/deps/libtokio-c2d733c44529ce4b.rlib" "/opt/rustwide/target/debug/deps/libmemchr-d7dcdb754b97af01.rlib" "/opt/rustwide/target/debug/deps/libmio-fe683a4dca8e34cf.rlib" "/opt/rustwide/target/debug/deps/libslab-a95947d689540fa4.rlib" "/opt/rustwide/target/debug/deps/libiovec-0eaadaa9d2940158.rlib" "/opt/rustwide/target/debug/deps/libnet2-93c8097ba26d2db1.rlib" "/opt/rustwide/target/debug/deps/libfutures_core-26f162cbd9691799.rlib" "/opt/rustwide/target/debug/deps/libpin_project_lite-625a936507bb9349.rlib" "/opt/rustwide/target/debug/deps/libpin_project-e34ac7ddc7a27f45.rlib" "/opt/rustwide/target/debug/deps/libhttp-fa975020651b07bf.rlib" "/opt/rustwide/target/debug/deps/libitoa-2cab92f94c2667a9.rlib" "/opt/rustwide/target/debug/deps/libbytes-638dd75c73fd1a85.rlib" "/opt/rustwide/target/debug/deps/libfnv-56e05e18a5751d51.rlib" "/opt/rustwide/target/debug/deps/libchrono-490236f646bb59a6.rlib" "/opt/rustwide/target/debug/deps/libnum_integer-78d75e60bd710839.rlib" "/opt/rustwide/target/debug/deps/libnum_traits-96b8bf79317c676a.rlib" "/opt/rustwide/target/debug/deps/libtime-d9a1bacf820cb84b.rlib" "/opt/rustwide/target/debug/deps/libbase64-e2a906ac29617111.rlib" "/opt/rustwide/target/debug/deps/libquick_error-ed708074fa1e3146.rlib" "/opt/rustwide/target/debug/deps/libfailure-47f20063800ef877.rlib" "/opt/rustwide/target/debug/deps/libbacktrace-baf961caa7050b76.rlib" "/opt/rustwide/target/debug/deps/libminiz_oxide-e55111efea241dcf.rlib" "/opt/rustwide/target/debug/deps/libadler32-b1755fb70c87ed68.rlib" "/opt/rustwide/target/debug/deps/libobject-a3ed55bacdebc95c.rlib" "/opt/rustwide/target/debug/deps/liblibc-f14f9a5269b59615.rlib" "/opt/rustwide/target/debug/deps/libaddr2line-d6c9cc1e6aaf52a8.rlib" "/opt/rustwide/target/debug/deps/libgimli-d5075a56405bc3c5.rlib" "/opt/rustwide/target/debug/deps/librustc_demangle-42fe64f6e8239dbf.rlib" "/opt/rustwide/target/debug/deps/liblog-1acff040ad67833f.rlib" "/opt/rustwide/target/debug/deps/libcfg_if-e7a28af79b261e75.rlib" "-Wl,--start-group" "/opt/rustwide/rustup-home/toolchains/1.54.0-x86_64-unknown-linux-gnu/lib/rustlib/x86_64-unknown-linux-gnu/lib/libstd-2420485b9e5ef5e1.rlib" "/opt/rustwide/rustup-home/toolchains/1.54.0-x86_64-unknown-linux-gnu/lib/rustlib/x86_64-unknown-linux-gnu/lib/libpanic_unwind-785e3cb61c4b1960.rlib" "/opt/rustwide/rustup-home/toolchains/1.54.0-x86_64-unknown-linux-gnu/lib/rustlib/x86_64-unknown-linux-gnu/lib/libminiz_oxide-087191a88bdaa22d.rlib" "/opt/rustwide/rustup-home/toolchains/1.54.0-x86_64-unknown-linux-gnu/lib/rustlib/x86_64-unknown-linux-gnu/lib/libadler-9981842c02975178.rlib" "/opt/rustwide/rustup-home/toolchains/1.54.0-x86_64-unknown-linux-gnu/lib/rustlib/x86_64-unknown-linux-gnu/lib/libobject-6fb405869b015fde.rlib" "/opt/rustwide/rustup-home/toolchains/1.54.0-x86_64-unknown-linux-gnu/lib/rustlib/x86_64-unknown-linux-gnu/lib/libaddr2line-d05c5c3c56004b7b.rlib" "/opt/rustwide/rustup-home/toolchains/1.54.0-x86_64-unknown-linux-gnu/lib/rustlib/x86_64-unknown-linux-gnu/lib/libgimli-42d74d2097528b38.rlib" "/opt/rustwide/rustup-home/toolchains/1.54.0-x86_64-unknown-linux-gnu/lib/rustlib/x86_64-unknown-linux-gnu/lib/libstd_detect-fb36534c113d2209.rlib" "/opt/rustwide/rustup-home/toolchains/1.54.0-x86_64-unknown-linux-gnu/lib/rustlib/x86_64-unknown-linux-gnu/lib/librustc_demangle-b56b9042c12b6535.rlib" "/opt/rustwide/rustup-home/toolchains/1.54.0-x86_64-unknown-linux-gnu/lib/rustlib/x86_64-unknown-linux-gnu/lib/libhashbrown-491902d6cb3e76df.rlib" "/opt/rustwide/rustup-home/toolchains/1.54.0-x86_64-unknown-linux-gnu/lib/rustlib/x86_64-unknown-linux-gnu/lib/librustc_std_workspace_alloc-61834e0981b8c367.rlib" "/opt/rustwide/rustup-home/toolchains/1.54.0-x86_64-unknown-linux-gnu/lib/rustlib/x86_64-unknown-linux-gnu/lib/libunwind-f78aa99d613a55bc.rlib" "/opt/rustwide/rustup-home/toolchains/1.54.0-x86_64-unknown-linux-gnu/lib/rustlib/x86_64-unknown-linux-gnu/lib/libcfg_if-53ee54cd7fed2c57.rlib" "/opt/rustwide/rustup-home/toolchains/1.54.0-x86_64-unknown-linux-gnu/lib/rustlib/x86_64-unknown-linux-gnu/lib/liblibc-544ecdbd6cda3c58.rlib" "/opt/rustwide/rustup-home/toolchains/1.54.0-x86_64-unknown-linux-gnu/lib/rustlib/x86_64-unknown-linux-gnu/lib/liballoc-379cc252b6943a79.rlib" "/opt/rustwide/rustup-home/toolchains/1.54.0-x86_64-unknown-linux-gnu/lib/rustlib/x86_64-unknown-linux-gnu/lib/librustc_std_workspace_core-8063eea38dcc5e62.rlib" "/opt/rustwide/rustup-home/toolchains/1.54.0-x86_64-unknown-linux-gnu/lib/rustlib/x86_64-unknown-linux-gnu/lib/libcore-5b228734afae15ee.rlib" "-Wl,--end-group" "/opt/rustwide/rustup-home/toolchains/1.54.0-x86_64-unknown-linux-gnu/lib/rustlib/x86_64-unknown-linux-gnu/lib/libcompiler_builtins-d6c7a399d95d173f.rlib" "-Wl,-Bdynamic" "-lutil" "-ldl" "-lutil" "-lgcc_s" "-lutil" "-lrt" "-lpthread" "-lm" "-ldl" "-lc" "-Wl,--eh-frame-hdr" "-Wl,-znoexecstack" "-L" "/opt/rustwide/rustup-home/toolchains/1.54.0-x86_64-unknown-linux-gnu/lib/rustlib/x86_64-unknown-linux-gnu/lib" "-o" "/opt/rustwide/target/debug/examples/permission_00-45b41ab26fd73605" "-Wl,--gc-sections" "-pie" "-Wl,-zrelro" "-Wl,-znow" "-nodefaultlibs"
[INFO] [stdout]   = note: collect2: fatal error: ld terminated with signal 9 [Killed]
[INFO] [stdout]           compilation terminated.
[INFO] [stdout]           
[INFO] [stdout] 
[INFO] [stdout] 
[INFO] [stdout] error: aborting due to previous error
[INFO] [stdout] 
[INFO] [stdout] 
[INFO] [stdout] error: linking with `cc` failed: exit status: 1
[INFO] [stdout]   |
[INFO] [stdout]   = note: "cc" "-m64" "/opt/rustwide/target/debug/examples/trigger_00-ad350af8de9adc81.trigger_00.asmt181o-cgu.0.rcgu.o" "/opt/rustwide/target/debug/examples/trigger_00-ad350af8de9adc81.trigger_00.asmt181o-cgu.1.rcgu.o" "/opt/rustwide/target/debug/examples/trigger_00-ad350af8de9adc81.trigger_00.asmt181o-cgu.10.rcgu.o" "/opt/rustwide/target/debug/examples/trigger_00-ad350af8de9adc81.trigger_00.asmt181o-cgu.11.rcgu.o" "/opt/rustwide/target/debug/examples/trigger_00-ad350af8de9adc81.trigger_00.asmt181o-cgu.12.rcgu.o" "/opt/rustwide/target/debug/examples/trigger_00-ad350af8de9adc81.trigger_00.asmt181o-cgu.13.rcgu.o" "/opt/rustwide/target/debug/examples/trigger_00-ad350af8de9adc81.trigger_00.asmt181o-cgu.14.rcgu.o" "/opt/rustwide/target/debug/examples/trigger_00-ad350af8de9adc81.trigger_00.asmt181o-cgu.15.rcgu.o" "/opt/rustwide/target/debug/examples/trigger_00-ad350af8de9adc81.trigger_00.asmt181o-cgu.2.rcgu.o" "/opt/rustwide/target/debug/examples/trigger_00-ad350af8de9adc81.trigger_00.asmt181o-cgu.3.rcgu.o" "/opt/rustwide/target/debug/examples/trigger_00-ad350af8de9adc81.trigger_00.asmt181o-cgu.4.rcgu.o" "/opt/rustwide/target/debug/examples/trigger_00-ad350af8de9adc81.trigger_00.asmt181o-cgu.5.rcgu.o" "/opt/rustwide/target/debug/examples/trigger_00-ad350af8de9adc81.trigger_00.asmt181o-cgu.6.rcgu.o" "/opt/rustwide/target/debug/examples/trigger_00-ad350af8de9adc81.trigger_00.asmt181o-cgu.7.rcgu.o" "/opt/rustwide/target/debug/examples/trigger_00-ad350af8de9adc81.trigger_00.asmt181o-cgu.8.rcgu.o" "/opt/rustwide/target/debug/examples/trigger_00-ad350af8de9adc81.trigger_00.asmt181o-cgu.9.rcgu.o" "/opt/rustwide/target/debug/examples/trigger_00-ad350af8de9adc81.58rq0tmctkngdzai.rcgu.o" "-Wl,--as-needed" "-L" "/opt/rustwide/target/debug/deps" "-L" "/opt/rustwide/target/debug/build/ring-aeb0b650bf3ee9a2/out" "-L" "/opt/rustwide/rustup-home/toolchains/1.54.0-x86_64-unknown-linux-gnu/lib/rustlib/x86_64-unknown-linux-gnu/lib" "-Wl,-Bstatic" "/opt/rustwide/target/debug/deps/libazure_sdk_cosmos-81b79abddce6e12f.rlib" "/opt/rustwide/target/debug/deps/libfutures-2c3b194886519ded.rlib" "/opt/rustwide/target/debug/deps/libfutures_executor-8e7a2b415a8beea3.rlib" "/opt/rustwide/target/debug/deps/libazure_sdk_core-083f3b199c193737.rlib" "/opt/rustwide/target/debug/deps/libhyper_rustls-111f2ef311b13105.rlib" "/opt/rustwide/target/debug/deps/libct_logs-41fd76937fc7ea77.rlib" "/opt/rustwide/target/debug/deps/librustls_native_certs-740b1f8369be94e6.rlib" "/opt/rustwide/target/debug/deps/libopenssl_probe-448ee40efb9df675.rlib" "/opt/rustwide/target/debug/deps/libtokio_rustls-0cacb992d110bc6d.rlib" "/opt/rustwide/target/debug/deps/librustls-2ecf5e5abc376333.rlib" "/opt/rustwide/target/debug/deps/libbase64-694bc314fb1cc938.rlib" "/opt/rustwide/target/debug/deps/libsct-dd6b51d1e8f28f67.rlib" "/opt/rustwide/target/debug/deps/libwebpki-429d5cadeabe7fdb.rlib" "/opt/rustwide/target/debug/deps/libring-ae2d2fef368b76eb.rlib" "/opt/rustwide/target/debug/deps/libspin-136df111413e15c8.rlib" "/opt/rustwide/target/debug/deps/libuntrusted-5c50346dcbd6ef19.rlib" "/opt/rustwide/target/debug/deps/libxml-bec2287a1c502ce9.rlib" "/opt/rustwide/target/debug/deps/libuuid-130ea954f61f09a9.rlib" "/opt/rustwide/target/debug/deps/librand-740836fa40f41d8b.rlib" "/opt/rustwide/target/debug/deps/librand_chacha-e1c03bb95ee58fe0.rlib" "/opt/rustwide/target/debug/deps/libppv_lite86-4df7824a247de569.rlib" "/opt/rustwide/target/debug/deps/librand_core-d186a0aca2d6a06c.rlib" "/opt/rustwide/target/debug/deps/libgetrandom-2da1044cfb90e9ed.rlib" "/opt/rustwide/target/debug/deps/liburl-ba67b301c01aa78b.rlib" "/opt/rustwide/target/debug/deps/libpercent_encoding-549c334c22432c49.rlib" "/opt/rustwide/target/debug/deps/libidna-b3a48c7371c59dff.rlib" "/opt/rustwide/target/debug/deps/libunicode_normalization-b0731a22380dd2e5.rlib" "/opt/rustwide/target/debug/deps/libtinyvec-7ebce3fddacff6dc.rlib" "/opt/rustwide/target/debug/deps/libunicode_bidi-658b16b5d9bb5631.rlib" "/opt/rustwide/target/debug/deps/libmatches-5bfcef5685786a07.rlib" "/opt/rustwide/target/debug/deps/libserde_xml_rs-d9982a0fedb713d0.rlib" "/opt/rustwide/target/debug/deps/libthiserror-0092711e751eea4f.rlib" "/opt/rustwide/target/debug/deps/libxml-f0211806b299c0ce.rlib" "/opt/rustwide/target/debug/deps/libserde_json-f2fff116764eced3.rlib" "/opt/rustwide/target/debug/deps/libryu-059aa1fbb24cd15e.rlib" "/opt/rustwide/target/debug/deps/libserde-2c24bc7c283111ce.rlib" "/opt/rustwide/target/debug/deps/libhyper-3cd939ba6ba3fc87.rlib" "/opt/rustwide/target/debug/deps/libhttparse-7d96f3722cd1a069.rlib" "/opt/rustwide/target/debug/deps/libwant-f742a04972792be0.rlib" "/opt/rustwide/target/debug/deps/libtry_lock-c129b4a0d2fd16a1.rlib" "/opt/rustwide/target/debug/deps/libh2-61a5572782361b56.rlib" "/opt/rustwide/target/debug/deps/libindexmap-8d24e2569cce9705.rlib" "/opt/rustwide/target/debug/deps/libtokio_util-fc2ac067f771424b.rlib" "/opt/rustwide/target/debug/deps/libsocket2-ecd50fb1c947ad25.rlib" "/opt/rustwide/target/debug/deps/libtower_service-f2293a18d860c644.rlib" "/opt/rustwide/target/debug/deps/libhttp_body-7fba6ee52dd89ec5.rlib" "/opt/rustwide/target/debug/deps/libfutures_util-434dc7c2589fc691.rlib" "/opt/rustwide/target/debug/deps/libproc_macro_nested-33934ecbf1745751.rlib" "/opt/rustwide/target/debug/deps/libfutures_io-24c9dd06fc912cd3.rlib" "/opt/rustwide/target/debug/deps/libfutures_channel-96e34d0804755ec9.rlib" "/opt/rustwide/target/debug/deps/libfutures_sink-3e4546f22328c093.rlib" "/opt/rustwide/target/debug/deps/libfutures_task-c8d89d06342526cd.rlib" "/opt/rustwide/target/debug/deps/libonce_cell-074479cbc83dec88.rlib" "/opt/rustwide/target/debug/deps/libpin_utils-576e633f12357c97.rlib" "/opt/rustwide/target/debug/deps/libtokio-c2d733c44529ce4b.rlib" "/opt/rustwide/target/debug/deps/libmemchr-d7dcdb754b97af01.rlib" "/opt/rustwide/target/debug/deps/libmio-fe683a4dca8e34cf.rlib" "/opt/rustwide/target/debug/deps/libslab-a95947d689540fa4.rlib" "/opt/rustwide/target/debug/deps/libiovec-0eaadaa9d2940158.rlib" "/opt/rustwide/target/debug/deps/libnet2-93c8097ba26d2db1.rlib" "/opt/rustwide/target/debug/deps/libfutures_core-26f162cbd9691799.rlib" "/opt/rustwide/target/debug/deps/libpin_project_lite-625a936507bb9349.rlib" "/opt/rustwide/target/debug/deps/libpin_project-e34ac7ddc7a27f45.rlib" "/opt/rustwide/target/debug/deps/libhttp-fa975020651b07bf.rlib" "/opt/rustwide/target/debug/deps/libitoa-2cab92f94c2667a9.rlib" "/opt/rustwide/target/debug/deps/libbytes-638dd75c73fd1a85.rlib" "/opt/rustwide/target/debug/deps/libfnv-56e05e18a5751d51.rlib" "/opt/rustwide/target/debug/deps/libchrono-490236f646bb59a6.rlib" "/opt/rustwide/target/debug/deps/libnum_integer-78d75e60bd710839.rlib" "/opt/rustwide/target/debug/deps/libnum_traits-96b8bf79317c676a.rlib" "/opt/rustwide/target/debug/deps/libtime-d9a1bacf820cb84b.rlib" "/opt/rustwide/target/debug/deps/libbase64-e2a906ac29617111.rlib" "/opt/rustwide/target/debug/deps/libquick_error-ed708074fa1e3146.rlib" "/opt/rustwide/target/debug/deps/libfailure-47f20063800ef877.rlib" "/opt/rustwide/target/debug/deps/libbacktrace-baf961caa7050b76.rlib" "/opt/rustwide/target/debug/deps/libminiz_oxide-e55111efea241dcf.rlib" "/opt/rustwide/target/debug/deps/libadler32-b1755fb70c87ed68.rlib" "/opt/rustwide/target/debug/deps/libobject-a3ed55bacdebc95c.rlib" "/opt/rustwide/target/debug/deps/liblibc-f14f9a5269b59615.rlib" "/opt/rustwide/target/debug/deps/libaddr2line-d6c9cc1e6aaf52a8.rlib" "/opt/rustwide/target/debug/deps/libgimli-d5075a56405bc3c5.rlib" "/opt/rustwide/target/debug/deps/librustc_demangle-42fe64f6e8239dbf.rlib" "/opt/rustwide/target/debug/deps/liblog-1acff040ad67833f.rlib" "/opt/rustwide/target/debug/deps/libcfg_if-e7a28af79b261e75.rlib" "-Wl,--start-group" "/opt/rustwide/rustup-home/toolchains/1.54.0-x86_64-unknown-linux-gnu/lib/rustlib/x86_64-unknown-linux-gnu/lib/libstd-2420485b9e5ef5e1.rlib" "/opt/rustwide/rustup-home/toolchains/1.54.0-x86_64-unknown-linux-gnu/lib/rustlib/x86_64-unknown-linux-gnu/lib/libpanic_unwind-785e3cb61c4b1960.rlib" "/opt/rustwide/rustup-home/toolchains/1.54.0-x86_64-unknown-linux-gnu/lib/rustlib/x86_64-unknown-linux-gnu/lib/libminiz_oxide-087191a88bdaa22d.rlib" "/opt/rustwide/rustup-home/toolchains/1.54.0-x86_64-unknown-linux-gnu/lib/rustlib/x86_64-unknown-linux-gnu/lib/libadler-9981842c02975178.rlib" "/opt/rustwide/rustup-home/toolchains/1.54.0-x86_64-unknown-linux-gnu/lib/rustlib/x86_64-unknown-linux-gnu/lib/libobject-6fb405869b015fde.rlib" "/opt/rustwide/rustup-home/toolchains/1.54.0-x86_64-unknown-linux-gnu/lib/rustlib/x86_64-unknown-linux-gnu/lib/libaddr2line-d05c5c3c56004b7b.rlib" "/opt/rustwide/rustup-home/toolchains/1.54.0-x86_64-unknown-linux-gnu/lib/rustlib/x86_64-unknown-linux-gnu/lib/libgimli-42d74d2097528b38.rlib" "/opt/rustwide/rustup-home/toolchains/1.54.0-x86_64-unknown-linux-gnu/lib/rustlib/x86_64-unknown-linux-gnu/lib/libstd_detect-fb36534c113d2209.rlib" "/opt/rustwide/rustup-home/toolchains/1.54.0-x86_64-unknown-linux-gnu/lib/rustlib/x86_64-unknown-linux-gnu/lib/librustc_demangle-b56b9042c12b6535.rlib" "/opt/rustwide/rustup-home/toolchains/1.54.0-x86_64-unknown-linux-gnu/lib/rustlib/x86_64-unknown-linux-gnu/lib/libhashbrown-491902d6cb3e76df.rlib" "/opt/rustwide/rustup-home/toolchains/1.54.0-x86_64-unknown-linux-gnu/lib/rustlib/x86_64-unknown-linux-gnu/lib/librustc_std_workspace_alloc-61834e0981b8c367.rlib" "/opt/rustwide/rustup-home/toolchains/1.54.0-x86_64-unknown-linux-gnu/lib/rustlib/x86_64-unknown-linux-gnu/lib/libunwind-f78aa99d613a55bc.rlib" "/opt/rustwide/rustup-home/toolchains/1.54.0-x86_64-unknown-linux-gnu/lib/rustlib/x86_64-unknown-linux-gnu/lib/libcfg_if-53ee54cd7fed2c57.rlib" "/opt/rustwide/rustup-home/toolchains/1.54.0-x86_64-unknown-linux-gnu/lib/rustlib/x86_64-unknown-linux-gnu/lib/liblibc-544ecdbd6cda3c58.rlib" "/opt/rustwide/rustup-home/toolchains/1.54.0-x86_64-unknown-linux-gnu/lib/rustlib/x86_64-unknown-linux-gnu/lib/liballoc-379cc252b6943a79.rlib" "/opt/rustwide/rustup-home/toolchains/1.54.0-x86_64-unknown-linux-gnu/lib/rustlib/x86_64-unknown-linux-gnu/lib/librustc_std_workspace_core-8063eea38dcc5e62.rlib" "/opt/rustwide/rustup-home/toolchains/1.54.0-x86_64-unknown-linux-gnu/lib/rustlib/x86_64-unknown-linux-gnu/lib/libcore-5b228734afae15ee.rlib" "-Wl,--end-group" "/opt/rustwide/rustup-home/toolchains/1.54.0-x86_64-unknown-linux-gnu/lib/rustlib/x86_64-unknown-linux-gnu/lib/libcompiler_builtins-d6c7a399d95d173f.rlib" "-Wl,-Bdynamic" "-lutil" "-ldl" "-lutil" "-lgcc_s" "-lutil" "-lrt" "-lpthread" "-lm" "-ldl" "-lc" "-Wl,--eh-frame-hdr" "-Wl,-znoexecstack" "-L" "/opt/rustwide/rustup-home/toolchains/1.54.0-x86_64-unknown-linux-gnu/lib/rustlib/x86_64-unknown-linux-gnu/lib" "-o" "/opt/rustwide/target/debug/examples/trigger_00-ad350af8de9adc81" "-Wl,--gc-sections" "-pie" "-Wl,-zrelro" "-Wl,-znow" "-nodefaultlibs"
[INFO] [stdout]   = note: collect2: fatal error: ld terminated with signal 9 [Killed]
[INFO] [stdout]           compilation terminated.
[INFO] [stdout]           
[INFO] [stdout] 
[INFO] [stdout] 
[INFO] [stdout] error: aborting due to previous error
[INFO] [stdout] 
[INFO] [stdout] 
[INFO] [stdout] error: linking with `cc` failed: exit status: 1
[INFO] [stdout]   |
[INFO] [stdout]   = note: "cc" "-m64" "/opt/rustwide/target/debug/examples/database_01-f30e1cdcfc20d6e2.database_01.31nerr7o-cgu.0.rcgu.o" "/opt/rustwide/target/debug/examples/database_01-f30e1cdcfc20d6e2.database_01.31nerr7o-cgu.1.rcgu.o" "/opt/rustwide/target/debug/examples/database_01-f30e1cdcfc20d6e2.database_01.31nerr7o-cgu.10.rcgu.o" "/opt/rustwide/target/debug/examples/database_01-f30e1cdcfc20d6e2.database_01.31nerr7o-cgu.11.rcgu.o" "/opt/rustwide/target/debug/examples/database_01-f30e1cdcfc20d6e2.database_01.31nerr7o-cgu.12.rcgu.o" "/opt/rustwide/target/debug/examples/database_01-f30e1cdcfc20d6e2.database_01.31nerr7o-cgu.13.rcgu.o" "/opt/rustwide/target/debug/examples/database_01-f30e1cdcfc20d6e2.database_01.31nerr7o-cgu.14.rcgu.o" "/opt/rustwide/target/debug/examples/database_01-f30e1cdcfc20d6e2.database_01.31nerr7o-cgu.15.rcgu.o" "/opt/rustwide/target/debug/examples/database_01-f30e1cdcfc20d6e2.database_01.31nerr7o-cgu.2.rcgu.o" "/opt/rustwide/target/debug/examples/database_01-f30e1cdcfc20d6e2.database_01.31nerr7o-cgu.3.rcgu.o" "/opt/rustwide/target/debug/examples/database_01-f30e1cdcfc20d6e2.database_01.31nerr7o-cgu.4.rcgu.o" "/opt/rustwide/target/debug/examples/database_01-f30e1cdcfc20d6e2.database_01.31nerr7o-cgu.5.rcgu.o" "/opt/rustwide/target/debug/examples/database_01-f30e1cdcfc20d6e2.database_01.31nerr7o-cgu.6.rcgu.o" "/opt/rustwide/target/debug/examples/database_01-f30e1cdcfc20d6e2.database_01.31nerr7o-cgu.7.rcgu.o" "/opt/rustwide/target/debug/examples/database_01-f30e1cdcfc20d6e2.database_01.31nerr7o-cgu.8.rcgu.o" "/opt/rustwide/target/debug/examples/database_01-f30e1cdcfc20d6e2.database_01.31nerr7o-cgu.9.rcgu.o" "/opt/rustwide/target/debug/examples/database_01-f30e1cdcfc20d6e2.3lm9hbvf007pdzh8.rcgu.o" "-Wl,--as-needed" "-L" "/opt/rustwide/target/debug/deps" "-L" "/opt/rustwide/target/debug/build/ring-aeb0b650bf3ee9a2/out" "-L" "/opt/rustwide/rustup-home/toolchains/1.54.0-x86_64-unknown-linux-gnu/lib/rustlib/x86_64-unknown-linux-gnu/lib" "-Wl,-Bstatic" "/opt/rustwide/target/debug/deps/libazure_sdk_cosmos-81b79abddce6e12f.rlib" "/opt/rustwide/target/debug/deps/libfutures-2c3b194886519ded.rlib" "/opt/rustwide/target/debug/deps/libfutures_executor-8e7a2b415a8beea3.rlib" "/opt/rustwide/target/debug/deps/libazure_sdk_core-083f3b199c193737.rlib" "/opt/rustwide/target/debug/deps/libhyper_rustls-111f2ef311b13105.rlib" "/opt/rustwide/target/debug/deps/libct_logs-41fd76937fc7ea77.rlib" "/opt/rustwide/target/debug/deps/librustls_native_certs-740b1f8369be94e6.rlib" "/opt/rustwide/target/debug/deps/libopenssl_probe-448ee40efb9df675.rlib" "/opt/rustwide/target/debug/deps/libtokio_rustls-0cacb992d110bc6d.rlib" "/opt/rustwide/target/debug/deps/librustls-2ecf5e5abc376333.rlib" "/opt/rustwide/target/debug/deps/libbase64-694bc314fb1cc938.rlib" "/opt/rustwide/target/debug/deps/libsct-dd6b51d1e8f28f67.rlib" "/opt/rustwide/target/debug/deps/libwebpki-429d5cadeabe7fdb.rlib" "/opt/rustwide/target/debug/deps/libring-ae2d2fef368b76eb.rlib" "/opt/rustwide/target/debug/deps/libspin-136df111413e15c8.rlib" "/opt/rustwide/target/debug/deps/libuntrusted-5c50346dcbd6ef19.rlib" "/opt/rustwide/target/debug/deps/libxml-bec2287a1c502ce9.rlib" "/opt/rustwide/target/debug/deps/libuuid-130ea954f61f09a9.rlib" "/opt/rustwide/target/debug/deps/librand-740836fa40f41d8b.rlib" "/opt/rustwide/target/debug/deps/librand_chacha-e1c03bb95ee58fe0.rlib" "/opt/rustwide/target/debug/deps/libppv_lite86-4df7824a247de569.rlib" "/opt/rustwide/target/debug/deps/librand_core-d186a0aca2d6a06c.rlib" "/opt/rustwide/target/debug/deps/libgetrandom-2da1044cfb90e9ed.rlib" "/opt/rustwide/target/debug/deps/liburl-ba67b301c01aa78b.rlib" "/opt/rustwide/target/debug/deps/libpercent_encoding-549c334c22432c49.rlib" "/opt/rustwide/target/debug/deps/libidna-b3a48c7371c59dff.rlib" "/opt/rustwide/target/debug/deps/libunicode_normalization-b0731a22380dd2e5.rlib" "/opt/rustwide/target/debug/deps/libtinyvec-7ebce3fddacff6dc.rlib" "/opt/rustwide/target/debug/deps/libunicode_bidi-658b16b5d9bb5631.rlib" "/opt/rustwide/target/debug/deps/libmatches-5bfcef5685786a07.rlib" "/opt/rustwide/target/debug/deps/libserde_xml_rs-d9982a0fedb713d0.rlib" "/opt/rustwide/target/debug/deps/libthiserror-0092711e751eea4f.rlib" "/opt/rustwide/target/debug/deps/libxml-f0211806b299c0ce.rlib" "/opt/rustwide/target/debug/deps/libserde_json-f2fff116764eced3.rlib" "/opt/rustwide/target/debug/deps/libryu-059aa1fbb24cd15e.rlib" "/opt/rustwide/target/debug/deps/libserde-2c24bc7c283111ce.rlib" "/opt/rustwide/target/debug/deps/libhyper-3cd939ba6ba3fc87.rlib" "/opt/rustwide/target/debug/deps/libhttparse-7d96f3722cd1a069.rlib" "/opt/rustwide/target/debug/deps/libwant-f742a04972792be0.rlib" "/opt/rustwide/target/debug/deps/libtry_lock-c129b4a0d2fd16a1.rlib" "/opt/rustwide/target/debug/deps/libh2-61a5572782361b56.rlib" "/opt/rustwide/target/debug/deps/libindexmap-8d24e2569cce9705.rlib" "/opt/rustwide/target/debug/deps/libtokio_util-fc2ac067f771424b.rlib" "/opt/rustwide/target/debug/deps/libsocket2-ecd50fb1c947ad25.rlib" "/opt/rustwide/target/debug/deps/libtower_service-f2293a18d860c644.rlib" "/opt/rustwide/target/debug/deps/libhttp_body-7fba6ee52dd89ec5.rlib" "/opt/rustwide/target/debug/deps/libfutures_util-434dc7c2589fc691.rlib" "/opt/rustwide/target/debug/deps/libproc_macro_nested-33934ecbf1745751.rlib" "/opt/rustwide/target/debug/deps/libfutures_io-24c9dd06fc912cd3.rlib" "/opt/rustwide/target/debug/deps/libfutures_channel-96e34d0804755ec9.rlib" "/opt/rustwide/target/debug/deps/libfutures_sink-3e4546f22328c093.rlib" "/opt/rustwide/target/debug/deps/libfutures_task-c8d89d06342526cd.rlib" "/opt/rustwide/target/debug/deps/libonce_cell-074479cbc83dec88.rlib" "/opt/rustwide/target/debug/deps/libpin_utils-576e633f12357c97.rlib" "/opt/rustwide/target/debug/deps/libtokio-c2d733c44529ce4b.rlib" "/opt/rustwide/target/debug/deps/libmemchr-d7dcdb754b97af01.rlib" "/opt/rustwide/target/debug/deps/libmio-fe683a4dca8e34cf.rlib" "/opt/rustwide/target/debug/deps/libslab-a95947d689540fa4.rlib" "/opt/rustwide/target/debug/deps/libiovec-0eaadaa9d2940158.rlib" "/opt/rustwide/target/debug/deps/libnet2-93c8097ba26d2db1.rlib" "/opt/rustwide/target/debug/deps/libfutures_core-26f162cbd9691799.rlib" "/opt/rustwide/target/debug/deps/libpin_project_lite-625a936507bb9349.rlib" "/opt/rustwide/target/debug/deps/libpin_project-e34ac7ddc7a27f45.rlib" "/opt/rustwide/target/debug/deps/libhttp-fa975020651b07bf.rlib" "/opt/rustwide/target/debug/deps/libitoa-2cab92f94c2667a9.rlib" "/opt/rustwide/target/debug/deps/libbytes-638dd75c73fd1a85.rlib" "/opt/rustwide/target/debug/deps/libfnv-56e05e18a5751d51.rlib" "/opt/rustwide/target/debug/deps/libchrono-490236f646bb59a6.rlib" "/opt/rustwide/target/debug/deps/libnum_integer-78d75e60bd710839.rlib" "/opt/rustwide/target/debug/deps/libnum_traits-96b8bf79317c676a.rlib" "/opt/rustwide/target/debug/deps/libtime-d9a1bacf820cb84b.rlib" "/opt/rustwide/target/debug/deps/libbase64-e2a906ac29617111.rlib" "/opt/rustwide/target/debug/deps/libquick_error-ed708074fa1e3146.rlib" "/opt/rustwide/target/debug/deps/libfailure-47f20063800ef877.rlib" "/opt/rustwide/target/debug/deps/libbacktrace-baf961caa7050b76.rlib" "/opt/rustwide/target/debug/deps/libminiz_oxide-e55111efea241dcf.rlib" "/opt/rustwide/target/debug/deps/libadler32-b1755fb70c87ed68.rlib" "/opt/rustwide/target/debug/deps/libobject-a3ed55bacdebc95c.rlib" "/opt/rustwide/target/debug/deps/liblibc-f14f9a5269b59615.rlib" "/opt/rustwide/target/debug/deps/libaddr2line-d6c9cc1e6aaf52a8.rlib" "/opt/rustwide/target/debug/deps/libgimli-d5075a56405bc3c5.rlib" "/opt/rustwide/target/debug/deps/librustc_demangle-42fe64f6e8239dbf.rlib" "/opt/rustwide/target/debug/deps/liblog-1acff040ad67833f.rlib" "/opt/rustwide/target/debug/deps/libcfg_if-e7a28af79b261e75.rlib" "-Wl,--start-group" "/opt/rustwide/rustup-home/toolchains/1.54.0-x86_64-unknown-linux-gnu/lib/rustlib/x86_64-unknown-linux-gnu/lib/libstd-2420485b9e5ef5e1.rlib" "/opt/rustwide/rustup-home/toolchains/1.54.0-x86_64-unknown-linux-gnu/lib/rustlib/x86_64-unknown-linux-gnu/lib/libpanic_unwind-785e3cb61c4b1960.rlib" "/opt/rustwide/rustup-home/toolchains/1.54.0-x86_64-unknown-linux-gnu/lib/rustlib/x86_64-unknown-linux-gnu/lib/libminiz_oxide-087191a88bdaa22d.rlib" "/opt/rustwide/rustup-home/toolchains/1.54.0-x86_64-unknown-linux-gnu/lib/rustlib/x86_64-unknown-linux-gnu/lib/libadler-9981842c02975178.rlib" "/opt/rustwide/rustup-home/toolchains/1.54.0-x86_64-unknown-linux-gnu/lib/rustlib/x86_64-unknown-linux-gnu/lib/libobject-6fb405869b015fde.rlib" "/opt/rustwide/rustup-home/toolchains/1.54.0-x86_64-unknown-linux-gnu/lib/rustlib/x86_64-unknown-linux-gnu/lib/libaddr2line-d05c5c3c56004b7b.rlib" "/opt/rustwide/rustup-home/toolchains/1.54.0-x86_64-unknown-linux-gnu/lib/rustlib/x86_64-unknown-linux-gnu/lib/libgimli-42d74d2097528b38.rlib" "/opt/rustwide/rustup-home/toolchains/1.54.0-x86_64-unknown-linux-gnu/lib/rustlib/x86_64-unknown-linux-gnu/lib/libstd_detect-fb36534c113d2209.rlib" "/opt/rustwide/rustup-home/toolchains/1.54.0-x86_64-unknown-linux-gnu/lib/rustlib/x86_64-unknown-linux-gnu/lib/librustc_demangle-b56b9042c12b6535.rlib" "/opt/rustwide/rustup-home/toolchains/1.54.0-x86_64-unknown-linux-gnu/lib/rustlib/x86_64-unknown-linux-gnu/lib/libhashbrown-491902d6cb3e76df.rlib" "/opt/rustwide/rustup-home/toolchains/1.54.0-x86_64-unknown-linux-gnu/lib/rustlib/x86_64-unknown-linux-gnu/lib/librustc_std_workspace_alloc-61834e0981b8c367.rlib" "/opt/rustwide/rustup-home/toolchains/1.54.0-x86_64-unknown-linux-gnu/lib/rustlib/x86_64-unknown-linux-gnu/lib/libunwind-f78aa99d613a55bc.rlib" "/opt/rustwide/rustup-home/toolchains/1.54.0-x86_64-unknown-linux-gnu/lib/rustlib/x86_64-unknown-linux-gnu/lib/libcfg_if-53ee54cd7fed2c57.rlib" "/opt/rustwide/rustup-home/toolchains/1.54.0-x86_64-unknown-linux-gnu/lib/rustlib/x86_64-unknown-linux-gnu/lib/liblibc-544ecdbd6cda3c58.rlib" "/opt/rustwide/rustup-home/toolchains/1.54.0-x86_64-unknown-linux-gnu/lib/rustlib/x86_64-unknown-linux-gnu/lib/liballoc-379cc252b6943a79.rlib" "/opt/rustwide/rustup-home/toolchains/1.54.0-x86_64-unknown-linux-gnu/lib/rustlib/x86_64-unknown-linux-gnu/lib/librustc_std_workspace_core-8063eea38dcc5e62.rlib" "/opt/rustwide/rustup-home/toolchains/1.54.0-x86_64-unknown-linux-gnu/lib/rustlib/x86_64-unknown-linux-gnu/lib/libcore-5b228734afae15ee.rlib" "-Wl,--end-group" "/opt/rustwide/rustup-home/toolchains/1.54.0-x86_64-unknown-linux-gnu/lib/rustlib/x86_64-unknown-linux-gnu/lib/libcompiler_builtins-d6c7a399d95d173f.rlib" "-Wl,-Bdynamic" "-lutil" "-ldl" "-lutil" "-lgcc_s" "-lutil" "-lrt" "-lpthread" "-lm" "-ldl" "-lc" "-Wl,--eh-frame-hdr" "-Wl,-znoexecstack" "-L" "/opt/rustwide/rustup-home/toolchains/1.54.0-x86_64-unknown-linux-gnu/lib/rustlib/x86_64-unknown-linux-gnu/lib" "-o" "/opt/rustwide/target/debug/examples/database_01-f30e1cdcfc20d6e2" "-Wl,--gc-sections" "-pie" "-Wl,-zrelro" "-Wl,-znow" "-nodefaultlibs"
[INFO] [stdout]   = note: collect2: fatal error: ld terminated with signal 9 [Killed]
[INFO] [stdout]           compilation terminated.
[INFO] [stdout]           
[INFO] [stdout] 
[INFO] [stdout] 
[INFO] [stdout] error: aborting due to previous error
[INFO] [stdout] 
[INFO] [stdout] 
[INFO] [stderr] error: build failed
[INFO] running `Command { std: "docker" "inspect" "b08dacc6470dc698a458fcc892f949b30364a0a32c97a4b25f8226f62740e40d", kill_on_drop: false }`
[INFO] running `Command { std: "docker" "rm" "-f" "b08dacc6470dc698a458fcc892f949b30364a0a32c97a4b25f8226f62740e40d", kill_on_drop: false }`
[INFO] [stdout] b08dacc6470dc698a458fcc892f949b30364a0a32c97a4b25f8226f62740e40d
