[INFO] fetching crate awpack 0.1.0...
[INFO] testing awpack-0.1.0 against 1.54.0 for beta-1.55-1
[INFO] extracting crate awpack 0.1.0 into /workspace/builds/worker-6/source
[INFO] validating manifest of crates.io crate awpack 0.1.0 on toolchain 1.54.0
[INFO] running `Command { std: "/workspace/cargo-home/bin/cargo" "+1.54.0" "metadata" "--manifest-path" "Cargo.toml" "--no-deps", kill_on_drop: false }`
[INFO] started tweaking crates.io crate awpack 0.1.0
[INFO] finished tweaking crates.io crate awpack 0.1.0
[INFO] tweaked toml for crates.io crate awpack 0.1.0 written to /workspace/builds/worker-6/source/Cargo.toml
[INFO] running `Command { std: "/workspace/cargo-home/bin/cargo" "+1.54.0" "generate-lockfile" "--manifest-path" "Cargo.toml" "-Zno-index-update", kill_on_drop: false }`
[INFO] running `Command { std: "/workspace/cargo-home/bin/cargo" "+1.54.0" "fetch" "--manifest-path" "Cargo.toml", kill_on_drop: false }`
[INFO] [stderr]     Blocking waiting for file lock on package cache
[INFO] running `Command { std: "docker" "create" "-v" "/var/lib/crater-agent-workspace/builds/worker-6/target:/opt/rustwide/target:rw,Z" "-v" "/var/lib/crater-agent-workspace/builds/worker-6/source:/opt/rustwide/workdir:ro,Z" "-v" "/var/lib/crater-agent-workspace/cargo-home:/opt/rustwide/cargo-home:ro,Z" "-v" "/var/lib/crater-agent-workspace/rustup-home:/opt/rustwide/rustup-home:ro,Z" "-e" "SOURCE_DIR=/opt/rustwide/workdir" "-e" "CARGO_TARGET_DIR=/opt/rustwide/target" "-e" "CARGO_HOME=/opt/rustwide/cargo-home" "-e" "RUSTUP_HOME=/opt/rustwide/rustup-home" "-w" "/opt/rustwide/workdir" "-m" "1610612736" "--user" "0:0" "--network" "none" "ghcr.io/rust-lang/crates-build-env/linux@sha256:34b6a614d2c27851fe6cbf88fbd1137609cefab8b10d0615aaeb6fd47975d74e" "/opt/rustwide/cargo-home/bin/cargo" "+1.54.0" "metadata" "--no-deps" "--format-version=1", kill_on_drop: false }`
[INFO] [stdout] 33a5fc8920930f906034018cebe69bfcf1f38e80f1134a32e7f2fa35d939611d
[INFO] [stderr] WARNING: Your kernel does not support swap limit capabilities or the cgroup is not mounted. Memory limited without swap.
[INFO] running `Command { std: "docker" "start" "-a" "33a5fc8920930f906034018cebe69bfcf1f38e80f1134a32e7f2fa35d939611d", kill_on_drop: false }`
[INFO] running `Command { std: "docker" "inspect" "33a5fc8920930f906034018cebe69bfcf1f38e80f1134a32e7f2fa35d939611d", kill_on_drop: false }`
[INFO] running `Command { std: "docker" "rm" "-f" "33a5fc8920930f906034018cebe69bfcf1f38e80f1134a32e7f2fa35d939611d", kill_on_drop: false }`
[INFO] [stdout] 33a5fc8920930f906034018cebe69bfcf1f38e80f1134a32e7f2fa35d939611d
[INFO] running `Command { std: "docker" "create" "-v" "/var/lib/crater-agent-workspace/builds/worker-6/target:/opt/rustwide/target:rw,Z" "-v" "/var/lib/crater-agent-workspace/builds/worker-6/source:/opt/rustwide/workdir:ro,Z" "-v" "/var/lib/crater-agent-workspace/cargo-home:/opt/rustwide/cargo-home:ro,Z" "-v" "/var/lib/crater-agent-workspace/rustup-home:/opt/rustwide/rustup-home:ro,Z" "-e" "SOURCE_DIR=/opt/rustwide/workdir" "-e" "CARGO_TARGET_DIR=/opt/rustwide/target" "-e" "CARGO_INCREMENTAL=0" "-e" "RUST_BACKTRACE=full" "-e" "RUSTFLAGS=--cap-lints=warn" "-e" "CARGO_HOME=/opt/rustwide/cargo-home" "-e" "RUSTUP_HOME=/opt/rustwide/rustup-home" "-w" "/opt/rustwide/workdir" "-m" "1610612736" "--user" "0:0" "--network" "none" "ghcr.io/rust-lang/crates-build-env/linux@sha256:34b6a614d2c27851fe6cbf88fbd1137609cefab8b10d0615aaeb6fd47975d74e" "/opt/rustwide/cargo-home/bin/cargo" "+1.54.0" "build" "--frozen" "--message-format=json", kill_on_drop: false }`
[INFO] [stderr] WARNING: Your kernel does not support swap limit capabilities or the cgroup is not mounted. Memory limited without swap.
[INFO] [stdout] 8d6a425a193936701a020fc85759507b62efd51eb9a43cfd49b4bfe6dffdb946
[INFO] running `Command { std: "docker" "start" "-a" "8d6a425a193936701a020fc85759507b62efd51eb9a43cfd49b4bfe6dffdb946", kill_on_drop: false }`
[INFO] [stderr]    Compiling cc v1.0.69
[INFO] [stderr]    Compiling libc v0.2.98
[INFO] [stderr]    Compiling gcc v0.3.55
[INFO] [stderr]    Compiling tinyvec_macros v0.1.0
[INFO] [stderr]    Compiling winapi-build v0.1.1
[INFO] [stderr]    Compiling matches v0.1.8
[INFO] [stderr]    Compiling bitflags v1.2.1
[INFO] [stderr]    Compiling winapi v0.2.8
[INFO] [stderr]    Compiling percent-encoding v1.0.1
[INFO] [stderr]    Compiling unicode-width v0.1.8
[INFO] [stderr]    Compiling vec_map v0.8.2
[INFO] [stderr]    Compiling rustc-serialize v0.3.24
[INFO] [stderr]    Compiling strsim v0.8.0
[INFO] [stderr]    Compiling openssl-probe v0.1.4
[INFO] [stderr]    Compiling ansi_term v0.11.0
[INFO] [stderr]    Compiling bitflags v0.7.0
[INFO] [stderr]    Compiling openssl-sys v0.7.17
[INFO] [stderr]    Compiling unicode-bidi v0.3.5
[INFO] [stderr]    Compiling tinyvec v1.3.1
[INFO] [stderr]    Compiling textwrap v0.11.0
[INFO] [stderr]    Compiling kernel32-sys v0.2.2
[INFO] [stderr]    Compiling walkdir v0.1.8
[INFO] [stderr]    Compiling cmake v0.1.45
[INFO] [stderr]    Compiling curl-sys v0.2.5
[INFO] [stderr]    Compiling libz-sys v1.1.3
[INFO] [stderr]    Compiling libssh2-sys v0.1.41
[INFO] [stderr]    Compiling libgit2-sys v0.5.3
[INFO] [stderr]    Compiling unicode-normalization v0.1.19
[INFO] [stderr]    Compiling atty v0.2.14
[INFO] [stderr]    Compiling clap v2.33.3
[INFO] [stderr]    Compiling toml v0.2.1
[INFO] [stderr]    Compiling idna v0.1.5
[INFO] [stderr]    Compiling url v1.7.2
[INFO] [stderr] error: failed to run custom build command for `libssh2-sys v0.1.41`
[INFO] [stderr] 
[INFO] [stderr] Caused by:
[INFO] [stderr]   process didn't exit successfully: `/opt/rustwide/target/debug/build/libssh2-sys-61d96bbe7105b2e9/build-script-build` (exit status: 101)
[INFO] [stderr]   --- stdout
[INFO] [stderr]   cargo:rerun-if-env-changed=LIBSSH2_NO_PKG_CONFIG
[INFO] [stderr]   cargo:rerun-if-env-changed=PKG_CONFIG
[INFO] [stderr]   cargo:rerun-if-env-changed=LIBSSH2_STATIC
[INFO] [stderr]   cargo:rerun-if-env-changed=LIBSSH2_DYNAMIC
[INFO] [stderr]   cargo:rerun-if-env-changed=PKG_CONFIG_ALL_STATIC
[INFO] [stderr]   cargo:rerun-if-env-changed=PKG_CONFIG_ALL_DYNAMIC
[INFO] [stderr]   cargo:rerun-if-env-changed=PKG_CONFIG_PATH_x86_64-unknown-linux-gnu
[INFO] [stderr]   cargo:rerun-if-env-changed=PKG_CONFIG_PATH_x86_64_unknown_linux_gnu
[INFO] [stderr]   cargo:rerun-if-env-changed=HOST_PKG_CONFIG_PATH
[INFO] [stderr]   cargo:rerun-if-env-changed=PKG_CONFIG_PATH
[INFO] [stderr]   cargo:rerun-if-env-changed=PKG_CONFIG_LIBDIR_x86_64-unknown-linux-gnu
[INFO] [stderr]   cargo:rerun-if-env-changed=PKG_CONFIG_LIBDIR_x86_64_unknown_linux_gnu
[INFO] [stderr]   cargo:rerun-if-env-changed=HOST_PKG_CONFIG_LIBDIR
[INFO] [stderr]   cargo:rerun-if-env-changed=PKG_CONFIG_LIBDIR
[INFO] [stderr]   cargo:rerun-if-env-changed=PKG_CONFIG_SYSROOT_DIR_x86_64-unknown-linux-gnu
[INFO] [stderr]   cargo:rerun-if-env-changed=PKG_CONFIG_SYSROOT_DIR_x86_64_unknown_linux_gnu
[INFO] [stderr]   cargo:rerun-if-env-changed=HOST_PKG_CONFIG_SYSROOT_DIR
[INFO] [stderr]   cargo:rerun-if-env-changed=PKG_CONFIG_SYSROOT_DIR
[INFO] [stderr]   running: "cmake" "/opt/rustwide/cargo-home/registry/src/github.com-1ecc6299db9ec823/libssh2-sys-0.1.41/libssh2" "-DCRYPTO_BACKEND=OpenSSL" "-DOPENSSL_INCLUDE_DIR=/usr/include" "-DBUILD_SHARED_LIBS=OFF" "-DENABLE_ZLIB_COMPRESSION=ON" "-DCMAKE_INSTALL_LIBDIR=lib" "-DBUILD_EXAMPLES=OFF" "-DBUILD_TESTING=OFF" "-DCMAKE_INSTALL_PREFIX=/opt/rustwide/target/debug/build/libssh2-sys-dacb60fa63fd0c13/out" "-DCMAKE_C_FLAGS= -ffunction-sections -fdata-sections -fPIC -m64" "-DCMAKE_C_COMPILER=/usr/bin/cc" "-DCMAKE_CXX_FLAGS= -ffunction-sections -fdata-sections -fPIC -m64" "-DCMAKE_CXX_COMPILER=/usr/bin/c++" "-DCMAKE_ASM_FLAGS= -ffunction-sections -fdata-sections -fPIC -m64" "-DCMAKE_ASM_COMPILER=/usr/bin/cc" "-DCMAKE_BUILD_TYPE=Debug"
[INFO] [stderr]   -- The C compiler identification is GNU 9.3.0
[INFO] [stderr]   -- Check for working C compiler: /usr/bin/cc
[INFO] [stderr]   -- Check for working C compiler: /usr/bin/cc -- works
[INFO] [stderr]   -- Detecting C compiler ABI info
[INFO] [stderr]   -- Detecting C compiler ABI info - done
[INFO] [stderr]   -- Detecting C compile features
[INFO] [stderr]   -- Detecting C compile features - done
[INFO] [stderr]   -- Found OpenSSL: /usr/lib/x86_64-linux-gnu/libcrypto.so (found version "1.1.1f")  
[INFO] [stderr]   -- Looking for EVP_aes_128_ctr
[INFO] [stderr]   -- Looking for EVP_aes_128_ctr - found
[INFO] [stderr]   -- Found ZLIB: /usr/lib/x86_64-linux-gnu/libz.so (found version "1.2.11") 
[INFO] [stderr]   -- Looking for include file unistd.h
[INFO] [stderr]   -- Looking for include file unistd.h - found
[INFO] [stderr]   -- Looking for include file inttypes.h
[INFO] [stderr]   -- Looking for include file inttypes.h - found
[INFO] [stderr]   -- Looking for include file stdlib.h
[INFO] [stderr]   -- Looking for include file stdlib.h - found
[INFO] [stderr]   -- Looking for include file sys/select.h
[INFO] [stderr]   -- Looking for include file sys/select.h - found
[INFO] [stderr]   -- Looking for include file sys/uio.h
[INFO] [stderr]   -- Looking for include file sys/uio.h - found
[INFO] [stderr]   -- Looking for include file sys/socket.h
[INFO] [stderr]   -- Looking for include file sys/socket.h - found
[INFO] [stderr]   -- Looking for include file sys/ioctl.h
[INFO] [stderr]   -- Looking for include file sys/ioctl.h - found
[INFO] [stderr]   -- Looking for include file sys/time.h
[INFO] [stderr]   -- Looking for include file sys/time.h - found
[INFO] [stderr]   -- Looking for include file sys/un.h
[INFO] [stderr]   -- Looking for include file sys/un.h - found
[INFO] [stderr]   -- Looking for include file windows.h
[INFO] [stderr]   -- Looking for include file windows.h - not found
[INFO] [stderr]   -- Looking for include file ws2tcpip.h
[INFO] [stderr]   -- Looking for include file ws2tcpip.h - not found
[INFO] [stderr]   -- Looking for include file winsock2.h
[INFO] [stderr]   -- Looking for include file winsock2.h - not found
[INFO] [stderr]   -- Looking for sys/types.h
[INFO] [stderr]   -- Looking for sys/types.h - found
[INFO] [stderr]   -- Looking for stdint.h
[INFO] [stderr]   -- Looking for stdint.h - found
[INFO] [stderr]   -- Looking for stddef.h
[INFO] [stderr]   -- Looking for stddef.h - found
[INFO] [stderr]   -- Check size of long long
[INFO] [stderr]   -- Check size of long long - done
[INFO] [stderr]   -- Looking for gettimeofday
[INFO] [stderr]   -- Looking for gettimeofday - found
[INFO] [stderr]   -- Looking for strtoll
[INFO] [stderr]   -- Looking for strtoll - found
[INFO] [stderr]   -- Looking for snprintf
[INFO] [stderr]   -- Looking for snprintf - found
[INFO] [stderr]   -- Looking for poll
[INFO] [stderr]   -- Looking for poll - found
[INFO] [stderr]   -- Looking for socket
[INFO] [stderr]   -- Looking for socket - found
[INFO] [stderr]   -- Looking for select
[INFO] [stderr]   -- Looking for select - found
[INFO] [stderr]   -- Looking for inet_addr
[INFO] [stderr]   -- Looking for inet_addr - found
[INFO] [stderr]   -- Performing Test HAVE_O_NONBLOCK
[INFO] [stderr]   -- Performing Test HAVE_O_NONBLOCK - Success
[INFO] [stderr]   -- The following features have been enabled:
[INFO] [stderr] 
[INFO] [stderr]    * Compression, using zlib for compression
[INFO] [stderr]    * diffie-hellman-group-exchange-sha1, "new" diffie-hellman-group-exchange-sha1 method
[INFO] [stderr]    * Logging, Logging of execution with debug trace
[INFO] [stderr] 
[INFO] [stderr]   -- The following REQUIRED packages have been found:
[INFO] [stderr] 
[INFO] [stderr]    * OpenSSL
[INFO] [stderr]    * ZLIB
[INFO] [stderr] 
[INFO] [stderr]   -- The following features have been disabled:
[INFO] [stderr] 
[INFO] [stderr]    * Shared library, creating libssh2 as a shared library (.so/.dll)
[INFO] [stderr]    * "none" cipher
[INFO] [stderr]    * "none" MAC
[INFO] [stderr] 
[INFO] [stderr]   -- Configuring done
[INFO] [stderr]   -- Generating done
[INFO] [stderr]   -- Build files have been written to: /opt/rustwide/target/debug/build/libssh2-sys-dacb60fa63fd0c13/out/build
[INFO] [stderr]   running: "cmake" "--build" "." "--target" "install" "--config" "Debug" "--"
[INFO] [stderr]   Scanning dependencies of target libssh2
[INFO] [stderr]   [  4%] Building C object src/CMakeFiles/libssh2.dir/openssl.c.o
[INFO] [stderr]   [  9%] Building C object src/CMakeFiles/libssh2.dir/agent.c.o
[INFO] [stderr]   [ 13%] Building C object src/CMakeFiles/libssh2.dir/channel.c.o
[INFO] [stderr]   [ 18%] Building C object src/CMakeFiles/libssh2.dir/crypt.c.o
[INFO] [stderr]   [ 22%] Building C object src/CMakeFiles/libssh2.dir/comp.c.o
[INFO] [stderr]   [ 27%] Building C object src/CMakeFiles/libssh2.dir/global.c.o
[INFO] [stderr]   [ 31%] Building C object src/CMakeFiles/libssh2.dir/hostkey.c.o
[INFO] [stderr]   [ 36%] Building C object src/CMakeFiles/libssh2.dir/keepalive.c.o
[INFO] [stderr]   [ 40%] Building C object src/CMakeFiles/libssh2.dir/kex.c.o
[INFO] [stderr]   [ 45%] Building C object src/CMakeFiles/libssh2.dir/knownhost.c.o
[INFO] [stderr]   [ 50%] Building C object src/CMakeFiles/libssh2.dir/misc.c.o
[INFO] [stderr]   [ 54%] Building C object src/CMakeFiles/libssh2.dir/mac.c.o
[INFO] [stderr]   [ 59%] Building C object src/CMakeFiles/libssh2.dir/packet.c.o
[INFO] [stderr]   [ 63%] Building C object src/CMakeFiles/libssh2.dir/pem.c.o
[INFO] [stderr]   [ 68%] Building C object src/CMakeFiles/libssh2.dir/publickey.c.o
[INFO] [stderr] 
[INFO] [stderr]   --- stderr
[INFO] [stderr]   fatal: not a git repository (or any parent up to mount point /opt/rustwide)
[INFO] [stderr]   Stopping at filesystem boundary (GIT_DISCOVERY_ACROSS_FILESYSTEM not set).
[INFO] [stderr]   CMake Warning:
[INFO] [stderr]     Manually-specified variables were not used by the project:
[INFO] [stderr] 
[INFO] [stderr]       CMAKE_ASM_COMPILER
[INFO] [stderr]       CMAKE_ASM_FLAGS
[INFO] [stderr]       CMAKE_CXX_COMPILER
[INFO] [stderr] 
[INFO] [stderr] 
[INFO] [stderr]   /opt/rustwide/cargo-home/registry/src/github.com-1ecc6299db9ec823/libssh2-sys-0.1.41/libssh2/src/openssl.c: In function '_libssh2_rsa_new':
[INFO] [stderr]   /opt/rustwide/cargo-home/registry/src/github.com-1ecc6299db9ec823/libssh2-sys-0.1.41/libssh2/src/openssl.c:71:11: error: dereferencing pointer to incomplete type 'RSA' {aka 'struct rsa_st'}
[INFO] [stderr]      71 |     (*rsa)->e = BN_new();
[INFO] [stderr]         |           ^~
[INFO] [stderr]   /opt/rustwide/cargo-home/registry/src/github.com-1ecc6299db9ec823/libssh2-sys-0.1.41/libssh2/src/openssl.c: In function '_libssh2_dsa_new':
[INFO] [stderr]   /opt/rustwide/cargo-home/registry/src/github.com-1ecc6299db9ec823/libssh2-sys-0.1.41/libssh2/src/openssl.c:130:14: error: dereferencing pointer to incomplete type 'DSA' {aka 'struct dsa_st'}
[INFO] [stderr]     130 |     (*dsactx)->p = BN_new();
[INFO] [stderr]         |              ^~
[INFO] [stderr]   /opt/rustwide/cargo-home/registry/src/github.com-1ecc6299db9ec823/libssh2-sys-0.1.41/libssh2/src/openssl.c: In function '_libssh2_dsa_sha1_verify':
[INFO] [stderr]   /opt/rustwide/cargo-home/registry/src/github.com-1ecc6299db9ec823/libssh2-sys-0.1.41/libssh2/src/openssl.c:156:13: error: storage size of 'dsasig' isn't known
[INFO] [stderr]     156 |     DSA_SIG dsasig;
[INFO] [stderr]         |             ^~~~~~
[INFO] [stderr]   /opt/rustwide/cargo-home/registry/src/github.com-1ecc6299db9ec823/libssh2-sys-0.1.41/libssh2/src/openssl.c:156:13: warning: unused variable 'dsasig' [-Wunused-variable]
[INFO] [stderr]   In file included from /usr/include/openssl/asn1.h:23,
[INFO] [stderr]                    from /usr/include/openssl/rsa.h:16,
[INFO] [stderr]                    from /opt/rustwide/cargo-home/registry/src/github.com-1ecc6299db9ec823/libssh2-sys-0.1.41/libssh2/src/openssl.h:42,
[INFO] [stderr]                    from /opt/rustwide/cargo-home/registry/src/github.com-1ecc6299db9ec823/libssh2-sys-0.1.41/libssh2/src/crypto.h:42,
[INFO] [stderr]                    from /opt/rustwide/cargo-home/registry/src/github.com-1ecc6299db9ec823/libssh2-sys-0.1.41/libssh2/src/libssh2_priv.h:140,
[INFO] [stderr]                    from /opt/rustwide/cargo-home/registry/src/github.com-1ecc6299db9ec823/libssh2-sys-0.1.41/libssh2/src/openssl.c:41:
[INFO] [stderr]   /opt/rustwide/cargo-home/registry/src/github.com-1ecc6299db9ec823/libssh2-sys-0.1.41/libssh2/src/openssl.c: In function '_libssh2_dsa_sha1_sign':
[INFO] [stderr]   /opt/rustwide/cargo-home/registry/src/github.com-1ecc6299db9ec823/libssh2-sys-0.1.41/libssh2/src/openssl.c:597:29: error: dereferencing pointer to incomplete type 'DSA_SIG' {aka 'struct DSA_SIG_st'}
[INFO] [stderr]     597 |     r_len = BN_num_bytes(sig->r);
[INFO] [stderr]         |                             ^~
[INFO] [stderr]   make[2]: *** [src/CMakeFiles/libssh2.dir/build.make:63: src/CMakeFiles/libssh2.dir/openssl.c.o] Error 1
[INFO] [stderr]   make[2]: *** Waiting for unfinished jobs....
[INFO] [stderr]   make[1]: *** [CMakeFiles/Makefile2:115: src/CMakeFiles/libssh2.dir/all] Error 2
[INFO] [stderr]   make: *** [Makefile:152: all] Error 2
[INFO] [stderr]   thread 'main' panicked at '
[INFO] [stderr]   command did not execute successfully, got: exit status: 2
[INFO] [stderr] 
[INFO] [stderr]   build script failed, must exit now', /opt/rustwide/cargo-home/registry/src/github.com-1ecc6299db9ec823/cmake-0.1.45/src/lib.rs:894:5
[INFO] [stderr]   stack backtrace:
[INFO] [stderr]      0:     0x55c814f9a5a0 - std::backtrace_rs::backtrace::libunwind::trace::h34055254b57d8e79
[INFO] [stderr]                                  at /rustc/a178d0322ce20e33eac124758e837cbd80a6f633/library/std/src/../../backtrace/src/backtrace/libunwind.rs:90:5
[INFO] [stderr]      1:     0x55c814f9a5a0 - std::backtrace_rs::backtrace::trace_unsynchronized::h8f1e3fbd9afff6ec
[INFO] [stderr]                                  at /rustc/a178d0322ce20e33eac124758e837cbd80a6f633/library/std/src/../../backtrace/src/backtrace/mod.rs:66:5
[INFO] [stderr]      2:     0x55c814f9a5a0 - std::sys_common::backtrace::_print_fmt::h3a99a796b770c360
[INFO] [stderr]                                  at /rustc/a178d0322ce20e33eac124758e837cbd80a6f633/library/std/src/sys_common/backtrace.rs:67:5
[INFO] [stderr]      3:     0x55c814f9a5a0 - <std::sys_common::backtrace::_print::DisplayBacktrace as core::fmt::Display>::fmt::h32d1f94a80615d18
[INFO] [stderr]                                  at /rustc/a178d0322ce20e33eac124758e837cbd80a6f633/library/std/src/sys_common/backtrace.rs:46:22
[INFO] [stderr]      4:     0x55c814fba64c - core::fmt::write::h306731c068f7162c
[INFO] [stderr]                                  at /rustc/a178d0322ce20e33eac124758e837cbd80a6f633/library/core/src/fmt/mod.rs:1110:17
[INFO] [stderr]      5:     0x55c814f971d5 - std::io::Write::write_fmt::hd2fa90334eee2a21
[INFO] [stderr]                                  at /rustc/a178d0322ce20e33eac124758e837cbd80a6f633/library/std/src/io/mod.rs:1588:15
[INFO] [stderr]      6:     0x55c814f9cbeb - std::sys_common::backtrace::_print::h5abaa2601a852287
[INFO] [stderr]                                  at /rustc/a178d0322ce20e33eac124758e837cbd80a6f633/library/std/src/sys_common/backtrace.rs:49:5
[INFO] [stderr]      7:     0x55c814f9cbeb - std::sys_common::backtrace::print::h8d81445442bb638f
[INFO] [stderr]                                  at /rustc/a178d0322ce20e33eac124758e837cbd80a6f633/library/std/src/sys_common/backtrace.rs:36:9
[INFO] [stderr]      8:     0x55c814f9cbeb - std::panicking::default_hook::{{closure}}::hcfe804496a9fa747
[INFO] [stderr]                                  at /rustc/a178d0322ce20e33eac124758e837cbd80a6f633/library/std/src/panicking.rs:208:50
[INFO] [stderr]      9:     0x55c814f9c6c1 - std::panicking::default_hook::hbea8e3ccf2ba8901
[INFO] [stderr]                                  at /rustc/a178d0322ce20e33eac124758e837cbd80a6f633/library/std/src/panicking.rs:225:9
[INFO] [stderr]     10:     0x55c814f9d2b4 - std::panicking::rust_panic_with_hook::h7ee9e1a2d0f8975a
[INFO] [stderr]                                  at /rustc/a178d0322ce20e33eac124758e837cbd80a6f633/library/std/src/panicking.rs:622:17
[INFO] [stderr]     11:     0x55c814f9cd97 - std::panicking::begin_panic_handler::{{closure}}::h8ab3b4491718b2c7
[INFO] [stderr]                                  at /rustc/a178d0322ce20e33eac124758e837cbd80a6f633/library/std/src/panicking.rs:519:13
[INFO] [stderr]     12:     0x55c814f9aa9c - std::sys_common::backtrace::__rust_end_short_backtrace::hd489062ffa586a9f
[INFO] [stderr]                                  at /rustc/a178d0322ce20e33eac124758e837cbd80a6f633/library/std/src/sys_common/backtrace.rs:141:18
[INFO] [stderr]     13:     0x55c814f9ccf9 - rust_begin_unwind
[INFO] [stderr]                                  at /rustc/a178d0322ce20e33eac124758e837cbd80a6f633/library/std/src/panicking.rs:515:5
[INFO] [stderr]     14:     0x55c814eedbeb - std::panicking::begin_panic_fmt::h5479575e112541f8
[INFO] [stderr]                                  at /rustc/a178d0322ce20e33eac124758e837cbd80a6f633/library/std/src/panicking.rs:457:5
[INFO] [stderr]     15:     0x55c814efae93 - cmake::fail::ha1cc8d11909fbc7e
[INFO] [stderr]                                  at /opt/rustwide/cargo-home/registry/src/github.com-1ecc6299db9ec823/cmake-0.1.45/src/lib.rs:894:5
[INFO] [stderr]     16:     0x55c814efa8a1 - cmake::run::hdc59bf284b822c8e
[INFO] [stderr]                                  at /opt/rustwide/cargo-home/registry/src/github.com-1ecc6299db9ec823/cmake-0.1.45/src/lib.rs:872:9
[INFO] [stderr]     17:     0x55c814ef82d1 - cmake::Config::build::hf6738867fda55e0d
[INFO] [stderr]                                  at /opt/rustwide/cargo-home/registry/src/github.com-1ecc6299db9ec823/cmake-0.1.45/src/lib.rs:778:9
[INFO] [stderr]     18:     0x55c814eef46f - build_script_build::main::h60a04376f2cabd2f
[INFO] [stderr]                                  at /opt/rustwide/cargo-home/registry/src/github.com-1ecc6299db9ec823/libssh2-sys-0.1.41/build.rs:58:15
[INFO] [stderr]     19:     0x55c814ef265b - core::ops::function::FnOnce::call_once::h3ca8bfd701e8056a
[INFO] [stderr]                                  at /rustc/a178d0322ce20e33eac124758e837cbd80a6f633/library/core/src/ops/function.rs:227:5
[INFO] [stderr]     20:     0x55c814ef259e - std::sys_common::backtrace::__rust_begin_short_backtrace::h835ecbd669e62d9b
[INFO] [stderr]                                  at /rustc/a178d0322ce20e33eac124758e837cbd80a6f633/library/std/src/sys_common/backtrace.rs:125:18
[INFO] [stderr]     21:     0x55c814ef0cb1 - std::rt::lang_start::{{closure}}::h6605023defeaeb17
[INFO] [stderr]                                  at /rustc/a178d0322ce20e33eac124758e837cbd80a6f633/library/std/src/rt.rs:49:18
[INFO] [stderr]     22:     0x55c814f9d7b9 - core::ops::function::impls::<impl core::ops::function::FnOnce<A> for &F>::call_once::h2aabc384aab89b7b
[INFO] [stderr]                                  at /rustc/a178d0322ce20e33eac124758e837cbd80a6f633/library/core/src/ops/function.rs:259:13
[INFO] [stderr]     23:     0x55c814f9d7b9 - std::panicking::try::do_call::hc5fcacb7a85fc7b1
[INFO] [stderr]                                  at /rustc/a178d0322ce20e33eac124758e837cbd80a6f633/library/std/src/panicking.rs:401:40
[INFO] [stderr]     24:     0x55c814f9d7b9 - std::panicking::try::hb5d9603af3abbe3a
[INFO] [stderr]                                  at /rustc/a178d0322ce20e33eac124758e837cbd80a6f633/library/std/src/panicking.rs:365:19
[INFO] [stderr]     25:     0x55c814f9d7b9 - std::panic::catch_unwind::h98fe6ac3925e64b4
[INFO] [stderr]                                  at /rustc/a178d0322ce20e33eac124758e837cbd80a6f633/library/std/src/panic.rs:434:14
[INFO] [stderr]     26:     0x55c814f9d7b9 - std::rt::lang_start_internal::h22ac7383c516f93e
[INFO] [stderr]                                  at /rustc/a178d0322ce20e33eac124758e837cbd80a6f633/library/std/src/rt.rs:34:21
[INFO] [stderr]     27:     0x55c814ef0c90 - std::rt::lang_start::h30b0420ef70ebeef
[INFO] [stderr]                                  at /rustc/a178d0322ce20e33eac124758e837cbd80a6f633/library/std/src/rt.rs:48:5
[INFO] [stderr]     28:     0x55c814ef04ac - main
[INFO] [stderr]     29:     0x7fd6691630b3 - __libc_start_main
[INFO] [stderr]     30:     0x55c814eeea8e - _start
[INFO] [stderr]     31:                0x0 - <unknown>
[INFO] [stderr] warning: build failed, waiting for other jobs to finish...
[INFO] [stderr] error: build failed
[INFO] running `Command { std: "docker" "inspect" "8d6a425a193936701a020fc85759507b62efd51eb9a43cfd49b4bfe6dffdb946", kill_on_drop: false }`
[INFO] running `Command { std: "docker" "rm" "-f" "8d6a425a193936701a020fc85759507b62efd51eb9a43cfd49b4bfe6dffdb946", kill_on_drop: false }`
[INFO] [stdout] 8d6a425a193936701a020fc85759507b62efd51eb9a43cfd49b4bfe6dffdb946
