[INFO] fetching crate async-lease 0.2.0-alpha.1...
[INFO] testing async-lease-0.2.0-alpha.1 against 1.54.0 for beta-1.55-1
[INFO] extracting crate async-lease 0.2.0-alpha.1 into /workspace/builds/worker-55/source
[INFO] validating manifest of crates.io crate async-lease 0.2.0-alpha.1 on toolchain 1.54.0
[INFO] running `Command { std: "/workspace/cargo-home/bin/cargo" "+1.54.0" "metadata" "--manifest-path" "Cargo.toml" "--no-deps", kill_on_drop: false }`
[INFO] started tweaking crates.io crate async-lease 0.2.0-alpha.1
[INFO] finished tweaking crates.io crate async-lease 0.2.0-alpha.1
[INFO] tweaked toml for crates.io crate async-lease 0.2.0-alpha.1 written to /workspace/builds/worker-55/source/Cargo.toml
[INFO] running `Command { std: "/workspace/cargo-home/bin/cargo" "+1.54.0" "generate-lockfile" "--manifest-path" "Cargo.toml" "-Zno-index-update", kill_on_drop: false }`
[INFO] [stderr]     Blocking waiting for file lock on package cache
[INFO] running `Command { std: "/workspace/cargo-home/bin/cargo" "+1.54.0" "fetch" "--manifest-path" "Cargo.toml", kill_on_drop: false }`
[INFO] [stderr]     Blocking waiting for file lock on package cache
[INFO] [stderr]     Blocking waiting for file lock on package cache
[INFO] [stderr]  Downloading crates ...
[INFO] [stderr]   Downloaded tokio-test v0.2.1
[INFO] [stderr]   Downloaded tokio-sync v0.2.0-alpha.6
[INFO] running `Command { std: "docker" "create" "-v" "/var/lib/crater-agent-workspace/builds/worker-55/target:/opt/rustwide/target:rw,Z" "-v" "/var/lib/crater-agent-workspace/builds/worker-55/source:/opt/rustwide/workdir:ro,Z" "-v" "/var/lib/crater-agent-workspace/cargo-home:/opt/rustwide/cargo-home:ro,Z" "-v" "/var/lib/crater-agent-workspace/rustup-home:/opt/rustwide/rustup-home:ro,Z" "-e" "SOURCE_DIR=/opt/rustwide/workdir" "-e" "CARGO_TARGET_DIR=/opt/rustwide/target" "-e" "CARGO_HOME=/opt/rustwide/cargo-home" "-e" "RUSTUP_HOME=/opt/rustwide/rustup-home" "-w" "/opt/rustwide/workdir" "-m" "1610612736" "--user" "0:0" "--network" "none" "ghcr.io/rust-lang/crates-build-env/linux@sha256:34b6a614d2c27851fe6cbf88fbd1137609cefab8b10d0615aaeb6fd47975d74e" "/opt/rustwide/cargo-home/bin/cargo" "+1.54.0" "metadata" "--no-deps" "--format-version=1", kill_on_drop: false }`
[INFO] [stdout] 63172a370554aa582a5ac31698dcab981c9bf721f22ec46efb5ed0c490cc2ceb
[INFO] running `Command { std: "docker" "start" "-a" "63172a370554aa582a5ac31698dcab981c9bf721f22ec46efb5ed0c490cc2ceb", kill_on_drop: false }`
[INFO] running `Command { std: "docker" "inspect" "63172a370554aa582a5ac31698dcab981c9bf721f22ec46efb5ed0c490cc2ceb", kill_on_drop: false }`
[INFO] running `Command { std: "docker" "rm" "-f" "63172a370554aa582a5ac31698dcab981c9bf721f22ec46efb5ed0c490cc2ceb", kill_on_drop: false }`
[INFO] [stdout] 63172a370554aa582a5ac31698dcab981c9bf721f22ec46efb5ed0c490cc2ceb
[INFO] running `Command { std: "docker" "create" "-v" "/var/lib/crater-agent-workspace/builds/worker-55/target:/opt/rustwide/target:rw,Z" "-v" "/var/lib/crater-agent-workspace/builds/worker-55/source:/opt/rustwide/workdir:ro,Z" "-v" "/var/lib/crater-agent-workspace/cargo-home:/opt/rustwide/cargo-home:ro,Z" "-v" "/var/lib/crater-agent-workspace/rustup-home:/opt/rustwide/rustup-home:ro,Z" "-e" "SOURCE_DIR=/opt/rustwide/workdir" "-e" "CARGO_TARGET_DIR=/opt/rustwide/target" "-e" "CARGO_INCREMENTAL=0" "-e" "RUST_BACKTRACE=full" "-e" "RUSTFLAGS=--cap-lints=warn" "-e" "CARGO_HOME=/opt/rustwide/cargo-home" "-e" "RUSTUP_HOME=/opt/rustwide/rustup-home" "-w" "/opt/rustwide/workdir" "-m" "1610612736" "--user" "0:0" "--network" "none" "ghcr.io/rust-lang/crates-build-env/linux@sha256:34b6a614d2c27851fe6cbf88fbd1137609cefab8b10d0615aaeb6fd47975d74e" "/opt/rustwide/cargo-home/bin/cargo" "+1.54.0" "build" "--frozen" "--message-format=json", kill_on_drop: false }`
[INFO] [stdout] 41d17d7bcfb97d5dc21e8eae9edbbbf50c482ebc3f83ece40dc0666d163fc261
[INFO] running `Command { std: "docker" "start" "-a" "41d17d7bcfb97d5dc21e8eae9edbbbf50c482ebc3f83ece40dc0666d163fc261", kill_on_drop: false }`
[INFO] [stderr]     Blocking waiting for file lock on package cache
[INFO] [stderr]    Compiling futures-core-preview v0.3.0-alpha.19
[INFO] [stderr]    Compiling futures-util-preview v0.3.0-alpha.19
[INFO] [stderr]    Compiling tokio-sync v0.2.0-alpha.6
[INFO] [stderr]    Compiling async-lease v0.2.0-alpha.1 (/opt/rustwide/workdir)
[INFO] [stderr]     Finished dev [unoptimized + debuginfo] target(s) in 3.22s
[INFO] running `Command { std: "docker" "inspect" "41d17d7bcfb97d5dc21e8eae9edbbbf50c482ebc3f83ece40dc0666d163fc261", kill_on_drop: false }`
[INFO] running `Command { std: "docker" "rm" "-f" "41d17d7bcfb97d5dc21e8eae9edbbbf50c482ebc3f83ece40dc0666d163fc261", kill_on_drop: false }`
[INFO] [stdout] 41d17d7bcfb97d5dc21e8eae9edbbbf50c482ebc3f83ece40dc0666d163fc261
[INFO] running `Command { std: "docker" "create" "-v" "/var/lib/crater-agent-workspace/builds/worker-55/target:/opt/rustwide/target:rw,Z" "-v" "/var/lib/crater-agent-workspace/builds/worker-55/source:/opt/rustwide/workdir:ro,Z" "-v" "/var/lib/crater-agent-workspace/cargo-home:/opt/rustwide/cargo-home:ro,Z" "-v" "/var/lib/crater-agent-workspace/rustup-home:/opt/rustwide/rustup-home:ro,Z" "-e" "SOURCE_DIR=/opt/rustwide/workdir" "-e" "CARGO_TARGET_DIR=/opt/rustwide/target" "-e" "CARGO_INCREMENTAL=0" "-e" "RUST_BACKTRACE=full" "-e" "RUSTFLAGS=--cap-lints=warn" "-e" "CARGO_HOME=/opt/rustwide/cargo-home" "-e" "RUSTUP_HOME=/opt/rustwide/rustup-home" "-w" "/opt/rustwide/workdir" "-m" "1610612736" "--user" "0:0" "--network" "none" "ghcr.io/rust-lang/crates-build-env/linux@sha256:34b6a614d2c27851fe6cbf88fbd1137609cefab8b10d0615aaeb6fd47975d74e" "/opt/rustwide/cargo-home/bin/cargo" "+1.54.0" "test" "--frozen" "--no-run" "--message-format=json", kill_on_drop: false }`
[INFO] [stdout] f8f06f982d3d25a429eb66d195ee9cb2db89490c4c0f54ef4fb05d5f6f666e16
[INFO] running `Command { std: "docker" "start" "-a" "f8f06f982d3d25a429eb66d195ee9cb2db89490c4c0f54ef4fb05d5f6f666e16", kill_on_drop: false }`
[INFO] [stderr]     Blocking waiting for file lock on package cache
[INFO] [stderr]    Compiling tokio v0.2.25
[INFO] [stderr]    Compiling tokio-test v0.2.1
[INFO] [stderr]    Compiling async-lease v0.2.0-alpha.1 (/opt/rustwide/workdir)
[INFO] [stdout] error[E0425]: cannot find function `mock` in module `task`
[INFO] [stdout]  --> tests/lease.rs:6:11
[INFO] [stdout]   |
[INFO] [stdout] 6 |     task::mock(|cx| {
[INFO] [stdout]   |           ^^^^ not found in `task`
[INFO] [stdout] 
[INFO] [stdout] 
[INFO] [stdout] error[E0425]: cannot find function `mock` in module `task`
[INFO] [stdout]   --> tests/lease.rs:17:11
[INFO] [stdout]    |
[INFO] [stdout] 17 |     task::mock(|cx| {
[INFO] [stdout]    |           ^^^^ not found in `task`
[INFO] [stdout] 
[INFO] [stdout] 
[INFO] [stdout] error[E0425]: cannot find function `mock` in module `task`
[INFO] [stdout]   --> tests/lease.rs:38:11
[INFO] [stdout]    |
[INFO] [stdout] 38 |     task::mock(|cx| {
[INFO] [stdout]    |           ^^^^ not found in `task`
[INFO] [stdout] 
[INFO] [stdout] 
[INFO] [stdout] error[E0425]: cannot find function `mock` in module `task`
[INFO] [stdout]   --> tests/lease.rs:51:11
[INFO] [stdout]    |
[INFO] [stdout] 51 |     task::mock(|cx| {
[INFO] [stdout]    |           ^^^^ not found in `task`
[INFO] [stdout] 
[INFO] [stdout] 
[INFO] [stdout] error[E0425]: cannot find function `mock` in module `task`
[INFO] [stdout]   --> tests/lease.rs:63:11
[INFO] [stdout]    |
[INFO] [stdout] 63 |     task::mock(|cx| {
[INFO] [stdout]    |           ^^^^ not found in `task`
[INFO] [stdout] 
[INFO] [stdout] 
[INFO] [stdout] error[E0425]: cannot find function `mock` in module `task`
[INFO] [stdout]   --> tests/lease.rs:86:11
[INFO] [stdout]    |
[INFO] [stdout] 86 |     task::mock(|cx| {
[INFO] [stdout]    |           ^^^^ not found in `task`
[INFO] [stdout] 
[INFO] [stdout] 
[INFO] [stdout] error[E0425]: cannot find function `mock` in module `task`
[INFO] [stdout]   --> tests/lease.rs:97:11
[INFO] [stdout]    |
[INFO] [stdout] 97 |     task::mock(|cx| {
[INFO] [stdout]    |           ^^^^ not found in `task`
[INFO] [stdout] 
[INFO] [stdout] 
[INFO] [stdout] error[E0425]: cannot find function `mock` in module `task`
[INFO] [stdout]    --> tests/lease.rs:107:11
[INFO] [stdout]     |
[INFO] [stdout] 107 |     task::mock(|cx| {
[INFO] [stdout]     |           ^^^^ not found in `task`
[INFO] [stdout] 
[INFO] [stdout] 
[INFO] [stdout] error[E0603]: struct `MockTask` is private
[INFO] [stdout]    --> tests/lease.rs:131:26
[INFO] [stdout]     |
[INFO] [stdout] 131 |     let mut task = task::MockTask::new();
[INFO] [stdout]     |                          ^^^^^^^^ private struct
[INFO] [stdout]     |
[INFO] [stdout] note: the struct `MockTask` is defined here
[INFO] [stdout]    --> /opt/rustwide/cargo-home/registry/src/github.com-1ecc6299db9ec823/tokio-test-0.2.1/src/task.rs:33:1
[INFO] [stdout]     |
[INFO] [stdout] 33  | struct MockTask {
[INFO] [stdout]     | ^^^^^^^^^^^^^^^
[INFO] [stdout] 
[INFO] [stdout] 
[INFO] [stdout] error[E0624]: associated function `new` is private
[INFO] [stdout]    --> tests/lease.rs:131:36
[INFO] [stdout]     |
[INFO] [stdout] 131 |     let mut task = task::MockTask::new();
[INFO] [stdout]     |                                    ^^^ private associated function
[INFO] [stdout] 
[INFO] [stdout] 
[INFO] [stdout] error[E0624]: associated function `enter` is private
[INFO] [stdout]    --> tests/lease.rs:134:10
[INFO] [stdout]     |
[INFO] [stdout] 134 |     task.enter(|cx| {
[INFO] [stdout]     |          ^^^^^ private associated function
[INFO] [stdout] 
[INFO] [stdout] 
[INFO] [stdout] error[E0624]: associated function `enter` is private
[INFO] [stdout]    --> tests/lease.rs:140:10
[INFO] [stdout]     |
[INFO] [stdout] 140 |     task.enter(|cx| {
[INFO] [stdout]     |          ^^^^^ private associated function
[INFO] [stdout] 
[INFO] [stdout] 
[INFO] [stdout] error[E0624]: associated function `is_woken` is private
[INFO] [stdout]    --> tests/lease.rs:146:18
[INFO] [stdout]     |
[INFO] [stdout] 146 |     assert!(task.is_woken());
[INFO] [stdout]     |                  ^^^^^^^^ private associated function
[INFO] [stdout] 
[INFO] [stdout] 
[INFO] [stdout] error[E0624]: associated function `enter` is private
[INFO] [stdout]    --> tests/lease.rs:147:10
[INFO] [stdout]     |
[INFO] [stdout] 147 |     task.enter(|cx| {
[INFO] [stdout]     |          ^^^^^ private associated function
[INFO] [stdout] 
[INFO] [stdout] 
[INFO] [stdout] error: aborting due to 14 previous errors
[INFO] [stdout] 
[INFO] [stdout] 
[INFO] [stdout] Some errors have detailed explanations: E0425, E0603, E0624.
[INFO] [stdout] 
[INFO] [stdout] For more information about an error, try `rustc --explain E0425`.
[INFO] [stdout] 
[INFO] [stderr] error: could not compile `async-lease`
[INFO] [stderr] 
[INFO] [stderr] To learn more, run the command again with --verbose.
[INFO] [stderr] warning: build failed, waiting for other jobs to finish...
[INFO] [stderr] error: build failed
[INFO] running `Command { std: "docker" "inspect" "f8f06f982d3d25a429eb66d195ee9cb2db89490c4c0f54ef4fb05d5f6f666e16", kill_on_drop: false }`
[INFO] running `Command { std: "docker" "rm" "-f" "f8f06f982d3d25a429eb66d195ee9cb2db89490c4c0f54ef4fb05d5f6f666e16", kill_on_drop: false }`
[INFO] [stdout] f8f06f982d3d25a429eb66d195ee9cb2db89490c4c0f54ef4fb05d5f6f666e16
