[INFO] fetching crate async-graphql-extension-apollo-tracing 1.0.1...
[INFO] testing async-graphql-extension-apollo-tracing-1.0.1 against beta-2021-08-01 for beta-1.55-1
[INFO] extracting crate async-graphql-extension-apollo-tracing 1.0.1 into /workspace/builds/worker-28/source
[INFO] validating manifest of crates.io crate async-graphql-extension-apollo-tracing 1.0.1 on toolchain beta-2021-08-01
[INFO] running `Command { std: "/workspace/cargo-home/bin/cargo" "+beta-2021-08-01" "metadata" "--manifest-path" "Cargo.toml" "--no-deps", kill_on_drop: false }`
[INFO] started tweaking crates.io crate async-graphql-extension-apollo-tracing 1.0.1
[INFO] finished tweaking crates.io crate async-graphql-extension-apollo-tracing 1.0.1
[INFO] tweaked toml for crates.io crate async-graphql-extension-apollo-tracing 1.0.1 written to /workspace/builds/worker-28/source/Cargo.toml
[INFO] running `Command { std: "/workspace/cargo-home/bin/cargo" "+beta-2021-08-01" "generate-lockfile" "--manifest-path" "Cargo.toml" "-Zno-index-update", kill_on_drop: false }`
[INFO] running `Command { std: "/workspace/cargo-home/bin/cargo" "+beta-2021-08-01" "fetch" "--manifest-path" "Cargo.toml", kill_on_drop: false }`
[INFO] [stderr]     Blocking waiting for file lock on package cache
[INFO] [stderr]  Downloading crates ...
[INFO] [stderr]   Downloaded adler32 v1.2.0
[INFO] [stderr]   Downloaded libflate_lz77 v1.1.0
[INFO] [stderr]   Downloaded rle-decode-fast v1.0.1
[INFO] [stderr]   Downloaded protobuf v2.24.1
[INFO] [stderr]   Downloaded libflate v1.1.0
[INFO] running `Command { std: "docker" "create" "-v" "/var/lib/crater-agent-workspace/builds/worker-28/target:/opt/rustwide/target:rw,Z" "-v" "/var/lib/crater-agent-workspace/builds/worker-28/source:/opt/rustwide/workdir:ro,Z" "-v" "/var/lib/crater-agent-workspace/cargo-home:/opt/rustwide/cargo-home:ro,Z" "-v" "/var/lib/crater-agent-workspace/rustup-home:/opt/rustwide/rustup-home:ro,Z" "-e" "SOURCE_DIR=/opt/rustwide/workdir" "-e" "CARGO_TARGET_DIR=/opt/rustwide/target" "-e" "CARGO_HOME=/opt/rustwide/cargo-home" "-e" "RUSTUP_HOME=/opt/rustwide/rustup-home" "-w" "/opt/rustwide/workdir" "-m" "1610612736" "--user" "0:0" "--network" "none" "ghcr.io/rust-lang/crates-build-env/linux@sha256:34b6a614d2c27851fe6cbf88fbd1137609cefab8b10d0615aaeb6fd47975d74e" "/opt/rustwide/cargo-home/bin/cargo" "+beta-2021-08-01" "metadata" "--no-deps" "--format-version=1", kill_on_drop: false }`
[INFO] [stdout] 05ea81a03461d3d79f604f347d7fb755f2b7b6dc683508d37a7ec507c603dabb
[INFO] running `Command { std: "docker" "start" "-a" "05ea81a03461d3d79f604f347d7fb755f2b7b6dc683508d37a7ec507c603dabb", kill_on_drop: false }`
[INFO] running `Command { std: "docker" "inspect" "05ea81a03461d3d79f604f347d7fb755f2b7b6dc683508d37a7ec507c603dabb", kill_on_drop: false }`
[INFO] running `Command { std: "docker" "rm" "-f" "05ea81a03461d3d79f604f347d7fb755f2b7b6dc683508d37a7ec507c603dabb", kill_on_drop: false }`
[INFO] [stdout] 05ea81a03461d3d79f604f347d7fb755f2b7b6dc683508d37a7ec507c603dabb
[INFO] running `Command { std: "docker" "create" "-v" "/var/lib/crater-agent-workspace/builds/worker-28/target:/opt/rustwide/target:rw,Z" "-v" "/var/lib/crater-agent-workspace/builds/worker-28/source:/opt/rustwide/workdir:ro,Z" "-v" "/var/lib/crater-agent-workspace/cargo-home:/opt/rustwide/cargo-home:ro,Z" "-v" "/var/lib/crater-agent-workspace/rustup-home:/opt/rustwide/rustup-home:ro,Z" "-e" "SOURCE_DIR=/opt/rustwide/workdir" "-e" "CARGO_TARGET_DIR=/opt/rustwide/target" "-e" "CARGO_INCREMENTAL=0" "-e" "RUST_BACKTRACE=full" "-e" "RUSTFLAGS=--cap-lints=warn" "-e" "CARGO_HOME=/opt/rustwide/cargo-home" "-e" "RUSTUP_HOME=/opt/rustwide/rustup-home" "-w" "/opt/rustwide/workdir" "-m" "1610612736" "--user" "0:0" "--network" "none" "ghcr.io/rust-lang/crates-build-env/linux@sha256:34b6a614d2c27851fe6cbf88fbd1137609cefab8b10d0615aaeb6fd47975d74e" "/opt/rustwide/cargo-home/bin/cargo" "+beta-2021-08-01" "build" "--frozen" "--message-format=json", kill_on_drop: false }`
[INFO] [stdout] 529ba84012e3509219ec1f2d1d7e2472e6c66e467f0ed7afbce7f1d846ee315f
[INFO] running `Command { std: "docker" "start" "-a" "529ba84012e3509219ec1f2d1d7e2472e6c66e467f0ed7afbce7f1d846ee315f", kill_on_drop: false }`
[INFO] [stderr]    Compiling semver-parser v0.7.0
[INFO] [stderr]    Compiling futures v0.1.31
[INFO] [stderr]    Compiling futures-task v0.3.16
[INFO] [stderr]    Compiling ident_case v1.0.1
[INFO] [stderr]    Compiling strsim v0.10.0
[INFO] [stderr]    Compiling unchecked-index v0.2.2
[INFO] [stderr]    Compiling spin v0.9.2
[INFO] [stderr]    Compiling protobuf v2.24.1
[INFO] [stderr]    Compiling futures-util v0.3.16
[INFO] [stderr]    Compiling memoffset v0.5.6
[INFO] [stderr]    Compiling tokio v1.9.0
[INFO] [stderr]    Compiling crossbeam-epoch v0.8.2
[INFO] [stderr]    Compiling lock_api v0.3.4
[INFO] [stderr]    Compiling multer v2.0.1
[INFO] [stderr]    Compiling pest_meta v2.1.3
[INFO] [stderr]    Compiling iovec v0.1.4
[INFO] [stderr]    Compiling net2 v0.2.37
[INFO] [stderr]    Compiling smallvec v0.6.14
[INFO] [stderr]    Compiling crossbeam-queue v0.2.3
[INFO] [stderr]    Compiling tracing-attributes v0.1.15
[INFO] [stderr]    Compiling Inflector v0.11.4
[INFO] [stderr]    Compiling async-stream-impl v0.3.2
[INFO] [stderr]    Compiling sha2 v0.9.5
[INFO] [stderr]    Compiling chrono v0.4.19
[INFO] [stderr]    Compiling serde v1.0.127
[INFO] [stderr]    Compiling twoway v0.2.2
[INFO] [stderr]    Compiling bytes v0.4.12
[INFO] [stderr]    Compiling semver v0.9.0
[INFO] [stderr]    Compiling mio v0.6.23
[INFO] [stderr]    Compiling darling_core v0.12.4
[INFO] [stderr]    Compiling rustc_version v0.2.3
[INFO] [stderr]    Compiling pest_generator v2.1.3
[INFO] [stderr]    Compiling mio-uds v0.6.8
[INFO] [stderr]    Compiling parking_lot_core v0.6.2
[INFO] [stderr]    Compiling parking_lot v0.9.0
[INFO] [stderr]    Compiling crossbeam-deque v0.7.4
[INFO] [stderr]    Compiling tokio-executor v0.1.10
[INFO] [stderr]    Compiling tokio-io v0.1.13
[INFO] [stderr]    Compiling tokio-sync v0.1.8
[INFO] [stderr]    Compiling tokio-threadpool v0.1.18
[INFO] [stderr]    Compiling tokio-current-thread v0.1.7
[INFO] [stderr]    Compiling tokio-timer v0.2.13
[INFO] [stderr]    Compiling pest_derive v2.1.0
[INFO] [stderr]    Compiling tokio-codec v0.1.2
[INFO] [stderr]    Compiling async-stream v0.3.2
[INFO] [stderr]    Compiling tokio-reactor v0.1.12
[INFO] [stderr]    Compiling tracing v0.1.26
[INFO] [stderr]    Compiling tokio-fs v0.1.7
[INFO] [stderr]    Compiling tokio-udp v0.1.6
[INFO] [stderr]    Compiling tokio-uds v0.2.7
[INFO] [stderr]    Compiling tokio-tcp v0.1.4
[INFO] [stderr]    Compiling tokio v0.1.22
[INFO] [stderr]    Compiling darling_macro v0.12.4
[INFO] [stderr]    Compiling bytes v1.0.1
[INFO] [stderr]    Compiling serde_json v1.0.66
[INFO] [stderr]    Compiling toml v0.5.8
[INFO] [stderr]    Compiling serde_urlencoded v0.7.0
[INFO] [stderr]    Compiling futures-executor v0.3.16
[INFO] [stderr]    Compiling http v0.2.4
[INFO] [stderr]    Compiling futures v0.3.16
[INFO] [stderr]    Compiling tracing-futures v0.2.5
[INFO] [stderr]    Compiling darling v0.12.4
[INFO] [stderr]    Compiling async-graphql-value v2.9.10
[INFO] [stderr]    Compiling proc-macro-crate v1.0.0
[INFO] [stderr]    Compiling async-graphql-parser v2.9.10
[INFO] [stderr]    Compiling http-body v0.4.2
[INFO] [stderr]    Compiling tokio-util v0.6.7
[INFO] [stderr]    Compiling tokio-native-tls v0.3.0
[INFO] [stderr]    Compiling async-graphql-derive v2.9.10
[INFO] [stderr]    Compiling h2 v0.3.3
[INFO] [stderr]    Compiling hyper v0.14.11
[INFO] [stderr]    Compiling async-graphql v2.9.10
[INFO] [stderr]    Compiling hyper-tls v0.5.0
[INFO] [stderr]    Compiling reqwest v0.11.4
[INFO] [stderr]    Compiling async-graphql-extension-apollo-tracing v1.0.1 (/opt/rustwide/workdir)
[INFO] [stdout] error: tokio-comp or async-std-comp features required
[INFO] [stdout]   --> src/runtime.rs:44:13
[INFO] [stdout]    |
[INFO] [stdout] 44 |             compile_error!("tokio-comp or async-std-comp features required")
[INFO] [stdout]    |             ^^^^^^^^^^^^^^^^^^^^^^^^^^^^^^^^^^^^^^^^^^^^^^^^^^^^^^^^^^^^^^^^
[INFO] [stdout] 
[INFO] [stdout] 
[INFO] [stdout] error[E0432]: unresolved imports `runtime::channel`, `runtime::RwLock`, `runtime::Sender`
[INFO] [stdout]   --> src/lib.rs:57:15
[INFO] [stdout]    |
[INFO] [stdout] 57 | use runtime::{channel, Runtime, RwLock, Sender};
[INFO] [stdout]    |               ^^^^^^^           ^^^^^^  ^^^^^^ no `Sender` in `runtime`
[INFO] [stdout]    |               |                 |
[INFO] [stdout]    |               |                 no `RwLock` in `runtime`
[INFO] [stdout]    |               no `channel` in `runtime`
[INFO] [stdout] 
[INFO] [stdout] 
[INFO] [stdout] warning: unreachable block in `while` expression
[INFO] [stdout]    --> src/lib.rs:211:15
[INFO] [stdout]     |
[INFO] [stdout] 206 |                while let Some((name, trace)) = match Runtime::locate() {
[INFO] [stdout]     |   _____________________________________________-
[INFO] [stdout] 207 |  |                 #[cfg(feature = "tokio-comp")]
[INFO] [stdout] 208 |  |                 Runtime::Tokio => receiver.recv().await,
[INFO] [stdout] 209 |  |                 #[cfg(feature = "async-std-comp")]
[INFO] [stdout] 210 |  |                 Runtime::AsyncStd => receiver.recv().await.ok(),
[INFO] [stdout] 211 |  |             } {
[INFO] [stdout]     |  |_____________-_^
[INFO] [stdout]     | ||_____________|
[INFO] [stdout]     | |              any code following this expression is unreachable
[INFO] [stdout] 212 | |                  trace!(target: TARGET_LOG, message = "Trace registered", trace = ?trace, name = ?name);
[INFO] [stdout] 213 | |
[INFO] [stdout] 214 | |                  // We bufferize traces and create a Full Report every X
[INFO] [stdout] ...   |
[INFO] [stdout] 292 | |                  }
[INFO] [stdout] 293 | |              }
[INFO] [stdout]     | |______________^ unreachable block in `while` expression
[INFO] [stdout]     |
[INFO] [stdout]     = note: `#[warn(unreachable_code)]` on by default
[INFO] [stdout] 
[INFO] [stdout] 
[INFO] [stdout] error[E0599]: no method named `clone` found for struct `Arc<_>` in the current scope
[INFO] [stdout]    --> src/lib.rs:506:52
[INFO] [stdout]     |
[INFO] [stdout] 506 |         self.nodes.write().await.insert(path, node.clone());
[INFO] [stdout]     |                                                    ^^^^^ method not found in `Arc<_>`
[INFO] [stdout]     |
[INFO] [stdout]     = note: `node` is a function, perhaps you wish to call it
[INFO] [stdout] 
[INFO] [stdout] 
[INFO] [stdout] error[E0599]: no method named `write` found for struct `Arc<_>` in the current scope
[INFO] [stdout]    --> src/lib.rs:531:22
[INFO] [stdout]     |
[INFO] [stdout] 531 |                 node.write()
[INFO] [stdout]     |                      ^^^^^ method not found in `Arc<_>`
[INFO] [stdout]     |
[INFO] [stdout]     = note: `node` is a function, perhaps you wish to call it
[INFO] [stdout] 
[INFO] [stdout] 
[INFO] [stdout] error[E0599]: no method named `write` found for struct `Arc<_>` in the current scope
[INFO] [stdout]    --> src/lib.rs:539:14
[INFO] [stdout]     |
[INFO] [stdout] 539 |         node.write().await.set_end_time(
[INFO] [stdout]     |              ^^^^^ method not found in `Arc<_>`
[INFO] [stdout]     |
[INFO] [stdout]     = note: `node` is a function, perhaps you wish to call it
[INFO] [stdout] 
[INFO] [stdout] 
[INFO] [stdout] error[E0599]: no method named `read` found for struct `Arc<_>` in the current scope
[INFO] [stdout]    --> src/lib.rs:553:33
[INFO] [stdout]     |
[INFO] [stdout] 553 |                 let node = node.read().await;
[INFO] [stdout]     |                                 ^^^^ method not found in `Arc<_>`
[INFO] [stdout]     |
[INFO] [stdout]     = note: `node` is a function, perhaps you wish to call it
[INFO] [stdout] 
[INFO] [stdout] 
[INFO] [stdout] error[E0599]: no method named `read` found for struct `Arc<_>` in the current scope
[INFO] [stdout]    --> src/lib.rs:563:33
[INFO] [stdout]     |
[INFO] [stdout] 563 |                 let node = node.read().await;
[INFO] [stdout]     |                                 ^^^^ method not found in `Arc<_>`
[INFO] [stdout]     |
[INFO] [stdout]     = note: `node` is a function, perhaps you wish to call it
[INFO] [stdout] 
[INFO] [stdout] 
[INFO] [stdout] error: aborting due to 7 previous errors; 1 warning emitted
[INFO] [stdout] 
[INFO] [stdout] 
[INFO] [stdout] Some errors have detailed explanations: E0432, E0599.
[INFO] [stdout] 
[INFO] [stdout] For more information about an error, try `rustc --explain E0432`.
[INFO] [stdout] 
[INFO] [stderr] error: could not compile `async-graphql-extension-apollo-tracing` due to 8 previous errors; 1 warning emitted
[INFO] [stderr] warning: build failed, waiting for other jobs to finish...
[INFO] [stderr] error: build failed
[INFO] running `Command { std: "docker" "inspect" "529ba84012e3509219ec1f2d1d7e2472e6c66e467f0ed7afbce7f1d846ee315f", kill_on_drop: false }`
[INFO] running `Command { std: "docker" "rm" "-f" "529ba84012e3509219ec1f2d1d7e2472e6c66e467f0ed7afbce7f1d846ee315f", kill_on_drop: false }`
[INFO] [stdout] 529ba84012e3509219ec1f2d1d7e2472e6c66e467f0ed7afbce7f1d846ee315f
