[INFO] fetching crate async-codec-util 0.3.3...
[INFO] testing async-codec-util-0.3.3 against 1.54.0 for beta-1.55-1
[INFO] extracting crate async-codec-util 0.3.3 into /workspace/builds/worker-105/source
[INFO] validating manifest of crates.io crate async-codec-util 0.3.3 on toolchain 1.54.0
[INFO] running `Command { std: "/workspace/cargo-home/bin/cargo" "+1.54.0" "metadata" "--manifest-path" "Cargo.toml" "--no-deps", kill_on_drop: false }`
[INFO] started tweaking crates.io crate async-codec-util 0.3.3
[INFO] finished tweaking crates.io crate async-codec-util 0.3.3
[INFO] tweaked toml for crates.io crate async-codec-util 0.3.3 written to /workspace/builds/worker-105/source/Cargo.toml
[INFO] running `Command { std: "/workspace/cargo-home/bin/cargo" "+1.54.0" "generate-lockfile" "--manifest-path" "Cargo.toml" "-Zno-index-update", kill_on_drop: false }`
[INFO] running `Command { std: "/workspace/cargo-home/bin/cargo" "+1.54.0" "fetch" "--manifest-path" "Cargo.toml", kill_on_drop: false }`
[INFO] running `Command { std: "docker" "create" "-v" "/var/lib/crater-agent-workspace/builds/worker-105/target:/opt/rustwide/target:rw,Z" "-v" "/var/lib/crater-agent-workspace/builds/worker-105/source:/opt/rustwide/workdir:ro,Z" "-v" "/var/lib/crater-agent-workspace/cargo-home:/opt/rustwide/cargo-home:ro,Z" "-v" "/var/lib/crater-agent-workspace/rustup-home:/opt/rustwide/rustup-home:ro,Z" "-e" "SOURCE_DIR=/opt/rustwide/workdir" "-e" "CARGO_TARGET_DIR=/opt/rustwide/target" "-e" "CARGO_HOME=/opt/rustwide/cargo-home" "-e" "RUSTUP_HOME=/opt/rustwide/rustup-home" "-w" "/opt/rustwide/workdir" "-m" "1610612736" "--user" "0:0" "--network" "none" "ghcr.io/rust-lang/crates-build-env/linux@sha256:34b6a614d2c27851fe6cbf88fbd1137609cefab8b10d0615aaeb6fd47975d74e" "/opt/rustwide/cargo-home/bin/cargo" "+1.54.0" "metadata" "--no-deps" "--format-version=1", kill_on_drop: false }`
[INFO] [stdout] 0b9e68bce44ad9d567024f531e846f070ed5362b9b01d8fe7080fe01ba2b05cc
[INFO] running `Command { std: "docker" "start" "-a" "0b9e68bce44ad9d567024f531e846f070ed5362b9b01d8fe7080fe01ba2b05cc", kill_on_drop: false }`
[INFO] running `Command { std: "docker" "inspect" "0b9e68bce44ad9d567024f531e846f070ed5362b9b01d8fe7080fe01ba2b05cc", kill_on_drop: false }`
[INFO] running `Command { std: "docker" "rm" "-f" "0b9e68bce44ad9d567024f531e846f070ed5362b9b01d8fe7080fe01ba2b05cc", kill_on_drop: false }`
[INFO] [stdout] 0b9e68bce44ad9d567024f531e846f070ed5362b9b01d8fe7080fe01ba2b05cc
[INFO] running `Command { std: "docker" "create" "-v" "/var/lib/crater-agent-workspace/builds/worker-105/target:/opt/rustwide/target:rw,Z" "-v" "/var/lib/crater-agent-workspace/builds/worker-105/source:/opt/rustwide/workdir:ro,Z" "-v" "/var/lib/crater-agent-workspace/cargo-home:/opt/rustwide/cargo-home:ro,Z" "-v" "/var/lib/crater-agent-workspace/rustup-home:/opt/rustwide/rustup-home:ro,Z" "-e" "SOURCE_DIR=/opt/rustwide/workdir" "-e" "CARGO_TARGET_DIR=/opt/rustwide/target" "-e" "CARGO_INCREMENTAL=0" "-e" "RUST_BACKTRACE=full" "-e" "RUSTFLAGS=--cap-lints=warn" "-e" "CARGO_HOME=/opt/rustwide/cargo-home" "-e" "RUSTUP_HOME=/opt/rustwide/rustup-home" "-w" "/opt/rustwide/workdir" "-m" "1610612736" "--user" "0:0" "--network" "none" "ghcr.io/rust-lang/crates-build-env/linux@sha256:34b6a614d2c27851fe6cbf88fbd1137609cefab8b10d0615aaeb6fd47975d74e" "/opt/rustwide/cargo-home/bin/cargo" "+1.54.0" "build" "--frozen" "--message-format=json", kill_on_drop: false }`
[INFO] [stdout] e8bec9ece77ce6f544139bd206c6e7ddb2e04c17ec045a3bab2e9a8cb1294f81
[INFO] running `Command { std: "docker" "start" "-a" "e8bec9ece77ce6f544139bd206c6e7ddb2e04c17ec045a3bab2e9a8cb1294f81", kill_on_drop: false }`
[INFO] [stderr]    Compiling either v1.6.1
[INFO] [stderr]    Compiling log v0.4.14
[INFO] [stderr]    Compiling termcolor v1.1.2
[INFO] [stderr]    Compiling humantime v1.3.0
[INFO] [stderr]    Compiling iovec v0.1.4
[INFO] [stderr]    Compiling atty v0.2.14
[INFO] [stderr]    Compiling num_cpus v1.13.0
[INFO] [stderr]    Compiling futures-core v0.2.1
[INFO] [stderr]    Compiling futures-io v0.2.1
[INFO] [stderr]    Compiling futures-channel v0.2.1
[INFO] [stderr]    Compiling async-codec v0.3.0
[INFO] [stderr]    Compiling env_logger v0.5.13
[INFO] [stderr]    Compiling futures-sink v0.2.1
[INFO] [stderr]    Compiling futures-util v0.2.1
[INFO] [stderr]    Compiling quickcheck v0.6.2
[INFO] [stderr]    Compiling atm-io-utils v0.2.5
[INFO] [stderr]    Compiling futures-executor v0.2.1
[INFO] [stderr]    Compiling async-codec-util v0.3.3 (/opt/rustwide/workdir)
[INFO] [stdout] warning: trait objects without an explicit `dyn` are deprecated
[INFO] [stdout]   --> src/decoder/decode_exact.rs:42:32
[INFO] [stdout]    |
[INFO] [stdout] 42 |     fn cause(&self) -> Option<&Error> {
[INFO] [stdout]    |                                ^^^^^ help: use `dyn`: `dyn Error`
[INFO] [stdout]    |
[INFO] [stdout]    = note: `#[warn(bare_trait_objects)]` on by default
[INFO] [stdout]    = warning: this was previously accepted by the compiler but is being phased out; it will become a hard error in the 2021 edition!
[INFO] [stdout]    = note: for more information, see issue #80165 <https://github.com/rust-lang/rust/issues/80165>
[INFO] [stdout] 
[INFO] [stdout] 
[INFO] [stdout] warning: use of deprecated associated function `std::error::Error::description`: use the Display impl or to_string()
[INFO] [stdout]   --> src/decoder/decode_exact.rs:38:53
[INFO] [stdout]    |
[INFO] [stdout] 38 |             DecodeExactError::Inner(ref err) => err.description(),
[INFO] [stdout]    |                                                     ^^^^^^^^^^^
[INFO] [stdout]    |
[INFO] [stdout]    = note: `#[warn(deprecated)]` on by default
[INFO] [stdout] 
[INFO] [stdout] 
[INFO] [stdout] warning: 2 warnings emitted
[INFO] [stdout] 
[INFO] [stdout] 
[INFO] [stderr]     Finished dev [unoptimized + debuginfo] target(s) in 3.88s
[INFO] running `Command { std: "docker" "inspect" "e8bec9ece77ce6f544139bd206c6e7ddb2e04c17ec045a3bab2e9a8cb1294f81", kill_on_drop: false }`
[INFO] running `Command { std: "docker" "rm" "-f" "e8bec9ece77ce6f544139bd206c6e7ddb2e04c17ec045a3bab2e9a8cb1294f81", kill_on_drop: false }`
[INFO] [stdout] e8bec9ece77ce6f544139bd206c6e7ddb2e04c17ec045a3bab2e9a8cb1294f81
[INFO] running `Command { std: "docker" "create" "-v" "/var/lib/crater-agent-workspace/builds/worker-105/target:/opt/rustwide/target:rw,Z" "-v" "/var/lib/crater-agent-workspace/builds/worker-105/source:/opt/rustwide/workdir:ro,Z" "-v" "/var/lib/crater-agent-workspace/cargo-home:/opt/rustwide/cargo-home:ro,Z" "-v" "/var/lib/crater-agent-workspace/rustup-home:/opt/rustwide/rustup-home:ro,Z" "-e" "SOURCE_DIR=/opt/rustwide/workdir" "-e" "CARGO_TARGET_DIR=/opt/rustwide/target" "-e" "CARGO_INCREMENTAL=0" "-e" "RUST_BACKTRACE=full" "-e" "RUSTFLAGS=--cap-lints=warn" "-e" "CARGO_HOME=/opt/rustwide/cargo-home" "-e" "RUSTUP_HOME=/opt/rustwide/rustup-home" "-w" "/opt/rustwide/workdir" "-m" "1610612736" "--user" "0:0" "--network" "none" "ghcr.io/rust-lang/crates-build-env/linux@sha256:34b6a614d2c27851fe6cbf88fbd1137609cefab8b10d0615aaeb6fd47975d74e" "/opt/rustwide/cargo-home/bin/cargo" "+1.54.0" "test" "--frozen" "--no-run" "--message-format=json", kill_on_drop: false }`
[INFO] [stdout] 79c8d104f30d179ee958206d0eccbf1332b96d0ebd60f67bfc65ec4b32b4727a
[INFO] running `Command { std: "docker" "start" "-a" "79c8d104f30d179ee958206d0eccbf1332b96d0ebd60f67bfc65ec4b32b4727a", kill_on_drop: false }`
[INFO] [stderr]    Compiling async-ringbuffer v0.3.1
[INFO] [stderr]    Compiling async-codec-util v0.3.3
[INFO] [stdout] warning: trait objects without an explicit `dyn` are deprecated
[INFO] [stdout]   --> src/decoder/decode_exact.rs:42:32
[INFO] [stdout]    |
[INFO] [stdout] 42 |     fn cause(&self) -> Option<&Error> {
[INFO] [stdout]    |                                ^^^^^ help: use `dyn`: `dyn Error`
[INFO] [stdout]    |
[INFO] [stdout]    = note: `#[warn(bare_trait_objects)]` on by default
[INFO] [stdout]    = warning: this was previously accepted by the compiler but is being phased out; it will become a hard error in the 2021 edition!
[INFO] [stdout]    = note: for more information, see issue #80165 <https://github.com/rust-lang/rust/issues/80165>
[INFO] [stdout] 
[INFO] [stdout] 
[INFO] [stdout] warning: use of deprecated associated function `std::error::Error::description`: use the Display impl or to_string()
[INFO] [stdout]   --> src/decoder/decode_exact.rs:38:53
[INFO] [stdout]    |
[INFO] [stdout] 38 |             DecodeExactError::Inner(ref err) => err.description(),
[INFO] [stdout]    |                                                     ^^^^^^^^^^^
[INFO] [stdout]    |
[INFO] [stdout]    = note: `#[warn(deprecated)]` on by default
[INFO] [stdout] 
[INFO] [stdout] 
[INFO] [stdout] warning: 2 warnings emitted
[INFO] [stdout] 
[INFO] [stdout] 
[INFO] [stdout] error[E0554]: `#![feature]` may not be used on the stable release channel
[INFO] [stdout]  --> /opt/rustwide/cargo-home/registry/src/github.com-1ecc6299db9ec823/async-ringbuffer-0.3.1/src/lib.rs:4:1
[INFO] [stdout]   |
[INFO] [stdout] 4 | #![feature(offset_to)]
[INFO] [stdout]   | ^^^^^^^^^^^^^^^^^^^^^^
[INFO] [stdout] 
[INFO] [stdout] 
[INFO] [stdout] error[E0599]: no method named `offset_to` found for raw pointer `*mut u8` in the current scope
[INFO] [stdout]   --> /opt/rustwide/cargo-home/registry/src/github.com-1ecc6299db9ec823/async-ringbuffer-0.3.1/src/lib.rs:70:18
[INFO] [stdout]    |
[INFO] [stdout] 70 |                 .offset_to(self.read.offset(self.amount as isize))
[INFO] [stdout]    |                  ^^^^^^^^^ help: there is an associated function with a similar name: `offset`
[INFO] [stdout]    |
[INFO] [stdout]    = note: try using `<*const T>::as_ref()` to get a reference to the type behind the pointer: https://doc.rust-lang.org/std/primitive.pointer.html#method.as_ref
[INFO] [stdout]    = note: using `<*const T>::as_ref()` on a pointer which is unaligned or points to invalid or uninitialized memory is undefined behavior
[INFO] [stdout] 
[INFO] [stdout] 
[INFO] [stdout] error[E0599]: no method named `offset_to` found for raw pointer `*mut u8` in the current scope
[INFO] [stdout]    --> /opt/rustwide/cargo-home/registry/src/github.com-1ecc6299db9ec823/async-ringbuffer-0.3.1/src/lib.rs:133:46
[INFO] [stdout]     |
[INFO] [stdout] 133 |             let distance_we = rb.write_ptr().offset_to(end).unwrap() as usize;
[INFO] [stdout]     |                                              ^^^^^^^^^ help: there is an associated function with a similar name: `offset`
[INFO] [stdout]     |
[INFO] [stdout]     = note: try using `<*const T>::as_ref()` to get a reference to the type behind the pointer: https://doc.rust-lang.org/std/primitive.pointer.html#method.as_ref
[INFO] [stdout]     = note: using `<*const T>::as_ref()` on a pointer which is unaligned or points to invalid or uninitialized memory is undefined behavior
[INFO] [stdout] 
[INFO] [stdout] 
[INFO] [stdout] error[E0599]: no method named `offset_to` found for raw pointer `*mut u8` in the current scope
[INFO] [stdout]    --> /opt/rustwide/cargo-home/registry/src/github.com-1ecc6299db9ec823/async-ringbuffer-0.3.1/src/lib.rs:225:39
[INFO] [stdout]     |
[INFO] [stdout] 225 |             let distance_re = rb.read.offset_to(end).unwrap() as usize;
[INFO] [stdout]     |                                       ^^^^^^^^^ help: there is an associated function with a similar name: `offset`
[INFO] [stdout]     |
[INFO] [stdout]     = note: try using `<*const T>::as_ref()` to get a reference to the type behind the pointer: https://doc.rust-lang.org/std/primitive.pointer.html#method.as_ref
[INFO] [stdout]     = note: using `<*const T>::as_ref()` on a pointer which is unaligned or points to invalid or uninitialized memory is undefined behavior
[INFO] [stdout] 
[INFO] [stdout] 
[INFO] [stdout] error: aborting due to 4 previous errors
[INFO] [stdout] 
[INFO] [stdout] 
[INFO] [stdout] Some errors have detailed explanations: E0554, E0599.
[INFO] [stdout] 
[INFO] [stdout] For more information about an error, try `rustc --explain E0554`.
[INFO] [stdout] 
[INFO] [stderr] error: could not compile `async-ringbuffer`
[INFO] [stderr] 
[INFO] [stderr] To learn more, run the command again with --verbose.
[INFO] [stderr] warning: build failed, waiting for other jobs to finish...
[INFO] [stderr] error: build failed
[INFO] running `Command { std: "docker" "inspect" "79c8d104f30d179ee958206d0eccbf1332b96d0ebd60f67bfc65ec4b32b4727a", kill_on_drop: false }`
[INFO] running `Command { std: "docker" "rm" "-f" "79c8d104f30d179ee958206d0eccbf1332b96d0ebd60f67bfc65ec4b32b4727a", kill_on_drop: false }`
[INFO] [stdout] 79c8d104f30d179ee958206d0eccbf1332b96d0ebd60f67bfc65ec4b32b4727a
