[INFO] fetching crate assimp 0.3.1...
[INFO] testing assimp-0.3.1 against 1.54.0 for beta-1.55-1
[INFO] extracting crate assimp 0.3.1 into /workspace/builds/worker-59/source
[INFO] validating manifest of crates.io crate assimp 0.3.1 on toolchain 1.54.0
[INFO] running `Command { std: "/workspace/cargo-home/bin/cargo" "+1.54.0" "metadata" "--manifest-path" "Cargo.toml" "--no-deps", kill_on_drop: false }`
[INFO] started tweaking crates.io crate assimp 0.3.1
[INFO] finished tweaking crates.io crate assimp 0.3.1
[INFO] tweaked toml for crates.io crate assimp 0.3.1 written to /workspace/builds/worker-59/source/Cargo.toml
[INFO] running `Command { std: "/workspace/cargo-home/bin/cargo" "+1.54.0" "generate-lockfile" "--manifest-path" "Cargo.toml" "-Zno-index-update", kill_on_drop: false }`
[INFO] running `Command { std: "/workspace/cargo-home/bin/cargo" "+1.54.0" "fetch" "--manifest-path" "Cargo.toml", kill_on_drop: false }`
[INFO] [stderr]     Blocking waiting for file lock on package cache
[INFO] [stderr]  Downloading crates ...
[INFO] [stderr]   Downloaded dlib v0.3.1
[INFO] [stderr]   Downloaded wayland-sys v0.9.10
[INFO] [stderr]   Downloaded wayland-window v0.8.0
[INFO] [stderr]   Downloaded winit v0.8.3
[INFO] [stderr]   Downloaded libloading v0.3.4
[INFO] [stderr]   Downloaded core-foundation-sys v0.3.1
[INFO] [stderr]   Downloaded osmesa-sys v0.1.2
[INFO] [stderr]   Downloaded serde v0.9.15
[INFO] [stderr]   Downloaded block v0.1.6
[INFO] [stderr]   Downloaded gdi32-sys v0.1.2
[INFO] [stderr]   Downloaded cocoa v0.9.2
[INFO] [stderr]   Downloaded gl_generator v0.13.1
[INFO] [stderr]   Downloaded core-foundation-sys v0.4.6
[INFO] [stderr]   Downloaded core-foundation v0.4.6
[INFO] [stderr]   Downloaded wayland-protocols v0.9.10
[INFO] [stderr]   Downloaded xml-rs v0.7.0
[INFO] [stderr]   Downloaded smallvec v0.4.5
[INFO] [stderr]   Downloaded serde_json v0.9.10
[INFO] [stderr]   Downloaded x11-dl v2.18.5
[INFO] [stderr]   Downloaded khronos_api v3.1.0
[INFO] [stderr]   Downloaded cgl v0.2.3
[INFO] [stderr]   Downloaded gl_generator v0.6.1
[INFO] [stderr]   Downloaded gleam v0.6.19
[INFO] [stderr]   Downloaded shell32-sys v0.1.2
[INFO] [stderr]   Downloaded core-foundation v0.3.0
[INFO] [stderr]   Downloaded wayland-kbd v0.9.1
[INFO] [stderr]   Downloaded cmake v0.1.45
[INFO] [stderr]   Downloaded objc v0.2.7
[INFO] [stderr]   Downloaded malloc_buf v0.0.6
[INFO] [stderr]   Downloaded wayland-scanner v0.9.10
[INFO] [stderr]   Downloaded cgmath v0.15.0
[INFO] [stderr]   Downloaded dwmapi-sys v0.1.1
[INFO] [stderr]   Downloaded memmap v0.4.0
[INFO] [stderr]   Downloaded khronos_api v2.2.0
[INFO] [stderr]   Downloaded glium v0.18.1
[INFO] [stderr]   Downloaded bitflags v0.9.1
[INFO] [stderr]   Downloaded xml-rs v0.6.1
[INFO] [stderr]   Downloaded fs2 v0.2.5
[INFO] [stderr]   Downloaded itoa v0.3.4
[INFO] [stderr]   Downloaded core-graphics v0.8.2
[INFO] [stderr]   Downloaded wayland-client v0.9.10
[INFO] [stderr]   Downloaded user32-sys v0.1.3
[INFO] [stderr]   Downloaded glutin v0.10.1
[INFO] [stderr]   Downloaded tempfile v2.2.0
[INFO] [stderr]   Downloaded android_glue v0.2.3
[INFO] [stderr]   Downloaded target_build_utils v0.3.1
[INFO] [stderr]   Downloaded shared_library v0.1.9
[INFO] [stderr]   Downloaded assimp-sys v0.3.1
[INFO] running `Command { std: "docker" "create" "-v" "/var/lib/crater-agent-workspace/builds/worker-59/target:/opt/rustwide/target:rw,Z" "-v" "/var/lib/crater-agent-workspace/builds/worker-59/source:/opt/rustwide/workdir:ro,Z" "-v" "/var/lib/crater-agent-workspace/cargo-home:/opt/rustwide/cargo-home:ro,Z" "-v" "/var/lib/crater-agent-workspace/rustup-home:/opt/rustwide/rustup-home:ro,Z" "-e" "SOURCE_DIR=/opt/rustwide/workdir" "-e" "CARGO_TARGET_DIR=/opt/rustwide/target" "-e" "CARGO_HOME=/opt/rustwide/cargo-home" "-e" "RUSTUP_HOME=/opt/rustwide/rustup-home" "-w" "/opt/rustwide/workdir" "-m" "1610612736" "--user" "0:0" "--network" "none" "ghcr.io/rust-lang/crates-build-env/linux@sha256:34b6a614d2c27851fe6cbf88fbd1137609cefab8b10d0615aaeb6fd47975d74e" "/opt/rustwide/cargo-home/bin/cargo" "+1.54.0" "metadata" "--no-deps" "--format-version=1", kill_on_drop: false }`
[INFO] [stdout] df8f45f301df05f6e92ea6b0ed37af2134fd6eec9df8ec0d57cd0f11529badc3
[INFO] running `Command { std: "docker" "start" "-a" "df8f45f301df05f6e92ea6b0ed37af2134fd6eec9df8ec0d57cd0f11529badc3", kill_on_drop: false }`
[INFO] running `Command { std: "docker" "inspect" "df8f45f301df05f6e92ea6b0ed37af2134fd6eec9df8ec0d57cd0f11529badc3", kill_on_drop: false }`
[INFO] running `Command { std: "docker" "rm" "-f" "df8f45f301df05f6e92ea6b0ed37af2134fd6eec9df8ec0d57cd0f11529badc3", kill_on_drop: false }`
[INFO] [stdout] df8f45f301df05f6e92ea6b0ed37af2134fd6eec9df8ec0d57cd0f11529badc3
[INFO] running `Command { std: "docker" "create" "-v" "/var/lib/crater-agent-workspace/builds/worker-59/target:/opt/rustwide/target:rw,Z" "-v" "/var/lib/crater-agent-workspace/builds/worker-59/source:/opt/rustwide/workdir:ro,Z" "-v" "/var/lib/crater-agent-workspace/cargo-home:/opt/rustwide/cargo-home:ro,Z" "-v" "/var/lib/crater-agent-workspace/rustup-home:/opt/rustwide/rustup-home:ro,Z" "-e" "SOURCE_DIR=/opt/rustwide/workdir" "-e" "CARGO_TARGET_DIR=/opt/rustwide/target" "-e" "CARGO_INCREMENTAL=0" "-e" "RUST_BACKTRACE=full" "-e" "RUSTFLAGS=--cap-lints=warn" "-e" "CARGO_HOME=/opt/rustwide/cargo-home" "-e" "RUSTUP_HOME=/opt/rustwide/rustup-home" "-w" "/opt/rustwide/workdir" "-m" "1610612736" "--user" "0:0" "--network" "none" "ghcr.io/rust-lang/crates-build-env/linux@sha256:34b6a614d2c27851fe6cbf88fbd1137609cefab8b10d0615aaeb6fd47975d74e" "/opt/rustwide/cargo-home/bin/cargo" "+1.54.0" "build" "--frozen" "--message-format=json", kill_on_drop: false }`
[INFO] [stdout] e6fdc1a185e5d871e623475a77b95691bbe1b804949ad223fe0266ccb77f8dd0
[INFO] running `Command { std: "docker" "start" "-a" "e6fdc1a185e5d871e623475a77b95691bbe1b804949ad223fe0266ccb77f8dd0", kill_on_drop: false }`
[INFO] [stderr]    Compiling pkg-config v0.3.19
[INFO] [stderr]    Compiling bitflags v0.9.1
[INFO] [stderr]    Compiling cmake v0.1.45
[INFO] [stderr]    Compiling assimp-sys v0.3.1
[INFO] [stderr] error: failed to run custom build command for `assimp-sys v0.3.1`
[INFO] [stderr] 
[INFO] [stderr] Caused by:
[INFO] [stderr]   process didn't exit successfully: `/opt/rustwide/target/debug/build/assimp-sys-d4b4cb4d195b6a96/build-script-build` (exit status: 101)
[INFO] [stderr]   --- stdout
[INFO] [stderr]   cargo:rerun-if-env-changed=ASSIMP_NO_PKG_CONFIG
[INFO] [stderr]   cargo:rerun-if-env-changed=PKG_CONFIG
[INFO] [stderr]   cargo:rerun-if-env-changed=ASSIMP_STATIC
[INFO] [stderr]   cargo:rerun-if-env-changed=ASSIMP_DYNAMIC
[INFO] [stderr]   cargo:rerun-if-env-changed=PKG_CONFIG_ALL_STATIC
[INFO] [stderr]   cargo:rerun-if-env-changed=PKG_CONFIG_ALL_DYNAMIC
[INFO] [stderr]   cargo:rerun-if-env-changed=PKG_CONFIG_PATH_x86_64-unknown-linux-gnu
[INFO] [stderr]   cargo:rerun-if-env-changed=PKG_CONFIG_PATH_x86_64_unknown_linux_gnu
[INFO] [stderr]   cargo:rerun-if-env-changed=HOST_PKG_CONFIG_PATH
[INFO] [stderr]   cargo:rerun-if-env-changed=PKG_CONFIG_PATH
[INFO] [stderr]   cargo:rerun-if-env-changed=PKG_CONFIG_LIBDIR_x86_64-unknown-linux-gnu
[INFO] [stderr]   cargo:rerun-if-env-changed=PKG_CONFIG_LIBDIR_x86_64_unknown_linux_gnu
[INFO] [stderr]   cargo:rerun-if-env-changed=HOST_PKG_CONFIG_LIBDIR
[INFO] [stderr]   cargo:rerun-if-env-changed=PKG_CONFIG_LIBDIR
[INFO] [stderr]   cargo:rerun-if-env-changed=PKG_CONFIG_SYSROOT_DIR_x86_64-unknown-linux-gnu
[INFO] [stderr]   cargo:rerun-if-env-changed=PKG_CONFIG_SYSROOT_DIR_x86_64_unknown_linux_gnu
[INFO] [stderr]   cargo:rerun-if-env-changed=HOST_PKG_CONFIG_SYSROOT_DIR
[INFO] [stderr]   cargo:rerun-if-env-changed=PKG_CONFIG_SYSROOT_DIR
[INFO] [stderr]   running: "cmake" "/opt/rustwide/cargo-home/registry/src/github.com-1ecc6299db9ec823/assimp-sys-0.3.1/assimp" "-DASSIMP_BUILD_ASSIMP_TOOLS=OFF" "-DASSIMP_BUILD_TESTS=OFF" "-DASSIMP_INSTALL_PDB=OFF" "-DBUILD_SHARED_LIBS=OFF" "-DCMAKE_SUPPRESS_DEVELOPER_WARNINGS=ON" "-DLIBRARY_SUFFIX=" "-DCMAKE_INSTALL_PREFIX=/opt/rustwide/target/debug/build/assimp-sys-507e65971d33d974/out" "-DCMAKE_C_FLAGS= -ffunction-sections -fdata-sections -fPIC -m64" "-DCMAKE_C_COMPILER=/usr/bin/cc" "-DCMAKE_CXX_FLAGS= -ffunction-sections -fdata-sections -fPIC -m64" "-DCMAKE_CXX_COMPILER=/usr/bin/c++" "-DCMAKE_ASM_FLAGS= -ffunction-sections -fdata-sections -fPIC -m64" "-DCMAKE_ASM_COMPILER=/usr/bin/cc" "-DCMAKE_BUILD_TYPE=Debug"
[INFO] [stderr]   -- The C compiler identification is GNU 9.3.0
[INFO] [stderr]   -- The CXX compiler identification is GNU 9.3.0
[INFO] [stderr]   -- Check for working C compiler: /usr/bin/cc
[INFO] [stderr]   -- Check for working C compiler: /usr/bin/cc -- works
[INFO] [stderr]   -- Detecting C compiler ABI info
[INFO] [stderr]   -- Detecting C compiler ABI info - done
[INFO] [stderr]   -- Detecting C compile features
[INFO] [stderr]   -- Detecting C compile features - done
[INFO] [stderr]   -- Check for working CXX compiler: /usr/bin/c++
[INFO] [stderr]   -- Check for working CXX compiler: /usr/bin/c++ -- works
[INFO] [stderr]   -- Detecting CXX compiler ABI info
[INFO] [stderr]   -- Detecting CXX compiler ABI info - done
[INFO] [stderr]   -- Detecting CXX compile features
[INFO] [stderr]   -- Detecting CXX compile features - done
[INFO] [stderr]   -- Found OpenMP_C: -fopenmp (found version "4.5") 
[INFO] [stderr]   -- Found OpenMP_CXX: -fopenmp (found version "4.5") 
[INFO] [stderr]   -- Found OpenMP: TRUE (found version "4.5")  
[INFO] [stderr]   -- Looking for ZLIB...
[INFO] [stderr]   -- Found PkgConfig: /usr/bin/pkg-config (found version "0.29.1") 
[INFO] [stderr]   -- Checking for module 'zzip-zlib-config'
[INFO] [stderr]   --   No package 'zzip-zlib-config' found
[INFO] [stderr]   -- Found ZLIB: optimized;/usr/lib/x86_64-linux-gnu/libz.so;debug;/usr/lib/x86_64-linux-gnu/libz.so
[INFO] [stderr]   -- Checking for module 'minizip'
[INFO] [stderr]   --   No package 'minizip' found
[INFO] [stderr]   -- Found rt: /usr/lib/x86_64-linux-gnu/librt.so  
[INFO] [stderr]   -- Enabled formats: AMF 3DS AC ASE ASSBIN ASSXML B3D BVH COLLADA DXF CSM HMP IRRMESH IRR LWO LWS MD2 MD3 MD5 MDC MDL NFF NDO OFF OBJ OGRE OPENGEX PLY MS3D COB BLEND IFC XGL FBX Q3D Q3BSP RAW SIB SMD STL TERRAGEN 3D X X3D GLTF 3MF MMD
[INFO] [stderr]   -- Disabled formats:
[INFO] [stderr]   -- Configuring done
[INFO] [stderr]   -- Generating done
[INFO] [stderr]   -- Build files have been written to: /opt/rustwide/target/debug/build/assimp-sys-507e65971d33d974/out/build
[INFO] [stderr]   running: "cmake" "--build" "." "--target" "install" "--config" "Debug" "--"
[INFO] [stderr]   Scanning dependencies of target IrrXML
[INFO] [stderr]   [  0%] Building CXX object contrib/irrXML/CMakeFiles/IrrXML.dir/irrXML.cpp.o
[INFO] [stderr]   [  1%] Linking CXX static library libIrrXMLd.a
[INFO] [stderr]   [  1%] Built target IrrXML
[INFO] [stderr]   Scanning dependencies of target assimp
[INFO] [stderr]   [  3%] Building CXX object code/CMakeFiles/assimp.dir/IFCGeometry.cpp.o
[INFO] [stderr]   [  2%] Building CXX object code/CMakeFiles/assimp.dir/IFCProfile.cpp.o
[INFO] [stderr]   [  5%] Building CXX object code/CMakeFiles/assimp.dir/BlenderScene.cpp.o
[INFO] [stderr]   [  5%] Building CXX object code/CMakeFiles/assimp.dir/MS3DLoader.cpp.o
[INFO] [stderr]   [  1%] Building CXX object code/CMakeFiles/assimp.dir/BlenderDNA.cpp.o
[INFO] [stderr]   [  5%] Building CXX object code/CMakeFiles/assimp.dir/STEPFileEncoding.cpp.o
[INFO] [stderr]   [  8%] Building CXX object code/CMakeFiles/assimp.dir/MD5Loader.cpp.o
[INFO] [stderr]   [  8%] Building CXX object code/CMakeFiles/assimp.dir/XGLLoader.cpp.o
[INFO] [stderr]   [  8%] Building CXX object code/CMakeFiles/assimp.dir/IFCBoolean.cpp.o
[INFO] [stderr]   [  5%] Building CXX object code/CMakeFiles/assimp.dir/BlenderTessellator.cpp.o
[INFO] [stderr]   [  9%] Building CXX object code/CMakeFiles/assimp.dir/BlenderModifier.cpp.o
[INFO] [stderr]   [  9%] Building CXX object code/CMakeFiles/assimp.dir/COBLoader.cpp.o
[INFO] [stderr]   [ 11%] Building CXX object code/CMakeFiles/assimp.dir/IFCLoader.cpp.o
[INFO] [stderr]   [ 11%] Building CXX object code/CMakeFiles/assimp.dir/BlenderBMesh.cpp.o
[INFO] [stderr]   [  9%] Building CXX object code/CMakeFiles/assimp.dir/IFCCurve.cpp.o
[INFO] [stderr]   [  9%] Building CXX object code/CMakeFiles/assimp.dir/IFCOpenings.cpp.o
[INFO] [stderr]   [ 11%] Building CXX object code/CMakeFiles/assimp.dir/IFCReaderGen2.cpp.o
[INFO] [stderr]   [ 11%] Building CXX object code/CMakeFiles/assimp.dir/IFCReaderGen1.cpp.o
[INFO] [stderr]   [ 11%] Building CXX object code/CMakeFiles/assimp.dir/BaseProcess.cpp.o
[INFO] [stderr]   [ 11%] Building CXX object code/CMakeFiles/assimp.dir/PlyLoader.cpp.o
[INFO] [stderr]   [ 11%] Building CXX object code/CMakeFiles/assimp.dir/MaterialSystem.cpp.o
[INFO] [stderr]   [ 11%] Building CXX object code/CMakeFiles/assimp.dir/AssxmlExporter.cpp.o
[INFO] [stderr]   [ 11%] Building CXX object code/CMakeFiles/assimp.dir/GenFaceNormalsProcess.cpp.o
[INFO] [stderr]   [ 12%] Building CXX object code/CMakeFiles/assimp.dir/AMFImporter_Material.cpp.o
[INFO] [stderr]   [ 12%] Building CXX object code/CMakeFiles/assimp.dir/StandardShapes.cpp.o
[INFO] [stderr]   [ 13%] Building CXX object code/CMakeFiles/assimp.dir/MDCLoader.cpp.o
[INFO] [stderr]   [ 14%] Building CXX object code/CMakeFiles/assimp.dir/DeboneProcess.cpp.o
[INFO] [stderr]   [ 15%] Building CXX object code/CMakeFiles/assimp.dir/ASEParser.cpp.o
[INFO] [stderr]   [ 16%] Building CXX object code/CMakeFiles/assimp.dir/B3DImporter.cpp.o
[INFO] [stderr]   [ 18%] Building CXX object code/CMakeFiles/assimp.dir/RemoveVCProcess.cpp.o
[INFO] [stderr]   [ 18%] Building CXX object code/CMakeFiles/assimp.dir/3DSLoader.cpp.o
[INFO] [stderr]   [ 18%] Building CXX object code/CMakeFiles/assimp.dir/VertexTriangleAdjacency.cpp.o
[INFO] [stderr]   [ 19%] Building CXX object code/CMakeFiles/assimp.dir/OgreMaterial.cpp.o
[INFO] [stderr]   [ 22%] Building CXX object code/CMakeFiles/assimp.dir/ScenePreprocessor.cpp.o
[INFO] [stderr]   [ 20%] Building CXX object code/CMakeFiles/assimp.dir/ColladaExporter.cpp.o
[INFO] [stderr]   [ 22%] Building CXX object code/CMakeFiles/assimp.dir/NDOLoader.cpp.o
[INFO] [stderr]   [ 22%] Building CXX object code/CMakeFiles/assimp.dir/IRRShared.cpp.o
[INFO] [stderr]   [ 25%] Building CXX object code/CMakeFiles/assimp.dir/DefaultLogger.cpp.o
[INFO] [stderr]   [ 25%] Building CXX object code/CMakeFiles/assimp.dir/ImproveCacheLocality.cpp.o
[INFO] [stderr]   [ 25%] Building CXX object code/CMakeFiles/assimp.dir/SpatialSort.cpp.o
[INFO] [stderr]   [ 27%] Building CXX object code/CMakeFiles/assimp.dir/ACLoader.cpp.o
[INFO] [stderr]   [ 27%] Building CXX object code/CMakeFiles/assimp.dir/AMFImporter_Geometry.cpp.o
[INFO] [stderr]   [ 28%] Building CXX object code/CMakeFiles/assimp.dir/OgreImporter.cpp.o
[INFO] [stderr]   [ 30%] Building CXX object code/CMakeFiles/assimp.dir/FindInstancesProcess.cpp.o
[INFO] [stderr]   [ 30%] Building CXX object code/CMakeFiles/assimp.dir/CSMLoader.cpp.o
[INFO] [stderr]   [ 30%] Building CXX object code/CMakeFiles/assimp.dir/LimitBoneWeightsProcess.cpp.o
[INFO] [stderr]   [ 30%] Building CXX object code/CMakeFiles/assimp.dir/PlyExporter.cpp.o
[INFO] [stderr]   [ 31%] Building CXX object code/CMakeFiles/assimp.dir/ObjFileImporter.cpp.o
[INFO] [stderr]   [ 33%] Building CXX object code/CMakeFiles/assimp.dir/SplitLargeMeshes.cpp.o
[INFO] [stderr]   [ 33%] Building CXX object code/CMakeFiles/assimp.dir/OgreStructs.cpp.o
[INFO] [stderr]   [ 12%] Building CXX object code/CMakeFiles/assimp.dir/BVHLoader.cpp.o
[INFO] [stderr]   [ 35%] Building CXX object code/CMakeFiles/assimp.dir/DefaultIOSystem.cpp.o
[INFO] [stderr]   [ 35%] Building CXX object code/CMakeFiles/assimp.dir/DefaultIOStream.cpp.o
[INFO] [stderr]   [ 12%] Building CXX object code/CMakeFiles/assimp.dir/ProcessHelper.cpp.o
[INFO] [stderr]   [ 12%] Building CXX object code/CMakeFiles/assimp.dir/AssbinExporter.cpp.o
[INFO] [stderr]   [ 12%] Building CXX object code/CMakeFiles/assimp.dir/ValidateDataStructure.cpp.o
[INFO] [stderr]   [ 32%] Building CXX object code/CMakeFiles/assimp.dir/MakeVerboseFormat.cpp.o
[INFO] [stderr]   [ 12%] Building CXX object code/CMakeFiles/assimp.dir/3DSExporter.cpp.o
[INFO] [stderr]   [ 12%] Building CXX object code/CMakeFiles/assimp.dir/ASELoader.cpp.o
[INFO] [stderr]   [ 12%] Building CXX object code/CMakeFiles/assimp.dir/SortByPTypeProcess.cpp.o
[INFO] [stderr]   [ 12%] Building CXX object code/CMakeFiles/assimp.dir/ColladaParser.cpp.o
[INFO] [stderr]   [ 12%] Building CXX object code/CMakeFiles/assimp.dir/SkeletonMeshBuilder.cpp.o
[INFO] [stderr]   [ 12%] Building CXX object code/CMakeFiles/assimp.dir/ObjFileMtlImporter.cpp.o
[INFO] [stderr]   [ 12%] Building CXX object code/CMakeFiles/assimp.dir/HMPLoader.cpp.o
[INFO] [stderr]   [ 12%] Building CXX object code/CMakeFiles/assimp.dir/RemoveRedundantMaterials.cpp.o
[INFO] [stderr]   [ 12%] Building CXX object code/CMakeFiles/assimp.dir/FindInvalidDataProcess.cpp.o
[INFO] [stderr]   [ 12%] Building CXX object code/CMakeFiles/assimp.dir/LWOLoader.cpp.o
[INFO] [stderr]   [ 12%] Building CXX object code/CMakeFiles/assimp.dir/TextureTransform.cpp.o
[INFO] [stderr]   [ 12%] Building CXX object code/CMakeFiles/assimp.dir/ImporterRegistry.cpp.o
[INFO] [stderr]   [ 12%] Building CXX object code/CMakeFiles/assimp.dir/AMFImporter.cpp.o
[INFO] [stderr]   [ 36%] Building CXX object code/CMakeFiles/assimp.dir/OptimizeGraph.cpp.o
[INFO] [stderr]   [ 37%] Building CXX object code/CMakeFiles/assimp.dir/MD2Loader.cpp.o
[INFO] [stderr]   [ 39%] Building CXX object code/CMakeFiles/assimp.dir/BlenderLoader.cpp.o
[INFO] [stderr]   [ 40%] Building CXX object code/CMakeFiles/assimp.dir/LWOBLoader.cpp.o
[INFO] [stderr]   [ 43%] Building CXX object code/CMakeFiles/assimp.dir/MDLMaterialLoader.cpp.o
[INFO] [stderr]   [ 44%] Building CXX object code/CMakeFiles/assimp.dir/FixNormalsStep.cpp.o
[INFO] [stderr]   [ 46%] Building CXX object code/CMakeFiles/assimp.dir/TriangulateProcess.cpp.o
[INFO] [stderr]   [ 46%] Building CXX object code/CMakeFiles/assimp.dir/GenVertexNormalsProcess.cpp.o
[INFO] [stderr]   [ 47%] Building CXX object code/CMakeFiles/assimp.dir/AssbinLoader.cpp.o
[INFO] [stderr]   [ 49%] Building CXX object code/CMakeFiles/assimp.dir/OpenGEXImporter.cpp.o
[INFO] [stderr]   [ 49%] Building CXX object code/CMakeFiles/assimp.dir/BaseImporter.cpp.o
[INFO] [stderr]   [ 50%] Building CXX object code/CMakeFiles/assimp.dir/Bitmap.cpp.o
[INFO] [stderr]   [ 35%] Building CXX object code/CMakeFiles/assimp.dir/ObjExporter.cpp.o
[INFO] [stderr]   [ 35%] Building CXX object code/CMakeFiles/assimp.dir/OptimizeMeshes.cpp.o
[INFO] [stderr]   [ 35%] Building CXX object code/CMakeFiles/assimp.dir/JoinVerticesProcess.cpp.o
[INFO] [stderr]   [ 35%] Building CXX object code/CMakeFiles/assimp.dir/NFFLoader.cpp.o
[INFO] [stderr]   [ 35%] Building CXX object code/CMakeFiles/assimp.dir/DXFLoader.cpp.o
[INFO] [stderr]   [ 35%] Building CXX object code/CMakeFiles/assimp.dir/MD3Loader.cpp.o
[INFO] [stderr]   [ 35%] Building CXX object code/CMakeFiles/assimp.dir/TargetAnimation.cpp.o
[INFO] [stderr]   [ 35%] Building CXX object code/CMakeFiles/assimp.dir/PretransformVertices.cpp.o
[INFO] [stderr]   [ 35%] Building CXX object code/CMakeFiles/assimp.dir/OFFLoader.cpp.o
[INFO] [stderr]   [ 35%] Building CXX object code/CMakeFiles/assimp.dir/OpenGEXExporter.cpp.o
[INFO] [stderr]   [ 35%] Building CXX object code/CMakeFiles/assimp.dir/MDLLoader.cpp.o
[INFO] [stderr]   [ 35%] Building CXX object code/CMakeFiles/assimp.dir/3DSConverter.cpp.o
[INFO] [stderr]   [ 35%] Building CXX object code/CMakeFiles/assimp.dir/LWSLoader.cpp.o
[INFO] [stderr]   [ 53%] Building CXX object code/CMakeFiles/assimp.dir/CalcTangentsProcess.cpp.o
[INFO] [stderr]   [ 53%] Building CXX object code/CMakeFiles/assimp.dir/RemoveComments.cpp.o
[INFO] [stderr]   [ 53%] Building CXX object code/CMakeFiles/assimp.dir/Importer.cpp.o
[INFO] [stderr]   [ 53%] Building CXX object code/CMakeFiles/assimp.dir/IFCUtil.cpp.o
[INFO] [stderr]   [ 53%] Building CXX object code/CMakeFiles/assimp.dir/FindDegenerates.cpp.o
[INFO] [stderr]   [ 54%] Building CXX object code/CMakeFiles/assimp.dir/ConvertToLHProcess.cpp.o
[INFO] [stderr]   [ 55%] Building CXX object code/CMakeFiles/assimp.dir/IRRLoader.cpp.o
[INFO] [stderr]   [ 56%] Building CXX object code/CMakeFiles/assimp.dir/OgreBinarySerializer.cpp.o
[INFO] [stderr]   [ 57%] Building CXX object code/CMakeFiles/assimp.dir/STEPFileReader.cpp.o
[INFO] [stderr]   [ 57%] Building CXX object code/CMakeFiles/assimp.dir/SceneCombiner.cpp.o
[INFO] [stderr]   [ 57%] Building CXX object code/CMakeFiles/assimp.dir/scene.cpp.o
[INFO] [stderr]   [ 51%] Building CXX object code/CMakeFiles/assimp.dir/AMFImporter_Postprocess.cpp.o
[INFO] [stderr]   [ 51%] Building CXX object code/CMakeFiles/assimp.dir/AssimpCExport.cpp.o
[INFO] [stderr]   [ 51%] Building CXX object code/CMakeFiles/assimp.dir/IFCMaterial.cpp.o
[INFO] [stderr]   [ 51%] Building CXX object code/CMakeFiles/assimp.dir/StepExporter.cpp.o
[INFO] [stderr]   [ 51%] Building CXX object code/CMakeFiles/assimp.dir/MD5Parser.cpp.o
[INFO] [stderr]   [ 51%] Building CXX object code/CMakeFiles/assimp.dir/ColladaLoader.cpp.o
[INFO] [stderr]   [ 51%] Building CXX object code/CMakeFiles/assimp.dir/LWOAnimation.cpp.o
[INFO] [stderr]   [ 51%] Building CXX object code/CMakeFiles/assimp.dir/SplitByBoneCountProcess.cpp.o
[INFO] [stderr]   [ 51%] Building CXX object code/CMakeFiles/assimp.dir/Assimp.cpp.o
[INFO] [stderr]   [ 58%] Building CXX object code/CMakeFiles/assimp.dir/CInterfaceIOWrapper.cpp.o
[INFO] [stderr]   [ 58%] Building CXX object code/CMakeFiles/assimp.dir/CreateAnimMesh.cpp.o
[INFO] [stderr]   [ 59%] Building CXX object code/CMakeFiles/assimp.dir/SGSpatialSort.cpp.o
[INFO] [stderr]   [ 58%] Building CXX object code/CMakeFiles/assimp.dir/Version.cpp.o
[INFO] [stderr]   [ 60%] Building CXX object code/CMakeFiles/assimp.dir/PostStepRegistry.cpp.o
[INFO] [stderr]   [ 61%] Building CXX object code/CMakeFiles/assimp.dir/Exporter.cpp.o
[INFO] [stderr]   [ 63%] Building CXX object code/CMakeFiles/assimp.dir/IRRMeshLoader.cpp.o
[INFO] [stderr]   [ 63%] Building CXX object code/CMakeFiles/assimp.dir/LWOMaterial.cpp.o
[INFO] [stderr]   [ 60%] Building CXX object code/CMakeFiles/assimp.dir/ComputeUVMappingProcess.cpp.o
[INFO] [stderr]   [ 64%] Building CXX object code/CMakeFiles/assimp.dir/PlyParser.cpp.o
[INFO] [stderr]   [ 64%] Building CXX object code/CMakeFiles/assimp.dir/Subdivision.cpp.o
[INFO] [stderr]   [ 64%] Building CXX object code/CMakeFiles/assimp.dir/OgreXmlSerializer.cpp.o
[INFO] [stderr]   [ 65%] Building CXX object code/CMakeFiles/assimp.dir/ObjFileParser.cpp.o
[INFO] [stderr] 
[INFO] [stderr]   --- stderr
[INFO] [stderr]   CMake Warning:
[INFO] [stderr]     Manually-specified variables were not used by the project:
[INFO] [stderr] 
[INFO] [stderr]       CMAKE_ASM_COMPILER
[INFO] [stderr]       CMAKE_ASM_FLAGS
[INFO] [stderr] 
[INFO] [stderr] 
[INFO] [stderr]   /opt/rustwide/cargo-home/registry/src/github.com-1ecc6299db9ec823/assimp-sys-0.3.1/assimp/code/SpatialSort.cpp: In function '{anonymous}::BinFloat {anonymous}::ToBinary(const ai_real&)':
[INFO] [stderr]   /opt/rustwide/cargo-home/registry/src/github.com-1ecc6299db9ec823/assimp-sys-0.3.1/assimp/code/SpatialSort.cpp:228:23: warning: bitwise comparison always evaluates to false [-Wtautological-compare]
[INFO] [stderr]     228 |         else if( (-42 == (42 | (-0))) && (binValue & 0x80000000)) // -0 = 1000... binary
[INFO] [stderr]         |                   ~~~ ^~ ~~~~~~~~~~~
[INFO] [stderr]   /opt/rustwide/cargo-home/registry/src/github.com-1ecc6299db9ec823/assimp-sys-0.3.1/assimp/code/DefaultLogger.cpp: In member function 'virtual void Assimp::DefaultLogger::OnDebug(const char*)':
[INFO] [stderr]   /opt/rustwide/cargo-home/registry/src/github.com-1ecc6299db9ec823/assimp-sys-0.3.1/assimp/code/DefaultLogger.cpp:256:5: warning: this 'if' clause does not guard... [-Wmisleading-indentation]
[INFO] [stderr]     256 |     if ( m_Severity == Logger::NORMAL )
[INFO] [stderr]         |     ^~
[INFO] [stderr]   /opt/rustwide/cargo-home/registry/src/github.com-1ecc6299db9ec823/assimp-sys-0.3.1/assimp/code/DefaultLogger.cpp:259:2: note: ...this statement, but the latter is misleadingly indented as if it were guarded by the 'if'
[INFO] [stderr]     259 |  static const size_t Size = MAX_LOG_MESSAGE_LENGTH + 16;
[INFO] [stderr]         |  ^~~~~~
[INFO] [stderr]   c++: fatal error: Killed signal terminated program cc1plus
[INFO] [stderr]   compilation terminated.
[INFO] [stderr]   c++: fatal error: Killed signal terminated program cc1plus
[INFO] [stderr]   compilation terminated.
[INFO] [stderr]   c++: fatal error: Killed signal terminated program cc1plus
[INFO] [stderr]   compilation terminated.
[INFO] [stderr]   c++: fatal error: Killed signal terminated program cc1plus
[INFO] [stderr]   compilation terminated.
[INFO] [stderr]   c++: fatal error: Killed signal terminated program cc1plus
[INFO] [stderr]   compilation terminated.
[INFO] [stderr]   c++: fatal error: Killed signal terminated program cc1plus
[INFO] [stderr]   compilation terminated.
[INFO] [stderr]   c++: fatal error: Killed signal terminated program cc1plus
[INFO] [stderr]   compilation terminated.
[INFO] [stderr]   c++: fatal error: Killed signal terminated program cc1plus
[INFO] [stderr]   compilation terminated.
[INFO] [stderr]   c++: fatal error: Killed signal terminated program cc1plus
[INFO] [stderr]   compilation terminated.
[INFO] [stderr]   c++: fatal error: Killed signal terminated program cc1plus
[INFO] [stderr]   compilation terminated.
[INFO] [stderr]   c++: fatal error: Killed signal terminated program cc1plus
[INFO] [stderr]   compilation terminated.
[INFO] [stderr]   c++: fatal error: Killed signal terminated program cc1plus
[INFO] [stderr]   compilation terminated.
[INFO] [stderr]   c++: fatal error: Killed signal terminated program cc1plus
[INFO] [stderr]   compilation terminated.
[INFO] [stderr]   c++: fatal error: Killed signal terminated program cc1plus
[INFO] [stderr]   compilation terminated.
[INFO] [stderr]   c++: fatal error: Killed signal terminated program cc1plus
[INFO] [stderr]   compilation terminated.
[INFO] [stderr]   c++: fatal error: Killed signal terminated program cc1plus
[INFO] [stderr]   compilation terminated.
[INFO] [stderr]   make[2]: *** [code/CMakeFiles/assimp.dir/build.make:1454: code/CMakeFiles/assimp.dir/MS3DLoader.cpp.o] Error 1
[INFO] [stderr]   make[2]: *** Waiting for unfinished jobs....
[INFO] [stderr]   make[2]: *** [code/CMakeFiles/assimp.dir/build.make:1506: code/CMakeFiles/assimp.dir/BlenderScene.cpp.o] Error 1
[INFO] [stderr]   make[2]: *** [code/CMakeFiles/assimp.dir/build.make:1636: code/CMakeFiles/assimp.dir/IFCProfile.cpp.o] Error 1
[INFO] [stderr]   make[2]: *** [code/CMakeFiles/assimp.dir/build.make:1675: code/CMakeFiles/assimp.dir/IFCOpenings.cpp.o] Error 1
[INFO] [stderr]   make[2]: *** [code/CMakeFiles/assimp.dir/build.make:1571: code/CMakeFiles/assimp.dir/IFCReaderGen1.cpp.o] Error 1
[INFO] [stderr]   make[2]: *** [code/CMakeFiles/assimp.dir/build.make:791: code/CMakeFiles/assimp.dir/AMFImporter_Material.cpp.o] Error 1
[INFO] [stderr]   make[2]: *** [code/CMakeFiles/assimp.dir/build.make:921: code/CMakeFiles/assimp.dir/AssxmlExporter.cpp.o] Error 1
[INFO] [stderr]   make[2]: *** [code/CMakeFiles/assimp.dir/build.make:882: code/CMakeFiles/assimp.dir/ASEParser.cpp.o] Error 1
[INFO] [stderr]   make[2]: *** [code/CMakeFiles/assimp.dir/build.make:232: code/CMakeFiles/assimp.dir/ScenePreprocessor.cpp.o] Error 1
[INFO] [stderr]   make[2]: *** [code/CMakeFiles/assimp.dir/build.make:206: code/CMakeFiles/assimp.dir/SpatialSort.cpp.o] Error 1
[INFO] [stderr]   make[2]: *** [code/CMakeFiles/assimp.dir/build.make:375: code/CMakeFiles/assimp.dir/DefaultLogger.cpp.o] Error 1
[INFO] [stderr]   make[2]: *** [code/CMakeFiles/assimp.dir/build.make:466: code/CMakeFiles/assimp.dir/FindInstancesProcess.cpp.o] Error 1
[INFO] [stderr]   make[2]: *** [code/CMakeFiles/assimp.dir/build.make:544: code/CMakeFiles/assimp.dir/ImproveCacheLocality.cpp.o] Error 1
[INFO] [stderr]   make[2]: *** [code/CMakeFiles/assimp.dir/build.make:596: code/CMakeFiles/assimp.dir/RemoveVCProcess.cpp.o] Error 1
[INFO] [stderr]   make[2]: *** [code/CMakeFiles/assimp.dir/build.make:856: code/CMakeFiles/assimp.dir/ACLoader.cpp.o] Error 1
[INFO] [stderr]   make[2]: *** [code/CMakeFiles/assimp.dir/build.make:128: code/CMakeFiles/assimp.dir/DefaultIOStream.cpp.o] Error 1
[INFO] [stderr]   c++: fatal error: Killed signal terminated program cc1plus
[INFO] [stderr]   compilation terminated.
[INFO] [stderr]   make[2]: *** [code/CMakeFiles/assimp.dir/build.make:765: code/CMakeFiles/assimp.dir/AMFImporter.cpp.o] Error 1
[INFO] [stderr]   c++: fatal error: Killed signal terminated program cc1plus
[INFO] [stderr]   compilation terminated.
[INFO] [stderr]   make[2]: *** [code/CMakeFiles/assimp.dir/build.make:609: code/CMakeFiles/assimp.dir/SortByPTypeProcess.cpp.o] Error 1
[INFO] [stderr]   c++: fatal error: Killed signal terminated program cc1plus
[INFO] [stderr]   compilation terminated.
[INFO] [stderr]   make[2]: *** [code/CMakeFiles/assimp.dir/build.make:986: code/CMakeFiles/assimp.dir/ColladaExporter.cpp.o] Error 1
[INFO] [stderr]   c++: fatal error: Killed signal terminated program cc1plus
[INFO] [stderr]   compilation terminated.
[INFO] [stderr]   make[2]: *** [code/CMakeFiles/assimp.dir/build.make:115: code/CMakeFiles/assimp.dir/ImporterRegistry.cpp.o] Error 1
[INFO] [stderr]   c++: fatal error: Killed signal terminated program cc1plus
[INFO] [stderr]   compilation terminated.
[INFO] [stderr]   make[2]: *** [code/CMakeFiles/assimp.dir/build.make:1493: code/CMakeFiles/assimp.dir/BlenderDNA.cpp.o] Error 1
[INFO] [stderr]   /opt/rustwide/cargo-home/registry/src/github.com-1ecc6299db9ec823/assimp-sys-0.3.1/assimp/code/CreateAnimMesh.cpp: In function 'aiAnimMesh* Assimp::aiCreateAnimMesh(const aiMesh*)':
[INFO] [stderr]   /opt/rustwide/cargo-home/registry/src/github.com-1ecc6299db9ec823/assimp-sys-0.3.1/assimp/code/CreateAnimMesh.cpp:57:97: warning: 'void* memcpy(void*, const void*, size_t)' writing to an object of non-trivially copyable type 'aiVector3D' {aka 'class aiVector3t<float>'}; use copy-assignment or copy-initialization instead [-Wclass-memaccess]
[INFO] [stderr]      57 |         std::memcpy(animesh->mVertices, mesh->mVertices, mesh->mNumVertices * sizeof(aiVector3D));
[INFO] [stderr]         |                                                                                                 ^
[INFO] [stderr]   In file included from /opt/rustwide/cargo-home/registry/src/github.com-1ecc6299db9ec823/assimp-sys-0.3.1/assimp/include/assimp/types.h:60,
[INFO] [stderr]                    from /opt/rustwide/cargo-home/registry/src/github.com-1ecc6299db9ec823/assimp-sys-0.3.1/assimp/include/assimp/mesh.h:50,
[INFO] [stderr]                    from /opt/rustwide/cargo-home/registry/src/github.com-1ecc6299db9ec823/assimp-sys-0.3.1/assimp/code/CreateAnimMesh.h:48,
[INFO] [stderr]                    from /opt/rustwide/cargo-home/registry/src/github.com-1ecc6299db9ec823/assimp-sys-0.3.1/assimp/code/CreateAnimMesh.cpp:43:
[INFO] [stderr]   /opt/rustwide/cargo-home/registry/src/github.com-1ecc6299db9ec823/assimp-sys-0.3.1/assimp/include/assimp/vector3.h:65:7: note: 'aiVector3D' {aka 'class aiVector3t<float>'} declared here
[INFO] [stderr]      65 | class aiVector3t
[INFO] [stderr]         |       ^~~~~~~~~~
[INFO] [stderr]   /opt/rustwide/cargo-home/registry/src/github.com-1ecc6299db9ec823/assimp-sys-0.3.1/assimp/code/CreateAnimMesh.cpp:61:95: warning: 'void* memcpy(void*, const void*, size_t)' writing to an object of non-trivially copyable type 'aiVector3D' {aka 'class aiVector3t<float>'}; use copy-assignment or copy-initialization instead [-Wclass-memaccess]
[INFO] [stderr]      61 |         std::memcpy(animesh->mNormals, mesh->mNormals, mesh->mNumVertices * sizeof(aiVector3D));
[INFO] [stderr]         |                                                                                               ^
[INFO] [stderr]   In file included from /opt/rustwide/cargo-home/registry/src/github.com-1ecc6299db9ec823/assimp-sys-0.3.1/assimp/include/assimp/types.h:60,
[INFO] [stderr]                    from /opt/rustwide/cargo-home/registry/src/github.com-1ecc6299db9ec823/assimp-sys-0.3.1/assimp/include/assimp/mesh.h:50,
[INFO] [stderr]                    from /opt/rustwide/cargo-home/registry/src/github.com-1ecc6299db9ec823/assimp-sys-0.3.1/assimp/code/CreateAnimMesh.h:48,
[INFO] [stderr]                    from /opt/rustwide/cargo-home/registry/src/github.com-1ecc6299db9ec823/assimp-sys-0.3.1/assimp/code/CreateAnimMesh.cpp:43:
[INFO] [stderr]   /opt/rustwide/cargo-home/registry/src/github.com-1ecc6299db9ec823/assimp-sys-0.3.1/assimp/include/assimp/vector3.h:65:7: note: 'aiVector3D' {aka 'class aiVector3t<float>'} declared here
[INFO] [stderr]      65 | class aiVector3t
[INFO] [stderr]         |       ^~~~~~~~~~
[INFO] [stderr]   /opt/rustwide/cargo-home/registry/src/github.com-1ecc6299db9ec823/assimp-sys-0.3.1/assimp/code/CreateAnimMesh.cpp:65:97: warning: 'void* memcpy(void*, const void*, size_t)' writing to an object of non-trivially copyable type 'aiVector3D' {aka 'class aiVector3t<float>'}; use copy-assignment or copy-initialization instead [-Wclass-memaccess]
[INFO] [stderr]      65 |         std::memcpy(animesh->mTangents, mesh->mTangents, mesh->mNumVertices * sizeof(aiVector3D));
[INFO] [stderr]         |                                                                                                 ^
[INFO] [stderr]   In file included from /opt/rustwide/cargo-home/registry/src/github.com-1ecc6299db9ec823/assimp-sys-0.3.1/assimp/include/assimp/types.h:60,
[INFO] [stderr]                    from /opt/rustwide/cargo-home/registry/src/github.com-1ecc6299db9ec823/assimp-sys-0.3.1/assimp/include/assimp/mesh.h:50,
[INFO] [stderr]                    from /opt/rustwide/cargo-home/registry/src/github.com-1ecc6299db9ec823/assimp-sys-0.3.1/assimp/code/CreateAnimMesh.h:48,
[INFO] [stderr]                    from /opt/rustwide/cargo-home/registry/src/github.com-1ecc6299db9ec823/assimp-sys-0.3.1/assimp/code/CreateAnimMesh.cpp:43:
[INFO] [stderr]   /opt/rustwide/cargo-home/registry/src/github.com-1ecc6299db9ec823/assimp-sys-0.3.1/assimp/include/assimp/vector3.h:65:7: note: 'aiVector3D' {aka 'class aiVector3t<float>'} declared here
[INFO] [stderr]      65 | class aiVector3t
[INFO] [stderr]         |       ^~~~~~~~~~
[INFO] [stderr]   /opt/rustwide/cargo-home/registry/src/github.com-1ecc6299db9ec823/assimp-sys-0.3.1/assimp/code/CreateAnimMesh.cpp:69:101: warning: 'void* memcpy(void*, const void*, size_t)' writing to an object of non-trivially copyable type 'aiVector3D' {aka 'class aiVector3t<float>'}; use copy-assignment or copy-initialization instead [-Wclass-memaccess]
[INFO] [stderr]      69 |         std::memcpy(animesh->mBitangents, mesh->mBitangents, mesh->mNumVertices * sizeof(aiVector3D));
[INFO] [stderr]         |                                                                                                     ^
[INFO] [stderr]   In file included from /opt/rustwide/cargo-home/registry/src/github.com-1ecc6299db9ec823/assimp-sys-0.3.1/assimp/include/assimp/types.h:60,
[INFO] [stderr]                    from /opt/rustwide/cargo-home/registry/src/github.com-1ecc6299db9ec823/assimp-sys-0.3.1/assimp/include/assimp/mesh.h:50,
[INFO] [stderr]                    from /opt/rustwide/cargo-home/registry/src/github.com-1ecc6299db9ec823/assimp-sys-0.3.1/assimp/code/CreateAnimMesh.h:48,
[INFO] [stderr]                    from /opt/rustwide/cargo-home/registry/src/github.com-1ecc6299db9ec823/assimp-sys-0.3.1/assimp/code/CreateAnimMesh.cpp:43:
[INFO] [stderr]   /opt/rustwide/cargo-home/registry/src/github.com-1ecc6299db9ec823/assimp-sys-0.3.1/assimp/include/assimp/vector3.h:65:7: note: 'aiVector3D' {aka 'class aiVector3t<float>'} declared here
[INFO] [stderr]      65 | class aiVector3t
[INFO] [stderr]         |       ^~~~~~~~~~
[INFO] [stderr]   /opt/rustwide/cargo-home/registry/src/github.com-1ecc6299db9ec823/assimp-sys-0.3.1/assimp/code/CreateAnimMesh.cpp:75:102: warning: 'void* memcpy(void*, const void*, size_t)' writing to an object of non-trivially copyable type 'aiColor4D' {aka 'class aiColor4t<float>'}; use copy-assignment or copy-initialization instead [-Wclass-memaccess]
[INFO] [stderr]      75 |             std::memcpy(animesh->mColors[i], mesh->mColors[i], mesh->mNumVertices * sizeof(aiColor4D));
[INFO] [stderr]         |                                                                                                      ^
[INFO] [stderr]   In file included from /opt/rustwide/cargo-home/registry/src/github.com-1ecc6299db9ec823/assimp-sys-0.3.1/assimp/include/assimp/types.h:62,
[INFO] [stderr]                    from /opt/rustwide/cargo-home/registry/src/github.com-1ecc6299db9ec823/assimp-sys-0.3.1/assimp/include/assimp/mesh.h:50,
[INFO] [stderr]                    from /opt/rustwide/cargo-home/registry/src/github.com-1ecc6299db9ec823/assimp-sys-0.3.1/assimp/code/CreateAnimMesh.h:48,
[INFO] [stderr]                    from /opt/rustwide/cargo-home/registry/src/github.com-1ecc6299db9ec823/assimp-sys-0.3.1/assimp/code/CreateAnimMesh.cpp:43:
[INFO] [stderr]   /opt/rustwide/cargo-home/registry/src/github.com-1ecc6299db9ec823/assimp-sys-0.3.1/assimp/include/assimp/color4.h:58:7: note: 'aiColor4D' {aka 'class aiColor4t<float>'} declared here
[INFO] [stderr]      58 | class aiColor4t
[INFO] [stderr]         |       ^~~~~~~~~
[INFO] [stderr]   /opt/rustwide/cargo-home/registry/src/github.com-1ecc6299db9ec823/assimp-sys-0.3.1/assimp/code/CreateAnimMesh.cpp:84:117: warning: 'void* memcpy(void*, const void*, size_t)' writing to an object of non-trivially copyable type 'aiVector3D' {aka 'class aiVector3t<float>'}; use copy-assignment or copy-initialization instead [-Wclass-memaccess]
[INFO] [stderr]      84 |             std::memcpy(animesh->mTextureCoords[i], mesh->mTextureCoords[i], mesh->mNumVertices * sizeof(aiVector3D));
[INFO] [stderr]         |                                                                                                                     ^
[INFO] [stderr]   In file included from /opt/rustwide/cargo-home/registry/src/github.com-1ecc6299db9ec823/assimp-sys-0.3.1/assimp/include/assimp/types.h:60,
[INFO] [stderr]                    from /opt/rustwide/cargo-home/registry/src/github.com-1ecc6299db9ec823/assimp-sys-0.3.1/assimp/include/assimp/mesh.h:50,
[INFO] [stderr]                    from /opt/rustwide/cargo-home/registry/src/github.com-1ecc6299db9ec823/assimp-sys-0.3.1/assimp/code/CreateAnimMesh.h:48,
[INFO] [stderr]                    from /opt/rustwide/cargo-home/registry/src/github.com-1ecc6299db9ec823/assimp-sys-0.3.1/assimp/code/CreateAnimMesh.cpp:43:
[INFO] [stderr]   /opt/rustwide/cargo-home/registry/src/github.com-1ecc6299db9ec823/assimp-sys-0.3.1/assimp/include/assimp/vector3.h:65:7: note: 'aiVector3D' {aka 'class aiVector3t<float>'} declared here
[INFO] [stderr]      65 | class aiVector3t
[INFO] [stderr]         |       ^~~~~~~~~~
[INFO] [stderr]   c++: fatal error: Killed signal terminated program cc1plus
[INFO] [stderr]   compilation terminated.
[INFO] [stderr]   make[2]: *** [code/CMakeFiles/assimp.dir/build.make:635: code/CMakeFiles/assimp.dir/TextureTransform.cpp.o] Error 1
[INFO] [stderr]   c++: fatal error: Killed signal terminated program cc1plus
[INFO] [stderr]   compilation terminated.
[INFO] [stderr]   make[2]: *** [code/CMakeFiles/assimp.dir/build.make:830: code/CMakeFiles/assimp.dir/3DSLoader.cpp.o] Error 1
[INFO] [stderr]   c++: fatal error: Killed signal terminated program cc1plus
[INFO] [stderr]   compilation terminated.
[INFO] [stderr]   make[2]: *** [code/CMakeFiles/assimp.dir/build.make:583: code/CMakeFiles/assimp.dir/RemoveRedundantMaterials.cpp.o] Error 1
[INFO] [stderr]   c++: fatal error: Killed signal terminated program cc1plus
[INFO] [stderr]   compilation terminated.
[INFO] [stderr]   c++: fatal error: Killed signal terminated program cc1plus
[INFO] [stderr]   compilation terminated.
[INFO] [stderr]   make[2]: *** [code/CMakeFiles/assimp.dir/build.make:245: code/CMakeFiles/assimp.dir/SkeletonMeshBuilder.cpp.o] Error 1
[INFO] [stderr]   c++: fatal error: Killed signal terminated program cc1plus
[INFO] [stderr]   compilation terminated.
[INFO] [stderr]   make[2]: *** [code/CMakeFiles/assimp.dir/build.make:362: code/CMakeFiles/assimp.dir/CreateAnimMesh.cpp.o] Error 1
[INFO] [stderr]   make[2]: *** [code/CMakeFiles/assimp.dir/build.make:570: code/CMakeFiles/assimp.dir/LimitBoneWeightsProcess.cpp.o] Error 1
[INFO] [stderr]   c++: fatal error: Killed signal terminated program cc1plus
[INFO] [stderr]   compilation terminated.
[INFO] [stderr]   make[2]: *** [code/CMakeFiles/assimp.dir/build.make:1584: code/CMakeFiles/assimp.dir/IFCReaderGen2.cpp.o] Error 1
[INFO] [stderr]   c++: fatal error: Killed signal terminated program cc1plus
[INFO] [stderr]   compilation terminated.
[INFO] [stderr]   make[2]: *** [code/CMakeFiles/assimp.dir/build.make:700: code/CMakeFiles/assimp.dir/DeboneProcess.cpp.o] Error 1
[INFO] [stderr]   c++: fatal error: Killed signal terminated program cc1plus
[INFO] [stderr]   compilation terminated.
[INFO] [stderr]   make[2]: *** [code/CMakeFiles/assimp.dir/build.make:739: code/CMakeFiles/assimp.dir/MaterialSystem.cpp.o] Error 1
[INFO] [stderr]   c++: fatal error: Killed signal terminated program cc1plus
[INFO] [stderr]   compilation terminated.
[INFO] [stderr]   make[2]: *** [code/CMakeFiles/assimp.dir/build.make:674: code/CMakeFiles/assimp.dir/OptimizeGraph.cpp.o] Error 1
[INFO] [stderr]   c++: fatal error: Killed signal terminated program cc1plus
[INFO] [stderr]   compilation terminated.
[INFO] [stderr]   make[2]: *** [code/CMakeFiles/assimp.dir/build.make:1701: code/CMakeFiles/assimp.dir/STEPFileEncoding.cpp.o] Error 1
[INFO] [stderr]   c++: fatal error: Killed signal terminated program cc1plus
[INFO] [stderr]   compilation terminated.
[INFO] [stderr]   make[2]: *** [code/CMakeFiles/assimp.dir/build.make:622: code/CMakeFiles/assimp.dir/SplitLargeMeshes.cpp.o] Error 1
[INFO] [stderr]   c++: fatal error: Killed signal terminated program cc1plus
[INFO] [stderr]   compilation terminated.
[INFO] [stderr]   make[2]: *** [code/CMakeFiles/assimp.dir/build.make:648: code/CMakeFiles/assimp.dir/TriangulateProcess.cpp.o] Error 1
[INFO] [stderr]   c++: fatal error: Killed signal terminated program cc1plus
[INFO] [stderr]   compilation terminated.
[INFO] [stderr]   make[2]: *** [code/CMakeFiles/assimp.dir/build.make:141: code/CMakeFiles/assimp.dir/DefaultIOSystem.cpp.o] Error 1
[INFO] [stderr]   c++: fatal error: Killed signal terminated program cc1plus
[INFO] [stderr]   compilation terminated.
[INFO] [stderr]   make[2]: *** [code/CMakeFiles/assimp.dir/build.make:1012: code/CMakeFiles/assimp.dir/CSMLoader.cpp.o] Error 1
[INFO] [stderr]   c++: fatal error: Killed signal terminated program cc1plus
[INFO] [stderr]   compilation terminated.
[INFO] [stderr]   make[2]: *** [code/CMakeFiles/assimp.dir/build.make:661: code/CMakeFiles/assimp.dir/ValidateDataStructure.cpp.o] Error 1
[INFO] [stderr]   c++: fatal error: Killed signal terminated program cc1plus
[INFO] [stderr]   compilation terminated.
[INFO] [stderr]   make[2]: *** [code/CMakeFiles/assimp.dir/build.make:713: code/CMakeFiles/assimp.dir/ProcessHelper.cpp.o] Error 1
[INFO] [stderr]   c++: fatal error: Killed signal terminated program cc1plus
[INFO] [stderr]   compilation terminated.
[INFO] [stderr]   make[2]: *** [code/CMakeFiles/assimp.dir/build.make:310: code/CMakeFiles/assimp.dir/Subdivision.cpp.o] Error 1
[INFO] [stderr]   c++: fatal error: Killed signal terminated program cc1plus
[INFO] [stderr]   compilation terminated.
[INFO] [stderr]   make[2]: *** [code/CMakeFiles/assimp.dir/build.make:401: code/CMakeFiles/assimp.dir/AssimpCExport.cpp.o] Error 1
[INFO] [stderr]   c++: fatal error: Killed signal terminated program cc1plus
[INFO] [stderr]   compilation terminated.
[INFO] [stderr]   make[2]: *** [code/CMakeFiles/assimp.dir/build.make:726: code/CMakeFiles/assimp.dir/MakeVerboseFormat.cpp.o] Error 1
[INFO] [stderr]   c++: fatal error: Killed signal terminated program cc1plus
[INFO] [stderr]   compilation terminated.
[INFO] [stderr]   c++: fatal error: Killed signal terminated program cc1plus
[INFO] [stderr]   compilation terminated.
[INFO] [stderr]   make[2]: *** [code/CMakeFiles/assimp.dir/build.make:258: code/CMakeFiles/assimp.dir/SplitByBoneCountProcess.cpp.o] Error 1
[INFO] [stderr]   make[2]: *** [code/CMakeFiles/assimp.dir/build.make:414: code/CMakeFiles/assimp.dir/CalcTangentsProcess.cpp.o] Error 1
[INFO] [stderr]   c++: fatal error: Killed signal terminated program cc1plus
[INFO] [stderr]   compilation terminated.
[INFO] [stderr]   c++: fatal error: Killed signal terminated program cc1plus
[INFO] [stderr]   compilation terminated.
[INFO] [stderr]   make[2]: *** [code/CMakeFiles/assimp.dir/build.make:557: code/CMakeFiles/assimp.dir/JoinVerticesProcess.cpp.o] Error 1
[INFO] [stderr]   make[2]: *** [code/CMakeFiles/assimp.dir/build.make:843: code/CMakeFiles/assimp.dir/3DSExporter.cpp.o] Error 1
[INFO] [stderr]   c++: fatal error: Killed signal terminated program cc1plus
[INFO] [stderr]   compilation terminated.
[INFO] [stderr]   make[2]: *** [code/CMakeFiles/assimp.dir/build.make:427: code/CMakeFiles/assimp.dir/ComputeUVMappingProcess.cpp.o] Error 1
[INFO] [stderr]   c++: fatal error: Killed signal terminated program cc1plus
[INFO] [stderr]   compilation terminated.
[INFO] [stderr]   make[2]: *** [code/CMakeFiles/assimp.dir/build.make:778: code/CMakeFiles/assimp.dir/AMFImporter_Geometry.cpp.o] Error 1
[INFO] [stderr]   c++: fatal error: Killed signal terminated program cc1plus
[INFO] [stderr]   compilation terminated.
[INFO] [stderr]   make[2]: *** [code/CMakeFiles/assimp.dir/build.make:440: code/CMakeFiles/assimp.dir/ConvertToLHProcess.cpp.o] Error 1
[INFO] [stderr]   c++: fatal error: Killed signal terminated program cc1plus
[INFO] [stderr]   compilation terminated.
[INFO] [stderr]   make[2]: *** [code/CMakeFiles/assimp.dir/build.make:453: code/CMakeFiles/assimp.dir/FindDegenerates.cpp.o] Error 1
[INFO] [stderr]   c++: fatal error: Killed signal terminated program cc1plus
[INFO] [stderr]   compilation terminated.
[INFO] [stderr]   make[2]: *** [code/CMakeFiles/assimp.dir/build.make:89: code/CMakeFiles/assimp.dir/BaseProcess.cpp.o] Error 1
[INFO] [stderr]   c++: fatal error: Killed signal terminated program cc1plus
[INFO] [stderr]   compilation terminated.
[INFO] [stderr]   make[2]: *** [code/CMakeFiles/assimp.dir/build.make:934: code/CMakeFiles/assimp.dir/B3DImporter.cpp.o] Error 1
[INFO] [stderr]   c++: fatal error: Killed signal terminated program cc1plus
[INFO] [stderr]   compilation terminated.
[INFO] [stderr]   make[2]: *** [code/CMakeFiles/assimp.dir/build.make:1649: code/CMakeFiles/assimp.dir/IFCCurve.cpp.o] Error 1
[INFO] [stderr]   c++: fatal error: Killed signal terminated program cc1plus
[INFO] [stderr]   compilation terminated.
[INFO] [stderr]   make[2]: *** [code/CMakeFiles/assimp.dir/build.make:102: code/CMakeFiles/assimp.dir/PostStepRegistry.cpp.o] Error 1
[INFO] [stderr]   c++: fatal error: Killed signal terminated program cc1plus
[INFO] [stderr]   compilation terminated.
[INFO] [stderr]   make[2]: *** [code/CMakeFiles/assimp.dir/build.make:492: code/CMakeFiles/assimp.dir/FixNormalsStep.cpp.o] Error 1
[INFO] [stderr]   c++: fatal error: Killed signal terminated program cc1plus
[INFO] [stderr]   compilation terminated.
[INFO] [stderr]   make[2]: *** [code/CMakeFiles/assimp.dir/build.make:752: code/CMakeFiles/assimp.dir/StepExporter.cpp.o] Error 1
[INFO] [stderr]   c++: fatal error: Killed signal terminated program cc1plus
[INFO] [stderr]   compilation terminated.
[INFO] [stderr]   make[2]: *** [code/CMakeFiles/assimp.dir/build.make:1103: code/CMakeFiles/assimp.dir/LWOLoader.cpp.o] Error 1
[INFO] [stderr]   c++: fatal error: Killed signal terminated program cc1plus
[INFO] [stderr]   compilation terminated.
[INFO] [stderr]   make[2]: *** [code/CMakeFiles/assimp.dir/build.make:869: code/CMakeFiles/assimp.dir/ASELoader.cpp.o] Error 1
[INFO] [stderr]   c++: fatal error: Killed signal terminated program cc1plus
[INFO] [stderr]   compilation terminated.
[INFO] [stderr]   make[2]: *** [code/CMakeFiles/assimp.dir/build.make:219: code/CMakeFiles/assimp.dir/SceneCombiner.cpp.o] Error 1
[INFO] [stderr]   c++: fatal error: Killed signal terminated program cc1plus
[INFO] [stderr]   compilation terminated.
[INFO] [stderr]   make[2]: *** [code/CMakeFiles/assimp.dir/build.make:63: code/CMakeFiles/assimp.dir/Assimp.cpp.o] Error 1
[INFO] [stderr]   c++: fatal error: Killed signal terminated program cc1plus
[INFO] [stderr]   compilation terminated.
[INFO] [stderr]   make[2]: *** [code/CMakeFiles/assimp.dir/build.make:154: code/CMakeFiles/assimp.dir/CInterfaceIOWrapper.cpp.o] Error 1
[INFO] [stderr]   c++: fatal error: Killed signal terminated program cc1plus
[INFO] [stderr]   compilation terminated.
[INFO] [stderr]   make[2]: *** [code/CMakeFiles/assimp.dir/build.make:388: code/CMakeFiles/assimp.dir/Exporter.cpp.o] Error 1
[INFO] [stderr]   c++: fatal error: Killed signal terminated program cc1plus
[INFO] [stderr]   compilation terminated.
[INFO] [stderr]   make[2]: *** [code/CMakeFiles/assimp.dir/build.make:1038: code/CMakeFiles/assimp.dir/IRRMeshLoader.cpp.o] Error 1
[INFO] [stderr]   c++: fatal error: Killed signal terminated program cc1plus
[INFO] [stderr]   compilation terminated.
[INFO] [stderr]   make[2]: *** [code/CMakeFiles/assimp.dir/build.make:817: code/CMakeFiles/assimp.dir/3DSConverter.cpp.o] Error 1
[INFO] [stderr]   c++: fatal error: Killed signal terminated program cc1plus
[INFO] [stderr]   compilation terminated.
[INFO] [stderr]   make[2]: *** [code/CMakeFiles/assimp.dir/build.make:1194: code/CMakeFiles/assimp.dir/MDCLoader.cpp.o] Error 1
[INFO] [stderr]   c++: fatal error: Killed signal terminated program cc1plus
[INFO] [stderr]   compilation terminated.
[INFO] [stderr]   make[2]: *** [code/CMakeFiles/assimp.dir/build.make:804: code/CMakeFiles/assimp.dir/AMFImporter_Postprocess.cpp.o] Error 1
[INFO] [stderr]   c++: fatal error: Killed signal terminated program cc1plus
[INFO] [stderr]   compilation terminated.
[INFO] [stderr]   make[2]: *** [code/CMakeFiles/assimp.dir/build.make:1090: code/CMakeFiles/assimp.dir/LWOBLoader.cpp.o] Error 1
[INFO] [stderr]   c++: fatal error: Killed signal terminated program cc1plus
[INFO] [stderr]   compilation terminated.
[INFO] [stderr]   make[2]: *** [code/CMakeFiles/assimp.dir/build.make:1142: code/CMakeFiles/assimp.dir/MD2Loader.cpp.o] Error 1
[INFO] [stderr]   c++: fatal error: Killed signal terminated program cc1plus
[INFO] [stderr]   compilation terminated.
[INFO] [stderr]   c++: fatal error: Killed signal terminated program cc1plus
[INFO] [stderr]   compilation terminated.
[INFO] [stderr]   make[2]: *** [code/CMakeFiles/assimp.dir/build.make:531: code/CMakeFiles/assimp.dir/PretransformVertices.cpp.o] Error 1
[INFO] [stderr]   make[2]: *** [code/CMakeFiles/assimp.dir/build.make:960: code/CMakeFiles/assimp.dir/ColladaLoader.cpp.o] Error 1
[INFO] [stderr]   c++: fatal error: Killed signal terminated program cc1plus
[INFO] [stderr]   compilation terminated.
[INFO] [stderr]   make[2]: *** [code/CMakeFiles/assimp.dir/build.make:193: code/CMakeFiles/assimp.dir/VertexTriangleAdjacency.cpp.o] Error 1
[INFO] [stderr]   c++: fatal error: Killed signal terminated program cc1plus
[INFO] [stderr]   compilation terminated.
[INFO] [stderr]   make[2]: *** [code/CMakeFiles/assimp.dir/build.make:999: code/CMakeFiles/assimp.dir/DXFLoader.cpp.o] Error 1
[INFO] [stderr]   c++: fatal error: Killed signal terminated program cc1plus
[INFO] [stderr]   compilation terminated.
[INFO] [stderr]   make[2]: *** [code/CMakeFiles/assimp.dir/build.make:271: code/CMakeFiles/assimp.dir/StandardShapes.cpp.o] Error 1
[INFO] [stderr]   c++: fatal error: Killed signal terminated program cc1plus
[INFO] [stderr]   compilation terminated.
[INFO] [stderr]   make[2]: *** [code/CMakeFiles/assimp.dir/build.make:76: code/CMakeFiles/assimp.dir/BaseImporter.cpp.o] Error 1
[INFO] [stderr]   c++: fatal error: Killed signal terminated program cc1plus
[INFO] [stderr]   compilation terminated.
[INFO] [stderr]   make[2]: *** [code/CMakeFiles/assimp.dir/build.make:687: code/CMakeFiles/assimp.dir/OptimizeMeshes.cpp.o] Error 1
[INFO] [stderr]   c++: fatal error: Killed signal terminated program cc1plus
[INFO] [stderr]   compilation terminated.
[INFO] [stderr]   c++: fatal error: Killed signal terminated program cc1plus
[INFO] [stderr]   compilation terminated.
[INFO] [stderr]   make[2]: *** [code/CMakeFiles/assimp.dir/build.make:336: code/CMakeFiles/assimp.dir/Bitmap.cpp.o] Error 1
[INFO] [stderr]   make[2]: *** [code/CMakeFiles/assimp.dir/build.make:1064: code/CMakeFiles/assimp.dir/IRRLoader.cpp.o] Error 1
[INFO] [stderr]   c++: fatal error: Killed signal terminated program cc1plus
[INFO] [stderr]   compilation terminated.
[INFO] [stderr]   make[2]: *** [code/CMakeFiles/assimp.dir/build.make:323: code/CMakeFiles/assimp.dir/scene.cpp.o] Error 1
[INFO] [stderr]   c++: fatal error: Killed signal terminated program cc1plus
[INFO] [stderr]   compilation terminated.
[INFO] [stderr]   make[2]: *** [code/CMakeFiles/assimp.dir/build.make:1207: code/CMakeFiles/assimp.dir/MDLLoader.cpp.o] Error 1
[INFO] [stderr]   c++: fatal error: Killed signal terminated program cc1plus
[INFO] [stderr]   compilation terminated.
[INFO] [stderr]   c++: fatal error: Killed signal terminated program cc1plus
[INFO] [stderr]   compilation terminated.
[INFO] [stderr]   make[2]: *** [code/CMakeFiles/assimp.dir/build.make:1025: code/CMakeFiles/assimp.dir/HMPLoader.cpp.o] Error 1
[INFO] [stderr]   make[2]: *** [code/CMakeFiles/assimp.dir/build.make:1558: code/CMakeFiles/assimp.dir/IFCLoader.cpp.o] Error 1
[INFO] [stderr]   c++: fatal error: Killed signal terminated program cc1plus
[INFO] [stderr]   compilation terminated.
[INFO] [stderr]   make[2]: *** [code/CMakeFiles/assimp.dir/build.make:895: code/CMakeFiles/assimp.dir/AssbinExporter.cpp.o] Error 1
[INFO] [stderr]   c++: fatal error: Killed signal terminated program cc1plus
[INFO] [stderr]   compilation terminated.
[INFO] [stderr]   make[2]: *** [code/CMakeFiles/assimp.dir/build.make:1272: code/CMakeFiles/assimp.dir/ObjFileImporter.cpp.o] Error 1
[INFO] [stderr]   c++: fatal error: Killed signal terminated program cc1plus
[INFO] [stderr]   compilation terminated.
[INFO] [stderr]   make[2]: *** [code/CMakeFiles/assimp.dir/build.make:1298: code/CMakeFiles/assimp.dir/ObjFileParser.cpp.o] Error 1
[INFO] [stderr]   c++: fatal error: Killed signal terminated program cc1plus
[INFO] [stderr]   compilation terminated.
[INFO] [stderr]   c++: fatal error: Killed signal terminated program cc1plus
[INFO] [stderr]   compilation terminated.
[INFO] [stderr]   make[2]: *** [code/CMakeFiles/assimp.dir/build.make:1233: code/CMakeFiles/assimp.dir/NFFLoader.cpp.o] Error 1
[INFO] [stderr]   make[2]: *** [code/CMakeFiles/assimp.dir/build.make:947: code/CMakeFiles/assimp.dir/BVHLoader.cpp.o] Error 1
[INFO] [stderr]   c++: fatal error: Killed signal terminated program cc1plus
[INFO] [stderr]   compilation terminated.
[INFO] [stderr]   make[2]: *** [code/CMakeFiles/assimp.dir/build.make:1129: code/CMakeFiles/assimp.dir/LWSLoader.cpp.o] Error 1
[INFO] [stderr]   c++: fatal error: Killed signal terminated program cc1plus
[INFO] [stderr]   compilation terminated.
[INFO] [stderr]   make[2]: *** [code/CMakeFiles/assimp.dir/build.make:1259: code/CMakeFiles/assimp.dir/OFFLoader.cpp.o] Error 1
[INFO] [stderr]   c++: fatal error: Killed signal terminated program cc1plus
[INFO] [stderr]   compilation terminated.
[INFO] [stderr]   make[2]: *** [code/CMakeFiles/assimp.dir/build.make:479: code/CMakeFiles/assimp.dir/FindInvalidDataProcess.cpp.o] Error 1
[INFO] [stderr]   c++: fatal error: Killed signal terminated program cc1plus
[INFO] [stderr]   compilation terminated.
[INFO] [stderr]   make[2]: *** [code/CMakeFiles/assimp.dir/build.make:1610: code/CMakeFiles/assimp.dir/IFCGeometry.cpp.o] Error 1
[INFO] [stderr]   c++: fatal error: Killed signal terminated program cc1plus
[INFO] [stderr]   compilation terminated.
[INFO] [stderr]   make[2]: *** [code/CMakeFiles/assimp.dir/build.make:349: code/CMakeFiles/assimp.dir/Version.cpp.o] Error 1
[INFO] [stderr]   c++: fatal error: Killed signal terminated program cc1plus
[INFO] [stderr]   compilation terminated.
[INFO] [stderr]   make[2]: *** [code/CMakeFiles/assimp.dir/build.make:1285: code/CMakeFiles/assimp.dir/ObjFileMtlImporter.cpp.o] Error 1
[INFO] [stderr]   c++: fatal error: Killed signal terminated program cc1plus
[INFO] [stderr]   compilation terminated.
[INFO] [stderr]   make[2]: *** [code/CMakeFiles/assimp.dir/build.make:1337: code/CMakeFiles/assimp.dir/OgreStructs.cpp.o] Error 1
[INFO] [stderr]   c++: fatal error: Killed signal terminated program cc1plus
[INFO] [stderr]   compilation terminated.
[INFO] [stderr]   make[2]: *** [code/CMakeFiles/assimp.dir/build.make:1363: code/CMakeFiles/assimp.dir/OgreXmlSerializer.cpp.o] Error 1
[INFO] [stderr]   c++: fatal error: Killed signal terminated program cc1plus
[INFO] [stderr]   compilation terminated.
[INFO] [stderr]   make[2]: *** [code/CMakeFiles/assimp.dir/build.make:1519: code/CMakeFiles/assimp.dir/BlenderModifier.cpp.o] Error 1
[INFO] [stderr]   c++: fatal error: Killed signal terminated program cc1plus
[INFO] [stderr]   compilation terminated.
[INFO] [stderr]   make[2]: *** [code/CMakeFiles/assimp.dir/build.make:1662: code/CMakeFiles/assimp.dir/IFCBoolean.cpp.o] Error 1
[INFO] [stderr]   c++: fatal error: Killed signal terminated program cc1plus
[INFO] [stderr]   compilation terminated.
[INFO] [stderr]   make[2]: *** [code/CMakeFiles/assimp.dir/build.make:1376: code/CMakeFiles/assimp.dir/OgreMaterial.cpp.o] Error 1
[INFO] [stderr]   /opt/rustwide/cargo-home/registry/src/github.com-1ecc6299db9ec823/assimp-sys-0.3.1/assimp/code/MD5Parser.cpp: In constructor 'Assimp::MD5::MD5MeshParser::MD5MeshParser(Assimp::MD5::SectionList&)':
[INFO] [stderr]   /opt/rustwide/cargo-home/registry/src/github.com-1ecc6299db9ec823/assimp-sys-0.3.1/assimp/code/MD5Parser.cpp:312:71: warning: taking address of packed member of 'aiVector2t<float>' may result in an unaligned pointer value [-Waddress-of-packed-member]
[INFO] [stderr]     312 |                     sz = fast_atoreal_move<float>(sz,(float&)vert.mUV.x);
[INFO] [stderr]         |                                                              ~~~~~~~~~^
[INFO] [stderr]   /opt/rustwide/cargo-home/registry/src/github.com-1ecc6299db9ec823/assimp-sys-0.3.1/assimp/code/MD5Parser.cpp:314:71: warning: taking address of packed member of 'aiVector2t<float>' may result in an unaligned pointer value [-Waddress-of-packed-member]
[INFO] [stderr]     314 |                     sz = fast_atoreal_move<float>(sz,(float&)vert.mUV.y);
[INFO] [stderr]         |                                                              ~~~~~~~~~^
[INFO] [stderr]   c++: fatal error: Killed signal terminated program cc1plus
[INFO] [stderr]   compilation terminated.
[INFO] [stderr]   make[2]: *** [code/CMakeFiles/assimp.dir/build.make:1350: code/CMakeFiles/assimp.dir/OgreBinarySerializer.cpp.o] Error 1
[INFO] [stderr]   /opt/rustwide/cargo-home/registry/src/github.com-1ecc6299db9ec823/assimp-sys-0.3.1/assimp/code/PlyLoader.cpp: In member function 'virtual void Assimp::PLYImporter::InternReadFile(const string&, aiScene*, Assimp::IOSystem*)':
[INFO] [stderr]   /opt/rustwide/cargo-home/registry/src/github.com-1ecc6299db9ec823/assimp-sys-0.3.1/assimp/code/PlyLoader.cpp:173:33: warning: suggest parentheses around '&&' within '||' [-Wparentheses]
[INFO] [stderr]     173 |   if ((headerCheck.size() >= 3) && (headerCheck[0] != 'P' && headerCheck[0] != 'p') ||
[INFO] [stderr]         |       ~~~~~~~~~~~~~~~~~~~~~~~~~~^~~~~~~~~~~~~~~~~~~~~~~~~~~~~~~~~~~~~~~~~~~~~~~~~~~
[INFO] [stderr]   c++: fatal error: Killed signal terminated program cc1plus
[INFO] [stderr]   compilation terminated.
[INFO] [stderr]   make[2]: *** [code/CMakeFiles/assimp.dir/build.make:1714: code/CMakeFiles/assimp.dir/XGLLoader.cpp.o] Error 1
[INFO] [stderr]   c++: fatal error: Killed signal terminated program cc1plus
[INFO] [stderr]   compilation terminated.
[INFO] [stderr]   make[2]: *** [code/CMakeFiles/assimp.dir/build.make:1311: code/CMakeFiles/assimp.dir/ObjExporter.cpp.o] Error 1
[INFO] [stderr]   c++: fatal error: Killed signal terminated program cc1plus
[INFO] [stderr]   compilation terminated.
[INFO] [stderr]   make[2]: *** [code/CMakeFiles/assimp.dir/build.make:1467: code/CMakeFiles/assimp.dir/COBLoader.cpp.o] Error 1
[INFO] [stderr]   c++: fatal error: Killed signal terminated program cc1plus
[INFO] [stderr]   compilation terminated.
[INFO] [stderr]   make[2]: *** [code/CMakeFiles/assimp.dir/build.make:1415: code/CMakeFiles/assimp.dir/PlyLoader.cpp.o] Error 1
[INFO] [stderr]   c++: fatal error: Killed signal terminated program cc1plus
[INFO] [stderr]   compilation terminated.
[INFO] [stderr]   make[2]: *** [code/CMakeFiles/assimp.dir/build.make:973: code/CMakeFiles/assimp.dir/ColladaParser.cpp.o] Error 1
[INFO] [stderr]   c++: fatal error: Killed signal terminated program cc1plus
[INFO] [stderr]   compilation terminated.
[INFO] [stderr]   make[2]: *** [code/CMakeFiles/assimp.dir/build.make:1181: code/CMakeFiles/assimp.dir/MD5Parser.cpp.o] Error 1
[INFO] [stderr]   c++: fatal error: Killed signal terminated program cc1plus
[INFO] [stderr]   compilation terminated.
[INFO] [stderr]   make[2]: *** [code/CMakeFiles/assimp.dir/build.make:1116: code/CMakeFiles/assimp.dir/LWOMaterial.cpp.o] Error 1
[INFO] [stderr]   c++: fatal error: Killed signal terminated program cc1plus
[INFO] [stderr]   compilation terminated.
[INFO] [stderr]   make[2]: *** [code/CMakeFiles/assimp.dir/build.make:1402: code/CMakeFiles/assimp.dir/OpenGEXImporter.cpp.o] Error 1
[INFO] [stderr]   c++: fatal error: Killed signal terminated program cc1plus
[INFO] [stderr]   compilation terminated.
[INFO] [stderr]   make[2]: *** [code/CMakeFiles/assimp.dir/build.make:1441: code/CMakeFiles/assimp.dir/PlyExporter.cpp.o] Error 1
[INFO] [stderr]   c++: fatal error: Killed signal terminated program cc1plus
[INFO] [stderr]   compilation terminated.
[INFO] [stderr]   make[2]: *** [code/CMakeFiles/assimp.dir/build.make:1545: code/CMakeFiles/assimp.dir/BlenderTessellator.cpp.o] Error 1
[INFO] [stderr]   c++: fatal error: Killed signal terminated program cc1plus
[INFO] [stderr]   compilation terminated.
[INFO] [stderr]   make[2]: *** [code/CMakeFiles/assimp.dir/build.make:1220: code/CMakeFiles/assimp.dir/MDLMaterialLoader.cpp.o] Error 1
[INFO] [stderr]   c++: fatal error: Killed signal terminated program cc1plus
[INFO] [stderr]   compilation terminated.
[INFO] [stderr]   make[2]: *** [code/CMakeFiles/assimp.dir/build.make:1246: code/CMakeFiles/assimp.dir/NDOLoader.cpp.o] Error 1
[INFO] [stderr]   c++: fatal error: Killed signal terminated program cc1plus
[INFO] [stderr]   compilation terminated.
[INFO] [stderr]   make[2]: *** [code/CMakeFiles/assimp.dir/build.make:1428: code/CMakeFiles/assimp.dir/PlyParser.cpp.o] Error 1
[INFO] [stderr]   /opt/rustwide/cargo-home/registry/src/github.com-1ecc6299db9ec823/assimp-sys-0.3.1/assimp/code/Importer.cpp: In member function 'const aiScene* Assimp::Importer::ApplyPostProcessing(unsigned int)':
[INFO] [stderr]   /opt/rustwide/cargo-home/registry/src/github.com-1ecc6299db9ec823/assimp-sys-0.3.1/assimp/code/Importer.cpp:834:3: warning: this 'if' clause does not guard... [-Wmisleading-indentation]
[INFO] [stderr]     834 |   if( pimpl->mScene )
[INFO] [stderr]         |   ^~
[INFO] [stderr]   /opt/rustwide/cargo-home/registry/src/github.com-1ecc6299db9ec823/assimp-sys-0.3.1/assimp/code/Importer.cpp:838:5: note: ...this statement, but the latter is misleadingly indented as if it were guarded by the 'if'
[INFO] [stderr]     838 |     pimpl->mPPShared->Clean();
[INFO] [stderr]         |     ^~~~~
[INFO] [stderr]   In file included from /opt/rustwide/cargo-home/registry/src/github.com-1ecc6299db9ec823/assimp-sys-0.3.1/assimp/code/BlenderIntermediate.h:50,
[INFO] [stderr]                    from /opt/rustwide/cargo-home/registry/src/github.com-1ecc6299db9ec823/assimp-sys-0.3.1/assimp/code/BlenderLoader.cpp:53:
[INFO] [stderr]   /opt/rustwide/cargo-home/registry/src/github.com-1ecc6299db9ec823/assimp-sys-0.3.1/assimp/code/BlenderDNA.h:256:39: warning: inline function 'void Assimp::Blender::Structure::Convert(T&, const Assimp::Blender::FileDatabase&) const [with T = Assimp::Blender::Scene]' used but never defined
[INFO] [stderr]     256 |     template <typename T> inline void Convert (T& dest, const FileDatabase& db) const;
[INFO] [stderr]         |                                       ^~~~~~~
[INFO] [stderr]   make[1]: *** [CMakeFiles/Makefile2:188: code/CMakeFiles/assimp.dir/all] Error 2
[INFO] [stderr]   make: *** [Makefile:130: all] Error 2
[INFO] [stderr]   thread 'main' panicked at '
[INFO] [stderr]   command did not execute successfully, got: exit status: 2
[INFO] [stderr] 
[INFO] [stderr]   build script failed, must exit now', /opt/rustwide/cargo-home/registry/src/github.com-1ecc6299db9ec823/cmake-0.1.45/src/lib.rs:894:5
[INFO] [stderr]   stack backtrace:
[INFO] [stderr]      0:     0x55f80fbbba50 - std::backtrace_rs::backtrace::libunwind::trace::h34055254b57d8e79
[INFO] [stderr]                                  at /rustc/a178d0322ce20e33eac124758e837cbd80a6f633/library/std/src/../../backtrace/src/backtrace/libunwind.rs:90:5
[INFO] [stderr]      1:     0x55f80fbbba50 - std::backtrace_rs::backtrace::trace_unsynchronized::h8f1e3fbd9afff6ec
[INFO] [stderr]                                  at /rustc/a178d0322ce20e33eac124758e837cbd80a6f633/library/std/src/../../backtrace/src/backtrace/mod.rs:66:5
[INFO] [stderr]      2:     0x55f80fbbba50 - std::sys_common::backtrace::_print_fmt::h3a99a796b770c360
[INFO] [stderr]                                  at /rustc/a178d0322ce20e33eac124758e837cbd80a6f633/library/std/src/sys_common/backtrace.rs:67:5
[INFO] [stderr]      3:     0x55f80fbbba50 - <std::sys_common::backtrace::_print::DisplayBacktrace as core::fmt::Display>::fmt::h32d1f94a80615d18
[INFO] [stderr]                                  at /rustc/a178d0322ce20e33eac124758e837cbd80a6f633/library/std/src/sys_common/backtrace.rs:46:22
[INFO] [stderr]      4:     0x55f80fbdbafc - core::fmt::write::h306731c068f7162c
[INFO] [stderr]                                  at /rustc/a178d0322ce20e33eac124758e837cbd80a6f633/library/core/src/fmt/mod.rs:1110:17
[INFO] [stderr]      5:     0x55f80fbb8685 - std::io::Write::write_fmt::hd2fa90334eee2a21
[INFO] [stderr]                                  at /rustc/a178d0322ce20e33eac124758e837cbd80a6f633/library/std/src/io/mod.rs:1588:15
[INFO] [stderr]      6:     0x55f80fbbe09b - std::sys_common::backtrace::_print::h5abaa2601a852287
[INFO] [stderr]                                  at /rustc/a178d0322ce20e33eac124758e837cbd80a6f633/library/std/src/sys_common/backtrace.rs:49:5
[INFO] [stderr]      7:     0x55f80fbbe09b - std::sys_common::backtrace::print::h8d81445442bb638f
[INFO] [stderr]                                  at /rustc/a178d0322ce20e33eac124758e837cbd80a6f633/library/std/src/sys_common/backtrace.rs:36:9
[INFO] [stderr]      8:     0x55f80fbbe09b - std::panicking::default_hook::{{closure}}::hcfe804496a9fa747
[INFO] [stderr]                                  at /rustc/a178d0322ce20e33eac124758e837cbd80a6f633/library/std/src/panicking.rs:208:50
[INFO] [stderr]      9:     0x55f80fbbdb71 - std::panicking::default_hook::hbea8e3ccf2ba8901
[INFO] [stderr]                                  at /rustc/a178d0322ce20e33eac124758e837cbd80a6f633/library/std/src/panicking.rs:225:9
[INFO] [stderr]     10:     0x55f80fbbe764 - std::panicking::rust_panic_with_hook::h7ee9e1a2d0f8975a
[INFO] [stderr]                                  at /rustc/a178d0322ce20e33eac124758e837cbd80a6f633/library/std/src/panicking.rs:622:17
[INFO] [stderr]     11:     0x55f80fbbe247 - std::panicking::begin_panic_handler::{{closure}}::h8ab3b4491718b2c7
[INFO] [stderr]                                  at /rustc/a178d0322ce20e33eac124758e837cbd80a6f633/library/std/src/panicking.rs:519:13
[INFO] [stderr]     12:     0x55f80fbbbf4c - std::sys_common::backtrace::__rust_end_short_backtrace::hd489062ffa586a9f
[INFO] [stderr]                                  at /rustc/a178d0322ce20e33eac124758e837cbd80a6f633/library/std/src/sys_common/backtrace.rs:141:18
[INFO] [stderr]     13:     0x55f80fbbe1a9 - rust_begin_unwind
[INFO] [stderr]                                  at /rustc/a178d0322ce20e33eac124758e837cbd80a6f633/library/std/src/panicking.rs:515:5
[INFO] [stderr]     14:     0x55f80fb12beb - std::panicking::begin_panic_fmt::h5479575e112541f8
[INFO] [stderr]                                  at /rustc/a178d0322ce20e33eac124758e837cbd80a6f633/library/std/src/panicking.rs:457:5
[INFO] [stderr]     15:     0x55f80fb46373 - cmake::fail::ha1cc8d11909fbc7e
[INFO] [stderr]                                  at /opt/rustwide/cargo-home/registry/src/github.com-1ecc6299db9ec823/cmake-0.1.45/src/lib.rs:894:5
[INFO] [stderr]     16:     0x55f80fb45d81 - cmake::run::hdc59bf284b822c8e
[INFO] [stderr]                                  at /opt/rustwide/cargo-home/registry/src/github.com-1ecc6299db9ec823/cmake-0.1.45/src/lib.rs:872:9
[INFO] [stderr]     17:     0x55f80fb437b1 - cmake::Config::build::hf6738867fda55e0d
[INFO] [stderr]                                  at /opt/rustwide/cargo-home/registry/src/github.com-1ecc6299db9ec823/cmake-0.1.45/src/lib.rs:778:9
[INFO] [stderr]     18:     0x55f80fb147a5 - build_script_build::main::h8a3bd74cd51e28eb
[INFO] [stderr]                                  at /opt/rustwide/cargo-home/registry/src/github.com-1ecc6299db9ec823/assimp-sys-0.3.1/build.rs:15:15
[INFO] [stderr]     19:     0x55f80fb14fab - core::ops::function::FnOnce::call_once::h46252a4d9914a59b
[INFO] [stderr]                                  at /rustc/a178d0322ce20e33eac124758e837cbd80a6f633/library/core/src/ops/function.rs:227:5
[INFO] [stderr]     20:     0x55f80fb153be - std::sys_common::backtrace::__rust_begin_short_backtrace::h4157a36bf844cf20
[INFO] [stderr]                                  at /rustc/a178d0322ce20e33eac124758e837cbd80a6f633/library/std/src/sys_common/backtrace.rs:125:18
[INFO] [stderr]     21:     0x55f80fb144f1 - std::rt::lang_start::{{closure}}::h8a37710b58b9306a
[INFO] [stderr]                                  at /rustc/a178d0322ce20e33eac124758e837cbd80a6f633/library/std/src/rt.rs:49:18
[INFO] [stderr]     22:     0x55f80fbbec69 - core::ops::function::impls::<impl core::ops::function::FnOnce<A> for &F>::call_once::h2aabc384aab89b7b
[INFO] [stderr]                                  at /rustc/a178d0322ce20e33eac124758e837cbd80a6f633/library/core/src/ops/function.rs:259:13
[INFO] [stderr]     23:     0x55f80fbbec69 - std::panicking::try::do_call::hc5fcacb7a85fc7b1
[INFO] [stderr]                                  at /rustc/a178d0322ce20e33eac124758e837cbd80a6f633/library/std/src/panicking.rs:401:40
[INFO] [stderr]     24:     0x55f80fbbec69 - std::panicking::try::hb5d9603af3abbe3a
[INFO] [stderr]                                  at /rustc/a178d0322ce20e33eac124758e837cbd80a6f633/library/std/src/panicking.rs:365:19
[INFO] [stderr]     25:     0x55f80fbbec69 - std::panic::catch_unwind::h98fe6ac3925e64b4
[INFO] [stderr]                                  at /rustc/a178d0322ce20e33eac124758e837cbd80a6f633/library/std/src/panic.rs:434:14
[INFO] [stderr]     26:     0x55f80fbbec69 - std::rt::lang_start_internal::h22ac7383c516f93e
[INFO] [stderr]                                  at /rustc/a178d0322ce20e33eac124758e837cbd80a6f633/library/std/src/rt.rs:34:21
[INFO] [stderr]     27:     0x55f80fb144d0 - std::rt::lang_start::ha7149d37a74d3305
[INFO] [stderr]                                  at /rustc/a178d0322ce20e33eac124758e837cbd80a6f633/library/std/src/rt.rs:48:5
[INFO] [stderr]     28:     0x55f80fb14ecc - main
[INFO] [stderr]     29:     0x7fb00dff80b3 - __libc_start_main
[INFO] [stderr]     30:     0x55f80fb13a8e - _start
[INFO] [stderr]     31:                0x0 - <unknown>
[INFO] running `Command { std: "docker" "inspect" "e6fdc1a185e5d871e623475a77b95691bbe1b804949ad223fe0266ccb77f8dd0", kill_on_drop: false }`
[INFO] running `Command { std: "docker" "rm" "-f" "e6fdc1a185e5d871e623475a77b95691bbe1b804949ad223fe0266ccb77f8dd0", kill_on_drop: false }`
[INFO] [stdout] e6fdc1a185e5d871e623475a77b95691bbe1b804949ad223fe0266ccb77f8dd0
