[INFO] fetching crate asserhttp 0.2.0...
[INFO] testing asserhttp-0.2.0 against 1.54.0 for beta-1.55-1
[INFO] extracting crate asserhttp 0.2.0 into /workspace/builds/worker-102/source
[INFO] validating manifest of crates.io crate asserhttp 0.2.0 on toolchain 1.54.0
[INFO] running `Command { std: "/workspace/cargo-home/bin/cargo" "+1.54.0" "metadata" "--manifest-path" "Cargo.toml" "--no-deps", kill_on_drop: false }`
[INFO] started tweaking crates.io crate asserhttp 0.2.0
[INFO] finished tweaking crates.io crate asserhttp 0.2.0
[INFO] tweaked toml for crates.io crate asserhttp 0.2.0 written to /workspace/builds/worker-102/source/Cargo.toml
[INFO] running `Command { std: "/workspace/cargo-home/bin/cargo" "+1.54.0" "generate-lockfile" "--manifest-path" "Cargo.toml" "-Zno-index-update", kill_on_drop: false }`
[INFO] [stderr]     Blocking waiting for file lock on package cache
[INFO] running `Command { std: "/workspace/cargo-home/bin/cargo" "+1.54.0" "fetch" "--manifest-path" "Cargo.toml", kill_on_drop: false }`
[INFO] [stderr]     Blocking waiting for file lock on package cache
[INFO] [stderr]     Blocking waiting for file lock on package cache
[INFO] running `Command { std: "docker" "create" "-v" "/var/lib/crater-agent-workspace/builds/worker-102/target:/opt/rustwide/target:rw,Z" "-v" "/var/lib/crater-agent-workspace/builds/worker-102/source:/opt/rustwide/workdir:ro,Z" "-v" "/var/lib/crater-agent-workspace/cargo-home:/opt/rustwide/cargo-home:ro,Z" "-v" "/var/lib/crater-agent-workspace/rustup-home:/opt/rustwide/rustup-home:ro,Z" "-e" "SOURCE_DIR=/opt/rustwide/workdir" "-e" "CARGO_TARGET_DIR=/opt/rustwide/target" "-e" "CARGO_HOME=/opt/rustwide/cargo-home" "-e" "RUSTUP_HOME=/opt/rustwide/rustup-home" "-w" "/opt/rustwide/workdir" "-m" "1610612736" "--user" "0:0" "--network" "none" "ghcr.io/rust-lang/crates-build-env/linux@sha256:34b6a614d2c27851fe6cbf88fbd1137609cefab8b10d0615aaeb6fd47975d74e" "/opt/rustwide/cargo-home/bin/cargo" "+1.54.0" "metadata" "--no-deps" "--format-version=1", kill_on_drop: false }`
[INFO] [stdout] ea1ad3e57c867749b3ff46238b4365df0feee03fa8b2496b6079098a6a2d5e7d
[INFO] running `Command { std: "docker" "start" "-a" "ea1ad3e57c867749b3ff46238b4365df0feee03fa8b2496b6079098a6a2d5e7d", kill_on_drop: false }`
[INFO] running `Command { std: "docker" "inspect" "ea1ad3e57c867749b3ff46238b4365df0feee03fa8b2496b6079098a6a2d5e7d", kill_on_drop: false }`
[INFO] running `Command { std: "docker" "rm" "-f" "ea1ad3e57c867749b3ff46238b4365df0feee03fa8b2496b6079098a6a2d5e7d", kill_on_drop: false }`
[INFO] [stdout] ea1ad3e57c867749b3ff46238b4365df0feee03fa8b2496b6079098a6a2d5e7d
[INFO] running `Command { std: "docker" "create" "-v" "/var/lib/crater-agent-workspace/builds/worker-102/target:/opt/rustwide/target:rw,Z" "-v" "/var/lib/crater-agent-workspace/builds/worker-102/source:/opt/rustwide/workdir:ro,Z" "-v" "/var/lib/crater-agent-workspace/cargo-home:/opt/rustwide/cargo-home:ro,Z" "-v" "/var/lib/crater-agent-workspace/rustup-home:/opt/rustwide/rustup-home:ro,Z" "-e" "SOURCE_DIR=/opt/rustwide/workdir" "-e" "CARGO_TARGET_DIR=/opt/rustwide/target" "-e" "CARGO_INCREMENTAL=0" "-e" "RUST_BACKTRACE=full" "-e" "RUSTFLAGS=--cap-lints=warn" "-e" "CARGO_HOME=/opt/rustwide/cargo-home" "-e" "RUSTUP_HOME=/opt/rustwide/rustup-home" "-w" "/opt/rustwide/workdir" "-m" "1610612736" "--user" "0:0" "--network" "none" "ghcr.io/rust-lang/crates-build-env/linux@sha256:34b6a614d2c27851fe6cbf88fbd1137609cefab8b10d0615aaeb6fd47975d74e" "/opt/rustwide/cargo-home/bin/cargo" "+1.54.0" "build" "--frozen" "--message-format=json", kill_on_drop: false }`
[INFO] [stdout] 49ac2bcb8e6b018773bc6be88f51d3bc9cfb49791b703392753a3b831e946256
[INFO] running `Command { std: "docker" "start" "-a" "49ac2bcb8e6b018773bc6be88f51d3bc9cfb49791b703392753a3b831e946256", kill_on_drop: false }`
[INFO] [stderr]     Blocking waiting for file lock on package cache
[INFO] [stderr]     Blocking waiting for file lock on package cache
[INFO] [stderr]     Blocking waiting for file lock on package cache
[INFO] [stderr]    Compiling log v0.4.14
[INFO] [stderr]    Compiling serde v1.0.127
[INFO] [stderr]    Compiling serde_json v1.0.66
[INFO] [stderr]    Compiling value-bag v1.0.0-alpha.7
[INFO] [stderr]    Compiling polling v2.1.0
[INFO] [stderr]    Compiling kv-log-macro v1.0.7
[INFO] [stderr]    Compiling async-io v1.6.0
[INFO] [stderr]    Compiling async-global-executor v2.0.2
[INFO] [stderr]    Compiling async-std v1.9.0
[INFO] [stderr]    Compiling asserhttp v0.2.0 (/opt/rustwide/workdir)
[INFO] [stdout] warning: function is never used: `assert_status`
[INFO] [stdout]  --> src/asserter/status.rs:1:8
[INFO] [stdout]   |
[INFO] [stdout] 1 | pub fn assert_status(actual: u16, expected: u16) {
[INFO] [stdout]   |        ^^^^^^^^^^^^^
[INFO] [stdout]   |
[INFO] [stdout]   = note: `#[warn(dead_code)]` on by default
[INFO] [stdout] 
[INFO] [stdout] 
[INFO] [stdout] warning: function is never used: `assert_status_range`
[INFO] [stdout]  --> src/asserter/status.rs:5:8
[INFO] [stdout]   |
[INFO] [stdout] 5 | pub fn assert_status_range(actual: u16, expected_lower: u16, expected_upper: u16) {
[INFO] [stdout]   |        ^^^^^^^^^^^^^^^^^^^
[INFO] [stdout] 
[INFO] [stdout] 
[INFO] [stdout] warning: function is never used: `assert_header_key`
[INFO] [stdout]  --> src/asserter/header.rs:3:8
[INFO] [stdout]   |
[INFO] [stdout] 3 | pub fn assert_header_key<'a, T, I>(actual_keys: T, expected: I)
[INFO] [stdout]   |        ^^^^^^^^^^^^^^^^^
[INFO] [stdout] 
[INFO] [stdout] 
[INFO] [stdout] warning: function is never used: `assert_header_value`
[INFO] [stdout]   --> src/asserter/header.rs:12:8
[INFO] [stdout]    |
[INFO] [stdout] 12 | pub fn assert_header_value<'a, T, I>(actual_values: T, key: I, expected: I)
[INFO] [stdout]    |        ^^^^^^^^^^^^^^^^^^^
[INFO] [stdout] 
[INFO] [stdout] 
[INFO] [stdout] warning: function is never used: `assert_header_values`
[INFO] [stdout]   --> src/asserter/header.rs:22:8
[INFO] [stdout]    |
[INFO] [stdout] 22 | pub fn assert_header_values<'a, T, I>(actual_values: T, key: I, expected: Vec<&'a str>)
[INFO] [stdout]    |        ^^^^^^^^^^^^^^^^^^^^
[INFO] [stdout] 
[INFO] [stdout] 
[INFO] [stdout] warning: function is never used: `assert_header_key_absent`
[INFO] [stdout]   --> src/asserter/header.rs:37:8
[INFO] [stdout]    |
[INFO] [stdout] 37 | pub fn assert_header_key_absent<'a, T, I>(actual_keys: T, expected: I)
[INFO] [stdout]    |        ^^^^^^^^^^^^^^^^^^^^^^^^
[INFO] [stdout] 
[INFO] [stdout] 
[INFO] [stdout] warning: constant is never used: `EMPTY_BODY_JSON_MSG`
[INFO] [stdout]  --> src/asserter/body.rs:6:1
[INFO] [stdout]   |
[INFO] [stdout] 6 | pub const EMPTY_BODY_JSON_MSG: &str = "expected a json body but no response body was present";
[INFO] [stdout]   | ^^^^^^^^^^^^^^^^^^^^^^^^^^^^^^^^^^^^^^^^^^^^^^^^^^^^^^^^^^^^^^^^^^^^^^^^^^^^^^^^^^^^^^^^^^^^^^
[INFO] [stdout] 
[INFO] [stdout] 
[INFO] [stdout] warning: constant is never used: `EMPTY_BODY_TEXT_MSG`
[INFO] [stdout]  --> src/asserter/body.rs:7:1
[INFO] [stdout]   |
[INFO] [stdout] 7 | pub const EMPTY_BODY_TEXT_MSG: &str = "expected a text body but no response body was present";
[INFO] [stdout]   | ^^^^^^^^^^^^^^^^^^^^^^^^^^^^^^^^^^^^^^^^^^^^^^^^^^^^^^^^^^^^^^^^^^^^^^^^^^^^^^^^^^^^^^^^^^^^^^
[INFO] [stdout] 
[INFO] [stdout] 
[INFO] [stdout] warning: constant is never used: `EMPTY_BODY_BYTES_MSG`
[INFO] [stdout]  --> src/asserter/body.rs:8:1
[INFO] [stdout]   |
[INFO] [stdout] 8 | pub const EMPTY_BODY_BYTES_MSG: &str = "expected a response body but no response body was present";
[INFO] [stdout]   | ^^^^^^^^^^^^^^^^^^^^^^^^^^^^^^^^^^^^^^^^^^^^^^^^^^^^^^^^^^^^^^^^^^^^^^^^^^^^^^^^^^^^^^^^^^^^^^^^^^^
[INFO] [stdout] 
[INFO] [stdout] 
[INFO] [stdout] warning: constant is never used: `EXPECTED_BODY_PRESENT_MSG`
[INFO] [stdout]  --> src/asserter/body.rs:9:1
[INFO] [stdout]   |
[INFO] [stdout] 9 | pub const EXPECTED_BODY_PRESENT_MSG: &str = "expected a response body but no response body was present";
[INFO] [stdout]   | ^^^^^^^^^^^^^^^^^^^^^^^^^^^^^^^^^^^^^^^^^^^^^^^^^^^^^^^^^^^^^^^^^^^^^^^^^^^^^^^^^^^^^^^^^^^^^^^^^^^^^^^^
[INFO] [stdout] 
[INFO] [stdout] 
[INFO] [stdout] warning: constant is never used: `EXPECTED_BODY_ABSENT_MSG`
[INFO] [stdout]   --> src/asserter/body.rs:10:1
[INFO] [stdout]    |
[INFO] [stdout] 10 | pub const EXPECTED_BODY_ABSENT_MSG: &str = "expected no response body but a response body was present";
[INFO] [stdout]    | ^^^^^^^^^^^^^^^^^^^^^^^^^^^^^^^^^^^^^^^^^^^^^^^^^^^^^^^^^^^^^^^^^^^^^^^^^^^^^^^^^^^^^^^^^^^^^^^^^^^^^^^
[INFO] [stdout] 
[INFO] [stdout] 
[INFO] [stdout] warning: 11 warnings emitted
[INFO] [stdout] 
[INFO] [stdout] 
[INFO] [stderr]     Finished dev [unoptimized + debuginfo] target(s) in 12.88s
[INFO] running `Command { std: "docker" "inspect" "49ac2bcb8e6b018773bc6be88f51d3bc9cfb49791b703392753a3b831e946256", kill_on_drop: false }`
[INFO] running `Command { std: "docker" "rm" "-f" "49ac2bcb8e6b018773bc6be88f51d3bc9cfb49791b703392753a3b831e946256", kill_on_drop: false }`
[INFO] [stdout] 49ac2bcb8e6b018773bc6be88f51d3bc9cfb49791b703392753a3b831e946256
[INFO] running `Command { std: "docker" "create" "-v" "/var/lib/crater-agent-workspace/builds/worker-102/target:/opt/rustwide/target:rw,Z" "-v" "/var/lib/crater-agent-workspace/builds/worker-102/source:/opt/rustwide/workdir:ro,Z" "-v" "/var/lib/crater-agent-workspace/cargo-home:/opt/rustwide/cargo-home:ro,Z" "-v" "/var/lib/crater-agent-workspace/rustup-home:/opt/rustwide/rustup-home:ro,Z" "-e" "SOURCE_DIR=/opt/rustwide/workdir" "-e" "CARGO_TARGET_DIR=/opt/rustwide/target" "-e" "CARGO_INCREMENTAL=0" "-e" "RUST_BACKTRACE=full" "-e" "RUSTFLAGS=--cap-lints=warn" "-e" "CARGO_HOME=/opt/rustwide/cargo-home" "-e" "RUSTUP_HOME=/opt/rustwide/rustup-home" "-w" "/opt/rustwide/workdir" "-m" "1610612736" "--user" "0:0" "--network" "none" "ghcr.io/rust-lang/crates-build-env/linux@sha256:34b6a614d2c27851fe6cbf88fbd1137609cefab8b10d0615aaeb6fd47975d74e" "/opt/rustwide/cargo-home/bin/cargo" "+1.54.0" "test" "--frozen" "--no-run" "--message-format=json", kill_on_drop: false }`
[INFO] [stdout] 6721eaeb43e35b39c7184b6df6bdec4b99b9004c0357e278e3b72dba3be9a65f
[INFO] running `Command { std: "docker" "start" "-a" "6721eaeb43e35b39c7184b6df6bdec4b99b9004c0357e278e3b72dba3be9a65f", kill_on_drop: false }`
[INFO] [stderr]    Compiling futures-channel v0.3.16
[INFO] [stderr]    Compiling bytes v1.0.1
[INFO] [stderr]    Compiling lexical-core v0.7.6
[INFO] [stderr]    Compiling arrayvec v0.5.2
[INFO] [stderr]    Compiling http-types v2.11.1
[INFO] [stderr]    Compiling smallvec v1.6.1
[INFO] [stderr]    Compiling convert_case v0.4.0
[INFO] [stderr]    Compiling futures-timer v3.0.2
[INFO] [stderr]    Compiling quick-error v2.0.1
[INFO] [stderr]    Compiling humantime v2.1.0
[INFO] [stderr]    Compiling copyless v0.1.5
[INFO] [stderr]    Compiling nom v5.1.2
[INFO] [stderr]    Compiling futures-util v0.3.16
[INFO] [stderr]    Compiling tokio v1.9.0
[INFO] [stderr]    Compiling num-traits v0.2.14
[INFO] [stderr]    Compiling num-integer v0.1.44
[INFO] [stderr]    Compiling instant v0.1.10
[INFO] [stderr]    Compiling lock_api v0.4.4
[INFO] [stderr]    Compiling itertools v0.10.1
[INFO] [stderr]    Compiling iovec v0.1.4
[INFO] [stderr]    Compiling net2 v0.2.37
[INFO] [stderr]    Compiling time v0.1.44
[INFO] [stderr]    Compiling const_format_proc_macros v0.2.14
[INFO] [stderr]    Compiling threadpool v1.8.1
[INFO] [stderr]    Compiling tokio-macros v1.3.0
[INFO] [stderr]    Compiling parse-zoneinfo v0.3.0
[INFO] [stderr]    Compiling stubr-attributes v0.4.8
[INFO] [stderr]    Compiling actix-macros v0.1.3
[INFO] [stderr]    Compiling url v2.2.2
[INFO] [stderr]    Compiling serde_qs v0.7.2
[INFO] [stderr]    Compiling serde_urlencoded v0.7.0
[INFO] [stderr]    Compiling mio v0.7.13
[INFO] [stderr]    Compiling want v0.3.0
[INFO] [stderr]    Compiling jsonpath_lib v0.3.0
[INFO] [stdout] warning: function is never used: `assert_status`
[INFO] [stdout]  --> src/asserter/status.rs:1:8
[INFO] [stdout]   |
[INFO] [stdout] 1 | pub fn assert_status(actual: u16, expected: u16) {
[INFO] [stdout]   |        ^^^^^^^^^^^^^
[INFO] [stdout]   |
[INFO] [stdout]   = note: `#[warn(dead_code)]` on by default
[INFO] [stdout] 
[INFO] [stdout] 
[INFO] [stdout] warning: function is never used: `assert_status_range`
[INFO] [stdout]  --> src/asserter/status.rs:5:8
[INFO] [stdout]   |
[INFO] [stdout] 5 | pub fn assert_status_range(actual: u16, expected_lower: u16, expected_upper: u16) {
[INFO] [stdout]   |        ^^^^^^^^^^^^^^^^^^^
[INFO] [stdout] 
[INFO] [stdout] 
[INFO] [stdout] warning: function is never used: `assert_header_key`
[INFO] [stdout]  --> src/asserter/header.rs:3:8
[INFO] [stdout]   |
[INFO] [stdout] 3 | pub fn assert_header_key<'a, T, I>(actual_keys: T, expected: I)
[INFO] [stdout]   |        ^^^^^^^^^^^^^^^^^
[INFO] [stdout] 
[INFO] [stdout] 
[INFO] [stdout] warning: function is never used: `assert_header_value`
[INFO] [stdout]   --> src/asserter/header.rs:12:8
[INFO] [stdout]    |
[INFO] [stdout] 12 | pub fn assert_header_value<'a, T, I>(actual_values: T, key: I, expected: I)
[INFO] [stdout]    |        ^^^^^^^^^^^^^^^^^^^
[INFO] [stdout] 
[INFO] [stdout] 
[INFO] [stdout] warning: function is never used: `assert_header_values`
[INFO] [stdout]   --> src/asserter/header.rs:22:8
[INFO] [stdout]    |
[INFO] [stdout] 22 | pub fn assert_header_values<'a, T, I>(actual_values: T, key: I, expected: Vec<&'a str>)
[INFO] [stdout]    |        ^^^^^^^^^^^^^^^^^^^^
[INFO] [stdout] 
[INFO] [stdout] 
[INFO] [stdout] warning: function is never used: `assert_header_key_absent`
[INFO] [stdout]   --> src/asserter/header.rs:37:8
[INFO] [stdout]    |
[INFO] [stdout] 37 | pub fn assert_header_key_absent<'a, T, I>(actual_keys: T, expected: I)
[INFO] [stdout]    |        ^^^^^^^^^^^^^^^^^^^^^^^^
[INFO] [stdout] 
[INFO] [stdout] 
[INFO] [stdout] warning: constant is never used: `EMPTY_BODY_JSON_MSG`
[INFO] [stdout]  --> src/asserter/body.rs:6:1
[INFO] [stdout]   |
[INFO] [stdout] 6 | pub const EMPTY_BODY_JSON_MSG: &str = "expected a json body but no response body was present";
[INFO] [stdout]   | ^^^^^^^^^^^^^^^^^^^^^^^^^^^^^^^^^^^^^^^^^^^^^^^^^^^^^^^^^^^^^^^^^^^^^^^^^^^^^^^^^^^^^^^^^^^^^^
[INFO] [stdout] 
[INFO] [stdout] 
[INFO] [stdout] warning: constant is never used: `EMPTY_BODY_TEXT_MSG`
[INFO] [stdout]  --> src/asserter/body.rs:7:1
[INFO] [stdout]   |
[INFO] [stdout] 7 | pub const EMPTY_BODY_TEXT_MSG: &str = "expected a text body but no response body was present";
[INFO] [stdout]   | ^^^^^^^^^^^^^^^^^^^^^^^^^^^^^^^^^^^^^^^^^^^^^^^^^^^^^^^^^^^^^^^^^^^^^^^^^^^^^^^^^^^^^^^^^^^^^^
[INFO] [stdout] 
[INFO] [stdout] 
[INFO] [stdout] warning: constant is never used: `EMPTY_BODY_BYTES_MSG`
[INFO] [stdout]  --> src/asserter/body.rs:8:1
[INFO] [stdout]   |
[INFO] [stdout] 8 | pub const EMPTY_BODY_BYTES_MSG: &str = "expected a response body but no response body was present";
[INFO] [stdout]   | ^^^^^^^^^^^^^^^^^^^^^^^^^^^^^^^^^^^^^^^^^^^^^^^^^^^^^^^^^^^^^^^^^^^^^^^^^^^^^^^^^^^^^^^^^^^^^^^^^^^
[INFO] [stdout] 
[INFO] [stdout] 
[INFO] [stdout] warning: constant is never used: `EXPECTED_BODY_PRESENT_MSG`
[INFO] [stdout]  --> src/asserter/body.rs:9:1
[INFO] [stdout]   |
[INFO] [stdout] 9 | pub const EXPECTED_BODY_PRESENT_MSG: &str = "expected a response body but no response body was present";
[INFO] [stdout]   | ^^^^^^^^^^^^^^^^^^^^^^^^^^^^^^^^^^^^^^^^^^^^^^^^^^^^^^^^^^^^^^^^^^^^^^^^^^^^^^^^^^^^^^^^^^^^^^^^^^^^^^^^
[INFO] [stdout] 
[INFO] [stdout] 
[INFO] [stdout] warning: constant is never used: `EXPECTED_BODY_ABSENT_MSG`
[INFO] [stdout]   --> src/asserter/body.rs:10:1
[INFO] [stdout]    |
[INFO] [stdout] 10 | pub const EXPECTED_BODY_ABSENT_MSG: &str = "expected no response body but a response body was present";
[INFO] [stdout]    | ^^^^^^^^^^^^^^^^^^^^^^^^^^^^^^^^^^^^^^^^^^^^^^^^^^^^^^^^^^^^^^^^^^^^^^^^^^^^^^^^^^^^^^^^^^^^^^^^^^^^^^^
[INFO] [stdout] 
[INFO] [stdout] 
[INFO] [stdout] warning: 11 warnings emitted
[INFO] [stdout] 
[INFO] [stdout] 
[INFO] [stderr]    Compiling handlebars v3.5.3
[INFO] [stderr]    Compiling parking_lot_core v0.8.3
[INFO] [stderr]    Compiling mio v0.6.23
[INFO] [stderr]    Compiling http v0.2.4
[INFO] [stderr]    Compiling derive_more v0.99.16
[INFO] [stderr]    Compiling parking_lot v0.11.1
[INFO] [stderr]    Compiling chrono-tz v0.5.3
[INFO] [stderr]    Compiling mio-uds v0.6.8
[INFO] [stderr]    Compiling const_format v0.2.17
[INFO] [stderr]    Compiling tokio v0.2.25
[INFO] [stderr]    Compiling http-body v0.4.2
[INFO] [stderr]    Compiling chrono v0.4.19
[INFO] [stderr]    Compiling config v0.10.1
[INFO] [stderr]    Compiling tokio-util v0.6.7
[INFO] [stderr]    Compiling futures-executor v0.3.16
[INFO] [stderr]    Compiling deadpool v0.7.0
[INFO] [stderr]    Compiling actix-threadpool v0.3.3
[INFO] [stderr]    Compiling futures v0.3.16
[INFO] [stderr]    Compiling simpledateformat v0.1.2
[INFO] [stderr]    Compiling h2 v0.3.3
[INFO] [stderr]    Compiling actix-rt v1.1.1
[INFO] [stderr]    Compiling hyper v0.14.11
[INFO] [stderr]    Compiling wiremock v0.5.6
[INFO] [stderr]    Compiling stubr v0.4.8
[INFO] [stderr]    Compiling asserhttp v0.2.0 (/opt/rustwide/workdir)
[INFO] [stdout] warning: function is never used: `assert_status`
[INFO] [stdout]  --> src/asserter/status.rs:1:8
[INFO] [stdout]   |
[INFO] [stdout] 1 | pub fn assert_status(actual: u16, expected: u16) {
[INFO] [stdout]   |        ^^^^^^^^^^^^^
[INFO] [stdout]   |
[INFO] [stdout]   = note: `#[warn(dead_code)]` on by default
[INFO] [stdout] 
[INFO] [stdout] 
[INFO] [stdout] warning: function is never used: `assert_status_range`
[INFO] [stdout]  --> src/asserter/status.rs:5:8
[INFO] [stdout]   |
[INFO] [stdout] 5 | pub fn assert_status_range(actual: u16, expected_lower: u16, expected_upper: u16) {
[INFO] [stdout]   |        ^^^^^^^^^^^^^^^^^^^
[INFO] [stdout] 
[INFO] [stdout] 
[INFO] [stdout] warning: function is never used: `assert_header_key`
[INFO] [stdout]  --> src/asserter/header.rs:3:8
[INFO] [stdout]   |
[INFO] [stdout] 3 | pub fn assert_header_key<'a, T, I>(actual_keys: T, expected: I)
[INFO] [stdout]   |        ^^^^^^^^^^^^^^^^^
[INFO] [stdout] 
[INFO] [stdout] 
[INFO] [stdout] warning: function is never used: `assert_header_value`
[INFO] [stdout]   --> src/asserter/header.rs:12:8
[INFO] [stdout]    |
[INFO] [stdout] 12 | pub fn assert_header_value<'a, T, I>(actual_values: T, key: I, expected: I)
[INFO] [stdout]    |        ^^^^^^^^^^^^^^^^^^^
[INFO] [stdout] 
[INFO] [stdout] 
[INFO] [stdout] warning: function is never used: `assert_header_values`
[INFO] [stdout]   --> src/asserter/header.rs:22:8
[INFO] [stdout]    |
[INFO] [stdout] 22 | pub fn assert_header_values<'a, T, I>(actual_values: T, key: I, expected: Vec<&'a str>)
[INFO] [stdout]    |        ^^^^^^^^^^^^^^^^^^^^
[INFO] [stdout] 
[INFO] [stdout] 
[INFO] [stdout] warning: function is never used: `assert_header_key_absent`
[INFO] [stdout]   --> src/asserter/header.rs:37:8
[INFO] [stdout]    |
[INFO] [stdout] 37 | pub fn assert_header_key_absent<'a, T, I>(actual_keys: T, expected: I)
[INFO] [stdout]    |        ^^^^^^^^^^^^^^^^^^^^^^^^
[INFO] [stdout] 
[INFO] [stdout] 
[INFO] [stdout] warning: constant is never used: `EMPTY_BODY_JSON_MSG`
[INFO] [stdout]  --> src/asserter/body.rs:6:1
[INFO] [stdout]   |
[INFO] [stdout] 6 | pub const EMPTY_BODY_JSON_MSG: &str = "expected a json body but no response body was present";
[INFO] [stdout]   | ^^^^^^^^^^^^^^^^^^^^^^^^^^^^^^^^^^^^^^^^^^^^^^^^^^^^^^^^^^^^^^^^^^^^^^^^^^^^^^^^^^^^^^^^^^^^^^
[INFO] [stdout] 
[INFO] [stdout] 
[INFO] [stdout] warning: constant is never used: `EMPTY_BODY_TEXT_MSG`
[INFO] [stdout]  --> src/asserter/body.rs:7:1
[INFO] [stdout]   |
[INFO] [stdout] 7 | pub const EMPTY_BODY_TEXT_MSG: &str = "expected a text body but no response body was present";
[INFO] [stdout]   | ^^^^^^^^^^^^^^^^^^^^^^^^^^^^^^^^^^^^^^^^^^^^^^^^^^^^^^^^^^^^^^^^^^^^^^^^^^^^^^^^^^^^^^^^^^^^^^
[INFO] [stdout] 
[INFO] [stdout] 
[INFO] [stdout] warning: constant is never used: `EMPTY_BODY_BYTES_MSG`
[INFO] [stdout]  --> src/asserter/body.rs:8:1
[INFO] [stdout]   |
[INFO] [stdout] 8 | pub const EMPTY_BODY_BYTES_MSG: &str = "expected a response body but no response body was present";
[INFO] [stdout]   | ^^^^^^^^^^^^^^^^^^^^^^^^^^^^^^^^^^^^^^^^^^^^^^^^^^^^^^^^^^^^^^^^^^^^^^^^^^^^^^^^^^^^^^^^^^^^^^^^^^^
[INFO] [stdout] 
[INFO] [stdout] 
[INFO] [stdout] warning: constant is never used: `EXPECTED_BODY_PRESENT_MSG`
[INFO] [stdout]  --> src/asserter/body.rs:9:1
[INFO] [stdout]   |
[INFO] [stdout] 9 | pub const EXPECTED_BODY_PRESENT_MSG: &str = "expected a response body but no response body was present";
[INFO] [stdout]   | ^^^^^^^^^^^^^^^^^^^^^^^^^^^^^^^^^^^^^^^^^^^^^^^^^^^^^^^^^^^^^^^^^^^^^^^^^^^^^^^^^^^^^^^^^^^^^^^^^^^^^^^^
[INFO] [stdout] 
[INFO] [stdout] 
[INFO] [stdout] warning: constant is never used: `EXPECTED_BODY_ABSENT_MSG`
[INFO] [stdout]   --> src/asserter/body.rs:10:1
[INFO] [stdout]    |
[INFO] [stdout] 10 | pub const EXPECTED_BODY_ABSENT_MSG: &str = "expected no response body but a response body was present";
[INFO] [stdout]    | ^^^^^^^^^^^^^^^^^^^^^^^^^^^^^^^^^^^^^^^^^^^^^^^^^^^^^^^^^^^^^^^^^^^^^^^^^^^^^^^^^^^^^^^^^^^^^^^^^^^^^^^
[INFO] [stdout] 
[INFO] [stdout] 
[INFO] [stdout] warning: 11 warnings emitted
[INFO] [stdout] 
[INFO] [stdout] 
[INFO] [stdout] error[E0432]: unresolved import `surf`
[INFO] [stdout]  --> tests/surf/status.rs:1:5
[INFO] [stdout]   |
[INFO] [stdout] 1 | use surf::get;
[INFO] [stdout]   |     ^^^^ help: a similar path exists: `crate::surf`
[INFO] [stdout]   |
[INFO] [stdout]   = note: `use` statements changed in Rust 2018; read more at <https://doc.rust-lang.org/edition-guide/rust-2018/module-system/path-clarity.html>
[INFO] [stdout] 
[INFO] [stdout] 
[INFO] [stdout] error[E0432]: unresolved import `surf`
[INFO] [stdout]  --> tests/surf/header.rs:1:5
[INFO] [stdout]   |
[INFO] [stdout] 1 | use surf::get;
[INFO] [stdout]   |     ^^^^ help: a similar path exists: `crate::surf`
[INFO] [stdout]   |
[INFO] [stdout]   = note: `use` statements changed in Rust 2018; read more at <https://doc.rust-lang.org/edition-guide/rust-2018/module-system/path-clarity.html>
[INFO] [stdout] 
[INFO] [stdout] 
[INFO] [stdout] error[E0432]: unresolved import `surf`
[INFO] [stdout]  --> tests/surf/body.rs:2:5
[INFO] [stdout]   |
[INFO] [stdout] 2 | use surf::get;
[INFO] [stdout]   |     ^^^^ help: a similar path exists: `crate::surf`
[INFO] [stdout]   |
[INFO] [stdout]   = note: `use` statements changed in Rust 2018; read more at <https://doc.rust-lang.org/edition-guide/rust-2018/module-system/path-clarity.html>
[INFO] [stdout] 
[INFO] [stdout] 
[INFO] [stdout] error[E0432]: unresolved import `reqwest`
[INFO] [stdout]  --> tests/reqwest/asynk/status.rs:1:5
[INFO] [stdout]   |
[INFO] [stdout] 1 | use reqwest::get;
[INFO] [stdout]   |     ^^^^^^^ help: a similar path exists: `crate::reqwest`
[INFO] [stdout]   |
[INFO] [stdout]   = note: `use` statements changed in Rust 2018; read more at <https://doc.rust-lang.org/edition-guide/rust-2018/module-system/path-clarity.html>
[INFO] [stdout] 
[INFO] [stdout] 
[INFO] [stdout] error[E0432]: unresolved import `reqwest`
[INFO] [stdout]  --> tests/reqwest/asynk/header.rs:1:5
[INFO] [stdout]   |
[INFO] [stdout] 1 | use reqwest::get;
[INFO] [stdout]   |     ^^^^^^^ help: a similar path exists: `crate::reqwest`
[INFO] [stdout]   |
[INFO] [stdout]   = note: `use` statements changed in Rust 2018; read more at <https://doc.rust-lang.org/edition-guide/rust-2018/module-system/path-clarity.html>
[INFO] [stdout] 
[INFO] [stdout] 
[INFO] [stdout] error[E0433]: failed to resolve: use of undeclared crate or module `reqwest`
[INFO] [stdout]  --> tests/reqwest/blocking/status.rs:1:5
[INFO] [stdout]   |
[INFO] [stdout] 1 | use reqwest::blocking::get;
[INFO] [stdout]   |     ^^^^^^^ use of undeclared crate or module `reqwest`
[INFO] [stdout] 
[INFO] [stdout] 
[INFO] [stdout] error[E0433]: failed to resolve: use of undeclared crate or module `reqwest`
[INFO] [stdout]  --> tests/reqwest/blocking/header.rs:1:5
[INFO] [stdout]   |
[INFO] [stdout] 1 | use reqwest::blocking::get;
[INFO] [stdout]   |     ^^^^^^^ use of undeclared crate or module `reqwest`
[INFO] [stdout] 
[INFO] [stdout] 
[INFO] [stdout] error[E0433]: failed to resolve: use of undeclared crate or module `reqwest`
[INFO] [stdout]  --> tests/reqwest/blocking/body.rs:1:5
[INFO] [stdout]   |
[INFO] [stdout] 1 | use reqwest::blocking::get;
[INFO] [stdout]   |     ^^^^^^^ use of undeclared crate or module `reqwest`
[INFO] [stdout] 
[INFO] [stdout] 
[INFO] [stdout] error[E0432]: unresolved import `reqwest`
[INFO] [stdout]  --> tests/reqwest/asynk/body.rs:1:5
[INFO] [stdout]   |
[INFO] [stdout] 1 | use reqwest::get;
[INFO] [stdout]   |     ^^^^^^^ help: a similar path exists: `crate::reqwest`
[INFO] [stdout]   |
[INFO] [stdout]   = note: `use` statements changed in Rust 2018; read more at <https://doc.rust-lang.org/edition-guide/rust-2018/module-system/path-clarity.html>
[INFO] [stdout] 
[INFO] [stdout] 
[INFO] [stdout] error[E0432]: unresolved import `isahc`
[INFO] [stdout]  --> tests/isahc/asynk/status.rs:1:5
[INFO] [stdout]   |
[INFO] [stdout] 1 | use isahc::get_async;
[INFO] [stdout]   |     ^^^^^ help: a similar path exists: `crate::isahc`
[INFO] [stdout]   |
[INFO] [stdout]   = note: `use` statements changed in Rust 2018; read more at <https://doc.rust-lang.org/edition-guide/rust-2018/module-system/path-clarity.html>
[INFO] [stdout] 
[INFO] [stdout] 
[INFO] [stdout] error[E0432]: unresolved import `isahc`
[INFO] [stdout]  --> tests/isahc/asynk/header.rs:1:5
[INFO] [stdout]   |
[INFO] [stdout] 1 | use isahc::get_async;
[INFO] [stdout]   |     ^^^^^ help: a similar path exists: `crate::isahc`
[INFO] [stdout]   |
[INFO] [stdout]   = note: `use` statements changed in Rust 2018; read more at <https://doc.rust-lang.org/edition-guide/rust-2018/module-system/path-clarity.html>
[INFO] [stdout] 
[INFO] [stdout] 
[INFO] [stdout] error[E0432]: unresolved import `isahc`
[INFO] [stdout]  --> tests/isahc/asynk/body.rs:1:5
[INFO] [stdout]   |
[INFO] [stdout] 1 | use isahc::get_async;
[INFO] [stdout]   |     ^^^^^ help: a similar path exists: `crate::isahc`
[INFO] [stdout]   |
[INFO] [stdout]   = note: `use` statements changed in Rust 2018; read more at <https://doc.rust-lang.org/edition-guide/rust-2018/module-system/path-clarity.html>
[INFO] [stdout] 
[INFO] [stdout] 
[INFO] [stdout] error[E0432]: unresolved import `isahc`
[INFO] [stdout]  --> tests/isahc/blocking/status.rs:1:5
[INFO] [stdout]   |
[INFO] [stdout] 1 | use isahc::get;
[INFO] [stdout]   |     ^^^^^ help: a similar path exists: `crate::isahc`
[INFO] [stdout]   |
[INFO] [stdout]   = note: `use` statements changed in Rust 2018; read more at <https://doc.rust-lang.org/edition-guide/rust-2018/module-system/path-clarity.html>
[INFO] [stdout] 
[INFO] [stdout] 
[INFO] [stdout] error[E0432]: unresolved import `isahc`
[INFO] [stdout]  --> tests/isahc/blocking/header.rs:1:5
[INFO] [stdout]   |
[INFO] [stdout] 1 | use isahc::get;
[INFO] [stdout]   |     ^^^^^ help: a similar path exists: `crate::isahc`
[INFO] [stdout]   |
[INFO] [stdout]   = note: `use` statements changed in Rust 2018; read more at <https://doc.rust-lang.org/edition-guide/rust-2018/module-system/path-clarity.html>
[INFO] [stdout] 
[INFO] [stdout] 
[INFO] [stdout] error[E0432]: unresolved import `isahc`
[INFO] [stdout]  --> tests/isahc/blocking/body.rs:1:5
[INFO] [stdout]   |
[INFO] [stdout] 1 | use isahc::get;
[INFO] [stdout]   |     ^^^^^ help: a similar path exists: `crate::isahc`
[INFO] [stdout]   |
[INFO] [stdout]   = note: `use` statements changed in Rust 2018; read more at <https://doc.rust-lang.org/edition-guide/rust-2018/module-system/path-clarity.html>
[INFO] [stdout] 
[INFO] [stdout] 
[INFO] [stdout] error[E0432]: unresolved import `hyper`
[INFO] [stdout]  --> tests/hyper/status.rs:1:5
[INFO] [stdout]   |
[INFO] [stdout] 1 | use hyper::Client;
[INFO] [stdout]   |     ^^^^^ help: a similar path exists: `crate::hyper`
[INFO] [stdout]   |
[INFO] [stdout]   = note: `use` statements changed in Rust 2018; read more at <https://doc.rust-lang.org/edition-guide/rust-2018/module-system/path-clarity.html>
[INFO] [stdout] 
[INFO] [stdout] 
[INFO] [stdout] error[E0432]: unresolved import `hyper`
[INFO] [stdout]  --> tests/hyper/header.rs:1:5
[INFO] [stdout]   |
[INFO] [stdout] 1 | use hyper::Client;
[INFO] [stdout]   |     ^^^^^ help: a similar path exists: `crate::hyper`
[INFO] [stdout]   |
[INFO] [stdout]   = note: `use` statements changed in Rust 2018; read more at <https://doc.rust-lang.org/edition-guide/rust-2018/module-system/path-clarity.html>
[INFO] [stdout] 
[INFO] [stdout] 
[INFO] [stdout] error[E0432]: unresolved import `hyper`
[INFO] [stdout]  --> tests/hyper/body.rs:2:5
[INFO] [stdout]   |
[INFO] [stdout] 2 | use hyper::Client;
[INFO] [stdout]   |     ^^^^^ help: a similar path exists: `crate::hyper`
[INFO] [stdout]   |
[INFO] [stdout]   = note: `use` statements changed in Rust 2018; read more at <https://doc.rust-lang.org/edition-guide/rust-2018/module-system/path-clarity.html>
[INFO] [stdout] 
[INFO] [stdout] 
[INFO] [stdout] error[E0432]: unresolved import `awc`
[INFO] [stdout]  --> tests/awc/status.rs:1:5
[INFO] [stdout]   |
[INFO] [stdout] 1 | use awc::Client;
[INFO] [stdout]   |     ^^^ help: a similar path exists: `crate::awc`
[INFO] [stdout]   |
[INFO] [stdout]   = note: `use` statements changed in Rust 2018; read more at <https://doc.rust-lang.org/edition-guide/rust-2018/module-system/path-clarity.html>
[INFO] [stdout] 
[INFO] [stdout] 
[INFO] [stdout] error[E0432]: unresolved import `awc`
[INFO] [stdout]  --> tests/awc/header.rs:1:5
[INFO] [stdout]   |
[INFO] [stdout] 1 | use awc::Client;
[INFO] [stdout]   |     ^^^ help: a similar path exists: `crate::awc`
[INFO] [stdout]   |
[INFO] [stdout]   = note: `use` statements changed in Rust 2018; read more at <https://doc.rust-lang.org/edition-guide/rust-2018/module-system/path-clarity.html>
[INFO] [stdout] 
[INFO] [stdout] 
[INFO] [stdout] error[E0432]: unresolved import `awc`
[INFO] [stdout]  --> tests/awc/body.rs:1:5
[INFO] [stdout]   |
[INFO] [stdout] 1 | use awc::Client;
[INFO] [stdout]   |     ^^^ help: a similar path exists: `crate::awc`
[INFO] [stdout]   |
[INFO] [stdout]   = note: `use` statements changed in Rust 2018; read more at <https://doc.rust-lang.org/edition-guide/rust-2018/module-system/path-clarity.html>
[INFO] [stdout] 
[INFO] [stdout] 
[INFO] [stdout] error[E0432]: unresolved import `surf`
[INFO] [stdout]  --> tests/surf/smoke.rs:1:5
[INFO] [stdout]   |
[INFO] [stdout] 1 | use surf::get;
[INFO] [stdout]   |     ^^^^ help: a similar path exists: `crate::surf`
[INFO] [stdout]   |
[INFO] [stdout]   = note: `use` statements changed in Rust 2018; read more at <https://doc.rust-lang.org/edition-guide/rust-2018/module-system/path-clarity.html>
[INFO] [stdout] 
[INFO] [stdout] 
[INFO] [stdout] error[E0433]: failed to resolve: use of undeclared crate or module `reqwest`
[INFO] [stdout]  --> tests/reqwest/blocking/smoke.rs:1:5
[INFO] [stdout]   |
[INFO] [stdout] 1 | use reqwest::blocking::get;
[INFO] [stdout]   |     ^^^^^^^ use of undeclared crate or module `reqwest`
[INFO] [stdout] 
[INFO] [stdout] 
[INFO] [stdout] error[E0432]: unresolved import `reqwest`
[INFO] [stdout]  --> tests/reqwest/asynk/smoke.rs:1:5
[INFO] [stdout]   |
[INFO] [stdout] 1 | use reqwest::get;
[INFO] [stdout]   |     ^^^^^^^ help: a similar path exists: `crate::reqwest`
[INFO] [stdout]   |
[INFO] [stdout]   = note: `use` statements changed in Rust 2018; read more at <https://doc.rust-lang.org/edition-guide/rust-2018/module-system/path-clarity.html>
[INFO] [stdout] 
[INFO] [stdout] 
[INFO] [stdout] error[E0432]: unresolved import `isahc`
[INFO] [stdout]  --> tests/isahc/asynk/smoke.rs:1:5
[INFO] [stdout]   |
[INFO] [stdout] 1 | use isahc::get_async;
[INFO] [stdout]   |     ^^^^^ help: a similar path exists: `crate::isahc`
[INFO] [stdout]   |
[INFO] [stdout]   = note: `use` statements changed in Rust 2018; read more at <https://doc.rust-lang.org/edition-guide/rust-2018/module-system/path-clarity.html>
[INFO] [stdout] 
[INFO] [stdout] 
[INFO] [stdout] error[E0432]: unresolved import `isahc`
[INFO] [stdout]  --> tests/isahc/blocking/smoke.rs:1:5
[INFO] [stdout]   |
[INFO] [stdout] 1 | use isahc::get;
[INFO] [stdout]   |     ^^^^^ help: a similar path exists: `crate::isahc`
[INFO] [stdout]   |
[INFO] [stdout]   = note: `use` statements changed in Rust 2018; read more at <https://doc.rust-lang.org/edition-guide/rust-2018/module-system/path-clarity.html>
[INFO] [stdout] 
[INFO] [stdout] 
[INFO] [stdout] error[E0432]: unresolved import `hyper`
[INFO] [stdout]  --> tests/hyper/smoke.rs:1:5
[INFO] [stdout]   |
[INFO] [stdout] 1 | use hyper::Client;
[INFO] [stdout]   |     ^^^^^ help: a similar path exists: `crate::hyper`
[INFO] [stdout]   |
[INFO] [stdout]   = note: `use` statements changed in Rust 2018; read more at <https://doc.rust-lang.org/edition-guide/rust-2018/module-system/path-clarity.html>
[INFO] [stdout] 
[INFO] [stdout] 
[INFO] [stdout] error[E0432]: unresolved import `awc`
[INFO] [stdout]  --> tests/awc/smoke.rs:2:5
[INFO] [stdout]   |
[INFO] [stdout] 2 | use awc::Client;
[INFO] [stdout]   |     ^^^ help: a similar path exists: `crate::awc`
[INFO] [stdout]   |
[INFO] [stdout]   = note: `use` statements changed in Rust 2018; read more at <https://doc.rust-lang.org/edition-guide/rust-2018/module-system/path-clarity.html>
[INFO] [stdout] 
[INFO] [stdout] 
[INFO] [stdout] error[E0425]: cannot find function `get` in this scope
[INFO] [stdout]  --> tests/reqwest/blocking/smoke.rs:8:5
[INFO] [stdout]   |
[INFO] [stdout] 8 |     get(stubr.uri()).unwrap().expect_status_eq(200);
[INFO] [stdout]   |     ^^^ not found in this scope
[INFO] [stdout] 
[INFO] [stdout] 
[INFO] [stdout] error[E0425]: cannot find function `get` in this scope
[INFO] [stdout]   --> tests/reqwest/blocking/smoke.rs:15:5
[INFO] [stdout]    |
[INFO] [stdout] 15 |     get(stubr.uri()).unwrap().expect_status_eq(100);
[INFO] [stdout]    |     ^^^ not found in this scope
[INFO] [stdout] 
[INFO] [stdout] 
[INFO] [stdout] error[E0425]: cannot find function `get` in this scope
[INFO] [stdout]   --> tests/reqwest/blocking/smoke.rs:21:5
[INFO] [stdout]    |
[INFO] [stdout] 21 |     get(stubr.uri()).unwrap().expect_status_eq(200).expect_status_eq(200);
[INFO] [stdout]    |     ^^^ not found in this scope
[INFO] [stdout] 
[INFO] [stdout] 
[INFO] [stdout] error[E0425]: cannot find function `get` in this scope
[INFO] [stdout]   --> tests/reqwest/blocking/smoke.rs:27:5
[INFO] [stdout]    |
[INFO] [stdout] 27 |     get(stubr.uri()).expect_status_eq(200);
[INFO] [stdout]    |     ^^^ not found in this scope
[INFO] [stdout] 
[INFO] [stdout] 
[INFO] [stdout] error[E0425]: cannot find function `get` in this scope
[INFO] [stdout]   --> tests/reqwest/blocking/smoke.rs:34:5
[INFO] [stdout]    |
[INFO] [stdout] 34 |     get(stubr.uri()).expect_status_eq(100);
[INFO] [stdout]    |     ^^^ not found in this scope
[INFO] [stdout] 
[INFO] [stdout] 
[INFO] [stdout] error[E0425]: cannot find function `get` in this scope
[INFO] [stdout]   --> tests/reqwest/blocking/smoke.rs:40:5
[INFO] [stdout]    |
[INFO] [stdout] 40 |     get(stubr.uri()).expect_status_eq(200).expect_status_eq(200);
[INFO] [stdout]    |     ^^^ not found in this scope
[INFO] [stdout] 
[INFO] [stdout] 
[INFO] [stdout] error[E0425]: cannot find function `get` in this scope
[INFO] [stdout]   --> tests/reqwest/blocking/status.rs:11:9
[INFO] [stdout]    |
[INFO] [stdout] 11 |         get(stubr.uri()).unwrap().expect_status_eq(200);
[INFO] [stdout]    |         ^^^ not found in this scope
[INFO] [stdout] 
[INFO] [stdout] 
[INFO] [stdout] error[E0425]: cannot find function `get` in this scope
[INFO] [stdout]   --> tests/reqwest/blocking/status.rs:18:9
[INFO] [stdout]    |
[INFO] [stdout] 18 |         get(stubr.uri()).unwrap().expect_status_eq(100);
[INFO] [stdout]    |         ^^^ not found in this scope
[INFO] [stdout] 
[INFO] [stdout] 
[INFO] [stdout] error[E0425]: cannot find function `get` in this scope
[INFO] [stdout]   --> tests/reqwest/blocking/status.rs:24:9
[INFO] [stdout]    |
[INFO] [stdout] 24 |         get(stubr.uri()).expect_status_eq(200);
[INFO] [stdout]    |         ^^^ not found in this scope
[INFO] [stdout] 
[INFO] [stdout] 
[INFO] [stdout] error[E0425]: cannot find function `get` in this scope
[INFO] [stdout]   --> tests/reqwest/blocking/status.rs:31:9
[INFO] [stdout]    |
[INFO] [stdout] 31 |         get(stubr.uri()).expect_status_eq(100);
[INFO] [stdout]    |         ^^^ not found in this scope
[INFO] [stdout] 
[INFO] [stdout] 
[INFO] [stdout] error[E0425]: cannot find function `get` in this scope
[INFO] [stdout]   --> tests/reqwest/blocking/status.rs:41:9
[INFO] [stdout]    |
[INFO] [stdout] 41 |         get(stubr.uri()).unwrap().expect_status_ok();
[INFO] [stdout]    |         ^^^ not found in this scope
[INFO] [stdout] 
[INFO] [stdout] 
[INFO] [stdout] error[E0425]: cannot find function `get` in this scope
[INFO] [stdout]   --> tests/reqwest/blocking/status.rs:48:9
[INFO] [stdout]    |
[INFO] [stdout] 48 |         get(stubr.uri()).unwrap().expect_status_ok();
[INFO] [stdout]    |         ^^^ not found in this scope
[INFO] [stdout] 
[INFO] [stdout] 
[INFO] [stdout] error[E0425]: cannot find function `get` in this scope
[INFO] [stdout]   --> tests/reqwest/blocking/status.rs:54:9
[INFO] [stdout]    |
[INFO] [stdout] 54 |         get(stubr.uri()).expect_status_ok();
[INFO] [stdout]    |         ^^^ not found in this scope
[INFO] [stdout] 
[INFO] [stdout] 
[INFO] [stdout] error[E0425]: cannot find function `get` in this scope
[INFO] [stdout]   --> tests/reqwest/blocking/status.rs:61:9
[INFO] [stdout]    |
[INFO] [stdout] 61 |         get(stubr.uri()).expect_status_ok();
[INFO] [stdout]    |         ^^^ not found in this scope
[INFO] [stdout] 
[INFO] [stdout] 
[INFO] [stdout] error[E0425]: cannot find function `get` in this scope
[INFO] [stdout]   --> tests/reqwest/blocking/status.rs:71:9
[INFO] [stdout]    |
[INFO] [stdout] 71 |         get(stubr.uri()).unwrap().expect_status_created();
[INFO] [stdout]    |         ^^^ not found in this scope
[INFO] [stdout] 
[INFO] [stdout] 
[INFO] [stdout] error[E0425]: cannot find function `get` in this scope
[INFO] [stdout]   --> tests/reqwest/blocking/status.rs:78:9
[INFO] [stdout]    |
[INFO] [stdout] 78 |         get(stubr.uri()).unwrap().expect_status_created();
[INFO] [stdout]    |         ^^^ not found in this scope
[INFO] [stdout] 
[INFO] [stdout] 
[INFO] [stdout] error[E0425]: cannot find function `get` in this scope
[INFO] [stdout]   --> tests/reqwest/blocking/status.rs:84:9
[INFO] [stdout]    |
[INFO] [stdout] 84 |         get(stubr.uri()).expect_status_created();
[INFO] [stdout]    |         ^^^ not found in this scope
[INFO] [stdout] 
[INFO] [stdout] 
[INFO] [stdout] error[E0425]: cannot find function `get` in this scope
[INFO] [stdout]   --> tests/reqwest/blocking/status.rs:91:9
[INFO] [stdout]    |
[INFO] [stdout] 91 |         get(stubr.uri()).expect_status_created();
[INFO] [stdout]    |         ^^^ not found in this scope
[INFO] [stdout] 
[INFO] [stdout] 
[INFO] [stdout] error[E0425]: cannot find function `get` in this scope
[INFO] [stdout]    --> tests/reqwest/blocking/status.rs:101:9
[INFO] [stdout]     |
[INFO] [stdout] 101 |         get(stubr.uri()).unwrap().expect_status_accepted();
[INFO] [stdout]     |         ^^^ not found in this scope
[INFO] [stdout] 
[INFO] [stdout] 
[INFO] [stdout] error[E0425]: cannot find function `get` in this scope
[INFO] [stdout]    --> tests/reqwest/blocking/status.rs:108:9
[INFO] [stdout]     |
[INFO] [stdout] 108 |         get(stubr.uri()).unwrap().expect_status_accepted();
[INFO] [stdout]     |         ^^^ not found in this scope
[INFO] [stdout] 
[INFO] [stdout] 
[INFO] [stdout] error[E0425]: cannot find function `get` in this scope
[INFO] [stdout]    --> tests/reqwest/blocking/status.rs:114:9
[INFO] [stdout]     |
[INFO] [stdout] 114 |         get(stubr.uri()).expect_status_accepted();
[INFO] [stdout]     |         ^^^ not found in this scope
[INFO] [stdout] 
[INFO] [stdout] 
[INFO] [stdout] error[E0425]: cannot find function `get` in this scope
[INFO] [stdout]    --> tests/reqwest/blocking/status.rs:121:9
[INFO] [stdout]     |
[INFO] [stdout] 121 |         get(stubr.uri()).expect_status_accepted();
[INFO] [stdout]     |         ^^^ not found in this scope
[INFO] [stdout] 
[INFO] [stdout] 
[INFO] [stdout] error[E0425]: cannot find function `get` in this scope
[INFO] [stdout]    --> tests/reqwest/blocking/status.rs:131:9
[INFO] [stdout]     |
[INFO] [stdout] 131 |         get(stubr.uri()).unwrap().expect_status_no_content();
[INFO] [stdout]     |         ^^^ not found in this scope
[INFO] [stdout] 
[INFO] [stdout] 
[INFO] [stdout] error[E0425]: cannot find function `get` in this scope
[INFO] [stdout]    --> tests/reqwest/blocking/status.rs:138:9
[INFO] [stdout]     |
[INFO] [stdout] 138 |         get(stubr.uri()).unwrap().expect_status_no_content();
[INFO] [stdout]     |         ^^^ not found in this scope
[INFO] [stdout] 
[INFO] [stdout] 
[INFO] [stdout] error[E0425]: cannot find function `get` in this scope
[INFO] [stdout]    --> tests/reqwest/blocking/status.rs:144:9
[INFO] [stdout]     |
[INFO] [stdout] 144 |         get(stubr.uri()).expect_status_no_content();
[INFO] [stdout]     |         ^^^ not found in this scope
[INFO] [stdout] 
[INFO] [stdout] 
[INFO] [stdout] error[E0425]: cannot find function `get` in this scope
[INFO] [stdout]    --> tests/reqwest/blocking/status.rs:151:9
[INFO] [stdout]     |
[INFO] [stdout] 151 |         get(stubr.uri()).expect_status_no_content();
[INFO] [stdout]     |         ^^^ not found in this scope
[INFO] [stdout] 
[INFO] [stdout] 
[INFO] [stdout] error[E0425]: cannot find function `get` in this scope
[INFO] [stdout]    --> tests/reqwest/blocking/status.rs:161:9
[INFO] [stdout]     |
[INFO] [stdout] 161 |         get(stubr.uri()).unwrap().expect_status_partial_content();
[INFO] [stdout]     |         ^^^ not found in this scope
[INFO] [stdout] 
[INFO] [stdout] 
[INFO] [stdout] error[E0425]: cannot find function `get` in this scope
[INFO] [stdout]    --> tests/reqwest/blocking/status.rs:168:9
[INFO] [stdout]     |
[INFO] [stdout] 168 |         get(stubr.uri()).unwrap().expect_status_partial_content();
[INFO] [stdout]     |         ^^^ not found in this scope
[INFO] [stdout] 
[INFO] [stdout] 
[INFO] [stdout] error[E0425]: cannot find function `get` in this scope
[INFO] [stdout]    --> tests/reqwest/blocking/status.rs:174:9
[INFO] [stdout]     |
[INFO] [stdout] 174 |         get(stubr.uri()).expect_status_partial_content();
[INFO] [stdout]     |         ^^^ not found in this scope
[INFO] [stdout] 
[INFO] [stdout] 
[INFO] [stdout] error[E0425]: cannot find function `get` in this scope
[INFO] [stdout]    --> tests/reqwest/blocking/status.rs:181:9
[INFO] [stdout]     |
[INFO] [stdout] 181 |         get(stubr.uri()).expect_status_partial_content();
[INFO] [stdout]     |         ^^^ not found in this scope
[INFO] [stdout] 
[INFO] [stdout] 
[INFO] [stdout] error[E0425]: cannot find function `get` in this scope
[INFO] [stdout]    --> tests/reqwest/blocking/status.rs:191:9
[INFO] [stdout]     |
[INFO] [stdout] 191 |         get(stubr.uri()).unwrap().expect_status_bad_request();
[INFO] [stdout]     |         ^^^ not found in this scope
[INFO] [stdout] 
[INFO] [stdout] 
[INFO] [stdout] error[E0425]: cannot find function `get` in this scope
[INFO] [stdout]    --> tests/reqwest/blocking/status.rs:198:9
[INFO] [stdout]     |
[INFO] [stdout] 198 |         get(stubr.uri()).unwrap().expect_status_bad_request();
[INFO] [stdout]     |         ^^^ not found in this scope
[INFO] [stdout] 
[INFO] [stdout] 
[INFO] [stdout] error[E0425]: cannot find function `get` in this scope
[INFO] [stdout]    --> tests/reqwest/blocking/status.rs:204:9
[INFO] [stdout]     |
[INFO] [stdout] 204 |         get(stubr.uri()).expect_status_bad_request();
[INFO] [stdout]     |         ^^^ not found in this scope
[INFO] [stdout] 
[INFO] [stdout] 
[INFO] [stdout] error[E0425]: cannot find function `get` in this scope
[INFO] [stdout]    --> tests/reqwest/blocking/status.rs:211:9
[INFO] [stdout]     |
[INFO] [stdout] 211 |         get(stubr.uri()).expect_status_bad_request();
[INFO] [stdout]     |         ^^^ not found in this scope
[INFO] [stdout] 
[INFO] [stdout] 
[INFO] [stdout] error[E0425]: cannot find function `get` in this scope
[INFO] [stdout]    --> tests/reqwest/blocking/status.rs:221:9
[INFO] [stdout]     |
[INFO] [stdout] 221 |         get(stubr.uri()).unwrap().expect_status_unauthorized();
[INFO] [stdout]     |         ^^^ not found in this scope
[INFO] [stdout] 
[INFO] [stdout] 
[INFO] [stdout] error[E0425]: cannot find function `get` in this scope
[INFO] [stdout]    --> tests/reqwest/blocking/status.rs:228:9
[INFO] [stdout]     |
[INFO] [stdout] 228 |         get(stubr.uri()).unwrap().expect_status_unauthorized();
[INFO] [stdout]     |         ^^^ not found in this scope
[INFO] [stdout] 
[INFO] [stdout] 
[INFO] [stdout] error[E0425]: cannot find function `get` in this scope
[INFO] [stdout]    --> tests/reqwest/blocking/status.rs:234:9
[INFO] [stdout]     |
[INFO] [stdout] 234 |         get(stubr.uri()).expect_status_unauthorized();
[INFO] [stdout]     |         ^^^ not found in this scope
[INFO] [stdout] 
[INFO] [stdout] 
[INFO] [stdout] error[E0425]: cannot find function `get` in this scope
[INFO] [stdout]    --> tests/reqwest/blocking/status.rs:241:9
[INFO] [stdout]     |
[INFO] [stdout] 241 |         get(stubr.uri()).expect_status_unauthorized();
[INFO] [stdout]     |         ^^^ not found in this scope
[INFO] [stdout] 
[INFO] [stdout] 
[INFO] [stdout] error[E0425]: cannot find function `get` in this scope
[INFO] [stdout]    --> tests/reqwest/blocking/status.rs:251:9
[INFO] [stdout]     |
[INFO] [stdout] 251 |         get(stubr.uri()).unwrap().expect_status_forbidden();
[INFO] [stdout]     |         ^^^ not found in this scope
[INFO] [stdout] 
[INFO] [stdout] 
[INFO] [stdout] error[E0425]: cannot find function `get` in this scope
[INFO] [stdout]    --> tests/reqwest/blocking/status.rs:258:9
[INFO] [stdout]     |
[INFO] [stdout] 258 |         get(stubr.uri()).unwrap().expect_status_forbidden();
[INFO] [stdout]     |         ^^^ not found in this scope
[INFO] [stdout] 
[INFO] [stdout] 
[INFO] [stdout] error[E0425]: cannot find function `get` in this scope
[INFO] [stdout]    --> tests/reqwest/blocking/status.rs:264:9
[INFO] [stdout]     |
[INFO] [stdout] 264 |         get(stubr.uri()).expect_status_forbidden();
[INFO] [stdout]     |         ^^^ not found in this scope
[INFO] [stdout] 
[INFO] [stdout] 
[INFO] [stdout] error[E0425]: cannot find function `get` in this scope
[INFO] [stdout]    --> tests/reqwest/blocking/status.rs:271:9
[INFO] [stdout]     |
[INFO] [stdout] 271 |         get(stubr.uri()).expect_status_forbidden();
[INFO] [stdout]     |         ^^^ not found in this scope
[INFO] [stdout] 
[INFO] [stdout] 
[INFO] [stdout] error[E0425]: cannot find function `get` in this scope
[INFO] [stdout]    --> tests/reqwest/blocking/status.rs:281:9
[INFO] [stdout]     |
[INFO] [stdout] 281 |         get(stubr.uri()).unwrap().expect_status_not_found();
[INFO] [stdout]     |         ^^^ not found in this scope
[INFO] [stdout] 
[INFO] [stdout] 
[INFO] [stdout] error[E0425]: cannot find function `get` in this scope
[INFO] [stdout]    --> tests/reqwest/blocking/status.rs:288:9
[INFO] [stdout]     |
[INFO] [stdout] 288 |         get(stubr.uri()).unwrap().expect_status_not_found();
[INFO] [stdout]     |         ^^^ not found in this scope
[INFO] [stdout] 
[INFO] [stdout] 
[INFO] [stdout] error[E0425]: cannot find function `get` in this scope
[INFO] [stdout]    --> tests/reqwest/blocking/status.rs:294:9
[INFO] [stdout]     |
[INFO] [stdout] 294 |         get(stubr.uri()).expect_status_not_found();
[INFO] [stdout]     |         ^^^ not found in this scope
[INFO] [stdout] 
[INFO] [stdout] 
[INFO] [stdout] error[E0425]: cannot find function `get` in this scope
[INFO] [stdout]    --> tests/reqwest/blocking/status.rs:301:9
[INFO] [stdout]     |
[INFO] [stdout] 301 |         get(stubr.uri()).expect_status_not_found();
[INFO] [stdout]     |         ^^^ not found in this scope
[INFO] [stdout] 
[INFO] [stdout] 
[INFO] [stdout] error[E0425]: cannot find function `get` in this scope
[INFO] [stdout]    --> tests/reqwest/blocking/status.rs:311:9
[INFO] [stdout]     |
[INFO] [stdout] 311 |         get(stubr.uri()).unwrap().expect_status_conflict();
[INFO] [stdout]     |         ^^^ not found in this scope
[INFO] [stdout] 
[INFO] [stdout] 
[INFO] [stdout] error[E0425]: cannot find function `get` in this scope
[INFO] [stdout]    --> tests/reqwest/blocking/status.rs:318:9
[INFO] [stdout]     |
[INFO] [stdout] 318 |         get(stubr.uri()).unwrap().expect_status_conflict();
[INFO] [stdout]     |         ^^^ not found in this scope
[INFO] [stdout] 
[INFO] [stdout] 
[INFO] [stdout] error[E0425]: cannot find function `get` in this scope
[INFO] [stdout]    --> tests/reqwest/blocking/status.rs:324:9
[INFO] [stdout]     |
[INFO] [stdout] 324 |         get(stubr.uri()).expect_status_conflict();
[INFO] [stdout]     |         ^^^ not found in this scope
[INFO] [stdout] 
[INFO] [stdout] 
[INFO] [stdout] error[E0425]: cannot find function `get` in this scope
[INFO] [stdout]    --> tests/reqwest/blocking/status.rs:331:9
[INFO] [stdout]     |
[INFO] [stdout] 331 |         get(stubr.uri()).expect_status_conflict();
[INFO] [stdout]     |         ^^^ not found in this scope
[INFO] [stdout] 
[INFO] [stdout] 
[INFO] [stdout] error[E0425]: cannot find function `get` in this scope
[INFO] [stdout]    --> tests/reqwest/blocking/status.rs:341:9
[INFO] [stdout]     |
[INFO] [stdout] 341 |         get(stubr.uri()).unwrap().expect_status_gone();
[INFO] [stdout]     |         ^^^ not found in this scope
[INFO] [stdout] 
[INFO] [stdout] 
[INFO] [stdout] error[E0425]: cannot find function `get` in this scope
[INFO] [stdout]    --> tests/reqwest/blocking/status.rs:348:9
[INFO] [stdout]     |
[INFO] [stdout] 348 |         get(stubr.uri()).unwrap().expect_status_gone();
[INFO] [stdout]     |         ^^^ not found in this scope
[INFO] [stdout] 
[INFO] [stdout] 
[INFO] [stdout] error[E0425]: cannot find function `get` in this scope
[INFO] [stdout]    --> tests/reqwest/blocking/status.rs:354:9
[INFO] [stdout]     |
[INFO] [stdout] 354 |         get(stubr.uri()).expect_status_gone();
[INFO] [stdout]     |         ^^^ not found in this scope
[INFO] [stdout] 
[INFO] [stdout] 
[INFO] [stdout] error[E0425]: cannot find function `get` in this scope
[INFO] [stdout]    --> tests/reqwest/blocking/status.rs:361:9
[INFO] [stdout]     |
[INFO] [stdout] 361 |         get(stubr.uri()).expect_status_gone();
[INFO] [stdout]     |         ^^^ not found in this scope
[INFO] [stdout] 
[INFO] [stdout] 
[INFO] [stdout] error[E0425]: cannot find function `get` in this scope
[INFO] [stdout]    --> tests/reqwest/blocking/status.rs:371:9
[INFO] [stdout]     |
[INFO] [stdout] 371 |         get(stubr.uri()).unwrap().expect_status_internal_server_error();
[INFO] [stdout]     |         ^^^ not found in this scope
[INFO] [stdout] 
[INFO] [stdout] 
[INFO] [stdout] error[E0425]: cannot find function `get` in this scope
[INFO] [stdout]    --> tests/reqwest/blocking/status.rs:378:9
[INFO] [stdout]     |
[INFO] [stdout] 378 |         get(stubr.uri()).unwrap().expect_status_internal_server_error();
[INFO] [stdout]     |         ^^^ not found in this scope
[INFO] [stdout] 
[INFO] [stdout] 
[INFO] [stdout] error[E0425]: cannot find function `get` in this scope
[INFO] [stdout]    --> tests/reqwest/blocking/status.rs:384:9
[INFO] [stdout]     |
[INFO] [stdout] 384 |         get(stubr.uri()).expect_status_internal_server_error();
[INFO] [stdout]     |         ^^^ not found in this scope
[INFO] [stdout] 
[INFO] [stdout] 
[INFO] [stdout] error[E0425]: cannot find function `get` in this scope
[INFO] [stdout]    --> tests/reqwest/blocking/status.rs:391:9
[INFO] [stdout]     |
[INFO] [stdout] 391 |         get(stubr.uri()).expect_status_internal_server_error();
[INFO] [stdout]     |         ^^^ not found in this scope
[INFO] [stdout] 
[INFO] [stdout] 
[INFO] [stdout] error[E0425]: cannot find function `get` in this scope
[INFO] [stdout]    --> tests/reqwest/blocking/status.rs:401:9
[INFO] [stdout]     |
[INFO] [stdout] 401 |         get(stubr.uri()).unwrap().expect_status_in_range(201, 300);
[INFO] [stdout]     |         ^^^ not found in this scope
[INFO] [stdout] 
[INFO] [stdout] 
[INFO] [stdout] error[E0425]: cannot find function `get` in this scope
[INFO] [stdout]    --> tests/reqwest/blocking/status.rs:407:9
[INFO] [stdout]     |
[INFO] [stdout] 407 |         get(stubr.uri()).unwrap().expect_status_in_range(200, 202);
[INFO] [stdout]     |         ^^^ not found in this scope
[INFO] [stdout] 
[INFO] [stdout] 
[INFO] [stdout] error[E0425]: cannot find function `get` in this scope
[INFO] [stdout]    --> tests/reqwest/blocking/status.rs:414:9
[INFO] [stdout]     |
[INFO] [stdout] 414 |         get(stubr.uri()).unwrap().expect_status_in_range(202, 300);
[INFO] [stdout]     |         ^^^ not found in this scope
[INFO] [stdout] 
[INFO] [stdout] 
[INFO] [stdout] error[E0425]: cannot find function `get` in this scope
[INFO] [stdout]    --> tests/reqwest/blocking/status.rs:421:9
[INFO] [stdout]     |
[INFO] [stdout] 421 |         get(stubr.uri()).unwrap().expect_status_in_range(200, 201);
[INFO] [stdout]     |         ^^^ not found in this scope
[INFO] [stdout] 
[INFO] [stdout] 
[INFO] [stdout] error[E0425]: cannot find function `get` in this scope
[INFO] [stdout]    --> tests/reqwest/blocking/status.rs:427:9
[INFO] [stdout]     |
[INFO] [stdout] 427 |         get(stubr.uri()).expect_status_in_range(201, 300);
[INFO] [stdout]     |         ^^^ not found in this scope
[INFO] [stdout] 
[INFO] [stdout] 
[INFO] [stdout] error[E0425]: cannot find function `get` in this scope
[INFO] [stdout]    --> tests/reqwest/blocking/status.rs:433:9
[INFO] [stdout]     |
[INFO] [stdout] 433 |         get(stubr.uri()).expect_status_in_range(200, 202);
[INFO] [stdout]     |         ^^^ not found in this scope
[INFO] [stdout] 
[INFO] [stdout] 
[INFO] [stdout] error[E0425]: cannot find function `get` in this scope
[INFO] [stdout]    --> tests/reqwest/blocking/status.rs:440:9
[INFO] [stdout]     |
[INFO] [stdout] 440 |         get(stubr.uri()).expect_status_in_range(202, 300);
[INFO] [stdout]     |         ^^^ not found in this scope
[INFO] [stdout] 
[INFO] [stdout] 
[INFO] [stdout] error[E0425]: cannot find function `get` in this scope
[INFO] [stdout]    --> tests/reqwest/blocking/status.rs:447:9
[INFO] [stdout]     |
[INFO] [stdout] 447 |         get(stubr.uri()).expect_status_in_range(200, 201);
[INFO] [stdout]     |         ^^^ not found in this scope
[INFO] [stdout] 
[INFO] [stdout] 
[INFO] [stdout] error[E0425]: cannot find function `get` in this scope
[INFO] [stdout]    --> tests/reqwest/blocking/status.rs:457:9
[INFO] [stdout]     |
[INFO] [stdout] 457 |         get(stubr.uri()).unwrap().expect_status_success();
[INFO] [stdout]     |         ^^^ not found in this scope
[INFO] [stdout] 
[INFO] [stdout] 
[INFO] [stdout] error[E0425]: cannot find function `get` in this scope
[INFO] [stdout]    --> tests/reqwest/blocking/status.rs:464:9
[INFO] [stdout]     |
[INFO] [stdout] 464 |         get(stubr.uri()).unwrap().expect_status_success();
[INFO] [stdout]     |         ^^^ not found in this scope
[INFO] [stdout] 
[INFO] [stdout] 
[INFO] [stdout] error[E0425]: cannot find function `get` in this scope
[INFO] [stdout]    --> tests/reqwest/blocking/status.rs:470:9
[INFO] [stdout]     |
[INFO] [stdout] 470 |         get(stubr.uri()).expect_status_success();
[INFO] [stdout]     |         ^^^ not found in this scope
[INFO] [stdout] 
[INFO] [stdout] 
[INFO] [stdout] error[E0425]: cannot find function `get` in this scope
[INFO] [stdout]    --> tests/reqwest/blocking/status.rs:477:9
[INFO] [stdout]     |
[INFO] [stdout] 477 |         get(stubr.uri()).expect_status_success();
[INFO] [stdout]     |         ^^^ not found in this scope
[INFO] [stdout] 
[INFO] [stdout] 
[INFO] [stdout] error[E0425]: cannot find function `get` in this scope
[INFO] [stdout]    --> tests/reqwest/blocking/status.rs:487:9
[INFO] [stdout]     |
[INFO] [stdout] 487 |         get(stubr.uri()).unwrap().expect_status_redirection();
[INFO] [stdout]     |         ^^^ not found in this scope
[INFO] [stdout] 
[INFO] [stdout] 
[INFO] [stdout] error[E0425]: cannot find function `get` in this scope
[INFO] [stdout]    --> tests/reqwest/blocking/status.rs:494:9
[INFO] [stdout]     |
[INFO] [stdout] 494 |         get(stubr.uri()).unwrap().expect_status_redirection();
[INFO] [stdout]     |         ^^^ not found in this scope
[INFO] [stdout] 
[INFO] [stdout] 
[INFO] [stdout] error[E0425]: cannot find function `get` in this scope
[INFO] [stdout]    --> tests/reqwest/blocking/status.rs:500:9
[INFO] [stdout]     |
[INFO] [stdout] 500 |         get(stubr.uri()).expect_status_redirection();
[INFO] [stdout]     |         ^^^ not found in this scope
[INFO] [stdout] 
[INFO] [stdout] 
[INFO] [stdout] error[E0425]: cannot find function `get` in this scope
[INFO] [stdout]    --> tests/reqwest/blocking/status.rs:507:9
[INFO] [stdout]     |
[INFO] [stdout] 507 |         get(stubr.uri()).expect_status_redirection();
[INFO] [stdout]     |         ^^^ not found in this scope
[INFO] [stdout] 
[INFO] [stdout] 
[INFO] [stdout] error[E0425]: cannot find function `get` in this scope
[INFO] [stdout]    --> tests/reqwest/blocking/status.rs:517:9
[INFO] [stdout]     |
[INFO] [stdout] 517 |         get(stubr.uri()).unwrap().expect_status_client_error();
[INFO] [stdout]     |         ^^^ not found in this scope
[INFO] [stdout] 
[INFO] [stdout] 
[INFO] [stdout] error[E0425]: cannot find function `get` in this scope
[INFO] [stdout]    --> tests/reqwest/blocking/status.rs:524:9
[INFO] [stdout]     |
[INFO] [stdout] 524 |         get(stubr.uri()).unwrap().expect_status_client_error();
[INFO] [stdout]     |         ^^^ not found in this scope
[INFO] [stdout] 
[INFO] [stdout] 
[INFO] [stdout] error[E0425]: cannot find function `get` in this scope
[INFO] [stdout]    --> tests/reqwest/blocking/status.rs:530:9
[INFO] [stdout]     |
[INFO] [stdout] 530 |         get(stubr.uri()).expect_status_client_error();
[INFO] [stdout]     |         ^^^ not found in this scope
[INFO] [stdout] 
[INFO] [stdout] 
[INFO] [stdout] error[E0425]: cannot find function `get` in this scope
[INFO] [stdout]    --> tests/reqwest/blocking/status.rs:537:9
[INFO] [stdout]     |
[INFO] [stdout] 537 |         get(stubr.uri()).expect_status_client_error();
[INFO] [stdout]     |         ^^^ not found in this scope
[INFO] [stdout] 
[INFO] [stdout] 
[INFO] [stdout] error[E0425]: cannot find function `get` in this scope
[INFO] [stdout]    --> tests/reqwest/blocking/status.rs:547:9
[INFO] [stdout]     |
[INFO] [stdout] 547 |         get(stubr.uri()).unwrap().expect_status_server_error();
[INFO] [stdout]     |         ^^^ not found in this scope
[INFO] [stdout] 
[INFO] [stdout] 
[INFO] [stdout] error[E0425]: cannot find function `get` in this scope
[INFO] [stdout]    --> tests/reqwest/blocking/status.rs:554:9
[INFO] [stdout]     |
[INFO] [stdout] 554 |         get(stubr.uri()).unwrap().expect_status_server_error();
[INFO] [stdout]     |         ^^^ not found in this scope
[INFO] [stdout] 
[INFO] [stdout] 
[INFO] [stdout] error[E0425]: cannot find function `get` in this scope
[INFO] [stdout]    --> tests/reqwest/blocking/status.rs:560:9
[INFO] [stdout]     |
[INFO] [stdout] 560 |         get(stubr.uri()).expect_status_server_error();
[INFO] [stdout]     |         ^^^ not found in this scope
[INFO] [stdout] 
[INFO] [stdout] 
[INFO] [stdout] error[E0425]: cannot find function `get` in this scope
[INFO] [stdout]    --> tests/reqwest/blocking/status.rs:567:9
[INFO] [stdout]     |
[INFO] [stdout] 567 |         get(stubr.uri()).expect_status_server_error();
[INFO] [stdout]     |         ^^^ not found in this scope
[INFO] [stdout] 
[INFO] [stdout] 
[INFO] [stdout] error[E0425]: cannot find function `get` in this scope
[INFO] [stdout]   --> tests/reqwest/blocking/header.rs:11:9
[INFO] [stdout]    |
[INFO] [stdout] 11 |         get(stubr.uri()).unwrap().expect_header("x-a", "a");
[INFO] [stdout]    |         ^^^ not found in this scope
[INFO] [stdout] 
[INFO] [stdout] 
[INFO] [stdout] error[E0425]: cannot find function `get` in this scope
[INFO] [stdout]   --> tests/reqwest/blocking/header.rs:17:9
[INFO] [stdout]    |
[INFO] [stdout] 17 |         get(stubr.uri()).unwrap().expect_header("X-A", "a");
[INFO] [stdout]    |         ^^^ not found in this scope
[INFO] [stdout] 
[INFO] [stdout] 
[INFO] [stdout] error[E0425]: cannot find function `get` in this scope
[INFO] [stdout]   --> tests/reqwest/blocking/header.rs:24:9
[INFO] [stdout]    |
[INFO] [stdout] 24 |         get(stubr.uri()).unwrap().expect_header("x-a", "A");
[INFO] [stdout]    |         ^^^ not found in this scope
[INFO] [stdout] 
[INFO] [stdout] 
[INFO] [stdout] error[E0425]: cannot find function `get` in this scope
[INFO] [stdout]   --> tests/reqwest/blocking/header.rs:30:9
[INFO] [stdout]    |
[INFO] [stdout] 30 |         get(stubr.uri()).unwrap()
[INFO] [stdout]    |         ^^^ not found in this scope
[INFO] [stdout] 
[INFO] [stdout] 
[INFO] [stdout] error[E0425]: cannot find function `get` in this scope
[INFO] [stdout]   --> tests/reqwest/blocking/header.rs:39:9
[INFO] [stdout]    |
[INFO] [stdout] 39 |         get(stubr.uri()).unwrap().expect_header("x-b", "a");
[INFO] [stdout]    |         ^^^ not found in this scope
[INFO] [stdout] 
[INFO] [stdout] 
[INFO] [stdout] error[E0425]: cannot find function `get` in this scope
[INFO] [stdout]   --> tests/reqwest/blocking/header.rs:46:9
[INFO] [stdout]    |
[INFO] [stdout] 46 |         get(stubr.uri()).unwrap().expect_header("x-a", "b");
[INFO] [stdout]    |         ^^^ not found in this scope
[INFO] [stdout] 
[INFO] [stdout] 
[INFO] [stdout] error[E0425]: cannot find function `get` in this scope
[INFO] [stdout]   --> tests/reqwest/blocking/header.rs:53:9
[INFO] [stdout]    |
[INFO] [stdout] 53 |         get(stubr.uri()).unwrap().expect_header("x-m", "a");
[INFO] [stdout]    |         ^^^ not found in this scope
[INFO] [stdout] 
[INFO] [stdout] 
[INFO] [stdout] error[E0425]: cannot find function `get` in this scope
[INFO] [stdout]   --> tests/reqwest/blocking/header.rs:59:9
[INFO] [stdout]    |
[INFO] [stdout] 59 |         get(stubr.uri()).expect_header("x-a", "a");
[INFO] [stdout]    |         ^^^ not found in this scope
[INFO] [stdout] 
[INFO] [stdout] 
[INFO] [stdout] error[E0425]: cannot find function `get` in this scope
[INFO] [stdout]   --> tests/reqwest/blocking/header.rs:65:9
[INFO] [stdout]    |
[INFO] [stdout] 65 |         get(stubr.uri())
[INFO] [stdout]    |         ^^^ not found in this scope
[INFO] [stdout] 
[INFO] [stdout] 
[INFO] [stdout] error[E0425]: cannot find function `get` in this scope
[INFO] [stdout]   --> tests/reqwest/blocking/header.rs:74:9
[INFO] [stdout]    |
[INFO] [stdout] 74 |         get(stubr.uri()).expect_header("x-b", "a");
[INFO] [stdout]    |         ^^^ not found in this scope
[INFO] [stdout] 
[INFO] [stdout] 
[INFO] [stdout] error[E0425]: cannot find function `get` in this scope
[INFO] [stdout]   --> tests/reqwest/blocking/header.rs:81:9
[INFO] [stdout]    |
[INFO] [stdout] 81 |         get(stubr.uri()).expect_header("x-a", "b");
[INFO] [stdout]    |         ^^^ not found in this scope
[INFO] [stdout] 
[INFO] [stdout] 
[INFO] [stdout] error[E0425]: cannot find function `get` in this scope
[INFO] [stdout]   --> tests/reqwest/blocking/header.rs:88:9
[INFO] [stdout]    |
[INFO] [stdout] 88 |         get(stubr.uri()).expect_header("x-m", "a");
[INFO] [stdout]    |         ^^^ not found in this scope
[INFO] [stdout] 
[INFO] [stdout] 
[INFO] [stdout] error[E0425]: cannot find function `get` in this scope
[INFO] [stdout]   --> tests/reqwest/blocking/header.rs:98:9
[INFO] [stdout]    |
[INFO] [stdout] 98 |         get(stubr.uri()).unwrap().expect_headers("x-m", ["a", "b"]);
[INFO] [stdout]    |         ^^^ not found in this scope
[INFO] [stdout] 
[INFO] [stdout] 
[INFO] [stdout] error[E0425]: cannot find function `get` in this scope
[INFO] [stdout]    --> tests/reqwest/blocking/header.rs:105:9
[INFO] [stdout]     |
[INFO] [stdout] 105 |         get(stubr.uri()).unwrap().expect_headers("x-b", ["a", "b"]);
[INFO] [stdout]     |         ^^^ not found in this scope
[INFO] [stdout] 
[INFO] [stdout] 
[INFO] [stdout] error[E0425]: cannot find function `get` in this scope
[INFO] [stdout]    --> tests/reqwest/blocking/header.rs:112:9
[INFO] [stdout]     |
[INFO] [stdout] 112 |         get(stubr.uri()).unwrap().expect_headers("x-m", ["a"]);
[INFO] [stdout]     |         ^^^ not found in this scope
[INFO] [stdout] 
[INFO] [stdout] 
[INFO] [stdout] error[E0425]: cannot find function `get` in this scope
[INFO] [stdout]    --> tests/reqwest/blocking/header.rs:119:9
[INFO] [stdout]     |
[INFO] [stdout] 119 |         get(stubr.uri()).unwrap().expect_headers("x-m", ["a", "c"]);
[INFO] [stdout]     |         ^^^ not found in this scope
[INFO] [stdout] 
[INFO] [stdout] 
[INFO] [stdout] error[E0425]: cannot find function `get` in this scope
[INFO] [stdout]    --> tests/reqwest/blocking/header.rs:126:9
[INFO] [stdout]     |
[INFO] [stdout] 126 |         get(stubr.uri()).unwrap().expect_headers("x-m", ["a", "b", "c"]);
[INFO] [stdout]     |         ^^^ not found in this scope
[INFO] [stdout] 
[INFO] [stdout] 
[INFO] [stdout] error[E0425]: cannot find function `get` in this scope
[INFO] [stdout]    --> tests/reqwest/blocking/header.rs:133:9
[INFO] [stdout]     |
[INFO] [stdout] 133 |         get(stubr.uri()).unwrap().expect_headers("x-m", []);
[INFO] [stdout]     |         ^^^ not found in this scope
[INFO] [stdout] 
[INFO] [stdout] 
[INFO] [stdout] error[E0425]: cannot find function `get` in this scope
[INFO] [stdout]    --> tests/reqwest/blocking/header.rs:139:9
[INFO] [stdout]     |
[INFO] [stdout] 139 |         get(stubr.uri()).expect_headers("x-m", ["a", "b"]);
[INFO] [stdout]     |         ^^^ not found in this scope
[INFO] [stdout] 
[INFO] [stdout] 
[INFO] [stdout] error[E0425]: cannot find function `get` in this scope
[INFO] [stdout]    --> tests/reqwest/blocking/header.rs:149:9
[INFO] [stdout]     |
[INFO] [stdout] 149 |         get(stubr.uri()).unwrap().expect_header_present("x-a");
[INFO] [stdout]     |         ^^^ not found in this scope
[INFO] [stdout] 
[INFO] [stdout] 
[INFO] [stdout] error[E0425]: cannot find function `get` in this scope
[INFO] [stdout]    --> tests/reqwest/blocking/header.rs:155:9
[INFO] [stdout]     |
[INFO] [stdout] 155 |         get(stubr.uri()).unwrap().expect_header_present("X-A");
[INFO] [stdout]     |         ^^^ not found in this scope
[INFO] [stdout] 
[INFO] [stdout] 
[INFO] [stdout] error[E0425]: cannot find function `get` in this scope
[INFO] [stdout]    --> tests/reqwest/blocking/header.rs:162:9
[INFO] [stdout]     |
[INFO] [stdout] 162 |         get(stubr.uri()).unwrap().expect_header_present("x-b");
[INFO] [stdout]     |         ^^^ not found in this scope
[INFO] [stdout] 
[INFO] [stdout] 
[INFO] [stdout] error[E0425]: cannot find function `get` in this scope
[INFO] [stdout]    --> tests/reqwest/blocking/header.rs:168:9
[INFO] [stdout]     |
[INFO] [stdout] 168 |         get(stubr.uri()).expect_header_present("x-a");
[INFO] [stdout]     |         ^^^ not found in this scope
[INFO] [stdout] 
[INFO] [stdout] 
[INFO] [stdout] error[E0425]: cannot find function `get` in this scope
[INFO] [stdout]    --> tests/reqwest/blocking/header.rs:174:9
[INFO] [stdout]     |
[INFO] [stdout] 174 |         get(stubr.uri()).expect_header_present("X-A");
[INFO] [stdout]     |         ^^^ not found in this scope
[INFO] [stdout] 
[INFO] [stdout] 
[INFO] [stdout] error[E0425]: cannot find function `get` in this scope
[INFO] [stdout]    --> tests/reqwest/blocking/header.rs:181:9
[INFO] [stdout]     |
[INFO] [stdout] 181 |         get(stubr.uri()).expect_header_present("x-b");
[INFO] [stdout]     |         ^^^ not found in this scope
[INFO] [stdout] 
[INFO] [stdout] 
[INFO] [stdout] error[E0425]: cannot find function `get` in this scope
[INFO] [stdout]    --> tests/reqwest/blocking/header.rs:191:9
[INFO] [stdout]     |
[INFO] [stdout] 191 |         get(stubr.uri()).unwrap().expect_header_absent("x-b");
[INFO] [stdout]     |         ^^^ not found in this scope
[INFO] [stdout] 
[INFO] [stdout] 
[INFO] [stdout] error[E0425]: cannot find function `get` in this scope
[INFO] [stdout]    --> tests/reqwest/blocking/header.rs:198:9
[INFO] [stdout]     |
[INFO] [stdout] 198 |         get(stubr.uri()).unwrap().expect_header_absent("x-a");
[INFO] [stdout]     |         ^^^ not found in this scope
[INFO] [stdout] 
[INFO] [stdout] 
[INFO] [stdout] error[E0425]: cannot find function `get` in this scope
[INFO] [stdout]    --> tests/reqwest/blocking/header.rs:205:9
[INFO] [stdout]     |
[INFO] [stdout] 205 |         get(stubr.uri()).unwrap().expect_header_absent("X-A");
[INFO] [stdout]     |         ^^^ not found in this scope
[INFO] [stdout] 
[INFO] [stdout] 
[INFO] [stdout] error[E0425]: cannot find function `get` in this scope
[INFO] [stdout]    --> tests/reqwest/blocking/header.rs:211:9
[INFO] [stdout]     |
[INFO] [stdout] 211 |         get(stubr.uri()).expect_header_absent("x-b");
[INFO] [stdout]     |         ^^^ not found in this scope
[INFO] [stdout] 
[INFO] [stdout] 
[INFO] [stdout] error[E0425]: cannot find function `get` in this scope
[INFO] [stdout]    --> tests/reqwest/blocking/header.rs:218:9
[INFO] [stdout]     |
[INFO] [stdout] 218 |         get(stubr.uri()).expect_header_absent("x-a");
[INFO] [stdout]     |         ^^^ not found in this scope
[INFO] [stdout] 
[INFO] [stdout] 
[INFO] [stdout] error[E0425]: cannot find function `get` in this scope
[INFO] [stdout]    --> tests/reqwest/blocking/header.rs:225:9
[INFO] [stdout]     |
[INFO] [stdout] 225 |         get(stubr.uri()).expect_header_absent("X-A");
[INFO] [stdout]     |         ^^^ not found in this scope
[INFO] [stdout] 
[INFO] [stdout] 
[INFO] [stdout] error[E0425]: cannot find function `get` in this scope
[INFO] [stdout]    --> tests/reqwest/blocking/header.rs:235:9
[INFO] [stdout]     |
[INFO] [stdout] 235 |         get(stubr.uri()).unwrap().expect_content_type_json();
[INFO] [stdout]     |         ^^^ not found in this scope
[INFO] [stdout] 
[INFO] [stdout] 
[INFO] [stdout] error[E0425]: cannot find function `get` in this scope
[INFO] [stdout]    --> tests/reqwest/blocking/header.rs:242:9
[INFO] [stdout]     |
[INFO] [stdout] 242 |         get(stubr.uri()).unwrap().expect_content_type_json();
[INFO] [stdout]     |         ^^^ not found in this scope
[INFO] [stdout] 
[INFO] [stdout] 
[INFO] [stdout] error[E0425]: cannot find function `get` in this scope
[INFO] [stdout]    --> tests/reqwest/blocking/header.rs:248:9
[INFO] [stdout]     |
[INFO] [stdout] 248 |         get(stubr.uri()).expect_content_type_json();
[INFO] [stdout]     |         ^^^ not found in this scope
[INFO] [stdout] 
[INFO] [stdout] 
[INFO] [stdout] error[E0425]: cannot find function `get` in this scope
[INFO] [stdout]    --> tests/reqwest/blocking/header.rs:255:9
[INFO] [stdout]     |
[INFO] [stdout] 255 |         get(stubr.uri()).expect_content_type_json();
[INFO] [stdout]     |         ^^^ not found in this scope
[INFO] [stdout] 
[INFO] [stdout] 
[INFO] [stdout] error[E0425]: cannot find function `get` in this scope
[INFO] [stdout]    --> tests/reqwest/blocking/header.rs:265:9
[INFO] [stdout]     |
[INFO] [stdout] 265 |         get(stubr.uri()).unwrap().expect_content_type_text();
[INFO] [stdout]     |         ^^^ not found in this scope
[INFO] [stdout] 
[INFO] [stdout] 
[INFO] [stdout] error[E0425]: cannot find function `get` in this scope
[INFO] [stdout]    --> tests/reqwest/blocking/header.rs:272:9
[INFO] [stdout]     |
[INFO] [stdout] 272 |         get(stubr.uri()).unwrap().expect_content_type_text();
[INFO] [stdout]     |         ^^^ not found in this scope
[INFO] [stdout] 
[INFO] [stdout] 
[INFO] [stdout] error[E0425]: cannot find function `get` in this scope
[INFO] [stdout]    --> tests/reqwest/blocking/header.rs:278:9
[INFO] [stdout]     |
[INFO] [stdout] 278 |         get(stubr.uri()).expect_content_type_text();
[INFO] [stdout]     |         ^^^ not found in this scope
[INFO] [stdout] 
[INFO] [stdout] 
[INFO] [stdout] error[E0425]: cannot find function `get` in this scope
[INFO] [stdout]    --> tests/reqwest/blocking/header.rs:285:9
[INFO] [stdout]     |
[INFO] [stdout] 285 |         get(stubr.uri()).expect_content_type_text();
[INFO] [stdout]     |         ^^^ not found in this scope
[INFO] [stdout] 
[INFO] [stdout] 
[INFO] [stdout] error[E0425]: cannot find function `get` in this scope
[INFO] [stdout]   --> tests/reqwest/blocking/body.rs:14:9
[INFO] [stdout]    |
[INFO] [stdout] 14 |         get(stubr.uri()).unwrap().expect_body_json(|b: Value| assert_eq!(b, json!({"a": "b"})));
[INFO] [stdout]    |         ^^^ not found in this scope
[INFO] [stdout] 
[INFO] [stdout] 
[INFO] [stdout] error[E0425]: cannot find function `get` in this scope
[INFO] [stdout]   --> tests/reqwest/blocking/body.rs:20:9
[INFO] [stdout]    |
[INFO] [stdout] 20 |         get(stubr.uri()).unwrap().expect_body_json(|b: Body| assert_eq!(b, Body { a: String::from("b") }));
[INFO] [stdout]    |         ^^^ not found in this scope
[INFO] [stdout] 
[INFO] [stdout] 
[INFO] [stdout] error[E0425]: cannot find function `get` in this scope
[INFO] [stdout]   --> tests/reqwest/blocking/body.rs:27:9
[INFO] [stdout]    |
[INFO] [stdout] 27 |         get(stubr.uri()).unwrap().expect_body_json(|b: Value| assert_eq!(b, json!({"a": "c"})));
[INFO] [stdout]    |         ^^^ not found in this scope
[INFO] [stdout] 
[INFO] [stdout] 
[INFO] [stdout] error[E0425]: cannot find function `get` in this scope
[INFO] [stdout]   --> tests/reqwest/blocking/body.rs:33:9
[INFO] [stdout]    |
[INFO] [stdout] 33 |         get(stubr.uri()).expect_body_json(|b: Value| assert_eq!(b, json!({"a": "b"})));
[INFO] [stdout]    |         ^^^ not found in this scope
[INFO] [stdout] 
[INFO] [stdout] 
[INFO] [stdout] error[E0425]: cannot find function `get` in this scope
[INFO] [stdout]   --> tests/reqwest/blocking/body.rs:39:9
[INFO] [stdout]    |
[INFO] [stdout] 39 |         get(stubr.uri()).expect_body_json(|b: Body| assert_eq!(b, Body { a: String::from("b") }));
[INFO] [stdout]    |         ^^^ not found in this scope
[INFO] [stdout] 
[INFO] [stdout] 
[INFO] [stdout] error[E0425]: cannot find function `get` in this scope
[INFO] [stdout]   --> tests/reqwest/blocking/body.rs:46:9
[INFO] [stdout]    |
[INFO] [stdout] 46 |         get(stubr.uri()).expect_body_json(|b: Value| assert_eq!(b, json!({"a": "c"})));
[INFO] [stdout]    |         ^^^ not found in this scope
[INFO] [stdout] 
[INFO] [stdout] 
[INFO] [stdout] error[E0425]: cannot find function `get` in this scope
[INFO] [stdout]   --> tests/reqwest/blocking/body.rs:56:9
[INFO] [stdout]    |
[INFO] [stdout] 56 |         get(stubr.uri()).unwrap().expect_body_json_eq(json!({"a": "b"}));
[INFO] [stdout]    |         ^^^ not found in this scope
[INFO] [stdout] 
[INFO] [stdout] 
[INFO] [stdout] error[E0425]: cannot find function `get` in this scope
[INFO] [stdout]   --> tests/reqwest/blocking/body.rs:62:9
[INFO] [stdout]    |
[INFO] [stdout] 62 |         get(stubr.uri()).unwrap().expect_body_json_eq(Body { a: String::from("b") });
[INFO] [stdout]    |         ^^^ not found in this scope
[INFO] [stdout] 
[INFO] [stdout] 
[INFO] [stdout] error[E0425]: cannot find function `get` in this scope
[INFO] [stdout]   --> tests/reqwest/blocking/body.rs:69:9
[INFO] [stdout]    |
[INFO] [stdout] 69 |         get(stubr.uri()).unwrap().expect_body_json_eq(json!({"a": "c"}));
[INFO] [stdout]    |         ^^^ not found in this scope
[INFO] [stdout] 
[INFO] [stdout] 
[INFO] [stdout] error[E0425]: cannot find function `get` in this scope
[INFO] [stdout]   --> tests/reqwest/blocking/body.rs:76:9
[INFO] [stdout]    |
[INFO] [stdout] 76 |         get(stubr.uri()).unwrap().expect_body_json_eq(json!({"a": "b"}));
[INFO] [stdout]    |         ^^^ not found in this scope
[INFO] [stdout] 
[INFO] [stdout] 
[INFO] [stdout] error[E0425]: cannot find function `get` in this scope
[INFO] [stdout]   --> tests/reqwest/blocking/body.rs:82:9
[INFO] [stdout]    |
[INFO] [stdout] 82 |         get(stubr.uri()).expect_body_json_eq(json!({"a": "b"}));
[INFO] [stdout]    |         ^^^ not found in this scope
[INFO] [stdout] 
[INFO] [stdout] 
[INFO] [stdout] error[E0425]: cannot find function `get` in this scope
[INFO] [stdout]   --> tests/reqwest/blocking/body.rs:88:9
[INFO] [stdout]    |
[INFO] [stdout] 88 |         get(stubr.uri()).expect_body_json_eq(Body { a: String::from("b") });
[INFO] [stdout]    |         ^^^ not found in this scope
[INFO] [stdout] 
[INFO] [stdout] 
[INFO] [stdout] error[E0425]: cannot find function `get` in this scope
[INFO] [stdout]   --> tests/reqwest/blocking/body.rs:95:9
[INFO] [stdout]    |
[INFO] [stdout] 95 |         get(stubr.uri()).expect_body_json_eq(json!({"a": "c"}));
[INFO] [stdout]    |         ^^^ not found in this scope
[INFO] [stdout] 
[INFO] [stdout] 
[INFO] [stdout] error[E0425]: cannot find function `get` in this scope
[INFO] [stdout]    --> tests/reqwest/blocking/body.rs:102:9
[INFO] [stdout]     |
[INFO] [stdout] 102 |         get(stubr.uri()).expect_body_json_eq(json!({"a": "b"}));
[INFO] [stdout]     |         ^^^ not found in this scope
[INFO] [stdout] 
[INFO] [stdout] 
[INFO] [stdout] error[E0425]: cannot find function `get` in this scope
[INFO] [stdout]    --> tests/reqwest/blocking/body.rs:112:9
[INFO] [stdout]     |
[INFO] [stdout] 112 |         get(stubr.uri()).unwrap().expect_body_text(|b| assert_eq!(b, String::from("abcd")));
[INFO] [stdout]     |         ^^^ not found in this scope
[INFO] [stdout] 
[INFO] [stdout] 
[INFO] [stdout] error[E0425]: cannot find function `get` in this scope
[INFO] [stdout]    --> tests/reqwest/blocking/body.rs:119:9
[INFO] [stdout]     |
[INFO] [stdout] 119 |         get(stubr.uri()).unwrap().expect_body_text(|b| assert_eq!(b, String::from("dcba")));
[INFO] [stdout]     |         ^^^ not found in this scope
[INFO] [stdout] 
[INFO] [stdout] 
[INFO] [stdout] error[E0425]: cannot find function `get` in this scope
[INFO] [stdout]    --> tests/reqwest/blocking/body.rs:125:9
[INFO] [stdout]     |
[INFO] [stdout] 125 |         get(stubr.uri()).expect_body_text(|b| assert_eq!(b, String::from("abcd")));
[INFO] [stdout]     |         ^^^ not found in this scope
[INFO] [stdout] 
[INFO] [stdout] 
[INFO] [stdout] error[E0425]: cannot find function `get` in this scope
[INFO] [stdout]    --> tests/reqwest/blocking/body.rs:132:9
[INFO] [stdout]     |
[INFO] [stdout] 132 |         get(stubr.uri()).expect_body_text(|b| assert_eq!(b, String::from("dcba")));
[INFO] [stdout]     |         ^^^ not found in this scope
[INFO] [stdout] 
[INFO] [stdout] 
[INFO] [stdout] error[E0425]: cannot find function `get` in this scope
[INFO] [stdout]    --> tests/reqwest/blocking/body.rs:142:9
[INFO] [stdout]     |
[INFO] [stdout] 142 |         get(stubr.uri()).unwrap().expect_body_text_eq("abcd");
[INFO] [stdout]     |         ^^^ not found in this scope
[INFO] [stdout] 
[INFO] [stdout] 
[INFO] [stdout] error[E0425]: cannot find function `get` in this scope
[INFO] [stdout]    --> tests/reqwest/blocking/body.rs:149:9
[INFO] [stdout]     |
[INFO] [stdout] 149 |         get(stubr.uri()).unwrap().expect_body_text_eq("dcab");
[INFO] [stdout]     |         ^^^ not found in this scope
[INFO] [stdout] 
[INFO] [stdout] 
[INFO] [stdout] error[E0425]: cannot find function `get` in this scope
[INFO] [stdout]    --> tests/reqwest/blocking/body.rs:156:9
[INFO] [stdout]     |
[INFO] [stdout] 156 |         get(stubr.uri()).unwrap().expect_body_text_eq("abcd");
[INFO] [stdout]     |         ^^^ not found in this scope
[INFO] [stdout] 
[INFO] [stdout] 
[INFO] [stdout] error[E0425]: cannot find function `get` in this scope
[INFO] [stdout]    --> tests/reqwest/blocking/body.rs:162:9
[INFO] [stdout]     |
[INFO] [stdout] 162 |         get(stubr.uri()).expect_body_text_eq("abcd");
[INFO] [stdout]     |         ^^^ not found in this scope
[INFO] [stdout] 
[INFO] [stdout] 
[INFO] [stdout] error[E0425]: cannot find function `get` in this scope
[INFO] [stdout]    --> tests/reqwest/blocking/body.rs:169:9
[INFO] [stdout]     |
[INFO] [stdout] 169 |         get(stubr.uri()).expect_body_text_eq("dcab");
[INFO] [stdout]     |         ^^^ not found in this scope
[INFO] [stdout] 
[INFO] [stdout] 
[INFO] [stdout] error[E0425]: cannot find function `get` in this scope
[INFO] [stdout]    --> tests/reqwest/blocking/body.rs:176:9
[INFO] [stdout]     |
[INFO] [stdout] 176 |         get(stubr.uri()).expect_body_text_eq("abcd");
[INFO] [stdout]     |         ^^^ not found in this scope
[INFO] [stdout] 
[INFO] [stdout] 
[INFO] [stdout] error[E0425]: cannot find function `get` in this scope
[INFO] [stdout]    --> tests/reqwest/blocking/body.rs:186:9
[INFO] [stdout]     |
[INFO] [stdout] 186 |         get(stubr.uri()).unwrap().expect_body_text_matches("[a-d]+");
[INFO] [stdout]     |         ^^^ not found in this scope
[INFO] [stdout] 
[INFO] [stdout] 
[INFO] [stdout] error[E0425]: cannot find function `get` in this scope
[INFO] [stdout]    --> tests/reqwest/blocking/body.rs:193:9
[INFO] [stdout]     |
[INFO] [stdout] 193 |         get(stubr.uri()).unwrap().expect_body_text_matches("[e-h]+");
[INFO] [stdout]     |         ^^^ not found in this scope
[INFO] [stdout] 
[INFO] [stdout] 
[INFO] [stdout] error[E0425]: cannot find function `get` in this scope
[INFO] [stdout]    --> tests/reqwest/blocking/body.rs:200:9
[INFO] [stdout]     |
[INFO] [stdout] 200 |         get(stubr.uri()).unwrap().expect_body_text_matches("[a-d]+");
[INFO] [stdout]     |         ^^^ not found in this scope
[INFO] [stdout] 
[INFO] [stdout] 
[INFO] [stdout] error[E0425]: cannot find function `get` in this scope
[INFO] [stdout]    --> tests/reqwest/blocking/body.rs:206:9
[INFO] [stdout]     |
[INFO] [stdout] 206 |         get(stubr.uri()).expect_body_text_matches("[a-d]+");
[INFO] [stdout]     |         ^^^ not found in this scope
[INFO] [stdout] 
[INFO] [stdout] 
[INFO] [stdout] error[E0425]: cannot find function `get` in this scope
[INFO] [stdout]    --> tests/reqwest/blocking/body.rs:213:9
[INFO] [stdout]     |
[INFO] [stdout] 213 |         get(stubr.uri()).expect_body_text_matches("[e-h]+");
[INFO] [stdout]     |         ^^^ not found in this scope
[INFO] [stdout] 
[INFO] [stdout] 
[INFO] [stdout] error[E0425]: cannot find function `get` in this scope
[INFO] [stdout]    --> tests/reqwest/blocking/body.rs:220:9
[INFO] [stdout]     |
[INFO] [stdout] 220 |         get(stubr.uri()).expect_body_text_matches("[a-d]+");
[INFO] [stdout]     |         ^^^ not found in this scope
[INFO] [stdout] 
[INFO] [stdout] 
[INFO] [stdout] error[E0425]: cannot find function `get` in this scope
[INFO] [stdout]    --> tests/reqwest/blocking/body.rs:230:9
[INFO] [stdout]     |
[INFO] [stdout] 230 |         get(stubr.uri()).unwrap().expect_body_bytes(|b| assert_eq!(b, b"abcd"));
[INFO] [stdout]     |         ^^^ not found in this scope
[INFO] [stdout] 
[INFO] [stdout] 
[INFO] [stdout] error[E0425]: cannot find function `get` in this scope
[INFO] [stdout]    --> tests/reqwest/blocking/body.rs:237:9
[INFO] [stdout]     |
[INFO] [stdout] 237 |         get(stubr.uri()).unwrap().expect_body_bytes(|b| assert_eq!(b, b"dcba"));
[INFO] [stdout]     |         ^^^ not found in this scope
[INFO] [stdout] 
[INFO] [stdout] 
[INFO] [stdout] error[E0425]: cannot find function `get` in this scope
[INFO] [stdout]    --> tests/reqwest/blocking/body.rs:243:9
[INFO] [stdout]     |
[INFO] [stdout] 243 |         get(stubr.uri()).expect_body_bytes(|b| assert_eq!(b, b"abcd"));
[INFO] [stdout]     |         ^^^ not found in this scope
[INFO] [stdout] 
[INFO] [stdout] 
[INFO] [stdout] error[E0425]: cannot find function `get` in this scope
[INFO] [stdout]    --> tests/reqwest/blocking/body.rs:250:9
[INFO] [stdout]     |
[INFO] [stdout] 250 |         get(stubr.uri()).expect_body_bytes(|b| assert_eq!(b, b"dcba"));
[INFO] [stdout]     |         ^^^ not found in this scope
[INFO] [stdout] 
[INFO] [stdout] 
[INFO] [stdout] error[E0425]: cannot find function `get` in this scope
[INFO] [stdout]    --> tests/reqwest/blocking/body.rs:260:9
[INFO] [stdout]     |
[INFO] [stdout] 260 |         get(stubr.uri()).unwrap().expect_body_bytes_eq(b"abcd");
[INFO] [stdout]     |         ^^^ not found in this scope
[INFO] [stdout] 
[INFO] [stdout] 
[INFO] [stdout] error[E0425]: cannot find function `get` in this scope
[INFO] [stdout]    --> tests/reqwest/blocking/body.rs:267:9
[INFO] [stdout]     |
[INFO] [stdout] 267 |         get(stubr.uri()).unwrap().expect_body_bytes_eq(b"dcba");
[INFO] [stdout]     |         ^^^ not found in this scope
[INFO] [stdout] 
[INFO] [stdout] 
[INFO] [stdout] error[E0425]: cannot find function `get` in this scope
[INFO] [stdout]    --> tests/reqwest/blocking/body.rs:274:9
[INFO] [stdout]     |
[INFO] [stdout] 274 |         get(stubr.uri()).unwrap().expect_body_bytes_eq(b"abcd");
[INFO] [stdout]     |         ^^^ not found in this scope
[INFO] [stdout] 
[INFO] [stdout] 
[INFO] [stdout] error[E0425]: cannot find function `get` in this scope
[INFO] [stdout]    --> tests/reqwest/blocking/body.rs:280:9
[INFO] [stdout]     |
[INFO] [stdout] 280 |         get(stubr.uri()).expect_body_bytes_eq(b"abcd");
[INFO] [stdout]     |         ^^^ not found in this scope
[INFO] [stdout] 
[INFO] [stdout] 
[INFO] [stdout] error[E0425]: cannot find function `get` in this scope
[INFO] [stdout]    --> tests/reqwest/blocking/body.rs:287:9
[INFO] [stdout]     |
[INFO] [stdout] 287 |         get(stubr.uri()).expect_body_bytes_eq(b"dcba");
[INFO] [stdout]     |         ^^^ not found in this scope
[INFO] [stdout] 
[INFO] [stdout] 
[INFO] [stdout] error[E0425]: cannot find function `get` in this scope
[INFO] [stdout]    --> tests/reqwest/blocking/body.rs:294:9
[INFO] [stdout]     |
[INFO] [stdout] 294 |         get(stubr.uri()).expect_body_bytes_eq(b"abcd");
[INFO] [stdout]     |         ^^^ not found in this scope
[INFO] [stdout] 
[INFO] [stdout] 
[INFO] [stdout] error[E0425]: cannot find function `get` in this scope
[INFO] [stdout]    --> tests/reqwest/blocking/body.rs:304:9
[INFO] [stdout]     |
[INFO] [stdout] 304 |         get(stubr.uri()).unwrap().expect_body_present();
[INFO] [stdout]     |         ^^^ not found in this scope
[INFO] [stdout] 
[INFO] [stdout] 
[INFO] [stdout] error[E0425]: cannot find function `get` in this scope
[INFO] [stdout]    --> tests/reqwest/blocking/body.rs:311:9
[INFO] [stdout]     |
[INFO] [stdout] 311 |         get(stubr.uri()).unwrap().expect_body_present();
[INFO] [stdout]     |         ^^^ not found in this scope
[INFO] [stdout] 
[INFO] [stdout] 
[INFO] [stdout] error[E0425]: cannot find function `get` in this scope
[INFO] [stdout]    --> tests/reqwest/blocking/body.rs:317:9
[INFO] [stdout]     |
[INFO] [stdout] 317 |         get(stubr.uri()).expect_body_present();
[INFO] [stdout]     |         ^^^ not found in this scope
[INFO] [stdout] 
[INFO] [stdout] 
[INFO] [stdout] error[E0425]: cannot find function `get` in this scope
[INFO] [stdout]    --> tests/reqwest/blocking/body.rs:324:9
[INFO] [stdout]     |
[INFO] [stdout] 324 |         get(stubr.uri()).expect_body_present();
[INFO] [stdout]     |         ^^^ not found in this scope
[INFO] [stdout] 
[INFO] [stdout] 
[INFO] [stdout] error[E0425]: cannot find function `get` in this scope
[INFO] [stdout]    --> tests/reqwest/blocking/body.rs:334:9
[INFO] [stdout]     |
[INFO] [stdout] 334 |         get(stubr.uri()).unwrap().expect_body_absent();
[INFO] [stdout]     |         ^^^ not found in this scope
[INFO] [stdout] 
[INFO] [stdout] 
[INFO] [stdout] error[E0425]: cannot find function `get` in this scope
[INFO] [stdout]    --> tests/reqwest/blocking/body.rs:341:9
[INFO] [stdout]     |
[INFO] [stdout] 341 |         get(stubr.uri()).unwrap().expect_body_absent();
[INFO] [stdout]     |         ^^^ not found in this scope
[INFO] [stdout] 
[INFO] [stdout] 
[INFO] [stdout] error[E0425]: cannot find function `get` in this scope
[INFO] [stdout]    --> tests/reqwest/blocking/body.rs:347:9
[INFO] [stdout]     |
[INFO] [stdout] 347 |         get(stubr.uri()).expect_body_absent();
[INFO] [stdout]     |         ^^^ not found in this scope
[INFO] [stdout] 
[INFO] [stdout] 
[INFO] [stdout] error[E0425]: cannot find function `get` in this scope
[INFO] [stdout]    --> tests/reqwest/blocking/body.rs:354:9
[INFO] [stdout]     |
[INFO] [stdout] 354 |         get(stubr.uri()).expect_body_absent();
[INFO] [stdout]     |         ^^^ not found in this scope
[INFO] [stdout] 
[INFO] [stdout] 
[INFO] [stdout] warning: unused import: `asserhttp`
[INFO] [stdout]  --> tests/surf/smoke.rs:3:5
[INFO] [stdout]   |
[INFO] [stdout] 3 | use asserhttp::*;
[INFO] [stdout]   |     ^^^^^^^^^
[INFO] [stdout]   |
[INFO] [stdout]   = note: `#[warn(unused_imports)]` on by default
[INFO] [stdout] 
[INFO] [stdout] 
[INFO] [stdout] warning: unused import: `asserhttp`
[INFO] [stdout]  --> tests/surf/status.rs:3:5
[INFO] [stdout]   |
[INFO] [stdout] 3 | use asserhttp::*;
[INFO] [stdout]   |     ^^^^^^^^^
[INFO] [stdout] 
[INFO] [stdout] 
[INFO] [stdout] warning: unused import: `asserhttp`
[INFO] [stdout]  --> tests/surf/header.rs:3:5
[INFO] [stdout]   |
[INFO] [stdout] 3 | use asserhttp::*;
[INFO] [stdout]   |     ^^^^^^^^^
[INFO] [stdout] 
[INFO] [stdout] 
[INFO] [stdout] warning: unused import: `asserhttp`
[INFO] [stdout]  --> tests/surf/body.rs:4:5
[INFO] [stdout]   |
[INFO] [stdout] 4 | use asserhttp::*;
[INFO] [stdout]   |     ^^^^^^^^^
[INFO] [stdout] 
[INFO] [stdout] 
[INFO] [stdout] warning: unused import: `asserhttp`
[INFO] [stdout]  --> tests/reqwest/asynk/smoke.rs:3:5
[INFO] [stdout]   |
[INFO] [stdout] 3 | use asserhttp::*;
[INFO] [stdout]   |     ^^^^^^^^^
[INFO] [stdout] 
[INFO] [stdout] 
[INFO] [stdout] warning: unused import: `asserhttp`
[INFO] [stdout]  --> tests/reqwest/asynk/status.rs:3:5
[INFO] [stdout]   |
[INFO] [stdout] 3 | use asserhttp::*;
[INFO] [stdout]   |     ^^^^^^^^^
[INFO] [stdout] 
[INFO] [stdout] 
[INFO] [stdout] warning: unused import: `asserhttp`
[INFO] [stdout]  --> tests/reqwest/asynk/header.rs:3:5
[INFO] [stdout]   |
[INFO] [stdout] 3 | use asserhttp::*;
[INFO] [stdout]   |     ^^^^^^^^^
[INFO] [stdout] 
[INFO] [stdout] 
[INFO] [stdout] warning: unused import: `asserhttp`
[INFO] [stdout]  --> tests/reqwest/asynk/body.rs:4:5
[INFO] [stdout]   |
[INFO] [stdout] 4 | use asserhttp::*;
[INFO] [stdout]   |     ^^^^^^^^^
[INFO] [stdout] 
[INFO] [stdout] 
[INFO] [stdout] warning: unused import: `asserhttp`
[INFO] [stdout]  --> tests/reqwest/blocking/smoke.rs:3:5
[INFO] [stdout]   |
[INFO] [stdout] 3 | use asserhttp::*;
[INFO] [stdout]   |     ^^^^^^^^^
[INFO] [stdout] 
[INFO] [stdout] 
[INFO] [stdout] warning: unused import: `asserhttp`
[INFO] [stdout]  --> tests/reqwest/blocking/status.rs:3:5
[INFO] [stdout]   |
[INFO] [stdout] 3 | use asserhttp::*;
[INFO] [stdout]   |     ^^^^^^^^^
[INFO] [stdout] 
[INFO] [stdout] 
[INFO] [stdout] warning: unused import: `super`
[INFO] [stdout]  --> tests/reqwest/blocking/status.rs:6:9
[INFO] [stdout]   |
[INFO] [stdout] 6 |     use super::*;
[INFO] [stdout]   |         ^^^^^
[INFO] [stdout] 
[INFO] [stdout] 
[INFO] [stdout] warning: unused import: `super`
[INFO] [stdout]   --> tests/reqwest/blocking/status.rs:36:9
[INFO] [stdout]    |
[INFO] [stdout] 36 |     use super::*;
[INFO] [stdout]    |         ^^^^^
[INFO] [stdout] 
[INFO] [stdout] 
[INFO] [stdout] warning: unused import: `super`
[INFO] [stdout]   --> tests/reqwest/blocking/status.rs:66:9
[INFO] [stdout]    |
[INFO] [stdout] 66 |     use super::*;
[INFO] [stdout]    |         ^^^^^
[INFO] [stdout] 
[INFO] [stdout] 
[INFO] [stdout] warning: unused import: `super`
[INFO] [stdout]   --> tests/reqwest/blocking/status.rs:96:9
[INFO] [stdout]    |
[INFO] [stdout] 96 |     use super::*;
[INFO] [stdout]    |         ^^^^^
[INFO] [stdout] 
[INFO] [stdout] 
[INFO] [stdout] warning: unused import: `super`
[INFO] [stdout]    --> tests/reqwest/blocking/status.rs:126:9
[INFO] [stdout]     |
[INFO] [stdout] 126 |     use super::*;
[INFO] [stdout]     |         ^^^^^
[INFO] [stdout] 
[INFO] [stdout] 
[INFO] [stdout] warning: unused import: `super`
[INFO] [stdout]    --> tests/reqwest/blocking/status.rs:156:9
[INFO] [stdout]     |
[INFO] [stdout] 156 |     use super::*;
[INFO] [stdout]     |         ^^^^^
[INFO] [stdout] 
[INFO] [stdout] 
[INFO] [stdout] warning: unused import: `super`
[INFO] [stdout]    --> tests/reqwest/blocking/status.rs:186:9
[INFO] [stdout]     |
[INFO] [stdout] 186 |     use super::*;
[INFO] [stdout]     |         ^^^^^
[INFO] [stdout] 
[INFO] [stdout] 
[INFO] [stdout] warning: unused import: `super`
[INFO] [stdout]    --> tests/reqwest/blocking/status.rs:216:9
[INFO] [stdout]     |
[INFO] [stdout] 216 |     use super::*;
[INFO] [stdout]     |         ^^^^^
[INFO] [stdout] 
[INFO] [stdout] 
[INFO] [stdout] warning: unused import: `super`
[INFO] [stdout]    --> tests/reqwest/blocking/status.rs:246:9
[INFO] [stdout]     |
[INFO] [stdout] 246 |     use super::*;
[INFO] [stdout]     |         ^^^^^
[INFO] [stdout] 
[INFO] [stdout] 
[INFO] [stdout] warning: unused import: `super`
[INFO] [stdout]    --> tests/reqwest/blocking/status.rs:276:9
[INFO] [stdout]     |
[INFO] [stdout] 276 |     use super::*;
[INFO] [stdout]     |         ^^^^^
[INFO] [stdout] 
[INFO] [stdout] 
[INFO] [stdout] warning: unused import: `super`
[INFO] [stdout]    --> tests/reqwest/blocking/status.rs:306:9
[INFO] [stdout]     |
[INFO] [stdout] 306 |     use super::*;
[INFO] [stdout]     |         ^^^^^
[INFO] [stdout] 
[INFO] [stdout] 
[INFO] [stdout] warning: unused import: `super`
[INFO] [stdout]    --> tests/reqwest/blocking/status.rs:336:9
[INFO] [stdout]     |
[INFO] [stdout] 336 |     use super::*;
[INFO] [stdout]     |         ^^^^^
[INFO] [stdout] 
[INFO] [stdout] 
[INFO] [stdout] warning: unused import: `super`
[INFO] [stdout]    --> tests/reqwest/blocking/status.rs:366:9
[INFO] [stdout]     |
[INFO] [stdout] 366 |     use super::*;
[INFO] [stdout]     |         ^^^^^
[INFO] [stdout] 
[INFO] [stdout] 
[INFO] [stdout] warning: unused import: `super`
[INFO] [stdout]    --> tests/reqwest/blocking/status.rs:396:9
[INFO] [stdout]     |
[INFO] [stdout] 396 |     use super::*;
[INFO] [stdout]     |         ^^^^^
[INFO] [stdout] 
[INFO] [stdout] 
[INFO] [stdout] warning: unused import: `super`
[INFO] [stdout]    --> tests/reqwest/blocking/status.rs:452:9
[INFO] [stdout]     |
[INFO] [stdout] 452 |     use super::*;
[INFO] [stdout]     |         ^^^^^
[INFO] [stdout] 
[INFO] [stdout] 
[INFO] [stdout] warning: unused import: `super`
[INFO] [stdout]    --> tests/reqwest/blocking/status.rs:482:9
[INFO] [stdout]     |
[INFO] [stdout] 482 |     use super::*;
[INFO] [stdout]     |         ^^^^^
[INFO] [stdout] 
[INFO] [stdout] 
[INFO] [stdout] warning: unused import: `super`
[INFO] [stdout]    --> tests/reqwest/blocking/status.rs:512:9
[INFO] [stdout]     |
[INFO] [stdout] 512 |     use super::*;
[INFO] [stdout]     |         ^^^^^
[INFO] [stdout] 
[INFO] [stdout] 
[INFO] [stdout] warning: unused import: `super`
[INFO] [stdout]    --> tests/reqwest/blocking/status.rs:542:9
[INFO] [stdout]     |
[INFO] [stdout] 542 |     use super::*;
[INFO] [stdout]     |         ^^^^^
[INFO] [stdout] 
[INFO] [stdout] 
[INFO] [stdout] warning: unused import: `asserhttp`
[INFO] [stdout]  --> tests/reqwest/blocking/header.rs:3:5
[INFO] [stdout]   |
[INFO] [stdout] 3 | use asserhttp::*;
[INFO] [stdout]   |     ^^^^^^^^^
[INFO] [stdout] 
[INFO] [stdout] 
[INFO] [stdout] warning: unused import: `super`
[INFO] [stdout]  --> tests/reqwest/blocking/header.rs:6:9
[INFO] [stdout]   |
[INFO] [stdout] 6 |     use super::*;
[INFO] [stdout]   |         ^^^^^
[INFO] [stdout] 
[INFO] [stdout] 
[INFO] [stdout] warning: unused import: `super`
[INFO] [stdout]   --> tests/reqwest/blocking/header.rs:93:9
[INFO] [stdout]    |
[INFO] [stdout] 93 |     use super::*;
[INFO] [stdout]    |         ^^^^^
[INFO] [stdout] 
[INFO] [stdout] 
[INFO] [stdout] warning: unused import: `super`
[INFO] [stdout]    --> tests/reqwest/blocking/header.rs:144:9
[INFO] [stdout]     |
[INFO] [stdout] 144 |     use super::*;
[INFO] [stdout]     |         ^^^^^
[INFO] [stdout] 
[INFO] [stdout] 
[INFO] [stdout] warning: unused import: `super`
[INFO] [stdout]    --> tests/reqwest/blocking/header.rs:186:9
[INFO] [stdout]     |
[INFO] [stdout] 186 |     use super::*;
[INFO] [stdout]     |         ^^^^^
[INFO] [stdout] 
[INFO] [stdout] 
[INFO] [stdout] warning: unused import: `super`
[INFO] [stdout]    --> tests/reqwest/blocking/header.rs:230:9
[INFO] [stdout]     |
[INFO] [stdout] 230 |     use super::*;
[INFO] [stdout]     |         ^^^^^
[INFO] [stdout] 
[INFO] [stdout] 
[INFO] [stdout] warning: unused import: `super`
[INFO] [stdout]    --> tests/reqwest/blocking/header.rs:260:9
[INFO] [stdout]     |
[INFO] [stdout] 260 |     use super::*;
[INFO] [stdout]     |         ^^^^^
[INFO] [stdout] 
[INFO] [stdout] 
[INFO] [stdout] warning: unused import: `asserhttp`
[INFO] [stdout]  --> tests/reqwest/blocking/body.rs:4:5
[INFO] [stdout]   |
[INFO] [stdout] 4 | use asserhttp::*;
[INFO] [stdout]   |     ^^^^^^^^^
[INFO] [stdout] 
[INFO] [stdout] 
[INFO] [stdout] warning: unused import: `super`
[INFO] [stdout]    --> tests/reqwest/blocking/body.rs:107:9
[INFO] [stdout]     |
[INFO] [stdout] 107 |     use super::*;
[INFO] [stdout]     |         ^^^^^
[INFO] [stdout] 
[INFO] [stdout] 
[INFO] [stdout] warning: unused import: `super`
[INFO] [stdout]    --> tests/reqwest/blocking/body.rs:137:9
[INFO] [stdout]     |
[INFO] [stdout] 137 |     use super::*;
[INFO] [stdout]     |         ^^^^^
[INFO] [stdout] 
[INFO] [stdout] 
[INFO] [stdout] warning: unused import: `super`
[INFO] [stdout]    --> tests/reqwest/blocking/body.rs:181:9
[INFO] [stdout]     |
[INFO] [stdout] 181 |     use super::*;
[INFO] [stdout]     |         ^^^^^
[INFO] [stdout] 
[INFO] [stdout] 
[INFO] [stdout] warning: unused import: `super`
[INFO] [stdout]    --> tests/reqwest/blocking/body.rs:225:9
[INFO] [stdout]     |
[INFO] [stdout] 225 |     use super::*;
[INFO] [stdout]     |         ^^^^^
[INFO] [stdout] 
[INFO] [stdout] 
[INFO] [stdout] warning: unused import: `super`
[INFO] [stdout]    --> tests/reqwest/blocking/body.rs:255:9
[INFO] [stdout]     |
[INFO] [stdout] 255 |     use super::*;
[INFO] [stdout]     |         ^^^^^
[INFO] [stdout] 
[INFO] [stdout] 
[INFO] [stdout] warning: unused import: `super`
[INFO] [stdout]    --> tests/reqwest/blocking/body.rs:299:9
[INFO] [stdout]     |
[INFO] [stdout] 299 |     use super::*;
[INFO] [stdout]     |         ^^^^^
[INFO] [stdout] 
[INFO] [stdout] 
[INFO] [stdout] warning: unused import: `super`
[INFO] [stdout]    --> tests/reqwest/blocking/body.rs:329:9
[INFO] [stdout]     |
[INFO] [stdout] 329 |     use super::*;
[INFO] [stdout]     |         ^^^^^
[INFO] [stdout] 
[INFO] [stdout] 
[INFO] [stdout] warning: unused import: `asserhttp`
[INFO] [stdout]  --> tests/isahc/asynk/smoke.rs:3:5
[INFO] [stdout]   |
[INFO] [stdout] 3 | use asserhttp::*;
[INFO] [stdout]   |     ^^^^^^^^^
[INFO] [stdout] 
[INFO] [stdout] 
[INFO] [stdout] warning: unused import: `asserhttp`
[INFO] [stdout]  --> tests/isahc/asynk/status.rs:3:5
[INFO] [stdout]   |
[INFO] [stdout] 3 | use asserhttp::*;
[INFO] [stdout]   |     ^^^^^^^^^
[INFO] [stdout] 
[INFO] [stdout] 
[INFO] [stdout] warning: unused import: `asserhttp`
[INFO] [stdout]  --> tests/isahc/asynk/header.rs:3:5
[INFO] [stdout]   |
[INFO] [stdout] 3 | use asserhttp::*;
[INFO] [stdout]   |     ^^^^^^^^^
[INFO] [stdout] 
[INFO] [stdout] 
[INFO] [stdout] warning: unused import: `asserhttp`
[INFO] [stdout]  --> tests/isahc/asynk/body.rs:4:5
[INFO] [stdout]   |
[INFO] [stdout] 4 | use asserhttp::*;
[INFO] [stdout]   |     ^^^^^^^^^
[INFO] [stdout] 
[INFO] [stdout] 
[INFO] [stdout] warning: unused import: `asserhttp`
[INFO] [stdout]  --> tests/isahc/blocking/smoke.rs:3:5
[INFO] [stdout]   |
[INFO] [stdout] 3 | use asserhttp::*;
[INFO] [stdout]   |     ^^^^^^^^^
[INFO] [stdout] 
[INFO] [stdout] 
[INFO] [stdout] warning: unused import: `asserhttp`
[INFO] [stdout]  --> tests/isahc/blocking/status.rs:3:5
[INFO] [stdout]   |
[INFO] [stdout] 3 | use asserhttp::*;
[INFO] [stdout]   |     ^^^^^^^^^
[INFO] [stdout] 
[INFO] [stdout] 
[INFO] [stdout] warning: unused import: `asserhttp`
[INFO] [stdout]  --> tests/isahc/blocking/header.rs:3:5
[INFO] [stdout]   |
[INFO] [stdout] 3 | use asserhttp::*;
[INFO] [stdout]   |     ^^^^^^^^^
[INFO] [stdout] 
[INFO] [stdout] 
[INFO] [stdout] warning: unused import: `asserhttp`
[INFO] [stdout]  --> tests/isahc/blocking/body.rs:4:5
[INFO] [stdout]   |
[INFO] [stdout] 4 | use asserhttp::*;
[INFO] [stdout]   |     ^^^^^^^^^
[INFO] [stdout] 
[INFO] [stdout] 
[INFO] [stdout] warning: unused import: `asserhttp`
[INFO] [stdout]  --> tests/hyper/smoke.rs:3:5
[INFO] [stdout]   |
[INFO] [stdout] 3 | use asserhttp::*;
[INFO] [stdout]   |     ^^^^^^^^^
[INFO] [stdout] 
[INFO] [stdout] 
[INFO] [stdout] warning: unused import: `asserhttp`
[INFO] [stdout]  --> tests/hyper/status.rs:3:5
[INFO] [stdout]   |
[INFO] [stdout] 3 | use asserhttp::*;
[INFO] [stdout]   |     ^^^^^^^^^
[INFO] [stdout] 
[INFO] [stdout] 
[INFO] [stdout] warning: unused import: `asserhttp`
[INFO] [stdout]  --> tests/hyper/header.rs:3:5
[INFO] [stdout]   |
[INFO] [stdout] 3 | use asserhttp::*;
[INFO] [stdout]   |     ^^^^^^^^^
[INFO] [stdout] 
[INFO] [stdout] 
[INFO] [stdout] warning: unused import: `asserhttp`
[INFO] [stdout]  --> tests/hyper/body.rs:4:5
[INFO] [stdout]   |
[INFO] [stdout] 4 | use asserhttp::*;
[INFO] [stdout]   |     ^^^^^^^^^
[INFO] [stdout] 
[INFO] [stdout] 
[INFO] [stdout] warning: unused import: `asserhttp`
[INFO] [stdout]  --> tests/awc/smoke.rs:4:5
[INFO] [stdout]   |
[INFO] [stdout] 4 | use asserhttp::*;
[INFO] [stdout]   |     ^^^^^^^^^
[INFO] [stdout] 
[INFO] [stdout] 
[INFO] [stdout] warning: unused import: `asserhttp`
[INFO] [stdout]  --> tests/awc/status.rs:3:5
[INFO] [stdout]   |
[INFO] [stdout] 3 | use asserhttp::*;
[INFO] [stdout]   |     ^^^^^^^^^
[INFO] [stdout] 
[INFO] [stdout] 
[INFO] [stdout] warning: unused import: `asserhttp`
[INFO] [stdout]  --> tests/awc/header.rs:3:5
[INFO] [stdout]   |
[INFO] [stdout] 3 | use asserhttp::*;
[INFO] [stdout]   |     ^^^^^^^^^
[INFO] [stdout] 
[INFO] [stdout] 
[INFO] [stdout] warning: unused import: `asserhttp`
[INFO] [stdout]  --> tests/awc/body.rs:4:5
[INFO] [stdout]   |
[INFO] [stdout] 4 | use asserhttp::*;
[INFO] [stdout]   |     ^^^^^^^^^
[INFO] [stdout] 
[INFO] [stdout] 
[INFO] [stdout] error: aborting due to 197 previous errors; 59 warnings emitted
[INFO] [stdout] 
[INFO] [stdout] 
[INFO] [stdout] Some errors have detailed explanations: E0425, E0432, E0433.
[INFO] [stdout] 
[INFO] [stdout] For more information about an error, try `rustc --explain E0425`.
[INFO] [stdout] 
[INFO] [stderr] error: could not compile `asserhttp`
[INFO] [stderr] 
[INFO] [stderr] To learn more, run the command again with --verbose.
[INFO] running `Command { std: "docker" "inspect" "6721eaeb43e35b39c7184b6df6bdec4b99b9004c0357e278e3b72dba3be9a65f", kill_on_drop: false }`
[INFO] running `Command { std: "docker" "rm" "-f" "6721eaeb43e35b39c7184b6df6bdec4b99b9004c0357e278e3b72dba3be9a65f", kill_on_drop: false }`
[INFO] [stdout] 6721eaeb43e35b39c7184b6df6bdec4b99b9004c0357e278e3b72dba3be9a65f
