[INFO] fetching crate arcon_compiler 0.1.1...
[INFO] testing arcon_compiler-0.1.1 against 1.54.0 for beta-1.55-1
[INFO] extracting crate arcon_compiler 0.1.1 into /workspace/builds/worker-67/source
[INFO] validating manifest of crates.io crate arcon_compiler 0.1.1 on toolchain 1.54.0
[INFO] running `Command { std: "/workspace/cargo-home/bin/cargo" "+1.54.0" "metadata" "--manifest-path" "Cargo.toml" "--no-deps", kill_on_drop: false }`
[INFO] started tweaking crates.io crate arcon_compiler 0.1.1
[INFO] finished tweaking crates.io crate arcon_compiler 0.1.1
[INFO] tweaked toml for crates.io crate arcon_compiler 0.1.1 written to /workspace/builds/worker-67/source/Cargo.toml
[INFO] crate crates.io crate arcon_compiler 0.1.1 already has a lockfile, it will not be regenerated
[INFO] running `Command { std: "/workspace/cargo-home/bin/cargo" "+1.54.0" "fetch" "--manifest-path" "Cargo.toml", kill_on_drop: false }`
[INFO] [stderr]     Blocking waiting for file lock on package cache
[INFO] [stderr]     Blocking waiting for file lock on package cache
[INFO] running `Command { std: "docker" "create" "-v" "/var/lib/crater-agent-workspace/builds/worker-67/target:/opt/rustwide/target:rw,Z" "-v" "/var/lib/crater-agent-workspace/builds/worker-67/source:/opt/rustwide/workdir:ro,Z" "-v" "/var/lib/crater-agent-workspace/cargo-home:/opt/rustwide/cargo-home:ro,Z" "-v" "/var/lib/crater-agent-workspace/rustup-home:/opt/rustwide/rustup-home:ro,Z" "-e" "SOURCE_DIR=/opt/rustwide/workdir" "-e" "CARGO_TARGET_DIR=/opt/rustwide/target" "-e" "CARGO_HOME=/opt/rustwide/cargo-home" "-e" "RUSTUP_HOME=/opt/rustwide/rustup-home" "-w" "/opt/rustwide/workdir" "-m" "1610612736" "--user" "0:0" "--network" "none" "ghcr.io/rust-lang/crates-build-env/linux@sha256:34b6a614d2c27851fe6cbf88fbd1137609cefab8b10d0615aaeb6fd47975d74e" "/opt/rustwide/cargo-home/bin/cargo" "+1.54.0" "metadata" "--no-deps" "--format-version=1", kill_on_drop: false }`
[INFO] [stdout] 398f9f49a7cdc1002f94850004cde153412dada1d5efa57d5cb3f3ccc85b3516
[INFO] running `Command { std: "docker" "start" "-a" "398f9f49a7cdc1002f94850004cde153412dada1d5efa57d5cb3f3ccc85b3516", kill_on_drop: false }`
[INFO] running `Command { std: "docker" "inspect" "398f9f49a7cdc1002f94850004cde153412dada1d5efa57d5cb3f3ccc85b3516", kill_on_drop: false }`
[INFO] running `Command { std: "docker" "rm" "-f" "398f9f49a7cdc1002f94850004cde153412dada1d5efa57d5cb3f3ccc85b3516", kill_on_drop: false }`
[INFO] [stdout] 398f9f49a7cdc1002f94850004cde153412dada1d5efa57d5cb3f3ccc85b3516
[INFO] running `Command { std: "docker" "create" "-v" "/var/lib/crater-agent-workspace/builds/worker-67/target:/opt/rustwide/target:rw,Z" "-v" "/var/lib/crater-agent-workspace/builds/worker-67/source:/opt/rustwide/workdir:ro,Z" "-v" "/var/lib/crater-agent-workspace/cargo-home:/opt/rustwide/cargo-home:ro,Z" "-v" "/var/lib/crater-agent-workspace/rustup-home:/opt/rustwide/rustup-home:ro,Z" "-e" "SOURCE_DIR=/opt/rustwide/workdir" "-e" "CARGO_TARGET_DIR=/opt/rustwide/target" "-e" "CARGO_INCREMENTAL=0" "-e" "RUST_BACKTRACE=full" "-e" "RUSTFLAGS=--cap-lints=warn" "-e" "CARGO_HOME=/opt/rustwide/cargo-home" "-e" "RUSTUP_HOME=/opt/rustwide/rustup-home" "-w" "/opt/rustwide/workdir" "-m" "1610612736" "--user" "0:0" "--network" "none" "ghcr.io/rust-lang/crates-build-env/linux@sha256:34b6a614d2c27851fe6cbf88fbd1137609cefab8b10d0615aaeb6fd47975d74e" "/opt/rustwide/cargo-home/bin/cargo" "+1.54.0" "build" "--frozen" "--message-format=json", kill_on_drop: false }`
[INFO] [stdout] 368b7cc175998424bbd81d1cd9696d5967fdb63b47b2b10214e550603774d601
[INFO] running `Command { std: "docker" "start" "-a" "368b7cc175998424bbd81d1cd9696d5967fdb63b47b2b10214e550603774d601", kill_on_drop: false }`
[INFO] [stderr]    Compiling libc v0.2.62
[INFO] [stderr]    Compiling cfg-if v0.1.9
[INFO] [stderr]    Compiling autocfg v0.1.6
[INFO] [stderr]    Compiling lazy_static v1.3.0
[INFO] [stderr]    Compiling proc-macro2 v1.0.1
[INFO] [stderr]    Compiling log v0.4.8
[INFO] [stderr]    Compiling unicode-xid v0.2.0
[INFO] [stderr]    Compiling proc-macro2 v0.4.30
[INFO] [stderr]    Compiling syn v1.0.3
[INFO] [stderr]    Compiling unicode-xid v0.1.0
[INFO] [stderr]    Compiling syn v0.15.44
[INFO] [stderr]    Compiling rand_core v0.4.2
[INFO] [stderr]    Compiling serde v1.0.99
[INFO] [stderr]    Compiling cc v1.0.40
[INFO] [stderr]    Compiling scopeguard v0.3.3
[INFO] [stderr]    Compiling arrayvec v0.4.11
[INFO] [stderr]    Compiling nodrop v0.1.13
[INFO] [stderr]    Compiling memoffset v0.2.1
[INFO] [stderr]    Compiling smallvec v0.6.10
[INFO] [stderr]    Compiling stable_deref_trait v1.1.1
[INFO] [stderr]    Compiling byteorder v1.3.2
[INFO] [stderr]    Compiling getrandom v0.1.10
[INFO] [stderr]    Compiling memchr v2.2.1
[INFO] [stderr]    Compiling rustc-rayon-core v0.2.0
[INFO] [stderr]    Compiling either v1.5.2
[INFO] [stderr]    Compiling rustc-demangle v0.1.16
[INFO] [stderr]    Compiling unicode-width v0.1.6
[INFO] [stderr]    Compiling rustc-rayon v0.2.0
[INFO] [stderr]    Compiling protobuf v2.8.0
[INFO] [stderr]    Compiling failure_derive v0.1.5
[INFO] [stderr]    Compiling indexmap v1.1.0
[INFO] [stderr]    Compiling ppv-lite86 v0.2.5
[INFO] [stderr]    Compiling bitflags v1.1.0
[INFO] [stderr]    Compiling rustc-ap-graphviz v546.0.0
[INFO] [stderr]    Compiling regex-syntax v0.6.11
[INFO] [stderr]    Compiling termcolor v1.0.5
[INFO] [stderr]    Compiling unicode-xid v0.0.4
[INFO] [stderr]    Compiling ryu v1.0.0
[INFO] [stderr]    Compiling remove_dir_all v0.5.2
[INFO] [stderr]    Compiling quick-error v1.2.2
[INFO] [stderr]    Compiling pkg-config v0.3.15
[INFO] [stderr]    Compiling rustc-ap-rustc_target v546.0.0
[INFO] [stderr]    Compiling vec_map v0.8.1
[INFO] [stderr]    Compiling unicode-segmentation v1.3.0
[INFO] [stderr]    Compiling quote v0.3.15
[INFO] [stderr]    Compiling itoa v0.4.4
[INFO] [stderr]    Compiling rustc-ap-syntax v546.0.0
[INFO] [stderr]    Compiling same-file v1.0.5
[INFO] [stderr]    Compiling fnv v1.0.6
[INFO] [stderr]    Compiling serde v0.9.15
[INFO] [stderr]    Compiling rustfmt-nightly v1.4.5
[INFO] [stderr]    Compiling dtoa v0.4.4
[INFO] [stderr]    Compiling rustc-ap-rustc_lexer v546.0.0
[INFO] [stderr]    Compiling itoa v0.3.4
[INFO] [stderr]    Compiling unicode_categories v0.1.1
[INFO] [stderr]    Compiling rustc-workspace-hack v1.0.0
[INFO] [stderr]    Compiling futures v0.1.28
[INFO] [stderr]    Compiling diff v0.1.11
[INFO] [stderr]    Compiling bytecount v0.5.1
[INFO] [stderr]    Compiling smallvec v0.4.5
[INFO] [stderr]    Compiling boxfnonce v0.1.1
[INFO] [stderr]    Compiling path-clean v0.1.0
[INFO] [stderr]    Compiling annotate-snippets v0.6.1
[INFO] [stderr]    Compiling thread_local v0.3.6
[INFO] [stdout] error[E0554]: `#![feature]` may not be used on the stable release channel
[INFO] [stdout]    --> /opt/rustwide/cargo-home/registry/src/github.com-1ecc6299db9ec823/rustc-ap-graphviz-546.0.0/lib.rs:277:1
[INFO] [stdout]     |
[INFO] [stdout] 277 | #![feature(rustc_private, nll)]
[INFO] [stdout]     | ^^^^^^^^^^^^^^^^^^^^^^^^^^^^^^^
[INFO] [stdout] 
[INFO] [stdout] 
[INFO] [stderr] error: could not compile `rustc-ap-graphviz`
[INFO] [stdout] error: aborting due to previous error
[INFO] [stdout] 
[INFO] [stdout] 
[INFO] [stderr] 
[INFO] [stdout] For more information about this error, try `rustc --explain E0554`.
[INFO] [stdout] 
[INFO] [stderr] To learn more, run the command again with --verbose.
[INFO] [stderr] warning: build failed, waiting for other jobs to finish...
[INFO] [stdout] error[E0554]: `#![feature]` may not be used on the stable release channel
[INFO] [stdout]   --> /opt/rustwide/cargo-home/registry/src/github.com-1ecc6299db9ec823/smallvec-0.6.10/lib.rs:33:32
[INFO] [stdout]    |
[INFO] [stdout] 33 | #![cfg_attr(feature = "union", feature(untagged_unions))]
[INFO] [stdout]    |                                ^^^^^^^^^^^^^^^^^^^^^^^^
[INFO] [stdout] 
[INFO] [stdout] 
[INFO] [stdout] error[E0554]: `#![feature]` may not be used on the stable release channel
[INFO] [stdout]   --> /opt/rustwide/cargo-home/registry/src/github.com-1ecc6299db9ec823/smallvec-0.6.10/lib.rs:35:37
[INFO] [stdout]    |
[INFO] [stdout] 35 | #![cfg_attr(feature = "may_dangle", feature(dropck_eyepatch))]
[INFO] [stdout]    |                                     ^^^^^^^^^^^^^^^^^^^^^^^^
[INFO] [stdout] 
[INFO] [stdout] 
[INFO] [stdout] error[E0433]: failed to resolve: could not find `property` in `unicode`
[INFO] [stdout]    --> /opt/rustwide/cargo-home/registry/src/github.com-1ecc6299db9ec823/rustc-ap-rustc_lexer-546.0.0/src/lib.rs:672:24
[INFO] [stdout]     |
[INFO] [stdout] 672 |         core::unicode::property::Pattern_White_Space(c)
[INFO] [stdout]     |                        ^^^^^^^^ could not find `property` in `unicode`
[INFO] [stdout] 
[INFO] [stdout] 
[INFO] [stdout] error[E0554]: `#![feature]` may not be used on the stable release channel
[INFO] [stdout]  --> /opt/rustwide/cargo-home/registry/src/github.com-1ecc6299db9ec823/rustc-ap-rustc_lexer-546.0.0/src/lib.rs:3:43
[INFO] [stdout]   |
[INFO] [stdout] 3 | #![cfg_attr(not(feature = "unicode-xid"), feature(unicode_internals))]
[INFO] [stdout]   |                                           ^^^^^^^^^^^^^^^^^^^^^^^^^^
[INFO] [stdout] 
[INFO] [stdout] 
[INFO] [stdout] error: aborting due to 2 previous errors
[INFO] [stdout] 
[INFO] [stdout] 
[INFO] [stdout] For more information about this error, try `rustc --explain E0554`.
[INFO] [stdout] 
[INFO] [stdout] error[E0599]: no method named `is_xid_start` found for type `char` in the current scope
[INFO] [stdout]    --> /opt/rustwide/cargo-home/registry/src/github.com-1ecc6299db9ec823/rustc-ap-rustc_lexer-546.0.0/src/lib.rs:689:33
[INFO] [stdout]     |
[INFO] [stdout] 689 |             || (c > '\x7f' && c.is_xid_start())
[INFO] [stdout]     |                                 ^^^^^^^^^^^^ method not found in `char`
[INFO] [stdout] 
[INFO] [stdout] 
[INFO] [stdout] error[E0599]: no method named `is_xid_continue` found for type `char` in the current scope
[INFO] [stdout]    --> /opt/rustwide/cargo-home/registry/src/github.com-1ecc6299db9ec823/rustc-ap-rustc_lexer-546.0.0/src/lib.rs:708:33
[INFO] [stdout]     |
[INFO] [stdout] 708 |             || (c > '\x7f' && c.is_xid_continue())
[INFO] [stdout]     |                                 ^^^^^^^^^^^^^^^ method not found in `char`
[INFO] [stdout] 
[INFO] [stdout] 
[INFO] [stdout] error: aborting due to 4 previous errors
[INFO] [stdout] 
[INFO] [stdout] 
[INFO] [stdout] Some errors have detailed explanations: E0433, E0554, E0599.
[INFO] [stdout] 
[INFO] [stdout] For more information about an error, try `rustc --explain E0433`.
[INFO] [stdout] 
[INFO] [stderr] error: build failed
[INFO] running `Command { std: "docker" "inspect" "368b7cc175998424bbd81d1cd9696d5967fdb63b47b2b10214e550603774d601", kill_on_drop: false }`
[INFO] running `Command { std: "docker" "rm" "-f" "368b7cc175998424bbd81d1cd9696d5967fdb63b47b2b10214e550603774d601", kill_on_drop: false }`
[INFO] [stdout] 368b7cc175998424bbd81d1cd9696d5967fdb63b47b2b10214e550603774d601
