[INFO] fetching crate arcon_codegen 0.1.4...
[INFO] testing arcon_codegen-0.1.4 against beta-2021-08-01 for beta-1.55-1
[INFO] extracting crate arcon_codegen 0.1.4 into /workspace/builds/worker-31/source
[INFO] validating manifest of crates.io crate arcon_codegen 0.1.4 on toolchain beta-2021-08-01
[INFO] running `Command { std: "/workspace/cargo-home/bin/cargo" "+beta-2021-08-01" "metadata" "--manifest-path" "Cargo.toml" "--no-deps", kill_on_drop: false }`
[INFO] started tweaking crates.io crate arcon_codegen 0.1.4
[INFO] finished tweaking crates.io crate arcon_codegen 0.1.4
[INFO] tweaked toml for crates.io crate arcon_codegen 0.1.4 written to /workspace/builds/worker-31/source/Cargo.toml
[INFO] running `Command { std: "/workspace/cargo-home/bin/cargo" "+beta-2021-08-01" "generate-lockfile" "--manifest-path" "Cargo.toml" "-Zno-index-update", kill_on_drop: false }`
[INFO] running `Command { std: "/workspace/cargo-home/bin/cargo" "+beta-2021-08-01" "fetch" "--manifest-path" "Cargo.toml", kill_on_drop: false }`
[INFO] [stderr]     Blocking waiting for file lock on package cache
[INFO] [stderr]     Blocking waiting for file lock on package cache
[INFO] [stderr]  Downloading crates ...
[INFO] [stderr]   Downloaded crossbeam v0.3.2
[INFO] [stderr]   Downloaded llvm-sys v60.6.0
[INFO] [stderr]   Downloaded synchronoise v0.4.0
[INFO] [stderr]   Downloaded arcon_backend v0.1.1
[INFO] [stderr]   Downloaded executors v0.4.4
[INFO] [stderr]   Downloaded keyby v0.2.0
[INFO] [stderr]   Downloaded arcon_messages v0.1.2
[INFO] [stderr]   Downloaded arcon_extra v0.1.1
[INFO] [stderr]   Downloaded arcon_macros v0.1.3
[INFO] [stderr]   Downloaded kompact-actor-derive v0.7.0
[INFO] [stderr]   Downloaded kompact-component-derive v0.7.0
[INFO] [stderr]   Downloaded arcon v0.1.3
[INFO] [stderr]   Downloaded kompact v0.7.0
[INFO] [stderr]   Downloaded weld v0.3.1
[INFO] [stderr]   Downloaded arcon_spec v0.1.3
[INFO] running `Command { std: "docker" "create" "-v" "/var/lib/crater-agent-workspace/builds/worker-31/target:/opt/rustwide/target:rw,Z" "-v" "/var/lib/crater-agent-workspace/builds/worker-31/source:/opt/rustwide/workdir:ro,Z" "-v" "/var/lib/crater-agent-workspace/cargo-home:/opt/rustwide/cargo-home:ro,Z" "-v" "/var/lib/crater-agent-workspace/rustup-home:/opt/rustwide/rustup-home:ro,Z" "-e" "SOURCE_DIR=/opt/rustwide/workdir" "-e" "CARGO_TARGET_DIR=/opt/rustwide/target" "-e" "CARGO_HOME=/opt/rustwide/cargo-home" "-e" "RUSTUP_HOME=/opt/rustwide/rustup-home" "-w" "/opt/rustwide/workdir" "-m" "1610612736" "--user" "0:0" "--network" "none" "ghcr.io/rust-lang/crates-build-env/linux@sha256:34b6a614d2c27851fe6cbf88fbd1137609cefab8b10d0615aaeb6fd47975d74e" "/opt/rustwide/cargo-home/bin/cargo" "+beta-2021-08-01" "metadata" "--no-deps" "--format-version=1", kill_on_drop: false }`
[INFO] [stdout] 8c03a8a36fb30b45f12f7a852695926f9f3242180f2bb89a963af385d20d08df
[INFO] running `Command { std: "docker" "start" "-a" "8c03a8a36fb30b45f12f7a852695926f9f3242180f2bb89a963af385d20d08df", kill_on_drop: false }`
[INFO] running `Command { std: "docker" "inspect" "8c03a8a36fb30b45f12f7a852695926f9f3242180f2bb89a963af385d20d08df", kill_on_drop: false }`
[INFO] running `Command { std: "docker" "rm" "-f" "8c03a8a36fb30b45f12f7a852695926f9f3242180f2bb89a963af385d20d08df", kill_on_drop: false }`
[INFO] [stdout] 8c03a8a36fb30b45f12f7a852695926f9f3242180f2bb89a963af385d20d08df
[INFO] running `Command { std: "docker" "create" "-v" "/var/lib/crater-agent-workspace/builds/worker-31/target:/opt/rustwide/target:rw,Z" "-v" "/var/lib/crater-agent-workspace/builds/worker-31/source:/opt/rustwide/workdir:ro,Z" "-v" "/var/lib/crater-agent-workspace/cargo-home:/opt/rustwide/cargo-home:ro,Z" "-v" "/var/lib/crater-agent-workspace/rustup-home:/opt/rustwide/rustup-home:ro,Z" "-e" "SOURCE_DIR=/opt/rustwide/workdir" "-e" "CARGO_TARGET_DIR=/opt/rustwide/target" "-e" "CARGO_INCREMENTAL=0" "-e" "RUST_BACKTRACE=full" "-e" "RUSTFLAGS=--cap-lints=warn" "-e" "CARGO_HOME=/opt/rustwide/cargo-home" "-e" "RUSTUP_HOME=/opt/rustwide/rustup-home" "-w" "/opt/rustwide/workdir" "-m" "1610612736" "--user" "0:0" "--network" "none" "ghcr.io/rust-lang/crates-build-env/linux@sha256:34b6a614d2c27851fe6cbf88fbd1137609cefab8b10d0615aaeb6fd47975d74e" "/opt/rustwide/cargo-home/bin/cargo" "+beta-2021-08-01" "build" "--frozen" "--message-format=json", kill_on_drop: false }`
[INFO] [stdout] 275213ef2f9a976963189ebcbc4cc6b486f1162933b257297a9824f98c5ad6d9
[INFO] running `Command { std: "docker" "start" "-a" "275213ef2f9a976963189ebcbc4cc6b486f1162933b257297a9824f98c5ad6d9", kill_on_drop: false }`
[INFO] [stderr]     Blocking waiting for file lock on package cache
[INFO] [stderr]    Compiling semver-parser v0.7.0
[INFO] [stderr]    Compiling log v0.4.14
[INFO] [stderr]    Compiling smallvec v1.6.1
[INFO] [stderr]    Compiling rustc-rayon-core v0.3.1
[INFO] [stderr]    Compiling byte-tools v0.3.1
[INFO] [stderr]    Compiling rustc-hash v1.1.0
[INFO] [stderr]    Compiling arrayvec v0.5.2
[INFO] [stderr]    Compiling remove_dir_all v0.5.3
[INFO] [stderr]    Compiling opaque-debug v0.2.3
[INFO] [stderr]    Compiling stable_deref_trait v1.2.0
[INFO] [stderr]    Compiling rustc-ap-rustc_graphviz v677.0.0
[INFO] [stderr]    Compiling fake-simd v0.1.2
[INFO] [stderr]    Compiling termcolor v1.1.2
[INFO] [stderr]    Compiling annotate-snippets v0.8.0
[INFO] [stderr]    Compiling rustc-ap-rustc_fs_util v677.0.0
[INFO] [stderr]    Compiling unicode-xid v0.0.4
[INFO] [stderr]    Compiling quote v0.3.15
[INFO] [stderr]    Compiling gimli v0.25.0
[INFO] [stderr]    Compiling failure_derive v0.1.8
[INFO] [stderr]    Compiling rustc-demangle v0.1.20
[INFO] [stderr]    Compiling anyhow v1.0.42
[INFO] [stderr]    Compiling serde v0.9.15
[INFO] [stderr]    Compiling rustfmt-nightly v1.4.21
[INFO] [stderr]    Compiling itoa v0.3.4
[INFO] [stderr]    Compiling dtoa v0.4.8
[INFO] [stderr]    Compiling unicode_categories v0.1.1
[INFO] [stderr]    Compiling rustc-workspace-hack v1.0.0
[INFO] [stderr]    Compiling bytecount v0.6.2
[INFO] [stderr]    Compiling diff v0.1.12
[INFO] [stderr]    Compiling crossbeam-utils v0.7.2
[INFO] [stderr]    Compiling memoffset v0.5.6
[INFO] [stderr]    Compiling crossbeam-epoch v0.8.2
[INFO] [stderr]    Compiling lock_api v0.3.4
[INFO] [stderr]    Compiling psm v0.1.14
[INFO] [stderr]    Compiling stacker v0.1.14
[INFO] [stderr]    Compiling rustc-ap-rustc_lexer v677.0.0
[INFO] [stderr]    Compiling proc-macro-error-attr v1.0.4
[INFO] [stderr]    Compiling getopts v0.2.21
[INFO] [stderr]    Compiling proc-macro-error v1.0.4
[INFO] [stderr]    Compiling backtrace v0.3.61
[INFO] [stderr]    Compiling itertools v0.8.2
[INFO] [stderr]    Compiling humantime v1.3.0
[INFO] [stderr]    Compiling annotate-snippets v0.6.1
[INFO] [stderr]    Compiling getrandom v0.2.3
[INFO] [stderr]    Compiling smallvec v0.6.14
[INFO] [stderr]    Compiling generic-array v0.12.4
[INFO] [stderr]    Compiling memmap v0.7.0
[INFO] [stderr]    Compiling jobserver v0.1.23
[INFO] [stderr]    Compiling termize v0.1.1
[INFO] [stderr]    Compiling dirs-sys v0.3.6
[INFO] [stderr]    Compiling object v0.26.0
[INFO] [stderr]    Compiling bstr v0.2.16
[INFO] [stderr]    Compiling synstructure v0.12.5
[INFO] [stderr]    Compiling num-traits v0.1.43
[INFO] [stderr]    Compiling derive-new v0.5.9
[INFO] [stderr]    Compiling rustfmt-config_proc_macro v0.2.0
[INFO] [stderr]    Compiling serde v1.0.127
[INFO] [stdout] error[E0557]: feature has been removed
[INFO] [stdout]   --> /opt/rustwide/cargo-home/registry/src/github.com-1ecc6299db9ec823/lock_api-0.3.4/src/lib.rs:91:42
[INFO] [stdout]    |
[INFO] [stdout] 91 | #![cfg_attr(feature = "nightly", feature(const_fn))]
[INFO] [stdout]    |                                          ^^^^^^^^ feature has been removed
[INFO] [stdout]    |
[INFO] [stdout]    = note: split into finer-grained feature gates
[INFO] [stdout] 
[INFO] [stdout] 
[INFO] [stdout] error[E0554]: `#![feature]` may not be used on the beta release channel
[INFO] [stdout]   --> /opt/rustwide/cargo-home/registry/src/github.com-1ecc6299db9ec823/lock_api-0.3.4/src/lib.rs:91:34
[INFO] [stdout]    |
[INFO] [stdout] 91 | #![cfg_attr(feature = "nightly", feature(const_fn))]
[INFO] [stdout]    |                                  ^^^^^^^^^^^^^^^^^
[INFO] [stdout] 
[INFO] [stdout] 
[INFO] [stdout] error: aborting due to 2 previous errors
[INFO] [stdout] 
[INFO] [stdout] 
[INFO] [stdout] Some errors have detailed explanations: E0554, E0557.
[INFO] [stdout] 
[INFO] [stderr] error: could not compile `lock_api` due to 3 previous errors
[INFO] [stdout] For more information about an error, try `rustc --explain E0554`.
[INFO] [stdout] 
[INFO] [stderr] warning: build failed, waiting for other jobs to finish...
[INFO] [stdout] error[E0554]: `#![feature]` may not be used on the beta release channel
[INFO] [stdout]   --> /opt/rustwide/cargo-home/registry/src/github.com-1ecc6299db9ec823/smallvec-1.6.1/src/lib.rs:76:37
[INFO] [stdout]    |
[INFO] [stdout] 76 | #![cfg_attr(feature = "may_dangle", feature(dropck_eyepatch))]
[INFO] [stdout]    |                                     ^^^^^^^^^^^^^^^^^^^^^^^^
[INFO] [stdout] 
[INFO] [stdout] 
[INFO] [stdout] error[E0554]: `#![feature]` may not be used on the beta release channel
[INFO] [stdout]    --> /opt/rustwide/cargo-home/registry/src/github.com-1ecc6299db9ec823/rustc-ap-rustc_graphviz-677.0.0/src/lib.rs:278:1
[INFO] [stdout]     |
[INFO] [stdout] 278 | #![feature(nll)]
[INFO] [stdout]     | ^^^^^^^^^^^^^^^^
[INFO] [stdout] 
[INFO] [stdout] 
[INFO] [stdout] error: aborting due to previous error
[INFO] [stdout] 
[INFO] [stdout] 
[INFO] [stdout] For more information about this error, try `rustc --explain E0554`.
[INFO] [stdout] 
[INFO] [stdout] error: aborting due to previous error
[INFO] [stdout] 
[INFO] [stdout] 
[INFO] [stdout] For more information about this error, try `rustc --explain E0554`.
[INFO] [stdout] 
[INFO] [stderr] error: build failed
[INFO] running `Command { std: "docker" "inspect" "275213ef2f9a976963189ebcbc4cc6b486f1162933b257297a9824f98c5ad6d9", kill_on_drop: false }`
[INFO] running `Command { std: "docker" "rm" "-f" "275213ef2f9a976963189ebcbc4cc6b486f1162933b257297a9824f98c5ad6d9", kill_on_drop: false }`
[INFO] [stdout] 275213ef2f9a976963189ebcbc4cc6b486f1162933b257297a9824f98c5ad6d9
