[INFO] fetching crate apns 0.1.1...
[INFO] testing apns-0.1.1 against beta-2021-08-01 for beta-1.55-1
[INFO] extracting crate apns 0.1.1 into /workspace/builds/worker-1/source
[INFO] validating manifest of crates.io crate apns 0.1.1 on toolchain beta-2021-08-01
[INFO] running `Command { std: "/workspace/cargo-home/bin/cargo" "+beta-2021-08-01" "metadata" "--manifest-path" "Cargo.toml" "--no-deps", kill_on_drop: false }`
[INFO] started tweaking crates.io crate apns 0.1.1
[INFO] finished tweaking crates.io crate apns 0.1.1
[INFO] tweaked toml for crates.io crate apns 0.1.1 written to /workspace/builds/worker-1/source/Cargo.toml
[INFO] running `Command { std: "/workspace/cargo-home/bin/cargo" "+beta-2021-08-01" "generate-lockfile" "--manifest-path" "Cargo.toml" "-Zno-index-update", kill_on_drop: false }`
[INFO] running `Command { std: "/workspace/cargo-home/bin/cargo" "+beta-2021-08-01" "fetch" "--manifest-path" "Cargo.toml", kill_on_drop: false }`
[INFO] [stderr]     Blocking waiting for file lock on package cache
[INFO] running `Command { std: "docker" "create" "-v" "/var/lib/crater-agent-workspace/builds/worker-1/target:/opt/rustwide/target:rw,Z" "-v" "/var/lib/crater-agent-workspace/builds/worker-1/source:/opt/rustwide/workdir:ro,Z" "-v" "/var/lib/crater-agent-workspace/cargo-home:/opt/rustwide/cargo-home:ro,Z" "-v" "/var/lib/crater-agent-workspace/rustup-home:/opt/rustwide/rustup-home:ro,Z" "-e" "SOURCE_DIR=/opt/rustwide/workdir" "-e" "CARGO_TARGET_DIR=/opt/rustwide/target" "-e" "CARGO_HOME=/opt/rustwide/cargo-home" "-e" "RUSTUP_HOME=/opt/rustwide/rustup-home" "-w" "/opt/rustwide/workdir" "-m" "1610612736" "--user" "0:0" "--network" "none" "ghcr.io/rust-lang/crates-build-env/linux@sha256:34b6a614d2c27851fe6cbf88fbd1137609cefab8b10d0615aaeb6fd47975d74e" "/opt/rustwide/cargo-home/bin/cargo" "+beta-2021-08-01" "metadata" "--no-deps" "--format-version=1", kill_on_drop: false }`
[INFO] [stdout] 74ccf6dd8bf76d860a4064aed6c048c0267704be8e942e0691771fad69a050c4
[INFO] [stderr] WARNING: Your kernel does not support swap limit capabilities or the cgroup is not mounted. Memory limited without swap.
[INFO] running `Command { std: "docker" "start" "-a" "74ccf6dd8bf76d860a4064aed6c048c0267704be8e942e0691771fad69a050c4", kill_on_drop: false }`
[INFO] running `Command { std: "docker" "inspect" "74ccf6dd8bf76d860a4064aed6c048c0267704be8e942e0691771fad69a050c4", kill_on_drop: false }`
[INFO] running `Command { std: "docker" "rm" "-f" "74ccf6dd8bf76d860a4064aed6c048c0267704be8e942e0691771fad69a050c4", kill_on_drop: false }`
[INFO] [stdout] 74ccf6dd8bf76d860a4064aed6c048c0267704be8e942e0691771fad69a050c4
[INFO] running `Command { std: "docker" "create" "-v" "/var/lib/crater-agent-workspace/builds/worker-1/target:/opt/rustwide/target:rw,Z" "-v" "/var/lib/crater-agent-workspace/builds/worker-1/source:/opt/rustwide/workdir:ro,Z" "-v" "/var/lib/crater-agent-workspace/cargo-home:/opt/rustwide/cargo-home:ro,Z" "-v" "/var/lib/crater-agent-workspace/rustup-home:/opt/rustwide/rustup-home:ro,Z" "-e" "SOURCE_DIR=/opt/rustwide/workdir" "-e" "CARGO_TARGET_DIR=/opt/rustwide/target" "-e" "CARGO_INCREMENTAL=0" "-e" "RUST_BACKTRACE=full" "-e" "RUSTFLAGS=--cap-lints=warn" "-e" "CARGO_HOME=/opt/rustwide/cargo-home" "-e" "RUSTUP_HOME=/opt/rustwide/rustup-home" "-w" "/opt/rustwide/workdir" "-m" "1610612736" "--user" "0:0" "--network" "none" "ghcr.io/rust-lang/crates-build-env/linux@sha256:34b6a614d2c27851fe6cbf88fbd1137609cefab8b10d0615aaeb6fd47975d74e" "/opt/rustwide/cargo-home/bin/cargo" "+beta-2021-08-01" "build" "--frozen" "--message-format=json", kill_on_drop: false }`
[INFO] [stderr] WARNING: Your kernel does not support swap limit capabilities or the cgroup is not mounted. Memory limited without swap.
[INFO] [stdout] 413da83bfea0b938e0f0c16354cf65599d89d77ef1c705be48d3cc04dbcf6fff
[INFO] running `Command { std: "docker" "start" "-a" "413da83bfea0b938e0f0c16354cf65599d89d77ef1c705be48d3cc04dbcf6fff", kill_on_drop: false }`
[INFO] [stderr]    Compiling ppv-lite86 v0.2.10
[INFO] [stderr]    Compiling openssl v0.10.35
[INFO] [stderr]    Compiling time v0.3.0
[INFO] [stderr]    Compiling rustc-serialize v0.3.24
[INFO] [stderr]    Compiling byteorder v1.4.3
[INFO] [stderr]    Compiling num-traits v0.2.14
[INFO] [stderr]    Compiling num-integer v0.1.44
[INFO] [stderr]    Compiling num-bigint v0.4.0
[INFO] [stderr]    Compiling num-iter v0.1.42
[INFO] [stderr]    Compiling num-rational v0.4.0
[INFO] [stderr]    Compiling getrandom v0.2.3
[INFO] [stderr]    Compiling rand_core v0.6.3
[INFO] [stderr]    Compiling rand_chacha v0.3.1
[INFO] [stderr]    Compiling rand v0.8.4
[INFO] [stderr]    Compiling num-complex v0.4.0
[INFO] [stderr]    Compiling num v0.4.0
[INFO] [stderr]    Compiling apns v0.1.1 (/opt/rustwide/workdir)
[INFO] [stdout] error[E0432]: unresolved import `openssl::ssl::error::SslError`
[INFO] [stdout]   --> src/apns/mod.rs:10:5
[INFO] [stdout]    |
[INFO] [stdout] 10 | use openssl::ssl::error::SslError;
[INFO] [stdout]    |     ^^^^^^^^^^^^^^^^^^^^^--------
[INFO] [stdout]    |     |                    |
[INFO] [stdout]    |     |                    help: a similar name exists in the module: `StdError`
[INFO] [stdout]    |     no `SslError` in `ssl::error`
[INFO] [stdout] 
[INFO] [stdout] 
[INFO] [stdout] error[E0433]: failed to resolve: could not find `X509FileType` in `x509`
[INFO] [stdout]    --> src/apns/mod.rs:373:80
[INFO] [stdout]     |
[INFO] [stdout] 373 |     if let Err(error) = context.set_certificate_file(cert_file, openssl::x509::X509FileType::PEM) {
[INFO] [stdout]     |                                                                                ^^^^^^^^^^^^ could not find `X509FileType` in `x509`
[INFO] [stdout] 
[INFO] [stdout] 
[INFO] [stdout] error[E0433]: failed to resolve: could not find `X509FileType` in `x509`
[INFO] [stdout]    --> src/apns/mod.rs:376:87
[INFO] [stdout]     |
[INFO] [stdout] 376 |     if let Err(error) = context.set_private_key_file(private_key_file, openssl::x509::X509FileType::PEM) {
[INFO] [stdout]     |                                                                                       ^^^^^^^^^^^^ could not find `X509FileType` in `x509`
[INFO] [stdout] 
[INFO] [stdout] 
[INFO] [stdout] error[E0425]: cannot find function `now` in crate `time`
[INFO] [stdout]    --> src/apns/mod.rs:327:22
[INFO] [stdout]     |
[INFO] [stdout] 327 |     let time = time::now().to_timespec().sec + 86400;    // expired after one day
[INFO] [stdout]     |                      ^^^ not found in `time`
[INFO] [stdout] 
[INFO] [stdout] 
[INFO] [stdout] error[E0603]: module `error` is private
[INFO] [stdout]    --> src/apns/mod.rs:10:19
[INFO] [stdout]     |
[INFO] [stdout] 10  | use openssl::ssl::error::SslError;
[INFO] [stdout]     |                   ^^^^^ private module
[INFO] [stdout]     |
[INFO] [stdout] note: the module `error` is defined here
[INFO] [stdout]    --> /opt/rustwide/cargo-home/registry/src/github.com-1ecc6299db9ec823/openssl-0.10.35/src/ssl/mod.rs:113:1
[INFO] [stdout]     |
[INFO] [stdout] 113 | mod error;
[INFO] [stdout]     | ^^^^^^^^^^
[INFO] [stdout] 
[INFO] [stdout] 
[INFO] [stdout] warning: unused import: `Read`
[INFO] [stdout]   --> src/apns/mod.rs:14:23
[INFO] [stdout]    |
[INFO] [stdout] 14 | use std::io::{Cursor, Read};
[INFO] [stdout]    |                       ^^^^
[INFO] [stdout]    |
[INFO] [stdout]    = note: `#[warn(unused_imports)]` on by default
[INFO] [stdout] 
[INFO] [stdout] 
[INFO] [stdout] warning: use of deprecated macro `try`: use the `?` operator instead
[INFO] [stdout]   --> src/apns/mod.rs:49:6
[INFO] [stdout]    |
[INFO] [stdout] 49 |                     try!(encoder.emit_struct_field( "aps", 0usize, |encoder| aps.encode(encoder)));
[INFO] [stdout]    |                     ^^^
[INFO] [stdout]    |
[INFO] [stdout]    = note: `#[warn(deprecated)]` on by default
[INFO] [stdout] 
[INFO] [stdout] 
[INFO] [stdout] warning: use of deprecated macro `try`: use the `?` operator instead
[INFO] [stdout]   --> src/apns/mod.rs:52:10
[INFO] [stdout]    |
[INFO] [stdout] 52 |                         try!(encoder.emit_struct_field(key, index, |encoder| val.encode(encoder)));
[INFO] [stdout]    |                         ^^^
[INFO] [stdout] 
[INFO] [stdout] 
[INFO] [stdout] warning: use of deprecated macro `try`: use the `?` operator instead
[INFO] [stdout]   --> src/apns/mod.rs:60:6
[INFO] [stdout]    |
[INFO] [stdout] 60 |                     try!(encoder.emit_struct_field( "aps", 0usize, |encoder| aps.encode(encoder)));
[INFO] [stdout]    |                     ^^^
[INFO] [stdout] 
[INFO] [stdout] 
[INFO] [stdout] warning: use of deprecated macro `try`: use the `?` operator instead
[INFO] [stdout]   --> src/apns/mod.rs:80:6
[INFO] [stdout]    |
[INFO] [stdout] 80 |                     try!(encoder.emit_struct_field( "alert", index, |encoder| alert.encode(encoder)));
[INFO] [stdout]    |                     ^^^
[INFO] [stdout] 
[INFO] [stdout] 
[INFO] [stdout] warning: use of deprecated macro `try`: use the `?` operator instead
[INFO] [stdout]   --> src/apns/mod.rs:83:7
[INFO] [stdout]    |
[INFO] [stdout] 83 |                         try!(encoder.emit_struct_field( "badge", index, |encoder| badge.unwrap().encode(encoder)));
[INFO] [stdout]    |                         ^^^
[INFO] [stdout] 
[INFO] [stdout] 
[INFO] [stdout] warning: use of deprecated macro `try`: use the `?` operator instead
[INFO] [stdout]   --> src/apns/mod.rs:87:7
[INFO] [stdout]    |
[INFO] [stdout] 87 |                         try!(encoder.emit_struct_field( "sound", index, |encoder| sound.unwrap().encode(encoder)));
[INFO] [stdout]    |                         ^^^
[INFO] [stdout] 
[INFO] [stdout] 
[INFO] [stdout] warning: use of deprecated macro `try`: use the `?` operator instead
[INFO] [stdout]   --> src/apns/mod.rs:91:7
[INFO] [stdout]    |
[INFO] [stdout] 91 |                         try!(encoder.emit_struct_field( "content-available", index, |encoder| content_available.unwrap().encode(encoder)));
[INFO] [stdout]    |                         ^^^
[INFO] [stdout] 
[INFO] [stdout] 
[INFO] [stdout] warning: use of deprecated macro `try`: use the `?` operator instead
[INFO] [stdout]    --> src/apns/mod.rs:109:6
[INFO] [stdout]     |
[INFO] [stdout] 109 |                     try!(encoder.emit_struct_field( "loc-key", 0usize, |encoder| key.encode(encoder)));
[INFO] [stdout]     |                     ^^^
[INFO] [stdout] 
[INFO] [stdout] 
[INFO] [stdout] warning: use of deprecated macro `try`: use the `?` operator instead
[INFO] [stdout]    --> src/apns/mod.rs:110:6
[INFO] [stdout]     |
[INFO] [stdout] 110 |                     try!(encoder.emit_struct_field( "loc-args", 1usize, |encoder| args.encode(encoder)));
[INFO] [stdout]     |                     ^^^
[INFO] [stdout] 
[INFO] [stdout] 
[INFO] [stdout] warning: `...` range patterns are deprecated
[INFO] [stdout]    --> src/apns/mod.rs:126:10
[INFO] [stdout]     |
[INFO] [stdout] 126 |             '0'...'9' => {
[INFO] [stdout]     |                ^^^ help: use `..=` for an inclusive range
[INFO] [stdout]     |
[INFO] [stdout]     = note: `#[warn(ellipsis_inclusive_range_patterns)]` on by default
[INFO] [stdout]     = warning: this is accepted in the current edition (Rust 2015) but is a hard error in Rust 2021!
[INFO] [stdout]     = note: for more information, see issue #80165 <https://github.com/rust-lang/rust/issues/80165>
[INFO] [stdout] 
[INFO] [stdout] 
[INFO] [stdout] warning: `...` range patterns are deprecated
[INFO] [stdout]    --> src/apns/mod.rs:129:10
[INFO] [stdout]     |
[INFO] [stdout] 129 |             'a'...'f' => {
[INFO] [stdout]     |                ^^^ help: use `..=` for an inclusive range
[INFO] [stdout]     |
[INFO] [stdout]     = warning: this is accepted in the current edition (Rust 2015) but is a hard error in Rust 2021!
[INFO] [stdout]     = note: for more information, see issue #80165 <https://github.com/rust-lang/rust/issues/80165>
[INFO] [stdout] 
[INFO] [stdout] 
[INFO] [stdout] warning: use of deprecated macro `try`: use the `?` operator instead
[INFO] [stdout]    --> src/apns/mod.rs:202:20
[INFO] [stdout]     |
[INFO] [stdout] 202 |         let mut stream = try!(get_ssl_stream(apns_feedback_url, self.certificate, self.private_key, self.ca_certificate));
[INFO] [stdout]     |                          ^^^
[INFO] [stdout] 
[INFO] [stdout] 
[INFO] [stdout] warning: use of deprecated macro `try`: use the `?` operator instead
[INFO] [stdout]    --> src/apns/mod.rs:368:23
[INFO] [stdout]     |
[INFO] [stdout] 368 |     let mut context = try!(ssl::SslContext::new(ssl::SslMethod::Sslv23));
[INFO] [stdout]     |                       ^^^
[INFO] [stdout] 
[INFO] [stdout] 
[INFO] [stdout] error[E0599]: no function or associated item named `new` found for struct `SslContext` in the current scope
[INFO] [stdout]    --> src/apns/mod.rs:368:45
[INFO] [stdout]     |
[INFO] [stdout] 368 |     let mut context = try!(ssl::SslContext::new(ssl::SslMethod::Sslv23));
[INFO] [stdout]     |                                             ^^^ function or associated item not found in `SslContext`
[INFO] [stdout] 
[INFO] [stdout] 
[INFO] [stdout] error[E0599]: no associated item named `Sslv23` found for struct `SslMethod` in the current scope
[INFO] [stdout]    --> src/apns/mod.rs:368:65
[INFO] [stdout]     |
[INFO] [stdout] 368 |     let mut context = try!(ssl::SslContext::new(ssl::SslMethod::Sslv23));
[INFO] [stdout]     |                                                                 ^^^^^^ associated item not found in `SslMethod`
[INFO] [stdout] 
[INFO] [stdout] 
[INFO] [stdout] error[E0061]: this function takes 1 argument but 2 arguments were supplied
[INFO] [stdout]     --> src/apns/mod.rs:390:9
[INFO] [stdout]      |
[INFO] [stdout] 390  |     return SslStream::connect(&context, tcp_conn);
[INFO] [stdout]      |            ^^^^^^^^^^^^^^^^^^ --------  -------- supplied 2 arguments
[INFO] [stdout]      |            |
[INFO] [stdout]      |            expected 1 argument
[INFO] [stdout]      |
[INFO] [stdout] note: associated function defined here
[INFO] [stdout]     --> /opt/rustwide/cargo-home/registry/src/github.com-1ecc6299db9ec823/openssl-0.10.35/src/ssl/mod.rs:3604:12
[INFO] [stdout]      |
[INFO] [stdout] 3604 |     pub fn connect(&mut self) -> Result<(), Error> {
[INFO] [stdout]      |            ^^^^^^^
[INFO] [stdout] 
[INFO] [stdout] 
[INFO] [stdout] error: aborting due to 8 previous errors; 14 warnings emitted
[INFO] [stdout] 
[INFO] [stdout] 
[INFO] [stdout] Some errors have detailed explanations: E0061, E0425, E0432, E0433, E0599, E0603.
[INFO] [stdout] 
[INFO] [stdout] For more information about an error, try `rustc --explain E0061`.
[INFO] [stdout] 
[INFO] [stderr] error: could not compile `apns` due to 9 previous errors; 14 warnings emitted
[INFO] running `Command { std: "docker" "inspect" "413da83bfea0b938e0f0c16354cf65599d89d77ef1c705be48d3cc04dbcf6fff", kill_on_drop: false }`
[INFO] running `Command { std: "docker" "rm" "-f" "413da83bfea0b938e0f0c16354cf65599d89d77ef1c705be48d3cc04dbcf6fff", kill_on_drop: false }`
[INFO] [stdout] 413da83bfea0b938e0f0c16354cf65599d89d77ef1c705be48d3cc04dbcf6fff
