[INFO] fetching crate anduin 0.0.5...
[INFO] testing anduin-0.0.5 against 1.54.0 for beta-1.55-1
[INFO] extracting crate anduin 0.0.5 into /workspace/builds/worker-2/source
[INFO] validating manifest of crates.io crate anduin 0.0.5 on toolchain 1.54.0
[INFO] running `Command { std: "/workspace/cargo-home/bin/cargo" "+1.54.0" "metadata" "--manifest-path" "Cargo.toml" "--no-deps", kill_on_drop: false }`
[INFO] started tweaking crates.io crate anduin 0.0.5
[INFO] finished tweaking crates.io crate anduin 0.0.5
[INFO] tweaked toml for crates.io crate anduin 0.0.5 written to /workspace/builds/worker-2/source/Cargo.toml
[INFO] running `Command { std: "/workspace/cargo-home/bin/cargo" "+1.54.0" "generate-lockfile" "--manifest-path" "Cargo.toml" "-Zno-index-update", kill_on_drop: false }`
[INFO] running `Command { std: "/workspace/cargo-home/bin/cargo" "+1.54.0" "fetch" "--manifest-path" "Cargo.toml", kill_on_drop: false }`
[INFO] running `Command { std: "docker" "create" "-v" "/var/lib/crater-agent-workspace/builds/worker-2/target:/opt/rustwide/target:rw,Z" "-v" "/var/lib/crater-agent-workspace/builds/worker-2/source:/opt/rustwide/workdir:ro,Z" "-v" "/var/lib/crater-agent-workspace/cargo-home:/opt/rustwide/cargo-home:ro,Z" "-v" "/var/lib/crater-agent-workspace/rustup-home:/opt/rustwide/rustup-home:ro,Z" "-e" "SOURCE_DIR=/opt/rustwide/workdir" "-e" "CARGO_TARGET_DIR=/opt/rustwide/target" "-e" "CARGO_HOME=/opt/rustwide/cargo-home" "-e" "RUSTUP_HOME=/opt/rustwide/rustup-home" "-w" "/opt/rustwide/workdir" "-m" "1610612736" "--user" "0:0" "--network" "none" "ghcr.io/rust-lang/crates-build-env/linux@sha256:34b6a614d2c27851fe6cbf88fbd1137609cefab8b10d0615aaeb6fd47975d74e" "/opt/rustwide/cargo-home/bin/cargo" "+1.54.0" "metadata" "--no-deps" "--format-version=1", kill_on_drop: false }`
[INFO] [stderr] WARNING: Your kernel does not support swap limit capabilities or the cgroup is not mounted. Memory limited without swap.
[INFO] [stdout] 21e24626a26f7161b6a98fd77b792ac7df393ef815887bd8b6f0da1453bedb3e
[INFO] running `Command { std: "docker" "start" "-a" "21e24626a26f7161b6a98fd77b792ac7df393ef815887bd8b6f0da1453bedb3e", kill_on_drop: false }`
[INFO] running `Command { std: "docker" "inspect" "21e24626a26f7161b6a98fd77b792ac7df393ef815887bd8b6f0da1453bedb3e", kill_on_drop: false }`
[INFO] running `Command { std: "docker" "rm" "-f" "21e24626a26f7161b6a98fd77b792ac7df393ef815887bd8b6f0da1453bedb3e", kill_on_drop: false }`
[INFO] [stdout] 21e24626a26f7161b6a98fd77b792ac7df393ef815887bd8b6f0da1453bedb3e
[INFO] running `Command { std: "docker" "create" "-v" "/var/lib/crater-agent-workspace/builds/worker-2/target:/opt/rustwide/target:rw,Z" "-v" "/var/lib/crater-agent-workspace/builds/worker-2/source:/opt/rustwide/workdir:ro,Z" "-v" "/var/lib/crater-agent-workspace/cargo-home:/opt/rustwide/cargo-home:ro,Z" "-v" "/var/lib/crater-agent-workspace/rustup-home:/opt/rustwide/rustup-home:ro,Z" "-e" "SOURCE_DIR=/opt/rustwide/workdir" "-e" "CARGO_TARGET_DIR=/opt/rustwide/target" "-e" "CARGO_INCREMENTAL=0" "-e" "RUST_BACKTRACE=full" "-e" "RUSTFLAGS=--cap-lints=warn" "-e" "CARGO_HOME=/opt/rustwide/cargo-home" "-e" "RUSTUP_HOME=/opt/rustwide/rustup-home" "-w" "/opt/rustwide/workdir" "-m" "1610612736" "--user" "0:0" "--network" "none" "ghcr.io/rust-lang/crates-build-env/linux@sha256:34b6a614d2c27851fe6cbf88fbd1137609cefab8b10d0615aaeb6fd47975d74e" "/opt/rustwide/cargo-home/bin/cargo" "+1.54.0" "build" "--frozen" "--message-format=json", kill_on_drop: false }`
[INFO] [stderr] WARNING: Your kernel does not support swap limit capabilities or the cgroup is not mounted. Memory limited without swap.
[INFO] [stdout] 95a822ad2c86fdff0378124fe82e1374037bf15734709f74654c916bcaff7dd3
[INFO] running `Command { std: "docker" "start" "-a" "95a822ad2c86fdff0378124fe82e1374037bf15734709f74654c916bcaff7dd3", kill_on_drop: false }`
[INFO] [stderr]    Compiling autocfg v0.1.7
[INFO] [stderr]    Compiling siphasher v0.2.3
[INFO] [stderr]    Compiling bitflags v0.7.0
[INFO] [stderr]    Compiling itoa v0.3.4
[INFO] [stderr]    Compiling serde v0.9.15
[INFO] [stderr]    Compiling lazy_static v0.2.11
[INFO] [stderr]    Compiling bitflags v0.9.1
[INFO] [stderr]    Compiling khronos_api v1.0.1
[INFO] [stderr]    Compiling byte-tools v0.2.0
[INFO] [stderr]    Compiling crossbeam v0.2.12
[INFO] [stderr]    Compiling arrayref v0.3.6
[INFO] [stderr]    Compiling maybe-uninit v2.0.0
[INFO] [stderr]    Compiling fake-simd v0.1.2
[INFO] [stderr]    Compiling lazy_static v0.1.16
[INFO] [stderr]    Compiling khronos_api v2.2.0
[INFO] [stderr]    Compiling bitflags v0.6.0
[INFO] [stderr]    Compiling remove_dir_all v0.5.3
[INFO] [stderr]    Compiling byteorder v0.5.3
[INFO] [stderr]    Compiling backtrace v0.2.3
[INFO] [stderr]    Compiling lzw v0.10.0
[INFO] [stderr]    Compiling cfg-if v0.1.10
[INFO] [stderr]    Compiling ears v0.3.5
[INFO] [stderr]    Compiling vk-sys v0.2.7
[INFO] [stderr]    Compiling vk-sys v0.1.1
[INFO] [stderr]    Compiling inflate v0.1.1
[INFO] [stderr]    Compiling color_quant v1.1.0
[INFO] [stderr]    Compiling smallvec v0.3.4
[INFO] [stderr]    Compiling glob v0.2.11
[INFO] [stderr]    Compiling smallvec v0.1.8
[INFO] [stderr]    Compiling scoped_threadpool v0.1.9
[INFO] [stderr]    Compiling rand_jitter v0.1.4
[INFO] [stderr]    Compiling miniz-sys v0.1.12
[INFO] [stderr]    Compiling dbghelp-sys v0.2.0
[INFO] [stderr]    Compiling backtrace-sys v0.1.37
[INFO] [stderr]    Compiling x11-dl v2.18.5
[INFO] [stderr]    Compiling xml-rs v0.3.6
[INFO] [stderr]    Compiling draw_state v0.6.0
[INFO] [stderr]    Compiling block-buffer v0.3.3
[INFO] [stderr]    Compiling xml-rs v0.6.1
[INFO] [stderr]    Compiling phf_shared v0.7.24
[INFO] [stderr]    Compiling rand_hc v0.1.0
[INFO] [stderr]    Compiling rand_isaac v0.1.1
[INFO] [stderr]    Compiling rand_xorshift v0.1.1
[INFO] [stderr]    Compiling gif v0.9.2
[INFO] [stderr]    Compiling rand_chacha v0.1.1
[INFO] [stderr]    Compiling rand_pcg v0.1.2
[INFO] [stderr]    Compiling rand v0.6.5
[INFO] [stderr]    Compiling shared_library v0.1.9
[INFO] [stderr]    Compiling time v0.1.43
[INFO] [stderr]    Compiling phf v0.7.24
[INFO] [stderr]    Compiling generic-array v0.9.1
[INFO] [stderr]    Compiling xml-rs v0.7.0
[INFO] [stderr]    Compiling num-traits v0.1.43
[INFO] [stderr]    Compiling osmesa-sys v0.1.2
[INFO] [stderr]    Compiling vulkano v0.3.2
[INFO] [stderr]    Compiling gfx_core v0.4.0
[INFO] [stderr]    Compiling fs2 v0.2.5
[INFO] [stderr]    Compiling gl_generator v0.5.5
[INFO] [stderr]    Compiling enum_primitive v0.1.1
[INFO] [stderr]    Compiling memmap v0.2.3
[INFO] [stderr]    Compiling memmap v0.4.0
[INFO] [stderr]    Compiling wayland-scanner v0.5.11
[INFO] [stderr]    Compiling wayland-scanner v0.7.8
[INFO] [stderr]    Compiling digest v0.7.6
[INFO] [stderr]    Compiling flate2 v0.2.20
[INFO] [stderr]    Compiling tempfile v3.2.0
[INFO] [stderr]    Compiling sha2 v0.7.1
[INFO] [stderr]    Compiling gl_generator v0.6.1
[INFO] [stderr]    Compiling nalgebra v0.10.1
[INFO] [stderr]    Compiling jpeg-decoder v0.1.22
[INFO] [stderr]    Compiling png v0.5.2
[INFO] [stdout] error[E0081]: discriminant value `1000104001` already exists
[INFO] [stdout]    --> /opt/rustwide/cargo-home/registry/src/github.com-1ecc6299db9ec823/vulkano-0.3.2/src/swapchain/surface.rs:906:26
[INFO] [stdout]     |
[INFO] [stdout] 905 |     DisplayP3Linear = vk::COLOR_SPACE_DISPLAY_P3_LINEAR_EXT,
[INFO] [stdout]     |                       ------------------------------------- first use of `1000104001`
[INFO] [stdout] 906 |     DisplayP3NonLinear = vk::COLOR_SPACE_DISPLAY_P3_NONLINEAR_EXT,
[INFO] [stdout]     |                          ^^^^^^^^^^^^^^^^^^^^^^^^^^^^^^^^^^^^^^^^ enum already has `1000104001`
[INFO] [stdout] 
[INFO] [stdout] 
[INFO] [stdout] error[E0081]: discriminant value `1000104003` already exists
[INFO] [stdout]    --> /opt/rustwide/cargo-home/registry/src/github.com-1ecc6299db9ec823/vulkano-0.3.2/src/swapchain/surface.rs:909:19
[INFO] [stdout]     |
[INFO] [stdout] 907 |     ScrgbLinear = vk::COLOR_SPACE_SCRGB_LINEAR_EXT,
[INFO] [stdout]     |                   -------------------------------- first use of `1000104003`
[INFO] [stdout] 908 |     ScrgbNonLinear = vk::COLOR_SPACE_SCRGB_NONLINEAR_EXT,
[INFO] [stdout] 909 |     DciP3Linear = vk::COLOR_SPACE_DCI_P3_LINEAR_EXT,
[INFO] [stdout]     |                   ^^^^^^^^^^^^^^^^^^^^^^^^^^^^^^^^^ enum already has `1000104003`
[INFO] [stdout] 
[INFO] [stdout] 
[INFO] [stdout] error[E0081]: discriminant value `1000104004` already exists
[INFO] [stdout]    --> /opt/rustwide/cargo-home/registry/src/github.com-1ecc6299db9ec823/vulkano-0.3.2/src/swapchain/surface.rs:910:22
[INFO] [stdout]     |
[INFO] [stdout] 908 |     ScrgbNonLinear = vk::COLOR_SPACE_SCRGB_NONLINEAR_EXT,
[INFO] [stdout]     |                      ----------------------------------- first use of `1000104004`
[INFO] [stdout] 909 |     DciP3Linear = vk::COLOR_SPACE_DCI_P3_LINEAR_EXT,
[INFO] [stdout] 910 |     DciP3NonLinear = vk::COLOR_SPACE_DCI_P3_NONLINEAR_EXT,
[INFO] [stdout]     |                      ^^^^^^^^^^^^^^^^^^^^^^^^^^^^^^^^^^^^ enum already has `1000104004`
[INFO] [stdout] 
[INFO] [stdout] 
[INFO] [stderr]    Compiling gfx v0.12.2
[INFO] [stderr]    Compiling glsl-to-spirv v0.1.7
[INFO] [stderr]    Compiling wayland-client v0.5.12
[INFO] [stderr]    Compiling wayland-client v0.7.8
[INFO] [stdout] error: linking with `cc` failed: exit status: 1
[INFO] [stdout]   |
[INFO] [stdout]   = note: "cc" "-Wl,--version-script=/tmp/rustcrLfrH3/list" "-m64" "/opt/rustwide/target/debug/deps/ears-f93dcabb4713bf57.ears.bupnk9cw-cgu.0.rcgu.o" "/opt/rustwide/target/debug/deps/ears-f93dcabb4713bf57.ears.bupnk9cw-cgu.1.rcgu.o" "/opt/rustwide/target/debug/deps/ears-f93dcabb4713bf57.ears.bupnk9cw-cgu.10.rcgu.o" "/opt/rustwide/target/debug/deps/ears-f93dcabb4713bf57.ears.bupnk9cw-cgu.11.rcgu.o" "/opt/rustwide/target/debug/deps/ears-f93dcabb4713bf57.ears.bupnk9cw-cgu.12.rcgu.o" "/opt/rustwide/target/debug/deps/ears-f93dcabb4713bf57.ears.bupnk9cw-cgu.13.rcgu.o" "/opt/rustwide/target/debug/deps/ears-f93dcabb4713bf57.ears.bupnk9cw-cgu.14.rcgu.o" "/opt/rustwide/target/debug/deps/ears-f93dcabb4713bf57.ears.bupnk9cw-cgu.15.rcgu.o" "/opt/rustwide/target/debug/deps/ears-f93dcabb4713bf57.ears.bupnk9cw-cgu.2.rcgu.o" "/opt/rustwide/target/debug/deps/ears-f93dcabb4713bf57.ears.bupnk9cw-cgu.3.rcgu.o" "/opt/rustwide/target/debug/deps/ears-f93dcabb4713bf57.ears.bupnk9cw-cgu.4.rcgu.o" "/opt/rustwide/target/debug/deps/ears-f93dcabb4713bf57.ears.bupnk9cw-cgu.5.rcgu.o" "/opt/rustwide/target/debug/deps/ears-f93dcabb4713bf57.ears.bupnk9cw-cgu.6.rcgu.o" "/opt/rustwide/target/debug/deps/ears-f93dcabb4713bf57.ears.bupnk9cw-cgu.7.rcgu.o" "/opt/rustwide/target/debug/deps/ears-f93dcabb4713bf57.ears.bupnk9cw-cgu.8.rcgu.o" "/opt/rustwide/target/debug/deps/ears-f93dcabb4713bf57.ears.bupnk9cw-cgu.9.rcgu.o" "/opt/rustwide/target/debug/deps/ears-f93dcabb4713bf57.zb2ley4k6bsqi3e.rcgu.o" "-Wl,--as-needed" "-L" "/opt/rustwide/target/debug/deps" "-L" "/usr/local/opt/openal-soft/lib" "-L" "/usr/local/lib" "-L" "/opt/rustwide/rustup-home/toolchains/1.54.0-x86_64-unknown-linux-gnu/lib/rustlib/x86_64-unknown-linux-gnu/lib" "-lopenal" "-lsndfile" "-Wl,-Bstatic" "-Wl,--whole-archive" "/opt/rustwide/target/debug/deps/liblibc-ef703b7b559de845.rlib" "-Wl,--no-whole-archive" "-Wl,--start-group" "-L" "/opt/rustwide/rustup-home/toolchains/1.54.0-x86_64-unknown-linux-gnu/lib/rustlib/x86_64-unknown-linux-gnu/lib" "-Wl,-Bdynamic" "-lstd-2420485b9e5ef5e1" "-Wl,--end-group" "-Wl,-Bstatic" "/opt/rustwide/rustup-home/toolchains/1.54.0-x86_64-unknown-linux-gnu/lib/rustlib/x86_64-unknown-linux-gnu/lib/libcompiler_builtins-d6c7a399d95d173f.rlib" "-Wl,-Bdynamic" "-lgcc_s" "-lutil" "-lrt" "-lpthread" "-lm" "-ldl" "-lc" "-Wl,--eh-frame-hdr" "-Wl,-znoexecstack" "-L" "/opt/rustwide/rustup-home/toolchains/1.54.0-x86_64-unknown-linux-gnu/lib/rustlib/x86_64-unknown-linux-gnu/lib" "-o" "/opt/rustwide/target/debug/deps/libears-f93dcabb4713bf57.so" "-shared" "-Wl,-zrelro" "-Wl,-znow" "-nodefaultlibs"
[INFO] [stdout]   = note: /usr/bin/ld: cannot find -lsndfile
[INFO] [stdout]           collect2: error: ld returned 1 exit status
[INFO] [stdout]           
[INFO] [stdout] 
[INFO] [stdout] 
[INFO] [stdout] error: aborting due to previous error
[INFO] [stdout] 
[INFO] [stdout] 
[INFO] [stderr] error: could not compile `ears`
[INFO] [stderr] 
[INFO] [stderr] To learn more, run the command again with --verbose.
[INFO] [stderr] warning: build failed, waiting for other jobs to finish...
[INFO] [stdout] error[E0282]: type annotations needed
[INFO] [stdout]     --> /opt/rustwide/cargo-home/registry/src/github.com-1ecc6299db9ec823/vulkano-0.3.2/src/command_buffer/sys.rs:1167:29
[INFO] [stdout]      |
[INFO] [stdout] 1167 |         self.src_stage_mask |= source.into();
[INFO] [stdout]      |                             ^^ ------------- this method call resolves to `T`
[INFO] [stdout]      |                             |
[INFO] [stdout]      |                             cannot infer type
[INFO] [stdout] 
[INFO] [stdout] 
[INFO] [stdout] error[E0282]: type annotations needed
[INFO] [stdout]     --> /opt/rustwide/cargo-home/registry/src/github.com-1ecc6299db9ec823/vulkano-0.3.2/src/command_buffer/sys.rs:1204:29
[INFO] [stdout]      |
[INFO] [stdout] 1204 |         self.src_stage_mask |= request.source_stage.into();
[INFO] [stdout]      |                             ^^ --------------------------- this method call resolves to `T`
[INFO] [stdout]      |                             |
[INFO] [stdout]      |                             cannot infer type
[INFO] [stdout] 
[INFO] [stdout] 
[INFO] [stdout] error[E0282]: type annotations needed
[INFO] [stdout]     --> /opt/rustwide/cargo-home/registry/src/github.com-1ecc6299db9ec823/vulkano-0.3.2/src/command_buffer/sys.rs:1239:29
[INFO] [stdout]      |
[INFO] [stdout] 1239 |         self.src_stage_mask |= request.source_stage.into();
[INFO] [stdout]      |                             ^^ --------------------------- this method call resolves to `T`
[INFO] [stdout]      |                             |
[INFO] [stdout]      |                             cannot infer type
[INFO] [stdout] 
[INFO] [stdout] 
[INFO] [stdout] error: aborting due to 6 previous errors
[INFO] [stdout] 
[INFO] [stdout] 
[INFO] [stdout] Some errors have detailed explanations: E0081, E0282.
[INFO] [stdout] 
[INFO] [stdout] For more information about an error, try `rustc --explain E0081`.
[INFO] [stdout] 
[INFO] [stderr] error: build failed
[INFO] running `Command { std: "docker" "inspect" "95a822ad2c86fdff0378124fe82e1374037bf15734709f74654c916bcaff7dd3", kill_on_drop: false }`
[INFO] running `Command { std: "docker" "rm" "-f" "95a822ad2c86fdff0378124fe82e1374037bf15734709f74654c916bcaff7dd3", kill_on_drop: false }`
[INFO] [stdout] 95a822ad2c86fdff0378124fe82e1374037bf15734709f74654c916bcaff7dd3
